(538,1,'AS15B3N Battery For Acer Predator 15 G9-593-72D0 G9-591-75JD','&lt;p&gt;&lt;b&gt;Battery rating:&lt;/b&gt; 14.8V&lt;br&gt;&lt;b&gt;Battery capacity: &lt;/b&gt;5700mAh (84.3Wh)&lt;br&gt;&lt;b&gt;Battery cells: &lt;/b&gt;8-cell&lt;br&gt;&lt;b&gt;Type:&lt;/b&gt; rechargeable Li-Polymer battery&lt;br&gt;&lt;b&gt;Battery color:&lt;/b&gt; Black&lt;br&gt;&lt;b&gt;Policy: &lt;/b&gt;one year warranty.&lt;/p&gt;&lt;p&gt;&lt;b&gt;Please ensure the product(s) that you are going to buy fits the brand, model and part number of your device. If you have any questions, please contact us， Email: info#femvia.com(replace # with @)&lt;/b&gt;&lt;br&gt;&lt;/p&gt;&lt;p&gt;&lt;b&gt;Compatible Part Numbers:&amp;nbsp;&amp;nbsp; &lt;/b&gt;AS15B3N, KT.00803.004&lt;/p&gt;&lt;p&gt;&lt;b&gt;Compatible Laptop Models: Acer &lt;/b&gt;Predator 21 X GX21-71-75LW, Predator 15 G9-592-7308, PREDATOR 17X GX-791-74HZ, Predator 17 G9-793-77LG, PREDATOR 17 X GX-792-726L, Predator 15 G9-591-72L8, PREDATOR 17 X GX-792-77BL, Predator 15 G9-592-79Y8, Predator 17 G5-793-72A7, Predator 15 G9-592-H73H, Predator 17 X GX-791-73KD, PREDATOR 15 G9-593-714Q, Predator 17 G9-791-718D, Predator 17 G9-791-74EN, Predator 17 G9-792-730B, Predator 17 G9-791-73GN, Predator 17 G9-792-778N, Predator 17 G9-792-72GZ, Predator 17 G9-793-77B6, Predator 17 G9-793-79PE, Predator 15 G9-591-79K, Predator 17 G9-793-721B, Predator 15 G9-591-76FP, PREDATOR 17X GX-791-758V, Predator 17 G5-793-53M9, PREDATOR 17X GX-791-710G, GX21-71-76ZF, PREDATOR 17 X GX-792-753F, Predator 15 G9-591-799P, PREDATOR 17 G9-791-51WF, Predator 15 G9-592-75LL, Predator 17 G5-793-55SU, Predator 15 G9-593-735L, Predator 17 X GX-791-773X, Predator 15 G9-593-77VQ, Predator 17 G9-791-79HR, Predator 17 G9-791-76G8, Predator 17 G9-792-71EF, Predator 17 G9-792-78G5, Predator 17 G9-792-7143, Predator 15 G9-593-748Y, Predator 15 G9-592-70GD, PREDATOR G9-591R-70Y0, Predator 15 G9-592-74NV, PREDATOR 17X GX-791-782V, Predator 17 X GX-791-750T, PREDATOR 17 X GX-792-73D3, Predator 15 G9-591-70VM, PREDATOR 17 X GX-792-77P5, Predator 15 G9-592-7773, Predator 17 G5-793-549Y, Predator 15 G9-592-71VK, Predator 17 X GX-791-77BM, Predator 15 G9-593-74EL, Predator 17 G9-791-707M, Predator 17 G9-792-74T6, Predator 17 G9-792-70DR, Predator G9000, Predator 17 G9-792-79FG, Predator 17 G9-791-72VU, Predator 17 G9-793-73MB, Predator 17 G9-793-79QF, Predator 15 G9-591-77CQ, PREDATOR 17X GX-791-74YL, Predator 17 G5-793-7108, PREDATOR 17 X GX-792-700T, PREDATOR 21 X GX21-71-746S, PREDATOR 17 X GX-792-75DV, Predator 15 G9-591-72HL, Predator 17 G5-793-72AU, Predator 15 G9-592-777N, Predator 17 X GX-791-74YL, Predator 15 G9-593-71EH, Predator 17 X GX-791-747Q, Predator 15 G9-593-75XC, Predator 17 G9-791-78X0, Predator 17 G9-792-75N5, Predator 17 G9-793-718K, Predator 17 G9-791-73ZW, Predator 15 G9-593-751X, Predator 15 G9-591-713C, PREDATOR 21 X GX21-71-75A9, Predator GX-7, PREDATOR 17X GX-791-75Z3, Predator 17 X GX-791-78UT, PREDATOR 17 X GX-792-7448, Predator 15 G9-591-72SC, PREDATOR 17 X GX-792-77T3, Predator 15 G9-592-51PQ, Predator 17 G5-793-71L7, Predator 15 G9-592-79H4, Predator 17 X GX-791-70D3, Predator 15 G9-593-77WF, Predator 17 G9-791-73TA, Predator 17 G9-791-79SH, Predator 17 G9-792-75UA, Predator 17 G9-792-790G, Predator G9000-74P8, Predator 17 G9-792-78LB, Predator 17 G9-791-78CE, Predator 17X GX-791-75YL, Predator 17 G9-793-70DL, Predator 15 G9-591R, PREDATOR 17X GX-791-747Q, Predator 17 G5-793-73BM, PREDATOR 17 X GX-792-70DR, PREDATOR 21 X GX21-71-74GK, PREDATOR 17 X GX-792-76GY, Predator 15 G9-591-75EJ, Predator 17 G5-793-77A2, Predator 15 G9-592-78XZ, Predator 17 X GX-791-73TU, Predator 15 G9-593-72D0, Predator 17 X GX-791-713X, Predator 17 G9-791-79Y3, Predator 17 G9-792-707R, Predator 17 G9-791-778D, PREDATOR 17 G9-792-71T6, Predator 17 G9-791-74WH, Predator 17 G9-793-731R, Predator 17 G9-793-76KV, Predator 15 G9-591-71L2, Predator 15 G9-593-7873, Predator 17 G9-793-75R1, Predator 15 G9-591-71DQ, PREDATOR 17X GX-791-73KD, Predator 17X GX-792, PREDATOR 17X GX-791-714Q, GX21-71-74DP, PREDATOR 17 X GX-792-747Y, Predator 15 G9-591-73H5, PREDATOR 17 X GX-792-78D0, Predator 15 G9-592-568V, Predator 17 G5-793-77L7, Predator 15 G9-593-72VT, PREDATOR 17 X GX-791-710X, Predator 15 G9-593-74WY, Predator 17 G9-791-760F, Predator 17 g9-791-72q4, Predator 17 G9-792-773S, Predator 17 G9-792-74BQ, Predator 17 G9-792-7255, Predator 17 G9-793, Predator 17X GX-792-76DL, Predator 15 G9-592-7253, PREDATOR 17X GX-791-76QT, Predator 17 G9-793-70PJ, PREDATOR 17 X GX-792-713B, PREDATOR 21 X GX21-71-76ZF, PREDATOR 17 X GX-792-771X, PREDATOR 17 G5-793-79HX, Predator 15 G9-592-73DN, Predator 17 X GX-791-792K, Predator 15 G9-593-75VS, Predator 17 G9-791-70JR, Predator 17 G9-791-77VY, Predator 17 G9-792-72S6, PREDATOR 17 G9-791-5047, Predator 17 G9-792-75ZT, Predator 17 G9-793-774D, Predator 17 G9-793-78HM, Predator 15 G9-591-70F6, Predator 21 X GX21-71-706Q, Predator 17 G9-793-71TW, Predator 15 G9-591-731D, PREDATOR 17X GX-791-74XY, Predator 17 G5-793-53FA, PREDATOR 17X GX-791-77MA, GX21-71-76VC, PREDATOR 17 X GX-792-74EJ, Predator 15 G9-591-75JD, PREDATOR 15 G9-591R-73ZN, Predator 15 G9-592-75WS, Predator 17 G5-793-54R0, Predator 15 G9-593-73N6, Predator 17 X GX-791-74HZ, Predator 15 G9-593-78K3, Predator 17 G9-791-78G4, Predator 17 G9-791-730K.&lt;/p&gt;&lt;p&gt;&lt;b&gt;Why select us?&lt;/b&gt;&lt;br&gt;1. In addition to the inbound inspection, the AS15B3N battery will be rigorously tested by our professional engineers again to ensure safety and fullness before shipment&lt;/p&gt;&lt;p&gt;&lt;img style=&quot;width: 984px;&quot; src=&quot;https://www.femvia.com/image/catalog/test_beforeshipping.jpg&quot;&gt;&lt;/p&gt;&lt;p&gt;2.&amp;nbsp; We warrant that the products sold in our website, other than \r\nexplicitly stated, are 100% brand new and free from defects in material \r\nand workmanship.&lt;br&gt;3. Fast shipping! We can ship to over 70 countries worldwide.&lt;br&gt;4. 30 days money back 12 months warranty!&lt;br&gt;5. Shopping with us is safe and secure.&lt;br&gt;6. No memory effect, chargeable even if it has not been used up yet.&lt;/p&gt;&lt;h2 style=&quot;font-size:14px&quot;&gt;Package: 1x AS15B3N Battery For Acer Predator 15 G9-593-72D0 G9-591-75JD&lt;/h2&gt;&lt;p style=&quot;font-size: 14px;&quot;&gt;&lt;b&gt;Disclaimer:&lt;/b&gt;&lt;br&gt;The batteries and adapters supplied by our Company\r\n are [replacement for] sold for use with certain products of computer \r\nmanufacturers, and any reference to products or trademarks of such \r\ncompanies is purely for the purpose of identifying the computer \r\nmanufacturers with which our products [are replacement for] may be used.\r\n Our Company and this Website are neither affiliated with, authorized \r\nby, licensed by, distributors for, nor related in any way to these \r\ncomputer manufacturers, nor are the products offered for sale through \r\nour Website manufactured by or sold with the authorization of the \r\nmanufacturers of the computers with which our products [are replacement \r\nfor] may be used.&lt;/p&gt;','Predator  as15b3n, battery, for, acer, predator, g9-593-72d0, g9-591-75jd','AS15B3N Battery For Acer Predator 15 G9-593-72D0 G9-591-75JD','Buy AS15B3N Battery For Acer Predator 15 G9-593-72D0 G9-591-75JD - 30 days money back and 1 year warranty.',' as15b3n battery for acer predator g9-593-72d0 g9-591-75jd','','','','','',''),(539,1,'C23N1606 Battery Asus ZenBook 3 UX390 UX390UA UX390UAK','&lt;p&gt;&lt;b&gt;Battery rating:&lt;/b&gt; 7.7V&lt;br&gt;&lt;b&gt;Battery capacity: &lt;/b&gt;5195mAh (40Wh)&lt;br&gt;&lt;b&gt;Battery cells: &lt;/b&gt;2-cell&lt;br&gt;&lt;b&gt;Type:&lt;/b&gt; rechargeable Li-Polymer battery&lt;br&gt;&lt;b&gt;Battery color:&lt;/b&gt; Black&lt;br&gt;&lt;b&gt;Policy: &lt;/b&gt;one year warranty.&lt;/p&gt;&lt;p&gt;&lt;b&gt;Please ensure the product(s) that you are going to buy fits the brand, model and part number of your device. If you have any questions, please contact us， Email: info#femvia.com(replace # with @)&lt;/b&gt;&lt;br&gt;&lt;/p&gt;&lt;p&gt;&lt;b&gt;Compatible Part Numbers:&amp;nbsp;&amp;nbsp; &lt;/b&gt;0B200-02210000, 0B200-02210100, C23N1606, C23PqCH&lt;/p&gt;&lt;p&gt;&lt;b&gt;Compatible Laptop Models: Asus &lt;/b&gt;Zenbook Flip UX390UA, ZenBook UX390UA-GS046T, UX390UAK, ZenBook UX390UAK, ZenBook UX390UA-GS031T, UX390UA-GS034T, UX390UA-XH74-BL, UX390UA-1B, ZenBook UX390UA-GS034T, ZenBook UX390UA-GS063T, UX390UA-GS032T, ZenBook UX390UA-GS032T, UX390UA-GS039T, UX390UA-XH78-BL, UX390UA-1C, ZenBook UX390UA-GS039T, UX390UA-GS046T, UX390UA-GS031T, UX390UA-GS063T, UX390UA-1A, UX390UA-GS041T, ZenBook UX390UA-GS041T, ZenBook UX390UA, Zenbook 3 UX390UA-GS041T, ZenBook 3 UX390, UX390UA, Zenbook 3.&lt;/p&gt;&lt;p&gt;&lt;b&gt;Why select us?&lt;/b&gt;&lt;br&gt;1. In addition to the inbound inspection, the C23N1606 battery will be rigorously tested by our professional engineers again to ensure safety and fullness before shipment&lt;/p&gt;&lt;p&gt;&lt;img style=&quot;width: 984px;&quot; src=&quot;https://www.femvia.com/image/catalog/test_beforeshipping.jpg&quot;&gt;&lt;/p&gt;&lt;p&gt;2.&amp;nbsp; We warrant that the products sold in our website, other than \r\nexplicitly stated, are 100% brand new and free from defects in material \r\nand workmanship.&lt;br&gt;3. Fast shipping! We can ship to over 70 countries worldwide.&lt;br&gt;4. 30 days money back 12 months warranty!&lt;br&gt;5. Shopping with us is safe and secure.&lt;br&gt;6. No memory effect, chargeable even if it has not been used up yet.&lt;/p&gt;&lt;h2 style=&quot;font-size:14px&quot;&gt;Package: 1x C23N1606 Battery Asus ZenBook 3 UX390 UX390UA UX390UAK&lt;/h2&gt;&lt;p style=&quot;font-size: 14px;&quot;&gt;&lt;b&gt;Disclaimer:&lt;/b&gt;&lt;br&gt;The batteries and adapters supplied by our Company\r\n are [replacement for] sold for use with certain products of computer \r\nmanufacturers, and any reference to products or trademarks of such \r\ncompanies is purely for the purpose of identifying the computer \r\nmanufacturers with which our products [are replacement for] may be used.\r\n Our Company and this Website are neither affiliated with, authorized \r\nby, licensed by, distributors for, nor related in any way to these \r\ncomputer manufacturers, nor are the products offered for sale through \r\nour Website manufactured by or sold with the authorization of the \r\nmanufacturers of the computers with which our products [are replacement \r\nfor] may be used.&lt;/p&gt;','Zenbook  c23n1606, battery, asus, zenbook, ux390, ux390ua, ux390uak','C23N1606 Battery Asus ZenBook 3 UX390 UX390UA UX390UAK','Buy C23N1606 Battery Asus ZenBook 3 UX390 UX390UA UX390UAK - 30 days money back and 1 year warranty.',' c23n1606 battery asus zenbook ux390 ux390ua ux390uak','','','','','',''),(284,1,'WW116 Battery For Dell Inspiron 1420 Vostro 1400 312-0543','&lt;p&gt;&lt;b&gt;Battery rating:&lt;/b&gt; 11.1V&lt;br&gt;&lt;b&gt;Battery capacity: &lt;/b&gt;4400mAh&lt;br&gt;&lt;b&gt;Battery cells: &lt;/b&gt;6-cell&lt;br&gt;&lt;b&gt;Type:&lt;/b&gt; rechargeable Li-Polymer battery&lt;br&gt;&lt;b&gt;Battery color:&lt;/b&gt; Black&lt;br&gt;&lt;b&gt;Policy: &lt;/b&gt;one year warranty.&lt;/p&gt;&lt;p&gt;&lt;b&gt;Please ensure the product(s) that you are going to buy fits the brand, model and part number of your device. If you have any questions, please contact us， Email: info#femvia.com(replace # with @)&lt;/b&gt;&lt;br&gt;&lt;/p&gt;&lt;p&gt;&lt;b&gt;Compatible Part Numbers:&amp;nbsp;&amp;nbsp; &lt;/b&gt;312-0543, 312-0580, 312-0584, 312-0585, 451-10516, 451-10517, FT080, FT092, FT095, KX117, MN151, MN154, NB331, NR433, PP26L, WW116&lt;/p&gt;&lt;p&gt;&lt;b&gt;Compatible Laptop Models: Dell &lt;/b&gt;Inspiron 1420, Vostro 1400.&lt;/p&gt;&lt;p&gt;&lt;b&gt;Why select us?&lt;/b&gt;&lt;br&gt;1. In addition to the inbound inspection, the WW116 battery will be rigorously tested by our professional engineers again to ensure safety and fullness before shipment&lt;/p&gt;&lt;p&gt;&lt;img style=&quot;width: 984px;&quot; src=&quot;https://www.femvia.com/image/catalog/test_beforeshipping.jpg&quot;&gt;&lt;/p&gt;&lt;p&gt;2.&amp;nbsp; We warrant that the products sold in our website, other than \r\nexplicitly stated, are 100% brand new and free from defects in material \r\nand workmanship.&lt;br&gt;3. Fast shipping! We can ship to over 70 countries worldwide.&lt;br&gt;4. 30 days money back 12 months warranty!&lt;br&gt;5. Shopping with us is safe and secure.&lt;br&gt;6. No memory effect, chargeable even if it has not been used up yet.&lt;/p&gt;&lt;h2 style=&quot;font-size:14px&quot;&gt;Package: 1x WW116 Battery For Dell Inspiron 1420 Vostro 1400 312-0543&lt;/h2&gt;&lt;p style=&quot;font-size: 14px;&quot;&gt;&lt;b&gt;Disclaimer:&lt;/b&gt;&lt;br&gt;The batteries and adapters supplied by our Company\r\n are [replacement for] sold for use with certain products of computer \r\nmanufacturers, and any reference to products or trademarks of such \r\ncompanies is purely for the purpose of identifying the computer \r\nmanufacturers with which our products [are replacement for] may be used.\r\n Our Company and this Website are neither affiliated with, authorized \r\nby, licensed by, distributors for, nor related in any way to these \r\ncomputer manufacturers, nor are the products offered for sale through \r\nour Website manufactured by or sold with the authorization of the \r\nmanufacturers of the computers with which our products [are replacement \r\nfor] may be used.&lt;/p&gt;','Inspiron, Vostro  ww116, battery, for, dell, inspiron, 1420, vostro, 1400, 312-0543','WW116 Battery For Dell Inspiron 1420 Vostro 1400 312-0543','Buy WW116 Battery For Dell Inspiron 1420 Vostro 1400 312-0543 - 30 days money back and 1 year warranty.',' ww116 battery for dell inspiron 1420 vostro 1400 312-0543','','','','','',''),(540,1,'0813007 Battery for Lenovo IdeaPad 120S 120S-14IAP 120S-14IAP','&lt;p&gt;&lt;b&gt;Battery rating:&lt;/b&gt; 7.5V&lt;br&gt;&lt;b&gt;Battery capacity: &lt;/b&gt;4140mAh (31Wh)&lt;br&gt;&lt;b&gt;Battery cells: &lt;/b&gt;2-cell&lt;br&gt;&lt;b&gt;Type:&lt;/b&gt; rechargeable Li-ion battery&lt;br&gt;&lt;b&gt;Battery color:&lt;/b&gt; Black&lt;br&gt;&lt;b&gt;Policy: &lt;/b&gt;one year warranty.&lt;/p&gt;&lt;p&gt;&lt;b&gt;Please ensure the product(s) that you are going to buy fits the brand, model and part number of your device. If you have any questions, please contact us， Email: info#femvia.com(replace # with @)&lt;/b&gt;&lt;br&gt;&lt;/p&gt;&lt;p&gt;&lt;b&gt;Compatible Part Numbers:&amp;nbsp;&amp;nbsp; &lt;/b&gt;0813007, 2ICP4/59/138, 5B10P23779, BSNO3558E5&lt;/p&gt;&lt;p&gt;&lt;b&gt;Compatible Laptop Models: Lenovo &lt;/b&gt;IdeaPad 120S-14IAP 81A5002TUK, IdeaPad 120S-14IAP 81A500B3MX, IdeaPad 120S-14IAP 81A5004UMX, IdeaPad 120S-14IAP 81A500F0SA, IdeaPad 120S-14IAP 81A500BNRA, IdeaPad 120S-14IAP 81A5005BAX, IdeaPad 120S-14IAP 81A500FQPB, IdeaPad 120S-14IAP 81A500C9CK, IdeaPad 120S-14IAP 81A5005TUE, IdeaPad 120S-14IAP 81A500DBFR, IdeaPad 120S-14IAP 81A5006ABM, IdeaPad 120S-14IAP 81A500E0SP, IdeaPad 120S-14IAP 81A50071SP, IdeaPad 120S-14IAP 81A500EMFG, IdeaPad 120S-14IAP 81A5007NUK, IdeaPad 120S-14IAP 81A5008EMH, IdeaPad 120S-14IAP 81A50091IX, IdeaPad 120S-14IAP(81A5006KGE), IdeaPad 120S-14IAP 81A5009VMX, IdeaPad Slim 1-11IGL05(81VT000NGE), IdeaPad 120S-14IAP 81A500AKMX, IdeaPad 120S-14IAP 81A500AVGM, IdeaPad 120S-14IAP 81A50046FR, IdeaPad 120S-14IAP 81A500BDMX, IdeaPad 120S-14IAP 81A50054SA, IdeaPad 120S-14IAP 81A500FBSA, IdeaPad 120S-14IAP 81A500BYGE, IdeaPad 120S-14IAP 81A5005LFE, IdeaPad 120S-14IAP 81A500CKPB, IdeaPad 120S-14IAP 81A50063LT, IdeaPad 120S-14IAP 81A500DLFE, IdeaPad 120S-14IAP 81A5006TIX, IdeaPad 120S-14IAP 81A500EEMZ, IdeaPad 120S-14IAP 81A5007EUK, IdeaPad 120S-14IAP 81A500EWFE, IdeaPad 120S-14IAP 81A50082PB, IdeaPad 120S-14IAP 81A5008TRI, IdeaPad 120S-14IAP(81A500AQGE), IdeaPad 120S-14IAP 81A5009JMX, IdeaPad S130-14IGM(81J2004VGE), IdeaPad 120S-14IAP 81A500A5MZ, IdeaPad 110S-11IBR(80WG005XGE), IdeaPad 120S-14IAP 81A500AMHV, IdeaPad 120S-14IAP 81A5002VUK, IdeaPad 120S-14IAP 81A500B5AX, IdeaPad 120S-14IAP 81A5004WMX, IdeaPad 120S-14IAP 81A500F4SA, IdeaPad 120S-14IAP 81A500BQRA, IdeaPad 120S-14IAP 81A5005DAX, IdeaPad 120S-14IAP 81A500CBCK, IdeaPad 120S-14IAP 81A5005VUE, IdeaPad 120S-14IAP 81A500DDMB, IdeaPad 120S-14IAP 81A5006GSP, IdeaPad 120S-14IAP 81A500E4SC, IdeaPad 120S-14IAP 81A50077PG, IdeaPad 120S-14IAP 81A500EPUE, IdeaPad 120S-14IAP 81A5007SMX, IdeaPad 120S-14IAP 81A5008GMH, IdeaPad 120S-14IAP(81A500H9GE), IdeaPad 120S-14IAP 81A5009AMX, IdeaPad 120S-14IAP(81A5004BGE), IdeaPad 120S-14IAP 81A5009XMX, IdeaPad 110S-11IBR(80WG00CAGE), IdeaPad 120S-14IAP 81A500AXMB, IdeaPad 120S-14IAP 81A5004DUK, IdeaPad 120S-14IAP 81A500BFFR, IdeaPad 120S-14IAP 81A50056SA, IdeaPad 120S-14IAP 81A500FDSP, IdeaPad 120S-14IAP 81A500C2IV, IdeaPad 120S-14IAP 81A5005NFG, IdeaPad 120S-14IAP 81A500CMPB, IdeaPad 120S-14IAP 81A50065HV, IdeaPad 120S-14IAP 81A500DNCK, IdeaPad 120S-14IAP 81A5006VIX, IdeaPad 120S-14IAP 81A500EGFG, IdeaPad 120S-14IAP 81A5007GUK, IdeaPad 120S-14IAP 81A500EYFE, IdeaPad 120S-14IAP 81A50084MH, IdeaPad 120S-14IAP 81A5008VMX, IdeaPad 120S-14IAP(81A500ADGE), IdeaPad 120S-14IAP 81A5009QMX, IdeaPad S130-14IGM(81J200ASGE), IdeaPad 120S-14IAP 81A500ABSP, IdeaPad 110S-11IBR(80WG005VGE), IdeaPad 120S-14IAP 81A500APUE, IdeaPad 120S-14IAP 81A5003LCK, IdeaPad 120S-14IAP 81A500B8UK, IdeaPad 120S-14IAP 81A5004YAD, IdeaPad 120S-14IAP 81A500F6AX, IdeaPad 120S-14IAP 81A500BSSC, IdeaPad 120S-14IAP 81A5005FAX, IdeaPad 120S-14IAP 81A500CESC, IdeaPad 120S-14IAP 81A5005XUE, IdeaPad 120S-14IAP 81A500DFRU, IdeaPad 120S-14IAP 81A5006JGE, IdeaPad 120S-14IAP 81A500E6RI, IdeaPad 120S-14IAP 81A50079PB, IdeaPad 120S-14IAP 81A500ERUE, IdeaPad 120S-14IAP 81A5007WTX, IdeaPad 120S-14IAP 81A5008JMX, IdeaPad 120S-14IAP(81A500GBGE), IdeaPad 120S-14IAP 81A5009CMX, 21CP4/59/138, IdeaPad 120S-14IAP 81A500A0MX, IdeaPad 110S-11IBR(80WG00C8GE), IdeaPad 110S-11IBR(80WG000UMH), IdeaPad 120S-14IAP 81A500B0UK, IdeaPad 120S-14IAP 81A5004GMX, IdeaPad 120S-14IAP 81A500BKMX, IdeaPad 120S-14IAP 81A50058SA, IdeaPad 120S-14IAP 81A500FMUK, IdeaPad 120S-14IAP 81A500C4IV, IdeaPad 120S-14IAP 81A5005QFG, IdeaPad 120S-14IAP 81A500D8IX, IdeaPad 120S-14IAP 81A50067BM, IdeaPad 120S-14IAP 81A500DQIX, IdeaPad 120S-14IAP 81A5006XUE, IdeaPad 120S-14IAP 81A500EJFG, IdeaPad 120S-14IAP 81A5007KUK, IdeaPad 120S-14IAP 81A5008BSP, IdeaPad 120S-14IAP 81A5008XIX, IdeaPad 120S-14IAP(81A50072GE), IdeaPad 120S-14IAP 81A5009SMX, IdeaPad 130S-14IGM(81KU), IdeaPad 120S-14IAP 81A500AGMX, IdeaPad 120S-14IAP 81A500ASUK, IdeaPad 120S-14IAP 81A5003QCK, IdeaPad 120S-14IAP 81A500BAIX, IdeaPad 120S-14IAP 81A50051AD, IdeaPad 120S-14IAP 81A500F8AX, IdeaPad 120S-14IAP 81A500BVCK, IdeaPad 120S-14IAP 81A5005HAX, IdeaPad 120S-14IAP 81A500CGIX, IdeaPad 120S-14IAP 81A50060UE, IdeaPad 120S-14IAP 81A500DHPB, IdeaPad 120S-14IAP 81A5006QTX, IdeaPad 120S-14IAP 81A500EAAX, IdeaPad 120S-14IAP 81A5007BPB, IdeaPad 120S-14IAP 81A500ETFE, IdeaPad 120S-14IAP 81A5007YUK, IdeaPad 120S-14IAP 81A5008MRK, IdeaPad 120S-14IAP(81A500CCGE), IdeaPad 120S-14IAP 81A5009EMX, IdeaPad 130S-11IGM, IdeaPad 120S-14IAP 81A500A2MX.&lt;/p&gt;&lt;p&gt;&lt;b&gt;Why select us?&lt;/b&gt;&lt;br&gt;1. In addition to the inbound inspection, the 0813007 battery will be rigorously tested by our professional engineers again to ensure safety and fullness before shipment&lt;/p&gt;&lt;p&gt;&lt;img style=&quot;width: 984px;&quot; src=&quot;https://www.femvia.com/image/catalog/test_beforeshipping.jpg&quot;&gt;&lt;/p&gt;&lt;p&gt;2.&amp;nbsp; We warrant that the products sold in our website, other than \r\nexplicitly stated, are 100% brand new and free from defects in material \r\nand workmanship.&lt;br&gt;3. Fast shipping! We can ship to over 70 countries worldwide.&lt;br&gt;4. 30 days money back 12 months warranty!&lt;br&gt;5. Shopping with us is safe and secure.&lt;br&gt;6. No memory effect, chargeable even if it has not been used up yet.&lt;/p&gt;&lt;h2 style=&quot;font-size:14px&quot;&gt;Package: 1x 0813007 Battery for Lenovo IdeaPad 120S 120S-14IAP 120S-14IAP&lt;/h2&gt;&lt;p style=&quot;font-size: 14px;&quot;&gt;&lt;b&gt;Disclaimer:&lt;/b&gt;&lt;br&gt;The batteries and adapters supplied by our Company\r\n are [replacement for] sold for use with certain products of computer \r\nmanufacturers, and any reference to products or trademarks of such \r\ncompanies is purely for the purpose of identifying the computer \r\nmanufacturers with which our products [are replacement for] may be used.\r\n Our Company and this Website are neither affiliated with, authorized \r\nby, licensed by, distributors for, nor related in any way to these \r\ncomputer manufacturers, nor are the products offered for sale through \r\nour Website manufactured by or sold with the authorization of the \r\nmanufacturers of the computers with which our products [are replacement \r\nfor] may be used.&lt;/p&gt;','IdeaPad  0813007, battery, for, lenovo, ideapad, 120s, 120s-14iap','0813007 Battery for Lenovo IdeaPad 120S 120S-14IAP 120S-14IAP','Buy 0813007 Battery for Lenovo IdeaPad 120S 120S-14IAP 120S-14IAP - 30 days money back and 1 year warranty.',' 0813007 battery for lenovo ideapad 120s 120s-14iap 120s-14iap','','','','','',''),(285,1,'7FF1K Battery For Dell Latitude E5220 E6120 E6430S Series','&lt;p&gt;&lt;b&gt;Battery rating:&lt;/b&gt; 11.1V&lt;br&gt;&lt;b&gt;Battery capacity:&amp;nbsp;&lt;/b&gt; 32Wh&lt;br&gt;&lt;b&gt;Battery cells: &lt;/b&gt;3-cell&lt;br&gt;&lt;b&gt;Type:&lt;/b&gt; rechargeable Li-ion battery&lt;br&gt;&lt;b&gt;Battery color:&lt;/b&gt; Black&lt;br&gt;&lt;b&gt;Policy: &lt;/b&gt;one year warranty.&lt;/p&gt;&lt;p&gt;&lt;b&gt;Please ensure the product(s) that you are going to buy fits the brand, model and part number of your device. If you have any questions, please contact us， Email: info#femvia.com(replace # with @)&lt;/b&gt;&lt;br&gt;&lt;/p&gt;&lt;p&gt;&lt;b&gt;Compatible Part Numbers:&amp;nbsp; &lt;/b&gt;0F7W7V, 312-1239, 312-1241, 312-1242, 312-1379, 312-1380, 312-1381, 451-11702, 451-11978, 451-11979, 451-11980, 451-BBGO, 7FF1K, 7M0N5, 823F9, 9P0W6, CPXG0, F33MF, FRR0G, FRROG, H1MNH, HGKH0, HJ474, J79X4, JN0C3, K4CP5, KJ321, MHPKF, MPK22, R8R6F, RCG54, RFJMW, TPHRG, WJ383, Y40R5, YJNKK&lt;br&gt;&lt;/p&gt;&lt;p&gt;&lt;b&gt;Compatible Laptop Models:&amp;nbsp; For Dell &lt;/b&gt;Latitude E5220 Series, Latitude E6120 Series, Latitude E6430S Series, Latitude E6230 Series, Latitude E6220 Series, Latitude E6330 Series, Latitude E6320 Series, Latitude E6320 XFR, Latitude E6430S, Latitude E6120, Latitude E6330, Latitude E6230, Latitude E6220, Latitude E6320&lt;br&gt;&lt;b&gt;&lt;/b&gt;&lt;/p&gt;&lt;p&gt;&lt;b&gt;Why select us?&lt;/b&gt;&lt;br&gt;1. In addition to the inbound inspection, the 7FF1K battery will be rigorously tested by our professional engineers again to ensure safety and fullness before shipment&lt;/p&gt;&lt;p&gt;&lt;img style=&quot;width: 984px;&quot; src=&quot;https://www.femvia.com/image/catalog/test_beforeshipping.jpg&quot;&gt;&lt;/p&gt;&lt;p&gt;2.&amp;nbsp; We warrant that the products sold in our website, other than \r\nexplicitly stated, are 100% brand new and free from defects in material \r\nand workmanship.&lt;br&gt;3. Fast shipping! We can ship to over 70 countries worldwide.&lt;br&gt;4. 30 days money back 12 months warranty!&lt;br&gt;5. Shopping with us is safe and secure.&lt;br&gt;6. No memory effect, chargeable even if it has not been used up yet.&lt;/p&gt;&lt;h2 style=&quot;font-size:14px&quot;&gt;Package: 1x 7FF1K Battery For Dell Latitude E5220 E6120 E6430S Series&lt;/h2&gt;&lt;p style=&quot;font-size: 14px;&quot;&gt;&lt;b&gt;Disclaimer:&lt;/b&gt;&lt;br&gt;The batteries and adapters supplied by our Company\r\n are [replacement for] sold for use with certain products of computer \r\nmanufacturers, and any reference to products or trademarks of such \r\ncompanies is purely for the purpose of identifying the computer \r\nmanufacturers with which our products [are replacement for] may be used.\r\n Our Company and this Website are neither affiliated with, authorized \r\nby, licensed by, distributors for, nor related in any way to these \r\ncomputer manufacturers, nor are the products offered for sale through \r\nour Website manufactured by or sold with the authorization of the \r\nmanufacturers of the computers with which our products [are replacement \r\nfor] may be used.&lt;/p&gt;','Latitude 7ff1k, battery, for, dell, latitude, e5220, e6120, e6430s, series','7FF1K Battery For Dell Latitude E5220 E6120 E6430S Series','Buy 7FF1K Battery For Dell Latitude E5220 E6120 E6430S Series - 30 days money back and 1 year warranty.',' 7ff1k battery for dell latitude e5220 e6120 e6430s series','','','','','',''),(542,1,'BSNO4170A5-AT Battery For Lenovo Miix 510-12ISK 520-12IKB','&lt;p&gt;&lt;b&gt;Battery rating:&lt;/b&gt; 7.68V&lt;br&gt;&lt;b&gt;Battery capacity:&amp;nbsp; &lt;/b&gt;4955mAh (38Wh)&lt;br&gt;&lt;b&gt;Battery cells:&amp;nbsp; &lt;/b&gt;4-cell&lt;br&gt;&lt;b&gt;Type:&lt;/b&gt; rechargeable Li-ion battery&lt;br&gt;&lt;b&gt;Battery color:&lt;/b&gt; Black&lt;br&gt;&lt;b&gt;Policy: &lt;/b&gt;one year warranty.&lt;/p&gt;&lt;p&gt;&lt;b&gt;Please ensure the product(s) that you are going to buy fits the brand, model and part number of your device. If you have any questions, please contact us， Email: info#femvia.com(replace # with @)&lt;/b&gt;&lt;br&gt;&lt;/p&gt;&lt;p&gt;&lt;b&gt;Compatible Part Numbers:&amp;nbsp; &lt;/b&gt;2ICP5/70/106, 5B10L67278, 5B10L68713, BSN04170A5-AT, BSNO4170A5-AT, BSNO4170A5-LH, BSNO4170AT-AT, GB 31241-2014, LH5B10L67278&lt;br&gt;&lt;/p&gt;&lt;p&gt;&lt;b&gt;Compatible Laptop Models:&amp;nbsp; For Lenovo &lt;/b&gt;IdeaPad Miix 510-12ISK-80U10002GE, IdeaPad Miix 510-12IKB-80XE0006GE, IdeaPad Miix 510-12ISK-80U1000JGE, MIIX 510 12ISK, Miix 520-12IKB 20M3000LGE, IdeaPad Miix 510-12IKB-80XE0011GE, IdeaPad Miix 510-12ISK-80U1000WGE, IdeaPad Miix 510-12IKB-80XE001DGE, IdeaPad Miix 510-12ISK-80U1, IdeaPad Miix 510-12IKB-80XE, IdeaPad Miix 510-12ISK-80U1000EGE, IdeaPad Miix 510-12IKB-80XE000JGE, IdeaPad Miix 510-12ISK-80U1000SGE, IdeaPad MIIX 510 12ISK, IdeaPad Miix 510-12IKB-80XE0019GE, IdeaPad Miix 510-12ISK-80U1006DUS, Miix 510-12IKB-80XE0006SP, IdeaPad Miix 510-12IKB-80XE00A6GE, IdeaPad Miix 510-12IKB, miix 510-12ISK 80U1, PRO miix 510-12, Miix 510-12IKB, Miix 520-12IKB, Miix520, IdeaPad Miix 510-12ISK, Miix 520, Miix5 pro, MIIX 510-12ISK, Miix 510.&lt;/p&gt;&lt;p&gt;&lt;b&gt;Why select us?&lt;/b&gt;&lt;br&gt;1. In addition to the inbound inspection, the BSNO4170A5-AT battery will be rigorously tested by our professional engineers again to ensure safety and fullness before shipment&lt;/p&gt;&lt;p&gt;&lt;img style=&quot;width: 984px;&quot; src=&quot;https://www.femvia.com/image/catalog/test_beforeshipping.jpg&quot;&gt;&lt;/p&gt;&lt;p&gt;2.&amp;nbsp; We warrant that the products sold in our website, other than \r\nexplicitly stated, are 100% brand new and free from defects in material \r\nand workmanship.&lt;br&gt;3. Fast shipping! We can ship to over 70 countries worldwide.&lt;br&gt;4. 30 days money back 12 months warranty!&lt;br&gt;5. Shopping with us is safe and secure.&lt;br&gt;6. No memory effect, chargeable even if it has not been used up yet.&lt;/p&gt;&lt;h2 style=&quot;font-size:14px&quot;&gt;Package: 1x BSNO4170A5-AT Battery For Lenovo Miix 510-12ISK 520-12IKB&lt;/h2&gt;&lt;p style=&quot;font-size: 14px;&quot;&gt;&lt;b&gt;Disclaimer:&lt;/b&gt;&lt;br&gt;The batteries and adapters supplied by our Company\r\n are [replacement for] sold for use with certain products of computer \r\nmanufacturers, and any reference to products or trademarks of such \r\ncompanies is purely for the purpose of identifying the computer \r\nmanufacturers with which our products [are replacement for] may be used.\r\n Our Company and this Website are neither affiliated with, authorized \r\nby, licensed by, distributors for, nor related in any way to these \r\ncomputer manufacturers, nor are the products offered for sale through \r\nour Website manufactured by or sold with the authorization of the \r\nmanufacturers of the computers with which our products [are replacement \r\nfor] may be used.&lt;/p&gt;','Miix  bsno4170a5-at, battery, for, lenovo, miix, 510-12isk, 520-12ikb','BSNO4170A5-AT Battery For Lenovo Miix 510-12ISK 520-12IKB','Buy BSNO4170A5-AT Battery For Lenovo Miix 510-12ISK 520-12IKB - 30 days money back and 1 year warranty.',' bsno4170a5-at battery for lenovo miix 510-12isk 520-12ikb','','','','','',''),(543,1,'B31N1535 Battery For Asus Zenbook UX310UQ-FB268T UX310UA','&lt;p&gt;&lt;b&gt;Battery rating:&lt;/b&gt; 11.4V&lt;br&gt;&lt;b&gt;Battery capacity: &lt;/b&gt;4110mAh (48Wh)&lt;br&gt;&lt;b&gt;Battery cells:&amp;nbsp; &lt;/b&gt;3-cells&lt;br&gt;&lt;b&gt;Type:&lt;/b&gt; rechargeable Li-ion battery&lt;br&gt;&lt;b&gt;Battery color:&lt;/b&gt; Black&lt;br&gt;&lt;b&gt;Policy: &lt;/b&gt;one year warranty.&lt;/p&gt;&lt;p&gt;&lt;b&gt;Please ensure the product(s) that you are going to buy fits the brand, model and part number of your device. If you have any questions, please contact us， Email: info#femvia.com(replace # with @)&lt;/b&gt;&lt;br&gt;&lt;/p&gt;&lt;p&gt;&lt;b&gt;Compatible Part Numbers:&amp;nbsp; 0B200-02020000, 3ICP7/60/80, B31N1535&lt;/b&gt;&lt;/p&gt;&lt;p&gt;&lt;b&gt;Compatible Laptop Models:&amp;nbsp; For Asus &lt;/b&gt;Zenbook UX410UA-GV445T, Zenbook UX310UA-FC044T, Zenbook UX410UQ-GV110T, Zenbook UX410UQ-GV091T, Zenbook UX310UA-FC212T, ZenBook UX3410UQ-GV173T, Zenbook UX310UA-FC598T, Zenbook UX410UQ-GV159T, UX310UA-FC106R, Zenbook UX310UA-FC892T, Zenbook ux410ua-0331c8250u, Zenbook UX310UA-FB404T, Zenbook UX310UA-GL007T, Zenbook UX310UQ-FB047R, Zenbook UX3410UQ-GV134T, ZenBook UX310UF-FC035R, Zenbook UX310UQ-FC146T, ZenBook UX310UQ-GL103T, UX410UF-1A, Zenbook UX310UQ-FC531T, Zenbook UX3410UA-GV474T, Zenbook UX410UA-GV096T, UX310UQ-FC366T, Zenbook UX410UA-GV350T, ZenBook UX310UA-FC851T, Zenbook UX410UA-GV410T, Zenbook UX410UQ-GV037T, Zenbook UX310UA-FC1022T, ZenBook UX3410UQ-GV130T, Zenbook UX310UA-FC487T, ZENBOOK UX3410UA-GV140T, Zenbook UX310UA-FC784T, Zenbook UX410UA-GV095T, UX310UQ-1A, Zenbook UX310UA-FB1106T, ZenBook ux310uq-gl389r, Zenbook UX310UA-FC348T, Zenbook UX310UA-FB858T, ZenBook UX3410UA-GV377T, Zenbook UX3410UA-GV149T, Zenbook UX310UQ-FB522T, Zenbook UX410UA-GV154T, Zenbook UX310UA-FC694T, Zenbook UX310UQ-FC380T, ZENBOOK UX310UQ-GL031T, Zenbook UX3410UA-GV133T, Zenbook UX410UA-GV035T, Zenbook UX3410UA-GV640T, Zenbook UX410UA-GV298T, ZenBook UX310UA-FC1044T, Zenbook UX410UA-GV546T, Zenbook UX310UA-FC059T, Zenbook UX410UQ-0051A, Zenbook UX410UQ-GV073T, Zenbook UX310UA-FC239T, Zenbook UX3410UQ-GV174T, Zenbook UX310UA-FC620T, Zenbook UX410UQ-GV088T, UX310UA-FC153T, Zenbook UX310UA-FC946T, Zenbook UX310UQ-FC301T, Zenbook UX310UA-FB406T, Zenbook UX310UA-GL160R, Zenbook UX310UQ-FB268T, Zenbook UX3410UQ-GV215T, Zenbook UX310UA-FC138T, Zenbook UX310UQ-FC281T, ZenBook UX310UQ-GL129T, UX410UA-3A, Zenbook UX310UQ-FC5552T, Zenbook UX3410UA-GV578T, Zenbook UX410UA-GV183T, UX310UQ-FC397T, Zenbook UX410UA-GV354T, ZenBook UX310UA-FC975T, Zenbook UX410UA-GV422T, ZenBook UX410UQ-GV034T, Zenbook UX410UQ-GV059T, Zenbook UX310UA-FC1025T, ZenBook UX3410UQ-GV135T, Zenbook UX310UA-FC550T, ZENBOOK UX3410UA-GV380T, Zenbook UX310UA-FC856T, Zenbook UX410UA-GV096T-240, Zenbook UX310UA-FB1107, ZenBook ux310uq-gl243t, Zenbook UX310UA-FC137T, Zenbook UX310UA-FB889T, Zenbook UX3410UF-GV086T, ZenBook UX310UF, Zenbook UX310UQ-FB548T, Zenbook UX410UA-GV225T, Zenbook UX310UA-FC756T, Zenbook UX310UQ-FC434T, ZENBOOK UX3410UF-GV080T, Zenbook UX3410UA-GV139T, Zenbook UX410UA-GV028T, Zenbook UX3410UA-GV646T, Zenbook UX410UA-GV230T, ZenBook UX310UA-FC275T, UX410UF-3A, Zenbook UX410UA-GV596T, Zenbook UX310UA-FC081T, Zenbook UX3410UA-GV081T, Zenbook UX410UQ-GV109T, Zenbook UX310UA-FC322T, Zenbook UX3410UQ-GV171T, Zenbook UX310UA-FC631T, Zenbook UX310UQ-FB522R, UX310UA-GL011T, Zenbook UX310UA-FC971T, ZenBook ux310uq-gl477t, Zenbook UX310UA-FC089T, Zenbook UX310UA-FB581R, Zenbook UX310UA-GL436T, Zenbook UX3410UA, Zenbook UX310UQ-FB418T, Zenbook UX3410UF, Zenbook UX310UA-FC337T, Zenbook UX310UQ-FC304T, ZenBook UX310UQ-GL197T, UX410UA-1A, Zenbook UX310UQ-FC586T, Zenbook UX3410UA-GV628T, Zenbook UX410UA-GV155T, UX310UQ-GL015T, Zenbook UX410UA-GV398T, Zenbook UX410UA-GV479T, UX310UF, Zenbook UX410UQ-GV074T, Zenbook UX310UA-FC1043T, ZenBook UX3410UQ-GV999T, Zenbook UX310UA-FC577T, ZENBOOK UX3410UA-GV462T, Zenbook UX310UA-FC864T, Zenbook UX410UA-GV547T, UX410UQ-1C, Zenbook UX310UA-FB230R, Zenbook UX310UA-FC676T, ZenBook UX310UA-FC062T, Zenbook UX310UA-FB894R, Zenbook UX3410UF-GV168T, ZenBook UX310UF-FC005T, Zenbook UX310UQ-FB550T, Zenbook UX410UA-GV304T, Zenbook UX310UA-FC850T, Zenbook UX310UQ-FC462T, ZENBOOK UX3410UF-GV181T, Zenbook UX3410UA-GV441T, Zenbook UX410UA-GV069T, Zenbook UX410UA-GV224T, ZenBook UX310UA-FC343T, UX410UQ-3A, Zenbook UX410UA-GV517T, Zenbook UX310UA-FC1007T, Zenbook UX3410UA-GV424T, Zenbook UX410UQ-GV183T, Zenbook UX310UA-FC332T, ZenBook UX3410UQ-GV172T, Zenbook UX310UA-FC676, Zenbook UX310UQ-FB351R, UX310UA-GL151T, Zenbook UX310UA-FC998R, ZenBook ux310uq-gl401t, Zenbook UX310UA-FC347T, Zenbook UX310UA-FB846T, Zenbook UX310UA-GL547T, Zenbook UX3410UA-GV078T, Zenbook UX310UQ-FB442T, Zenbook UX410UA-GV031T, Zenbook UX310UA-FC341T, Zenbook UX310UQ-FC344T, ZenBook UX310UQ-GL332T, UX3410UA, Zenbook UX410UA-AX8211T, Zenbook UX3410UA-GV633T, Zenbook UX410UA-GV109T, UX310UQ-GL048T, Zenbook UX410UA-GV367T, Zenbook UX410UA-GV423T, Zenbook UX310UA-FC042T, Zenbook UX410UQ-GV185T, Zenbook UX410UQ-GV066T, Zenbook UX310UA-FC211T, ZenBook UX3410UQ-GV077T, Zenbook UX310UA-FC593T, ZENBOOK UX3410UA-GV642T, Zenbook UX310UA-FC891T, Zenbook ux410ua-0321a8250u, Zenbook UX310UA-FB485T, Zenbook UX310UA-FCR45T, Zenbook UX310UA-FC255T.&lt;/p&gt;&lt;p&gt;&lt;b&gt;Why select us?&lt;/b&gt;&lt;br&gt;1. In addition to the inbound inspection, the B31N1535 battery will be rigorously tested by our professional engineers again to ensure safety and fullness before shipment&lt;/p&gt;&lt;p&gt;&lt;img style=&quot;width: 984px;&quot; src=&quot;https://www.femvia.com/image/catalog/test_beforeshipping.jpg&quot;&gt;&lt;/p&gt;&lt;p&gt;2.&amp;nbsp; We warrant that the products sold in our website, other than \r\nexplicitly stated, are 100% brand new and free from defects in material \r\nand workmanship.&lt;br&gt;3. Fast shipping! We can ship to over 70 countries worldwide.&lt;br&gt;4. 30 days money back 12 months warranty!&lt;br&gt;5. Shopping with us is safe and secure.&lt;br&gt;6. No memory effect, chargeable even if it has not been used up yet.&lt;/p&gt;&lt;h2 style=&quot;font-size:14px&quot;&gt;Package: 1x B31N1535 Battery For Asus Zenbook UX310UQ-FB268T UX310UA&lt;br&gt;&lt;/h2&gt;&lt;p style=&quot;font-size: 14px;&quot;&gt;&lt;b&gt;Disclaimer:&lt;/b&gt;&lt;br&gt;The batteries and adapters supplied by our Company\r\n are [replacement for] sold for use with certain products of computer \r\nmanufacturers, and any reference to products or trademarks of such \r\ncompanies is purely for the purpose of identifying the computer \r\nmanufacturers with which our products [are replacement for] may be used.\r\n Our Company and this Website are neither affiliated with, authorized \r\nby, licensed by, distributors for, nor related in any way to these \r\ncomputer manufacturers, nor are the products offered for sale through \r\nour Website manufactured by or sold with the authorization of the \r\nmanufacturers of the computers with which our products [are replacement \r\nfor] may be used.&lt;/p&gt;','Zenbook  b31n1535, battery, for, asus, zenbook, ux310uq-fb268t, ux310ua','B31N1535 Battery For Asus Zenbook UX310UQ-FB268T UX310UA','Buy B31N1535 Battery For Asus Zenbook UX310UQ-FB268T UX310UA - 30 days money back and 1 year warranty.',' b31n1535 battery for asus zenbook ux310uq-fb268t ux310ua','','','','','',''),(544,1,'CD03XL Battery For Hp ProBook 640 645 650 G4 HSTNN-UB7K','&lt;p&gt;&lt;b&gt;Battery rating:&lt;/b&gt; 11.4V&lt;br&gt;&lt;b&gt;Battery capacity: &lt;/b&gt;4210mAh (48Wh)&lt;br&gt;&lt;b&gt;Battery cells: &lt;/b&gt;2-cell&lt;br&gt;&lt;b&gt;Type:&lt;/b&gt; rechargeable Li-ion battery&lt;br&gt;&lt;b&gt;Battery color:&lt;/b&gt; Black&lt;br&gt;&lt;b&gt;Policy: &lt;/b&gt;one year warranty.&lt;/p&gt;&lt;p&gt;&lt;b&gt;Please ensure the product(s) that you are going to buy fits the brand, model and part number of your device. If you have any questions, please contact us， Email: info#femvia.com(replace # with @)&lt;/b&gt;&lt;br&gt;&lt;/p&gt;&lt;p&gt;&lt;b&gt;Compatible Part Numbers:&amp;nbsp;&amp;nbsp; &lt;/b&gt;3ICP7/60/80, 931702-171, 931702-1C1, 931702-421, 931702-541, 931719-850, CD03, CD03048XL, CD03XL, HSN-114C-4, HSN-114C-5, HSN-115C, HSN-I14C-4, HSN-I14C-5, HSN-I15C, HSTNN LBBF, HSTNN-IB813, HSTNN-IB8B, HSTNN-LB8F, HSTNN-UB7K&lt;/p&gt;&lt;p&gt;&lt;b&gt;Compatible Laptop Models:&amp;nbsp; For &lt;/b&gt;Hp ProBook 645 G4(3UP61EA), ProBook 645 G4-4LB50UT, ProBook 645 G4-3UN55EA, ProBook 645 G4-5XM70PA, ProBook 645 G4-3UN59EA, ProBook 645 G4-4LB42UT, ProBook 645 G4-4LB47UT, ProBook 645 G4(3UP62EA), ProBook 645 G4-4LC09UT, ProBook 645 G4-3UN56EA, ProBook 645 G4-3UP75EA, ProBook 645 G4 3UP62EA, ProBook 645 G4-4LB46UT, ProBook 645 G4.&lt;/p&gt;&lt;p&gt;&lt;b&gt;Why select us?&lt;/b&gt;&lt;br&gt;1. In addition to the inbound inspection, the CD03XL battery will be rigorously tested by our professional engineers again to ensure safety and fullness before shipment&lt;/p&gt;&lt;p&gt;&lt;img style=&quot;width: 984px;&quot; src=&quot;https://www.femvia.com/image/catalog/test_beforeshipping.jpg&quot;&gt;&lt;/p&gt;&lt;p&gt;2.&amp;nbsp; We warrant that the products sold in our website, other than \r\nexplicitly stated, are 100% brand new and free from defects in material \r\nand workmanship.&lt;br&gt;3. Fast shipping! We can ship to over 70 countries worldwide.&lt;br&gt;4. 30 days money back 12 months warranty!&lt;br&gt;5. Shopping with us is safe and secure.&lt;br&gt;6. No memory effect, chargeable even if it has not been used up yet.&lt;/p&gt;&lt;h2 style=&quot;font-size:14px&quot;&gt;Package: 1x CD03XL Battery For Hp ProBook 640 645 650 G4 HSTNN-UB7K&lt;/h2&gt;&lt;p style=&quot;font-size: 14px;&quot;&gt;&lt;b&gt;Disclaimer:&lt;/b&gt;&lt;br&gt;The batteries and adapters supplied by our Company\r\n are [replacement for] sold for use with certain products of computer \r\nmanufacturers, and any reference to products or trademarks of such \r\ncompanies is purely for the purpose of identifying the computer \r\nmanufacturers with which our products [are replacement for] may be used.\r\n Our Company and this Website are neither affiliated with, authorized \r\nby, licensed by, distributors for, nor related in any way to these \r\ncomputer manufacturers, nor are the products offered for sale through \r\nour Website manufactured by or sold with the authorization of the \r\nmanufacturers of the computers with which our products [are replacement \r\nfor] may be used.&lt;/p&gt;','ProBook  cd03xl, battery, for, probook, 640, 645, 650, hstnn-ub7k','CD03XL Battery For Hp ProBook 640 645 650 G4 HSTNN-UB7K','Buy CD03XL Battery For Hp ProBook 640 645 650 G4 HSTNN-UB7K - 30 days money back and 1 year warranty.',' cd03xl battery for probook 640 645 650 hstnn-ub7k','','','','','',''),(800,1,'NH50BAT-4 Battery For Hasee Z7-CT7GK G8-CT7NK Clevo NH50RA','&lt;p&gt;&lt;b&gt;Battery rating:&lt;/b&gt; 14.4V&lt;br&gt;&lt;b&gt;Battery capacity: &lt;/b&gt;3275mAh (48.96Wh)&lt;br&gt;&lt;b&gt;Battery cells: &lt;/b&gt;4-cell&lt;br&gt;&lt;b&gt;Type:&lt;/b&gt; rechargeable Li-ion battery&lt;br&gt;&lt;b&gt;Battery color:&lt;/b&gt; Black&lt;br&gt;&lt;b&gt;Policy: &lt;/b&gt;one year warranty.&lt;/p&gt;&lt;p&gt;&lt;b&gt;Please ensure the product(s) that you are going to buy fits the brand, model and part number of your device. If you have any questions, please contact us， Email: info#femvia.com(replace # with @)&lt;/b&gt;&lt;br&gt;&lt;/p&gt;&lt;p&gt;&lt;b&gt;Compatible Part Numbers:&amp;nbsp;&amp;nbsp;&lt;/b&gt; 6-87-NH50S-41C00, NH50BAT-4&lt;/p&gt;&lt;p&gt;&lt;b&gt;Compatible Laptop Models:&amp;nbsp; For Clevo &lt;/b&gt;NH70 SE, NH57RH, NH55RAQ, NH58RAQ, NH58RHQ, NH58RC, NH57RA, NH70RCQ, NH55RDQ, NH58RCQ, NH55RHQ, NH57RC, NH55EDQ, NH58EDQ, NH70RDQ, NH55RGQ, NH50RH, NH58RDQ, NH70RAQ, NH55RCQ, NH57RD, NH70RHQ, NH50RC, NH50RD, NH50ED, NH70, NH50RA&lt;br&gt;&lt;br&gt;&lt;b&gt;For Hasee &lt;/b&gt;G7-CT7NT, Z7M-CT7GS, T58-VC, Z8-CU7NK, CNH5S04, Z7M-CT7NA, G7M-CT5NA, Z8-CT7NT, Z7-CT7NK, Z7-CT7VH, G7M-CT5PK, G8-CT7NT, ZX6-CU5DS, Z7T-CU7NS, Z8-CU7NS, G7-CT7NA, CNH5S03, Z7M-CT5NA, Z8-CU5NB, G7-CT7NK, G7-CU7NA, Z7M-CT7NK, Z7-CT7GK, G7M-CT5VK, G8-CU7NS, Z7-CT7NT, Z7M-CU5 NB, ZX6-CU5GK, Z6-CT5NA, G7M-CT7NK, Z7-CT7PRO, Z7M-CT, G8-CT7NK, Z7-CT5NA, Z8-CT7NA, G7-CT7VK, Z7-CT7NA, G8-CT7NA, CNH5S01&lt;br&gt;&lt;br&gt;&lt;b&gt;For Shinelon &lt;/b&gt;T3TI, T3 PRO&lt;br&gt;&lt;br&gt;&lt;b&gt;For Medion&lt;/b&gt; Erazer Deputy P25, MD64300&lt;br&gt;&lt;br&gt;&lt;b&gt;For Systemax &lt;/b&gt;System76 Gazelle(gaze14)&lt;br&gt;&lt;br&gt;&lt;b&gt;For Sager&lt;/b&gt; NP7852(NH55EDQ), NP7856(NH58RDQ), NP6854(NH58RHQ), NP6856(NH58RCQ), G70R, NP6876(NH70RCQ), NP7853(NH58EDQ), NP7876, NP7876(NH70RDQ), NP6855(NH58RAQ), NP6856-S, NP6875(NH70RAQ), NP6876, NP6875, NP6854, NP7853, NP6856, NP7856, NP7852, NP6855, G58R&lt;br&gt;&lt;br&gt;&lt;b&gt;For Aorus&lt;/b&gt; 7 KB-7DE1130SH, 7 KB&lt;br&gt;&lt;br&gt;&lt;b&gt;For Mifcom&lt;/b&gt; EG5 i7-GTX 1660 Ti(NH55RCQ)&lt;br&gt;&lt;br&gt;&lt;b&gt;For Gigabyte&lt;/b&gt; G5 KC, G5 GD, A7 X1.&lt;/p&gt;&lt;p&gt;&lt;b&gt;Why select us?&lt;/b&gt;&lt;br&gt;1. In addition to the inbound inspection, the NH50BAT-4 battery will be rigorously tested by our professional engineers again to ensure safety and fullness before shipment&lt;/p&gt;&lt;p&gt;&lt;img style=&quot;width: 984px;&quot; src=&quot;https://www.femvia.com/image/catalog/test_beforeshipping.jpg&quot;&gt;&lt;/p&gt;&lt;p&gt;2.&amp;nbsp; We warrant that the products sold in our website, other than \r\nexplicitly stated, are 100% brand new and free from defects in material \r\nand workmanship.&lt;br&gt;3. Fast shipping! We can ship to over 70 countries worldwide.&lt;br&gt;4. 30 days money back 12 months warranty!&lt;br&gt;5. Shopping with us is safe and secure.&lt;br&gt;6. No memory effect, chargeable even if it has not been used up yet.&lt;/p&gt;&lt;h2 style=&quot;font-size:14px&quot;&gt;Package: 1x NH50BAT-4 Battery For Hasee Z7-CT7GK G8-CT7NK Clevo NH50RA&lt;/h2&gt;&lt;p style=&quot;font-size: 14px;&quot;&gt;&lt;b&gt;Disclaimer:&lt;/b&gt;&lt;br&gt;The batteries and adapters supplied by our Company\r\n are [replacement for] sold for use with certain products of computer \r\nmanufacturers, and any reference to products or trademarks of such \r\ncompanies is purely for the purpose of identifying the computer \r\nmanufacturers with which our products [are replacement for] may be used.\r\n Our Company and this Website are neither affiliated with, authorized \r\nby, licensed by, distributors for, nor related in any way to these \r\ncomputer manufacturers, nor are the products offered for sale through \r\nour Website manufactured by or sold with the authorization of the \r\nmanufacturers of the computers with which our products [are replacement \r\nfor] may be used.&lt;/p&gt;','nh50bat-4, battery, for, hasee, z7-ct7gk, g8-ct7nk, clevo, nh50ra, laptop, batteries','NH50BAT-4 Battery For Hasee Z7-CT7GK G8-CT7NK Clevo NH50RA','Buy NH50BAT-4 Battery For Hasee Z7-CT7GK G8-CT7NK Clevo NH50RA - 30 days money back and 1 year warranty.',' nh50bat-4 battery for hasee z7-ct7gk g8-ct7nk clevo nh50ra','','','','','',''),(891,1,'L19M4PC0 Battery For Lenovo 15ARH05 L19C4PC0 L19L4PC0','&lt;p&gt;&lt;b&gt;Battery rating:&lt;/b&gt; 15.36V &lt;br&gt;&lt;b&gt;Battery capacity: &lt;/b&gt;4010mAh 60Wh&lt;br&gt;&lt;b&gt;Battery cells:4&lt;/b&gt;-cell&lt;br&gt;&lt;b&gt;Type:&lt;/b&gt; rechargeable Li-ion battery&lt;br&gt;&lt;b&gt;Battery color:&lt;/b&gt; Black&lt;br&gt;&lt;b&gt;Policy: &lt;/b&gt;one year warranty.&lt;/p&gt;&lt;p&gt;&lt;b&gt;Please ensure the product(s) that you are going to buy fits the brand, model and part number of your device. If you have any questions, please contact us， Email: info#femvia.com(replace # with @)&lt;/b&gt;&lt;br&gt;&lt;/p&gt;&lt;p&gt;&lt;b&gt;Compatible Part Numbers:&amp;nbsp;&amp;nbsp; &lt;/b&gt;5B10W86195, L19C4PC0, L19L4PC0, L19M4PC0, L19SPC0, SB10W86190, SB10W86191&lt;/p&gt;&lt;p&gt;&lt;b&gt;Compatible Laptop Models:&amp;nbsp; For Lenovo &lt;/b&gt;Legion 5 15ARH05 82B5000WID, Legion 5 15IMH05H 81Y6002JKR, Legion 5 15ARH05 82B500BESC, Legion 5 15IMH05H 81Y600CKAX, Legion 5 15ARH05 82B500NRRK, Legion 5 15IMH05H 81Y600NPTX, Legion 5 15IMH05H 81Y6007QBM, Legion 5 15IMH05H 81Y600HNMH, Legion 5 15ARH05 82B5006SRU, Legion 5 15ARH05 82B500GWSP, Legion 5 15ARH05 82B5001DTA, Legion 5 15IMH05H 81Y60031SB, Legion 5 15ARH05 82B500BYMX, Legion 5 15IMH05H 81Y600D2MB, Legion 5 15ARH05 82B500P9SC, Legion 5 15IMH05H 81Y600P8HH, Legion 5 15IMH05H 81Y60087RM, Legion 5 15IMH05H 81Y600J6AK, Legion 5 15ARH05 82B50079RA, Legion 5 15ARH05 82B500HGPB, Legion 5 15ARH05 82B5002AGE, Legion 5 15IMH05H 81Y6003HMX, Legion 5 15ARH05-82B500CFGE, Legion 5 15IMH05H 81Y600DJJP, Legion 5 15ARH05 82B500PRSC, Legion 5 15IMH05H 81Y600PQFE, Legion 5 15IMH05H 81Y6008PGM, Legion 5 15IMH05H 81Y600JQPB, Legion 5 15ARH05 82B5007RMJ, Legion 5 15ARH05 82B500HYPB, Legion 5 15ARH05 82B5002TJP, Legion 5 15IMH05H 81Y60041US, Legion 5 15ARH05 82B500CXRA, Legion 5 15IMH05H 81Y600E1MX, Legion 5 15ARH05 82B500Q8GM, Legion 5 15IMH05H 81Y600Q7SC, Legion 5 15IMH05H 81Y60096RM, Legion 5 15IMH05H 81Y600K7PB, Legion 5 15ARH05 82B50088SC, Legion 5 15ARH05 82B500JFPB, Legion 5 15IMH05H 81Y600QEGM, Legion 5 15ARH05 82B5003ASA, Legion 5 15IMH05H 81Y6004HJP, Legion 5 15ARH05 82B500DGSB, Legion 5 15ARH05 82B500QQRM, Legion 5 15IMH05H 81Y6009NAX, Legion 5 15IMH05H 81Y600KPPB, Legion 5 15ARH05 82B5008QMJ, Legion 5 15IMH05H 81Y600EQMZ, Legion 5 15ARH05 82B500JXKR, Legion 5 15IMH05H 81Y600QYSB, Legion 5 15ARH05 82B5003SED, Legion 5 15ARH05 82B500DYKR, Legion 5 15IMH05H 81Y60004US, Legion 5 15IMH05H 81Y600A5AD, Legion 5 15ARH05 82B500L1RA, Legion 5 15IMH05H 81Y600L6PB, Legion 5 15IMH05H 81Y60057FE, Legion 5 15ARH05 82B50097RM, Legion 5 15IMH05H 81Y600F7TA, Legion 5 15ARH05 82B500KFRA, Legion 5 15IMH05H 81Y600RGKG, Legion 5 15ARH05 82B50049PG, Legion 5 15ARH05 82B500EFMJ, Legion 5 15IMH05H 81Y6000LFR, Legion 5 15IMH05H 81Y600AMHH, Legion 5 15ARH05 82B500LHLT, Legion 5 15IMH05H 81Y600LPRA, Legion 5 15IMH05H 81Y6005PMX, Legion 5 15ARH05 82B5009RAU, Legion 5 15IMH05H 81Y600FPMX, Legion 5P 15ARH05H-82GU000CAD, Legion 5 15ARH05 82B5004THV, Legion 5 15ARH05 82B500EXRK, Legion 5 15IMH05H 81Y60013FR, Legion 5 15ARH05 82B5009YKR, Legion 5 15IMH05H 81Y600B4UE, Legion 5 15ARH05 82B500M1IV, Legion 5 15IMH05H 81Y600M6HH, Legion 5 15IMH05H 81Y60066RM, Legion 5 15IMH05H 81Y600G6PB, Legion 5P 15ARH05H-82GU000UHV, Legion 5 15ARH05 82B5005BAU, Legion 5 15ARH05 82B500FESA, Legion 5 15IMH05-82AU00C1AU, Legion 5 15IMH05H 81Y6001KTA, Legion 5 15ARH05 82B500AFPB, Legion 5 15IMH05H 81Y600BLPB, Legion 5 15ARH05 82B500MJUE, Legion 5 15IMH05H 81Y600MNGE, Legion 5 15IMH05H 81Y6006RJP, Legion 5 15IMH05H 81Y600GNPB, Legion 5 15ARH05 82B5005TTA, Legion 5 15ARH05 82B500FWBM, Legion 5 15ARH05 82B50009KR, Legion 5 15IMH05H 81Y60022GE, Legion 5 15ARH05 82B500AXRE, Legion 5 15IMH05H 81Y600C3BM, Legion 5 15ARH05 82B500N1SA, Legion 5 15IMH05H 81Y600N5RM, Legion 5 15IMH05H 81Y60078YA, Legion 5 15IMH05H 81Y600H5CK, Legion 5 15ARH05 82B5006AHH, Legion 5 15ARH05 82B500GDPB, Legion 5 15IMH05H 81Y6007HVN, Legion 5 15IMH05H 81Y600HFMB, Legion 5 15ARH05 82B5006KRM, Legion 5 15ARH05 82B500GNRK, Legion 5 15ARH05 82B50016FR, Legion 5 15IMH05H 81Y6002TTA, Legion 5 15ARH05 82B500BRRK, Legion 5 15IMH05H 81Y600CUSP, Legion 5 15ARH05 82B500P1ID, Legion 5 15IMH05H 81Y600NYHH, Legion 5 15IMH05H 81Y60080SB, Legion 5 15IMH05H 81Y600HXKR, Legion 5 15ARH05 82B50072GM, Legion 5 15ARH05 82B500H6SP, Legion 5 15ARH05 82B5001NPH, Legion 5 15IMH05H 81Y6003AMX, Legion 5 15ARH05 82B500C8RE, Legion 5 15IMH05H 81Y600DBUS, Legion 5 15ARH05 82B500PJYA, Legion 5 15IMH05H 81Y600PHSB, Legion 5 15IMH05H 81Y6008GRU, Legion 5 15IMH05H 81Y600JGAK, Legion 5 15ARH05 82B5007JRM, Legion 5 15ARH05 82B500HRPB, Legion 5 15ARH05 82B5002KMZ, Legion 5 15IMH05H 81Y6003SFR, Legion 5 15ARH05 82B500CQRA, Legion 5 15IMH05H 81Y600DTLT, Legion 5 15ARH05 82B500Q1SP, Legion 5 15IMH05H 81Y600Q0DT, Legion 5 15IMH05H 81Y6008YRA, Legion 5 15IMH05H 81Y600K0PB, Legion 5 15ARH05 82B50081SC, Legion 5 15ARH05 82B500J8PB, Legion 5 15ARH05 82B50033RU, Legion 5 15IMH05H 81Y6004AHH, Legion 5 15ARH05 82B500D7PG, Legion 5 15IMH05H 81Y600EARK, Legion 5 15ARH05 82B500QHGM, Legion 5 15IMH05H 81Y6009FMB, Legion 5 15IMH05H 81Y600KGPB, Legion 5 15ARH05 82B5008HHH, Legion 5 15IMH05H 81Y600EHSB, Legion 5 15ARH05 82B500JQPB, Legion 5 15IMH05H 81Y600QPVN, Legion 5 15ARH05 82B5003KFE. &lt;br&gt;&lt;/p&gt;&lt;p&gt;&lt;b&gt;Why select us?&lt;/b&gt;&lt;br&gt;1. In addition to the inbound inspection, the L19M4PC0 battery will be rigorously tested by our professional engineers again to ensure safety and fullness before shipment&lt;/p&gt;&lt;p&gt;&lt;img style=&quot;width: 984px;&quot; src=&quot;https://www.femvia.com/image/catalog/test_beforeshipping.jpg&quot;&gt;&lt;/p&gt;&lt;p&gt;2.&amp;nbsp; We warrant that the products sold in our website, other than \r\nexplicitly stated, are 100% brand new and free from defects in material \r\nand workmanship.&lt;br&gt;3. Fast shipping! We can ship to over 70 countries worldwide.&lt;br&gt;4. 30 days money back 12 months warranty!&lt;br&gt;5. Shopping with us is safe and secure.&lt;br&gt;6. No memory effect, chargeable even if it has not been used up yet.&lt;/p&gt;&lt;h2 style=&quot;font-size:14px&quot;&gt;Package: 1x L19M4PC0 Battery For Lenovo Y7000 R7000 L19C4PC0 L19L4PC0&lt;/h2&gt;&lt;p style=&quot;font-size: 14px;&quot;&gt;&lt;b&gt;Disclaimer:&lt;/b&gt;&lt;br&gt;The batteries and adapters supplied by our Company\r\n are [replacement for] sold for use with certain products of computer \r\nmanufacturers, and any reference to products or trademarks of such \r\ncompanies is purely for the purpose of identifying the computer \r\nmanufacturers with which our products [are replacement for] may be used.\r\n Our Company and this Website are neither affiliated with, authorized \r\nby, licensed by, distributors for, nor related in any way to these \r\ncomputer manufacturers, nor are the products offered for sale through \r\nour Website manufactured by or sold with the authorization of the \r\nmanufacturers of the computers with which our products [are replacement \r\nfor] may be used.&lt;/p&gt;','l19m4pc0, battery, for, lenovo, y7000, r7000, l19c4pc0, l19l4pc0 15arh05','L19M4PC0 Battery For Lenovo 15ARH05 L19C4PC0 L19L4PC0','Buy L19M4PC0 Battery For Lenovo 15ARH05 L19C4PC0 L19L4PC0 - 30 days money back and 1 year warranty.',' l19m4pc0 battery for lenovo y7000 r7000 l19c4pc0 l19l4pc0 l19m4pc0 battery for lenovo 15arh05 l19c4pc0 l19l4pc0','','','','','',''),(547,1,'Hp HSTNN-IB7L EliteBook 755 840 848 850 G4 TA03XL Battery','&lt;p&gt;&lt;b&gt;Battery rating:&lt;/b&gt; 11.55V &lt;br&gt;&lt;b&gt;Battery capacity: &lt;/b&gt;4245mAh (51Wh)&lt;br&gt;&lt;b&gt;Battery cells: &lt;/b&gt;6-cell&lt;br&gt;&lt;b&gt;Type:&lt;/b&gt; rechargeable Li-ion battery&lt;br&gt;&lt;b&gt;Battery color:&lt;/b&gt; Black&lt;br&gt;&lt;b&gt;Policy: &lt;/b&gt;one year warranty.&lt;/p&gt;&lt;p&gt;&lt;b&gt;Please ensure the product(s) that you are going to buy fits the brand, model and part number of your device. If you have any questions, please contact us， Email: info#femvia.com(replace # with @)&lt;/b&gt;&lt;br&gt;&lt;/p&gt;&lt;p&gt;&lt;b&gt;Compatible Part Numbers:&amp;nbsp;&amp;nbsp; &lt;/b&gt;854047-141, 854047-171, 854047-1C1, 854047-221, 854047-271, 854047-2C1, 854047-421, 854108-850, 996QA101H, HSTNN-172C-4, HSTNN-175C-5, HSTNN-1B7L, HSTNN-I72C-4, HSTNN-I75C-5, HSTNN-IB7L, TA03051XL, TA03051XL-PL, TA03XL, TAO3XL&lt;/p&gt;&lt;p&gt;&lt;b&gt;Compatible Laptop Models:&amp;nbsp; For Hp &lt;/b&gt;EliteBook 755 G4 Z9G47AW, Elitebook 840 G41EN50EA, ELITEBOOK 848 G4(1MX92PC), Elitebook 840 G4-Z2V68EA, ZBook 14u G4 1RQ67EA, Zbook 15u G4(Y6K01EA), Elitebook 840 G4Z9G66AW, Elitebook 840 G4-1EN04EA, Elitebook 840 G4-Z9G66AW, Zbook 15u G4(1BS31UT), Elitebook 840 G4Z2V47EA, ELITEBOOK 848 G4(1LH12PC), ZBook 14u G4 1RQ70EA, Zbook 15u G4(Z9L67AW), Elitebook 840 G4Z9G70AW, Elitebook 840 G4-1EP61EA, Elitebook 840 G4-Z9G70AW, Zbook 15u G4(1BS33UT), Elitebook 840 G4Z2V48EA, ELITEBOOK 840 G4(1LH09PC), EliteBook 755 G4 Z2W11EA, EliteBook 840R G4, EliteBook 755 G4, Elitebook 840 G4-Z2V47ET, Zbook 15u G4(Y6J99EA), EliteBook 840 G4Z2V49ET, ELITEBOOK 840 G4(1LH16PC), EliteBook 755 G4 Z9G45AW, Elitebook 840 G41EN04EA, ELITEBOOK 848 G4(1NC59PC), Elitebook 840 G4-Z2V49EA, ZBook 14u G4 1RQ68EA, Zbook 15u G4(Y6K00ET), Elitebook 840 G4Z2V68ET, Elitebook 840 G4-1EN01EA, EliteBook 745 G4 Z2W06EA, Elitebook 840 G41EP61EA, ELITEBOOK 848 G4(1LH17PC), Elitebook 840 G4-Z2V68ET, ZBook 14u G4 1RQ69EA, Zbook 15u G4(Y6K02EA), Elitebook 840 G4Z9G68AW, EliteBook 840 G4-Z2V49ET, Elitebook 840 G4-1EN50EA, Elitebook 840 G4-Z9G68AW, Zbook 15u G4(1BS32UT), Elitebook 840 G4Z2V47ET, ELITEBOOK 848 G4(1LH13PC), ZBook 14u G4 1RQ82EA, ZBook 14u G4(2FH00AW), Elitebook 840 G4Z9G72AW, EliteBook 850 G4-Z2W86ET, Elitebook 840 G4-Z2V47EA, Elitebook 840 G4-Z9G72AW, Zbook 15u G4(1BS34UT), Elitebook 840 G4Z2V49EA, ELITEBOOK 840 G4(1LH14PC), EliteBook 755 G4 Z2W12EA, Elitebook 840 G41EN01EA, EliteBook 755 G4(Z2W12EA), ELITEBOOK 848 G4(1LH18PC), Elitebook 840 G4-Z2V48EA, ZBook 14u G4, Zbook 15u G4(Y6K00EA), Elitebook 840 G4Z2V68EA, ELITEBOOK 840 G4(1LH11PC), mt43, ELITEBOOK 848 G4, Zbook 15u G4, EliteBook 850 G4, EliteBook 840 G4, EliteBook 745 G4. &lt;br&gt;&lt;/p&gt;&lt;p&gt;&lt;b&gt;Why select us?&lt;/b&gt;&lt;br&gt;1. In addition to the inbound inspection, the TA03XL battery will be rigorously tested by our professional engineers again to ensure safety and fullness before shipment&lt;/p&gt;&lt;p&gt;&lt;img style=&quot;width: 984px;&quot; src=&quot;https://www.femvia.com/image/catalog/test_beforeshipping.jpg&quot;&gt;&lt;/p&gt;&lt;p&gt;2.&amp;nbsp; We warrant that the products sold in our website, other than \r\nexplicitly stated, are 100% brand new and free from defects in material \r\nand workmanship.&lt;br&gt;3. Fast shipping! We can ship to over 70 countries worldwide.&lt;br&gt;4. 30 days money back 12 months warranty!&lt;br&gt;5. Shopping with us is safe and secure.&lt;br&gt;6. No memory effect, chargeable even if it has not been used up yet.&lt;/p&gt;&lt;h2 style=&quot;font-size:14px&quot;&gt;Package: 1x Hp HSTNN-IB7L EliteBook 755 840 848 850 G4 TA03XL Battery&lt;/h2&gt;&lt;p style=&quot;font-size: 14px;&quot;&gt;&lt;b&gt;Disclaimer:&lt;/b&gt;&lt;br&gt;The batteries and adapters supplied by our Company\r\n are [replacement for] sold for use with certain products of computer \r\nmanufacturers, and any reference to products or trademarks of such \r\ncompanies is purely for the purpose of identifying the computer \r\nmanufacturers with which our products [are replacement for] may be used.\r\n Our Company and this Website are neither affiliated with, authorized \r\nby, licensed by, distributors for, nor related in any way to these \r\ncomputer manufacturers, nor are the products offered for sale through \r\nour Website manufactured by or sold with the authorization of the \r\nmanufacturers of the computers with which our products [are replacement \r\nfor] may be used.&lt;/p&gt;','EliteBook','Hp HSTNN-IB7L EliteBook 755 840 848 850 G4 TA03XL Battery','Buy Hp HSTNN-IB7L EliteBook 755 840 848 850 G4 TA03XL Battery - 30 days money back and 1 year warranty.',' hstnn-ib7l elitebook 755 840 848 850 ta03xl battery','','','','','',''),(548,1,'T1G6P Battery For Dell Vostro V130 V13 0449TX 0PRW6G','&lt;p&gt;&lt;b&gt;Battery rating:&lt;/b&gt; 11.1V &lt;br&gt;&lt;b&gt;Battery capacity: &lt;/b&gt;2400mAh (27Wh)&lt;br&gt;&lt;b&gt;Battery cells: &lt;/b&gt;3-cell&lt;br&gt;&lt;b&gt;Type:&lt;/b&gt; rechargeable Li-ion battery&lt;br&gt;&lt;b&gt;Battery color:&lt;/b&gt; Black&lt;br&gt;&lt;b&gt;Policy: &lt;/b&gt;one year warranty.&lt;/p&gt;&lt;p&gt;&lt;b&gt;Please ensure the product(s) that you are going to buy fits the brand, model and part number of your device. If you have any questions, please contact us， Email: info#femvia.com(replace # with @)&lt;/b&gt;&lt;br&gt;&lt;/p&gt;&lt;p&gt;&lt;b&gt;Compatible Part Numbers:&amp;nbsp;&amp;nbsp; &lt;/b&gt;0449TX, 0PRW6G, 312-8479, PRW6G, T1G6P&lt;/p&gt;&lt;p&gt;&lt;b&gt;Compatible Laptop Models:&amp;nbsp; For Dell &lt;/b&gt;Vostro V130, Vostro V13. &lt;br&gt;&lt;/p&gt;&lt;p&gt;&lt;b&gt;Why select us?&lt;/b&gt;&lt;br&gt;1. In addition to the inbound inspection, the T1G6P battery will be rigorously tested by our professional engineers again to ensure safety and fullness before shipment&lt;/p&gt;&lt;p&gt;&lt;img style=&quot;width: 984px;&quot; src=&quot;https://www.femvia.com/image/catalog/test_beforeshipping.jpg&quot;&gt;&lt;/p&gt;&lt;p&gt;2.&amp;nbsp; We warrant that the products sold in our website, other than \r\nexplicitly stated, are 100% brand new and free from defects in material \r\nand workmanship.&lt;br&gt;3. Fast shipping! We can ship to over 70 countries worldwide.&lt;br&gt;4. 30 days money back 12 months warranty!&lt;br&gt;5. Shopping with us is safe and secure.&lt;br&gt;6. No memory effect, chargeable even if it has not been used up yet.&lt;/p&gt;&lt;h2 style=&quot;font-size:14px&quot;&gt;Package: 1x T1G6P Battery For Dell Vostro V130 V13 0449TX 0PRW6G&lt;/h2&gt;&lt;p style=&quot;font-size: 14px;&quot;&gt;&lt;b&gt;Disclaimer:&lt;/b&gt;&lt;br&gt;The batteries and adapters supplied by our Company\r\n are [replacement for] sold for use with certain products of computer \r\nmanufacturers, and any reference to products or trademarks of such \r\ncompanies is purely for the purpose of identifying the computer \r\nmanufacturers with which our products [are replacement for] may be used.\r\n Our Company and this Website are neither affiliated with, authorized \r\nby, licensed by, distributors for, nor related in any way to these \r\ncomputer manufacturers, nor are the products offered for sale through \r\nour Website manufactured by or sold with the authorization of the \r\nmanufacturers of the computers with which our products [are replacement \r\nfor] may be used.&lt;/p&gt;','Vostro  t1g6p, battery, for, dell, vostro, v130, 0449tx, 0prw6g','T1G6P Battery For Dell Vostro V130 V13 0449TX 0PRW6G','Buy T1G6P Battery For Dell Vostro V130 V13 0449TX 0PRW6G - 30 days money back and 1 year warranty.',' t1g6p battery for dell vostro v130 v13 0449tx 0prw6g','','','','','',''),(549,1,'Hp Spectre 13-v102ng 843534-1C1 HSTNN-IB7J SO04XL Battery','&lt;p&gt;&lt;b&gt;Battery rating:&lt;/b&gt; 7.7V &lt;br&gt;&lt;b&gt;Battery capacity: &lt;/b&gt;4950mAh (38Wh)&lt;br&gt;&lt;b&gt;Battery cells: &lt;/b&gt;4-cell&lt;br&gt;&lt;b&gt;Type:&lt;/b&gt; rechargeable Li-ion battery&lt;br&gt;&lt;b&gt;Battery color:&lt;/b&gt; Black&lt;br&gt;&lt;b&gt;Policy: &lt;/b&gt;one year warranty.&lt;/p&gt;&lt;p&gt;&lt;b&gt;Please ensure the product(s) that you are going to buy fits the brand, model and part number of your device. If you have any questions, please contact us， Email: info#femvia.com(replace # with @)&lt;/b&gt;&lt;br&gt;&lt;/p&gt;&lt;p&gt;&lt;b&gt;Compatible Part Numbers:&amp;nbsp;&amp;nbsp; &lt;/b&gt;843534-1C1, 844199-855, HSTNN-IB7J, S004XL, SO04038XL, SO04XL, TPN-C127&lt;br&gt;&lt;b&gt;&lt;/b&gt;&lt;/p&gt;&lt;p&gt;&lt;b&gt;Compatible Laptop Models:&amp;nbsp; For Hp &lt;/b&gt;SPECTRE 13-V105NF, Spectre 13-V002NL, SPECTRE 13-V115NB, Spectre 13-V010TU, SPECTRE 13-V199NIA, Spectre 13-V022TU, Spectre Pro 13 G1-Z6Z36PA, Spectre 13-V038TU, Spectre 13-V100NX, Spectre 13-V109TU, Spectre 13-V129TU, Spectre 13-V015TU(W6T90PA), SPECTRE 13-V056NZ, SPECTRE 13-V101NF, Spectre 13-V000NI, SPECTRE 13-V102NX, Spectre 13-V001NI, SPECTRE 13-V109NF, Spectre 13-V006TU, SPECTRE 13-V160NZ, Spectre 13-V017TU, Spectre Pro 13 G1-X3S36LA, Spectre 13-V031TU, Spectre 13-V070NW, Spectre 13-V102TU, Spectre 13-V121TU, Spectre 13-V138TU, Spectre 13-v102ng, SPECTRE 13-V100NK, Spectre 13-v105ng, SPECTRE 13-V102NA, Spectre 13-V000NX, SPECTRE 13-V103NX, Spectre 13-V001NU, SPECTRE 13-V106NA, Spectre 13-V002UR, SPECTRE 13-V116NF, Spectre 13-V011ND, Spectre Pro 13 G1 X2F00EA, Spectre 13-V024TU, Spectre Pro 13 G1-Z6Z40PA, Spectre 13-V040TU, Spectre 13-V101LA, Spectre 13-V110TU, Spectre 13-V131TU, Spectre 13-v000ng, SPECTRE 13-V100NB, Spectre 13-v050nw, SPECTRE 13-V101NIA, Spectre 13-V000NM, SPECTRE 13-V103NA, Spectre 13-V001NJ, Spectre 13-V001NX, SPECTRE 13-V112NF, Spectre 13-V007TU, SPECTRE 13-V170NW, Spectre 13-V018TU, Spectre Pro 13 G1-Y4S10PA, Spectre 13-V033TU, Spectre 13T-V100, Spectre 13-V104TU, Spectre 13-V124TU, Spectre 13-V140TU, Spectre 13-v130ng, SPECTRE 13-V100NO, Spectre 13-V000NA, SPECTRE 13-V102NE, Spectre 13-V001LA, SPECTRE 13-V104NA, SPECTRE 13-V106NG, Spectre 13-V003NL, SPECTRE 13-V150NW, Spectre 13-V012TU, Spectre 13-v103ng, Spectre 13-V026TU, Spectre 13-V050NA, Spectre 13-V101NT, Spectre 13-V111NF, Spectre 13-V133TU, Spectre 13-v002ng, SPECTRE 13-V100NE, Spectre 13-v001ns, SPECTRE 13-V101NK, Spectre 13-V000NQ, SPECTRE 13-V103NF, Spectre 13-V001NM, Spectre 13-V001UR, SPECTRE 13-V113NF, Spectre 13-V009TU, SPECTRE 13-V190NZ, Spectre 13-V020TU, Spectre Pro 13 G1-Y4S12PA, Spectre 13-V035TU, Spectre 13-V100NS, Spectre 13-V106TU, Spectre 13-V126TU, Spectre 13-V142TU, Spectre 13-V118CA, Spectre 13-V000ND, SPECTRE 13-V102NH, Spectre 13-V001NC, SPECTRE 13-V104NO, SPECTRE 13-V107NB, Spectre 13-V004TU, SPECTRE 13-V150SA, Spectre 13-v132ng, Spectre 13-V028TU, Spectre 13-V050SA, Spectre 13-V101NX, Spectre 13-V112TU, Spectre 13-V135TU, SPECTRE 13-V100NH, Spectre 13-V118TU, SPECTRE 13-V101NO, Spectre 13-V000NT, SPECTRE 13-V103NO, Spectre 13-V001NP, SPECTRE 13-V105NA, Spectre 13-V002NF, SPECTRE 13-V114NF, Spectre 13-V010NB, SPECTRE 13-V194NZ, Spectre 13-V021TU, Spectre Pro 13 G1-Z6Z35PA, Spectre 13-V037TU, Spectre 13-V100NV, Spectre 13-V108TU, Spectre 13-V128TU, Spectre 13-V016TU(W6T91PA), SPECTRE 13-V000NIA, SPECTRE 13-V101NE, Spectre 13-V000NF, SPECTRE 13-V102NO, Spectre 13-V001NF, SPECTRE 13-V108NF, Spectre 13-V005UR, SPECTRE 13-V151SA, Spectre Pro 13 G1-X3S24LA, Spectre 13-V030TU, Spectre 13-V051SA, Spectre 13-V102NL, Spectre 13-V120TU, Spectre 13-V137TU, Spectre 13-v101ng, SPECTRE 13-V100NIA, Spectre 13-V113TU, SPECTRE 13-V101UR, Spectre 13-V000NV, SPECTRE 13-V103NS, Spectre 13-V001NT, SPECTRE 13-V105NO, Spectre 13-V002NO, SPECTRE 13-V115NF, SPECTRE 13-V199NP, Spectre 13-V023TU, Spectre Pro 13 G1-Z6Z39PA, Spectre 13-V039TU, Spectre 13-V101DX, Spectre 13-V110CA, Spectre 13-V130TU, Spectre 13-v131ng, SPECTRE 13-V100NA, Spectre 13-v002TU, SPECTRE 13-V101NI, Spectre 13-V000NL, SPECTRE 13-V102UR, Spectre 13-V001NIA, SPECTRE 13-V110NF, Spectre 13-V006UR, SPECTRE 13-V161NZ, Spectre 13-V018CA, Spectre Pro 13 G1-Y4S09PA, Spectre 13-V032TU, Spectre 13-V080NZ, Spectre 13-V103TU, Spectre 13-V122TU, Spectre 13-V139TU, Spectre 13-V123tu, SPECTRE 13-V100NN, SPECTRE 13T-V000 CTO, SPECTRE 13-V102NC, Spectre 13-V001DX, SPECTRE 13-V103UR, Spectre 13-V001NV, SPECTRE 13-V106NF, Spectre 13-V003NC, SPECTRE 13-V150NA, Spectre 13-V011TU, Spectre 13-V025TU, Spectre Pro 13 G1-W4W79AV, Spectre 13-V041TU, Spectre 13-V101NS, Spectre 13-V132TU, Spectre 13-v001ng, SPECTRE 13-V100NC, Spectre 13-v007ur, SPECTRE 13-V101NJ, Spectre 13-V000NO, SPECTRE 13-V103NE, Spectre 13-V001NL, Spectre 13-V001TU, SPECTRE 13-V113NB, Spectre 13-V008TU, SPECTRE 13-V184NZ, Spectre 13-V019TU, Spectre Pro 13 G1-Y4S11PA, Spectre 13-V034TU, Spectre 13-V100NL, Spectre 13-V105TU, Spectre 13-V125TU, Spectre 13(2016), Spectre 13-V141TU, Spectre 13-v133ng, SPECTRE 13-V100UR, Spectre 13-V000NC, SPECTRE 13-V102NF, Spectre 13-V001NA, SPECTRE 13-V104NF, SPECTRE 13-V106NO, Spectre 13-V003TU, SPECTRE 13-V150NZ, Spectre 13-V013TU, Spectre 13-v104ng, Spectre 13-V027TU, Spectre 13-V050NZ, Spectre 13-V101NV, Spectre 13-V111TU.&lt;br&gt;&lt;/p&gt;&lt;p&gt;&lt;b&gt;Why select us?&lt;/b&gt;&lt;br&gt;1. In addition to the inbound inspection, the SO04XL battery will be rigorously tested by our professional engineers again to ensure safety and fullness before shipment&lt;/p&gt;&lt;p&gt;&lt;img style=&quot;width: 984px;&quot; src=&quot;https://www.femvia.com/image/catalog/test_beforeshipping.jpg&quot;&gt;&lt;/p&gt;&lt;p&gt;2.&amp;nbsp; We warrant that the products sold in our website, other than \r\nexplicitly stated, are 100% brand new and free from defects in material \r\nand workmanship.&lt;br&gt;3. Fast shipping! We can ship to over 70 countries worldwide.&lt;br&gt;4. 30 days money back 12 months warranty!&lt;br&gt;5. Shopping with us is safe and secure.&lt;br&gt;6. No memory effect, chargeable even if it has not been used up yet.&lt;/p&gt;&lt;h2 style=&quot;font-size:14px&quot;&gt;Package: 1x Hp Spectre 13-v102ng 843534-1C1 HSTNN-IB7J SO04XL Battery&lt;br&gt;&lt;/h2&gt;&lt;p style=&quot;font-size: 14px;&quot;&gt;&lt;b&gt;Disclaimer:&lt;/b&gt;&lt;br&gt;The batteries and adapters supplied by our Company\r\n are [replacement for] sold for use with certain products of computer \r\nmanufacturers, and any reference to products or trademarks of such \r\ncompanies is purely for the purpose of identifying the computer \r\nmanufacturers with which our products [are replacement for] may be used.\r\n Our Company and this Website are neither affiliated with, authorized \r\nby, licensed by, distributors for, nor related in any way to these \r\ncomputer manufacturers, nor are the products offered for sale through \r\nour Website manufactured by or sold with the authorization of the \r\nmanufacturers of the computers with which our products [are replacement \r\nfor] may be used.&lt;/p&gt;','Spectre spectre, 13-v102ng, 843534-1c1, hstnn-ib7j, so04xl, battery','Hp Spectre 13-v102ng 843534-1C1 HSTNN-IB7J SO04XL Battery','Buy Hp Spectre 13-v102ng 843534-1C1 HSTNN-IB7J SO04XL Battery - 30 days money back and 1 year warranty.',' spectre 13-v102ng 843534-1c1 hstnn-ib7j so04xl battery','','','','','',''),(550,1,'Samsung NP900X3C-A02DE 900X3E NP900X3G AA-PBXN4AR Battery','&lt;p&gt;&lt;b&gt;Battery rating:&lt;/b&gt; 7.6V &lt;br&gt;&lt;b&gt;Battery capacity: &lt;/b&gt;5880mAh 44Wh&lt;br&gt;&lt;b&gt;Battery cells: &lt;/b&gt;6-cell&lt;br&gt;&lt;b&gt;Type:&lt;/b&gt; rechargeable Li-ion battery&lt;br&gt;&lt;b&gt;Battery color:&lt;/b&gt; Black&lt;br&gt;&lt;b&gt;Policy: &lt;/b&gt;one year warranty.&lt;/p&gt;&lt;p&gt;&lt;b&gt;Please ensure the product(s) that you are going to buy fits the brand, model and part number of your device. If you have any questions, please contact us， Email: info#femvia.com(replace # with @)&lt;/b&gt;&lt;br&gt;&lt;/p&gt;&lt;p&gt;&lt;b&gt;Compatible Part Numbers:&amp;nbsp;&amp;nbsp; &lt;/b&gt;AA-PBXN4AR, AA-PLXN4AR, BA43-00349A&lt;/p&gt;&lt;p&gt;&lt;b&gt;Compatible Laptop Models:&amp;nbsp; For Samsung &lt;/b&gt;900X3K-K05, NP900X3D-A03CN, NP900X3E-A02NL, NP900X3E-A03CN, NT900X3D-A64S, NP900X3E-K03DE, NP900X3G-K01CN, NP900X3C-A02DE, NP900X3D-A01CN, NP900X3E-A01NL, NP900X3G-K05CN, NP900X3E-A05DE, NP900X3G-K02DE, NP900X3D-A02CN, NP900X3G-K06CN, NP900X3C-A06DE, NP900X3K-K01CN, NP900X3D-A04CN, NP900X3E-A02FR, NP900X3E-K02CN, NP900X3E-A02SG, NP900X3E-A01DE, NP900X3E-K02DE, NP900X3G-K02CN, NP900X3E-K01CN, NP900X3E-A01IT, 900X3G-K05, 900X3D-A06, NP900X3E-A03DE, NP900X3D-A05CN, NP900X3E-A01PL, 900X3G-K06, NP900X3C-A05DE, NP900X3G-K59S, NP900X3D-A06CN, NP900X3C-A07DE, NP900X3E-A01CH, NP900X3E-K02AT, NP900X3D-A02DE, NP900X3E-A01FR, 900X3K-K02, NP900X3E-A03BE, NP900X3C-A04DE, NP900X3D-A05SG, NP900X3E-A02CH, 900X3G-K02, 900X3K-K01, NP900X3D-A01DE, NP900X3C-A01CN, 900X3K-K06, NP900X3D-A03CH, NP900X3E-A06DE, NP900X3K-K06CN, 900X3G-K01, NP900X3C-A01SE, NP900X3E-K06DE, NP900X3E-K01DE, NP900X3E-A02PL, 900X3E-K02, NP900X3E-A02DE, 900X3E-A03, NP900x3c-A01CA, NP900X3E-K06, NP900X3C-A01IT, 900X3D-A05, 900X3D-A04, NP900X3C-A03AU, Ultrabook NP900X3C-A03CH, NP900X3E-A02US, 900X3D-A02, NP900X3C-A03DE, 900X3E-K01, 900X3D-A03, 900X3C-A04DE, 900X3C Series, 900X3D-A01, 900X3C-A01AU, 900X3C-A02DE, NP900X3E, 900X3E, NP900X3G, 900X3G, NP900X3D, 900X3D, 900X3C-A01, NP900X3C. &lt;br&gt;&lt;/p&gt;&lt;p&gt;&lt;b&gt;Why select us?&lt;/b&gt;&lt;br&gt;1. In addition to the inbound inspection, the AA-PBXN4AR battery will be rigorously tested by our professional engineers again to ensure safety and fullness before shipment&lt;/p&gt;&lt;p&gt;&lt;img style=&quot;width: 984px;&quot; src=&quot;https://www.femvia.com/image/catalog/test_beforeshipping.jpg&quot;&gt;&lt;/p&gt;&lt;p&gt;2.&amp;nbsp; We warrant that the products sold in our website, other than \r\nexplicitly stated, are 100% brand new and free from defects in material \r\nand workmanship.&lt;br&gt;3. Fast shipping! We can ship to over 70 countries worldwide.&lt;br&gt;4. 30 days money back 12 months warranty!&lt;br&gt;5. Shopping with us is safe and secure.&lt;br&gt;6. No memory effect, chargeable even if it has not been used up yet.&lt;/p&gt;&lt;h2 style=&quot;font-size:14px&quot;&gt;Package: 1x Samsung NP900X3C-A02DE 900X3E NP900X3G AA-PBXN4AR Battery&lt;/h2&gt;&lt;p style=&quot;font-size: 14px;&quot;&gt;&lt;b&gt;Disclaimer:&lt;/b&gt;&lt;br&gt;The batteries and adapters supplied by our Company\r\n are [replacement for] sold for use with certain products of computer \r\nmanufacturers, and any reference to products or trademarks of such \r\ncompanies is purely for the purpose of identifying the computer \r\nmanufacturers with which our products [are replacement for] may be used.\r\n Our Company and this Website are neither affiliated with, authorized \r\nby, licensed by, distributors for, nor related in any way to these \r\ncomputer manufacturers, nor are the products offered for sale through \r\nour Website manufactured by or sold with the authorization of the \r\nmanufacturers of the computers with which our products [are replacement \r\nfor] may be used.&lt;/p&gt;','','Samsung NP900X3C-A02DE 900X3E NP900X3G AA-PBXN4AR Battery','Buy Samsung NP900X3C-A02DE 900X3E NP900X3G AA-PBXN4AR Battery - 30 days money back and 1 year warranty.',' samsung np900x3c-a02de 900x3e np900x3g aa-pbxn4ar battery','','','','','',''),(295,1,'Acer AS07B31 AS07B41 AS07B42 AS07B51 AS07B52 Battery','&lt;p&gt;&lt;b&gt;Battery rating:&lt;/b&gt; 11.1V &lt;br&gt;&lt;b&gt;Battery capacity: &lt;/b&gt;4400mAh (48Wh)&lt;br&gt;&lt;b&gt;Battery cells: &lt;/b&gt;6-cell&lt;br&gt;&lt;b&gt;Type:&lt;/b&gt; rechargeable Li-ion battery&lt;br&gt;&lt;b&gt;Battery color:&lt;/b&gt; Black&lt;br&gt;&lt;b&gt;Policy: &lt;/b&gt;one year warranty.&lt;/p&gt;&lt;p&gt;&lt;b&gt;Please ensure the product(s) that you are going to buy fits the brand, model and part number of your device. If you have any questions, please contact us， Email: info#femvia.com(replace # with @)&lt;/b&gt;&lt;br&gt;&lt;/p&gt;&lt;p&gt;&lt;b&gt;Compatible Part Numbers:&amp;nbsp;&amp;nbsp; &lt;/b&gt;1010872903, 3UR18650Y-2-CPL-ICL50, 934T2180F, AJ2, AJ6A, AK.006BT.019, AS07B31, AS07B32, AS07B41, AS07B42, AS07B51, AS07B52, AS07B61, AS07B71, AS07B72, AS07B75, AS07BX1, AS07BX2, ASO7B41, ASO7B61, ASO7B75, B053R012-9002, BT.00603.033, BT.00603.042, BT.00604.018, BT.00604.025, BT.00605.015, BT.00605.021, BT.00606.001, BT.00607.010, BT.00607.016, BT.00803.024, BT.00804.020, BT.00804.024, BT.00805.011, BT.00807.014, BT.00807.015, BTP-AS5520G, ICK70, ICL50, ICW50, ICY70, JDW50, LC.BTP00.007, LC.BTP00.008, LC.BTP00.013, LC.BTP00.014, LF1, MS2221, ZD1&lt;/p&gt;&lt;p&gt;&lt;b&gt;Compatible Laptop Models:&amp;nbsp; For Acer &lt;/b&gt;As6920-6864, As6935 Series, As8920-6030, As5520-7A1G16F, AS6920G-594G32Bn, As6920G-814G32Bn, As6935G-734G32Bn, As8920G-6A4G32Bn, As8930G-644G32Mn, As5520-T38P8, AS6935G-644G25Bn, As5720G, As6920G-934G32Bn, As7220 Series, As8920G-934G50Bn, As5520-5377, As5920-1A2G16Mi, As5920-3A2G16Mi, As5710ZG, As6930-6073, As7520-5618, As8930G-584G32Bn, As5720G-3A2G16, As5920G, As5710, As7520G-502G25Mi, As8930G-864G32Bn, As5720G-602G16F, As5920G-302G20H, As5520-6A2G12Mi, As6930-6586, As7720-1A2G16Mi, Aspire 5720Z-1A1G16, As5920G-602G16, As5920G-302G25Hi, Aspire 5315-2580, As5315 Series, As6930-6809, As7720G-1A2G16Mi, AS8930-6448, Aspire 5720G-3A2G16F, As5920G-601G16F, As5920G-3A2G25Mn, AS7520-7A1G08Mi, AS5739G-MX1, As6930-6942, As7720G-302G25Mn, AS8930-6520, AS6920-602G16, As5920G-602G25Mn, AS5739G-654G50BN, As6930G-583G25Mn, As7720G-5A2G16Mi, ASPIRE 6935G-643G25MN, AS8930-6951, AS6920-812G25F, As6920-6422, Aspire 5739G-MX1, As6930G-944G64Mn, As7720G-702G50Hn, Aspire 8930G-643G25Mn, Aspire 5715Z-1A2G12Mi, AS6920-6898, As6920-6621, Aspire 5739G-654G50BN, As6930G-BC32, As7720ZG-3A1G16Mi, Aspire 8930G-644G50Bn, As5520G-602G16F, As6920G Series, As8920-6048, As8920G-6A3G25Bn, As5520-TX58P16, AS6935G-644G32Bn, As5920 Series, As6920G-832G25Bn, As6935G-844G32Bn, Aspire 8930-6247, As8920G-834G32Bn, As8930G-644G32Bn, As5520-T38P8F, As6930 Series, As7520 Series, Aspire 8930-6243, As8920G-934G64Bn, As5720Z-1A1G16, As5920-302G12Mi, As5920-6582, Aspire 6920G-583G32Bn, As5710Z, As6930-6082, As7520-5823, As8930G-734G32Bn, As5720G-3A2G16F, As5920G-102G16, Aspire 6920G-593G25Mn, As5520G-402G25Mi, As6930-6455, As7520G-502G32Mi, As8930G-864G64Bn, As5920G-932G25, As5920G-302G20N, Aspire 6920G-6A3G25Bn, As5520-5A2G16, As7720-3A2G12Mi, Aspire 5720Z-1A1G16F, As5920G-602G16F, As5920G-302G25Hn, Aspire 7520-7A1G08Mi, As5310, As6930-6940, As7720G-1A2G24Mi, Aspire 6930G-734G32Bn, AS8930-6386, Aspire 5720G-602G16, As5715Z-1A2G12Mi, As5920G-602G16Mn, AS5739G-6132, As6930G Series, As7720G-302G32Hi, TRAVELMATE TM7730G-874G25MN, AS8930-6243, AS6920-602G16F, As5920G-702G25Hn, AS5739G-654G32MN, As6930G-643G25Mn, As7720G-602G50Mn, AS8930-6247, AS6920-832G32, As6920-6428, As6930G-B32, As7720Z Series, Aspire 8930G-644G32Mn, Aspire 5715Z-2A2G08Mi, AS6920G-583G32Bn, As6920-6731, Aspire 5739G-654G32MN, As6930G-BC32F, As8920 Series, As5520-7A1G16, AS6920G-593G25Mn, As6920G-6A4G25Mn, As6935G Series, AS8920-6671, As8920G Series, As8930G-643G25Mn, As5520-TX58P12, AS6920G-6A3G25Bn, As5910G, As6920G-834G32Bn, As6935G-944G32Bn, Aspire 8930-6951, As8920G-932G32Bn, As8930G-644G50Bn, As5520-T38P12, As5715Z Series, As6930-6067, As7520-5115, Aspire 8930-6520, As8930 Series, As5720Z-1A1G16F, As5920-302G16MN, As5920-6661, Aspire 6920G-583G25Bn, As5710G, As6930-6154, As7520-6A1G08Mi, As8930G-844G32Bn, As5720G-602G16, As5920G-302G16MN, Aspire 6920G-594G32Bn, As7720 Series, As8930G-944G64Bn, As5920G-932G25F, As5920G-302G25, As5520 Series, As6930-6771, As7720G Series, AS8930-7665, Aspire 5720G-3A2G16, As5920G-601G16, As5920G-302G25Mn, Aspire 7520-553G25Mi, AS5739G-MX1F, As6930-6941, As7720G-302G25Mi, AS8930-6442, Aspire 5720G-602G16F, As5715Z-2A2G08Mi, As5920G-602G20HN, AS5739G Series, As6930G-583G25Bn, As7720G-3A2G32Mi, TRAVELMATE TM7730G, AS8930-6306, AS6920-812G25, AS7520-553G25Mi, As6920 Series, Aspire 5739G-MX1F, As6930G-733G25Mn, As7720G-603G50Hn, Aspire 8920G-6A3G25Bn, AS6920-832G32F, As6920-6610, Aspire 5739G Series, As6930G-B32F, As7720Z-1A2G16Mi, Aspire 8930G-644G32Bn, As5520G-602G16, AS6920G-583G25Bn, Aspire 6920-6898, Aspire 8930-6306, Aspire 8930-6442, As6930-6262, Aspire 8930-7665, Aspire 7320G, Aspire 7520ZG, AS6930-6235, As6935-6194, Aspire 5520-5377, TravelMate 7530G Series, Aspire 8930-6386, As6930-6723, AS8930G-B48F, TravelMate 7230 Series, Aspire 8930-6448, As6930-6560, TravelMate 7530 Series, TravelMate 7730G Series, AS8930G-B48, As5720, Aspire 7320 series, Aspire 7520Z series, Aspire 8920G-834G32Bn, Aspire 5730ZG Series, Aspire 6930G Series. &lt;br&gt;&lt;/p&gt;&lt;p&gt;&lt;b&gt;Why select us?&lt;/b&gt;&lt;br&gt;1. In addition to the inbound inspection, the AS07B31 battery will be rigorously tested by our professional engineers again to ensure safety and fullness before shipment&lt;/p&gt;&lt;p&gt;&lt;img style=&quot;width: 984px;&quot; src=&quot;https://www.femvia.com/image/catalog/test_beforeshipping.jpg&quot;&gt;&lt;/p&gt;&lt;p&gt;2.&amp;nbsp; We warrant that the products sold in our website, other than \r\nexplicitly stated, are 100% brand new and free from defects in material \r\nand workmanship.&lt;br&gt;3. Fast shipping! We can ship to over 70 countries worldwide.&lt;br&gt;4. 30 days money back 12 months warranty!&lt;br&gt;5. Shopping with us is safe and secure.&lt;br&gt;6. No memory effect, chargeable even if it has not been used up yet.&lt;/p&gt;&lt;h2 style=&quot;font-size:14px&quot;&gt;Package: 1x Acer AS07B31 AS07B41 AS07B42 AS07B51 AS07B52 Battery&lt;/h2&gt;&lt;p style=&quot;font-size: 14px;&quot;&gt;&lt;b&gt;Disclaimer:&lt;/b&gt;&lt;br&gt;The batteries and adapters supplied by our Company\r\n are [replacement for] sold for use with certain products of computer \r\nmanufacturers, and any reference to products or trademarks of such \r\ncompanies is purely for the purpose of identifying the computer \r\nmanufacturers with which our products [are replacement for] may be used.\r\n Our Company and this Website are neither affiliated with, authorized \r\nby, licensed by, distributors for, nor related in any way to these \r\ncomputer manufacturers, nor are the products offered for sale through \r\nour Website manufactured by or sold with the authorization of the \r\nmanufacturers of the computers with which our products [are replacement \r\nfor] may be used.&lt;/p&gt;','Aspire acer, as07b31, as07b41, as07b42, as07b51, as07b52, battery','Acer AS07B31 AS07B41 AS07B42 AS07B51 AS07B52 Battery','Buy Acer AS07B31 AS07B41 AS07B42 AS07B51 AS07B52 Battery - 30 days money back and 1 year warranty.',' acer as07b31 as07b41 as07b42 as07b51 as07b52 battery','','','','','',''),(551,1,'OM03XL Battery For Hp HSTNN-IB70 863167-171 X360 1030 G2','&lt;p&gt;&lt;b&gt;Battery rating:&lt;/b&gt; 11.55V &lt;br&gt;&lt;b&gt;Battery capacity: &lt;/b&gt;4935mAh (57Wh)&lt;br&gt;&lt;b&gt;Battery cells: &lt;/b&gt;3-cell&lt;br&gt;&lt;b&gt;Type:&lt;/b&gt; rechargeable Li-ion battery&lt;br&gt;&lt;b&gt;Battery color:&lt;/b&gt; Black&lt;br&gt;&lt;b&gt;Policy: &lt;/b&gt;one year warranty.&lt;/p&gt;&lt;p&gt;&lt;b&gt;Please ensure the product(s) that you are going to buy fits the brand, model and part number of your device. If you have any questions, please contact us， Email: info#femvia.com(replace # with @)&lt;/b&gt;&lt;br&gt;&lt;/p&gt;&lt;p&gt;&lt;b&gt;Compatible Part Numbers:&amp;nbsp;&amp;nbsp; &lt;/b&gt;0M03XL, 1GY29PA, 1GY30PA, 1GY31PA, 3ICP5/55/122, 863167-171, 863167-1B1, 863176--171, 863280-855, HSN-I04C, HSTNN-IB70, HSTNN-IB7O, OM03057XL, OM03XL&lt;/p&gt;&lt;p&gt;&lt;b&gt;Compatible Laptop Models:&amp;nbsp; For Hp &lt;/b&gt;ELITEBOOK X360 1030 G2 1GY36PA, ELITEBOOK X360 1030 G2 1MY56EC, ELITEBOOK X360 1030 G2 1PM86PA, ELITEBOOK X360 1030 G2 X3U20AV, ELITEBOOK X360 1030 G2 1UX08PA, EliteBook x360 1030 G2-1EP33EA, EliteBook x360 1030 G2(1EN90EA), ELITEBOOK X360 1030 G2 1DT18LT, ELITEBOOK X360 1030 G2 1LN91UC, ELITEBOOK X360 1030 G2 1PM70PA, ELITEBOOK X360 1030 G2 1UX16PA, ELITEBOOK X360 1030 G2 Z2W69EA, EliteBook x360 1030 G2-1EM31EA, EliteBook x360 1030 G2(1NM41UTR), ELITEBOOK X360 1030 G2 1BS97UT, ELITEBOOK X360 1030 G2 1EM83EA, ELITEBOOK X360 1030 G2 1GY38PA, ELITEBOOK X360 1030 G2 1MY58EC, ELITEBOOK X360 1030 G2 1RF72UC, ELITEBOOK X360 1030 G2 X3U22AV, EliteBook x360 1030 G2(1KR32PA), EliteBook x360 1030 G2-Y8Q91EA, Elitebook x360 1030 G2(Z2W62EA), ELITEBOOK X360 1030 G2 1DT20LT, ELITEBOOK X360 1030 G2 1GY09PA, ELITEBOOK X360 1030 G2 1LP06UC, ELITEBOOK X360 1030 G2 1PM77PA, ELITEBOOK X360 1030 G2 1VM14UP, ELITEBOOK X360 1030 G2 Z2X61EA, EliteBook x360 1030 G2-1EN97EA, EliteBook x360 1030 G2(1GY40PA), ELITEBOOK X360 1030 G2 1BS98UT, ELITEBOOK X360 1030 G2 1KR20PA, ELITEBOOK X360 1030 G2 1NM38UT, ELITEBOOK X360 1030 G2 1RF81UC, ELITEBOOK X360 1030 G2 Y8R03EA, EliteBook x360 1030 G2(X3U18AV), EliteBook x360 1030 G2-Z2W63EA, Elitebook x360 1030 G2(1NM36UT), ELITEBOOK X360 1030 G2 1DT48AW, ELITEBOOK X360 1030 G2 1GY11PA, ELITEBOOK X360 1030 G2 1LP42UC, ELITEBOOK X360 1030 G2 1PM79PA, ELITEBOOK X360 1030 G2 1WH43UP, EliteBook x360 1030 G2-1EN99EA, EliteBook x360 1030 G2(PFNHP014), ELITEBOOK X360 1030 G2 1BZ57LT, ELITEBOOK X360 1030 G2 1KR32PA, ELITEBOOK X360 1030 G2 1NM40UT, ELITEBOOK X360 1030 G2 1UX07PA, ELITEBOOK X360 1030 G2 Z2W16EA, EliteBook x360 1030 G2(X3U20AV), EliteBook x360 1030 G2-Z2W74EA, EliteBook x360 1030 G2(Y8Q67EA), ELITEBOOK X360 1030 G2 1EM29EA, ELITEBOOK X360 1030 G2 1GY13PA, ELITEBOOK X360 1030 G2 1MY55EC, ELITEBOOK X360 1030 G2 1PM81PA, ELITEBOOK X360 1030 G2 X3U19AV, EliteBook x360 1030 G2-1EP29EA, Elitebook x360 1030 G2(1BS95UT), ELITEBOOK X360 1030 G2 1DT15LT, ELITEBOOK X360 1030 G2 1LA54UP, ELITEBOOK X360 1030 G2 1PM69PA, ELITEBOOK X360 1030 G2 1UX15PA, ELITEBOOK X360 1030 G2 Z2W66EA, EliteBook x360 1030 G2(X3U22AV), EliteBook x360 1030 G2-Y8Q67EA, ELITEBOOK X360 1030 G2 1BS97UA, ELITEBOOK X360 1030 G2 1EM82EA, ELITEBOOK X360 1030 G2 1GY37PA, ELITEBOOK X360 1030 G2 1MY57EC, ELITEBOOK X360 1030 G2 1PM87PA, ELITEBOOK X360 1030 G2 X3U21AV, EliteBook x360 1030 G2(1KR31PA), EliteBook x360 1030 G2-Y8Q89EA, Elitebook x360 1030 G2(2ZB60PA), ELITEBOOK X360 1030 G2 1DT19LT, ELITEBOOK X360 1030 G2 1LP01UC, ELITEBOOK X360 1030 G2 1PM72PA, ELITEBOOK X360 1030 G2 1VK08UP, ELITEBOOK X360 1030 G2 Z2W72EA, EliteBook x360 1030 G2-1EN90EA, EliteBook x360 1030 G2(1GY08PA), ELITEBOOK X360 1030 G2 1BS98UA, ELITEBOOK X360 1030 G2 1EN36EA, ELITEBOOK X360 1030 G2 1KR19PA, ELITEBOOK X360 1030 G2 1NM37UT, ELITEBOOK X360 1030 G2 1RF73UC, ELITEBOOK X360 1030 G2 Y8Q92EA, EliteBook x360 1030 G2(1PM72PA), EliteBook x360 1030 G2-Z2W62EA, Elitebook x360 1030 G2(Z2W73EA), ELITEBOOK X360 1030 G2 1DT21LT, ELITEBOOK X360 1030 G2 1GY10PA, ELITEBOOK X360 1030 G2 1LP23UC, ELITEBOOK X360 1030 G2 1PM78PA, ELITEBOOK X360 1030 G2 1VQ30UP, EliteBook X360 1030 G2 1NM41UT, EliteBook x360 1030 G2-1EN98EA, EliteBook x360 1030 G2(1EN91EA), ELITEBOOK X360 1030 G2 1BS99UT, ELITEBOOK X360 1030 G2 1KR31PA, ELITEBOOK X360 1030 G2 1NM39UT, ELITEBOOK X360 1030 G2 1RG13UC, ELITEBOOK X360 1030 G2 Z2V21EA, EliteBook x360 1030 G2(X3U19AV), EliteBook x360 1030 G2-Z2W73EA, EliteBook x360 1030 G2(Z2X67EA), ELITEBOOK X360 1030 G2 1DT50AW, ELITEBOOK X360 1030 G2 1GY12PA, ELITEBOOK X360 1030 G2 1MY54EC, ELITEBOOK X360 1030 G2 1PM80PA, ELITEBOOK X360 1030 G2 X3U18AV, EliteBook x360 1030 G2-1EP00EA, Elitebook x360 1030 G2(1BT00UT), ELITEBOOK X360 1030 G2 1BZ58LT, ELITEBOOK X360 1030 G2 1KR33PA, ELITEBOOK X360 1030 G2 1NP55UP, ELITEBOOK X360 1030 G2 1UX09PA, ELITEBOOK X360 1030 G2 Z2W61EA, EliteBook x360 1030 G2(X3U21AV), EliteBook x360 1030 G2-Z2X62EA, ELITEBOOK X360 1030 G2 1BS96UT, ELITEBOOK X360 1030 G2 1EM36EA, EliteBook x360 1030 G2 1GY30PA, EliteBook x360 1030 G2 1GY31PA, EliteBook x360 1030 G2 1GY29PA, EliteBook x360 1030 G2. &lt;br&gt;&lt;/p&gt;&lt;p&gt;&lt;b&gt;Why select us?&lt;/b&gt;&lt;br&gt;1. In addition to the inbound inspection, the OM03XL battery will be rigorously tested by our professional engineers again to ensure safety and fullness before shipment&lt;/p&gt;&lt;p&gt;&lt;img style=&quot;width: 984px;&quot; src=&quot;https://www.femvia.com/image/catalog/test_beforeshipping.jpg&quot;&gt;&lt;/p&gt;&lt;p&gt;2.&amp;nbsp; We warrant that the products sold in our website, other than \r\nexplicitly stated, are 100% brand new and free from defects in material \r\nand workmanship.&lt;br&gt;3. Fast shipping! We can ship to over 70 countries worldwide.&lt;br&gt;4. 30 days money back 12 months warranty!&lt;br&gt;5. Shopping with us is safe and secure.&lt;br&gt;6. No memory effect, chargeable even if it has not been used up yet.&lt;/p&gt;&lt;h2 style=&quot;font-size:14px&quot;&gt;Package: 1x OM03XL Battery For Hp HSTNN-IB70 863167-171 X360 1030 G2&lt;/h2&gt;&lt;p style=&quot;font-size: 14px;&quot;&gt;&lt;b&gt;Disclaimer:&lt;/b&gt;&lt;br&gt;The batteries and adapters supplied by our Company\r\n are [replacement for] sold for use with certain products of computer \r\nmanufacturers, and any reference to products or trademarks of such \r\ncompanies is purely for the purpose of identifying the computer \r\nmanufacturers with which our products [are replacement for] may be used.\r\n Our Company and this Website are neither affiliated with, authorized \r\nby, licensed by, distributors for, nor related in any way to these \r\ncomputer manufacturers, nor are the products offered for sale through \r\nour Website manufactured by or sold with the authorization of the \r\nmanufacturers of the computers with which our products [are replacement \r\nfor] may be used.&lt;/p&gt;','EliteBook  om03xl, battery, for, hstnn-ib70, 863167-171, x360, 1030','OM03XL Battery For Hp HSTNN-IB70 863167-171 X360 1030 G2','Buy OM03XL Battery For Hp HSTNN-IB70 863167-171 X360 1030 G2 - 30 days money back and 1 year warranty.',' om03xl battery for hstnn-ib70 863167-171 x360 1030','','','','','',''),(296,1,'01AV413 Battery For Lenovo Thinkpad E470 E470C E475 01AV412','&lt;p&gt;&lt;b&gt;Battery rating:&lt;/b&gt; 11.1V &lt;br&gt;&lt;b&gt;Battery capacity: &lt;/b&gt;4080mAh 45Wh&lt;br&gt;&lt;b&gt;Battery cells: &lt;/b&gt;3-cell&lt;br&gt;&lt;b&gt;Type:&lt;/b&gt; rechargeable Li-ion battery&lt;br&gt;&lt;b&gt;Battery color:&lt;/b&gt; Black&lt;br&gt;&lt;b&gt;Policy: &lt;/b&gt;one year warranty.&lt;/p&gt;&lt;p&gt;&lt;b&gt;Please ensure the product(s) that you are going to buy fits the brand, model and part number of your device. If you have any questions, please contact us， Email: info#femvia.com(replace # with @)&lt;/b&gt;&lt;br&gt;&lt;/p&gt;&lt;p&gt;&lt;b&gt;Compatible Part Numbers:&amp;nbsp;&amp;nbsp;&lt;/b&gt; 01AV411, 01AV412, 01AV413, SB10K97568, SB10K97570&lt;/p&gt;&lt;p&gt;&lt;b&gt;Compatible Laptop Models:&amp;nbsp; For &lt;/b&gt;Hp ThinkPad E470(20H1007XGE), ThinkPad E470 20H1006MTX, ThinkPad E470 20H1S0PM00, ThinkPad E470(20H1001QCD), ThinkPad E470(20H1A034CD), ThinkPad E470(20H1A05CCD), ThinkPad E470 20H10056MS, ThinkPad E470 20H1007JUE, TP E470 20H1004FAU, ThinkPad E470(20H1A01NCD), ThinkPad E470(20H1A01RCD), ThinkPad E470(20H1006JGE), ThinkPad E470 20H1003DCL, ThinkPad E470 20H10076RT, ThinkPad E470 20H2S0C60J, ThinkPad E470(20H1001XCD), ThinkPad E470(20H1A01GCD), ThinkPad E475-20H4, ThinkPad E470 20H1006EHV, ThinkPad E470 20H1007MPB, TP E470 20H1A022AU, ThinkPad E470(20H1001VCD), ThinkPad E470(20H1A03SCD), ThinkPad E470(20H1004VMZ), ThinkPad E470 20H10042AU, ThinkPad E470 20H1007DHV, ThinkPad E470 20H2S11H00, ThinkPad E470(20H1001SCD), ThinkPad E470(20H1A02YCD), ThinkPad E475-20H4000AUS, ThinkPad E470(20H10056MZ), ThinkPad E470 20H1006KMB, ThinkPad E470 20H1A05UAU, ThinkPad E470 20H1CTO1WW, ThinkPad E470(20H1A007CD), ThinkPad E470(20H1A030CD), ThinkPad E470 20H1004SSP, ThinkPad E470 20H1007DPB, TP E470 20H1001HAU, ThinkPad E470(20H1A009CD), ThinkPad E470(20H1A004CD), ThinkPad E470(20H2S00700), ThinkPad E470(20H1006KMH), ThinkPad E470 20H1006LRT, ThinkPad E470 20H1S0AB00, ThinkPad E470(20H1001NCD), ThinkPad E470(20H1A038CD), ThinkPad E470(20H1A01PCD), ThinkPad E470 20H10056MH, ThinkPad E470 20H1007JTX, TP E470 20H1004CAU, ThinkPad E470-20H2S00400, ThinkPad E470(20H1A01UCD), ThinkPad E470(20H2S00500), ThinkPad E470 20H1000EAU, ThinkPad E470 20H1006WTX, ThinkPad E470 20H1S0QV00, ThinkPad E470(20H1001TCD), ThinkPad E470(20H1001WCD), ThinkPad E470 20H1006CFR, ThinkPad E470 20H1007LTX, TP E470 20H1A021AU, ThinkPad E470(20H1A01FCD), ThinkPad E470(20H1A031CD), ThinkPad E470(20H1006KGE), ThinkPad E470 20H1003DRT, ThinkPad E470 20H1007BRT, ThinkPad E470 20H2S11G00, ThinkPad E470(20H1A001CD), ThinkPad E470(20H1001UCD), ThinkPad E475-20H40006US, ThinkPad E470 20H1006JPB, ThinkPad E470 20H1A03BTW, TP E470 20H1A05UAU, ThinkPad E470(20H1A01LCD), ThinkPad E470(20H1A024CD), ThinkPad E470(20H1004XMZ), ThinkPad E470 20H1004DAU, ThinkPad E470 20H1007DMD, TP E470 20H10015AU, ThinkPad E470(20H1001RCD), ThinkPad E470(20H1A037CD), ThinkPad E470(3CCD), ThinkPad E470(20H1006JMZ), ThinkPad E470 20H1006KTX, ThinkPad E470 20H1S01C00, ThinkPad E475 20H4CTO1WW, ThinkPad E470(20H1A002CD), ThinkPad E470(20H1A01DCD), ThinkPad E470 20H10056MB, ThinkPad E470 20H1007DTX, TP E470 20H10042AU, ThinkPad Edge E470, ThinkPad E470(20H1A01TCD), ThinkPad E470(20H1004SGE), ThinkPad E475, ThinkPad E470. &lt;br&gt;&lt;/p&gt;&lt;p&gt;&lt;b&gt;Why select us?&lt;/b&gt;&lt;br&gt;1. In addition to the inbound inspection, the 01AV413 battery will be rigorously tested by our professional engineers again to ensure safety and fullness before shipment&lt;/p&gt;&lt;p&gt;&lt;img style=&quot;width: 984px;&quot; src=&quot;https://www.femvia.com/image/catalog/test_beforeshipping.jpg&quot;&gt;&lt;/p&gt;&lt;p&gt;2.&amp;nbsp; We warrant that the products sold in our website, other than \r\nexplicitly stated, are 100% brand new and free from defects in material \r\nand workmanship.&lt;br&gt;3. Fast shipping! We can ship to over 70 countries worldwide.&lt;br&gt;4. 30 days money back 12 months warranty!&lt;br&gt;5. Shopping with us is safe and secure.&lt;br&gt;6. No memory effect, chargeable even if it has not been used up yet.&lt;/p&gt;&lt;h2 style=&quot;font-size:14px&quot;&gt;Package: 1x 01AV413 Battery For Lenovo Thinkpad E470 E470C E475 01AV412&lt;/h2&gt;&lt;p style=&quot;font-size: 14px;&quot;&gt;&lt;b&gt;Disclaimer:&lt;/b&gt;&lt;br&gt;The batteries and adapters supplied by our Company\r\n are [replacement for] sold for use with certain products of computer \r\nmanufacturers, and any reference to products or trademarks of such \r\ncompanies is purely for the purpose of identifying the computer \r\nmanufacturers with which our products [are replacement for] may be used.\r\n Our Company and this Website are neither affiliated with, authorized \r\nby, licensed by, distributors for, nor related in any way to these \r\ncomputer manufacturers, nor are the products offered for sale through \r\nour Website manufactured by or sold with the authorization of the \r\nmanufacturers of the computers with which our products [are replacement \r\nfor] may be used.&lt;/p&gt;','Thinkpad 01av413, battery, for, lenovo, thinkpad, e470, e470c, e475, 01av412','01AV413 Battery For Lenovo Thinkpad E470 E470C E475 01AV412','Buy 01AV413 Battery For Lenovo Thinkpad E470 E470C E475 01AV412 - 30 days money back and 1 year warranty.',' 01av413 battery for lenovo thinkpad e470 e470c e475 01av412','','','','','',''),(553,1,'C41N1524 Battery For Asus ROG G501VW-BSI7N25 UX501VW UX501V','&lt;p&gt;&lt;b&gt;Battery rating:&lt;/b&gt; 15.2V &lt;br&gt;&lt;b&gt;Battery capacity: &lt;/b&gt;4400mAh (60Wh)&lt;br&gt;&lt;b&gt;Battery cells: &lt;/b&gt;4-cell&lt;br&gt;&lt;b&gt;Type:&lt;/b&gt; rechargeable Li-ion battery&lt;br&gt;&lt;b&gt;Battery color:&lt;/b&gt; Black&lt;br&gt;&lt;b&gt;Policy: &lt;/b&gt;one year warranty.&lt;/p&gt;&lt;p&gt;&lt;b&gt;Please ensure the product(s) that you are going to buy fits the brand, model and part number of your device. If you have any questions, please contact us， Email: info#femvia.com(replace # with @)&lt;/b&gt;&lt;br&gt;&lt;/p&gt;&lt;p&gt;&lt;b&gt;Compatible Part Numbers:&amp;nbsp;&amp;nbsp; &lt;/b&gt;0B200-01250200, C41N1524&lt;/p&gt;&lt;p&gt;&lt;b&gt;Compatible Laptop Models:&amp;nbsp; For&lt;/b&gt; Asus ROG G501VW-BSI7N25, ROG G501VW-FY107T, UX501VW-FY103T, ROG G501VW-FY106T, ROG G501VW-FY124T, ROG G501VW, N501VW-2B, UX501JW, UX501VW. &lt;br&gt;&lt;/p&gt;&lt;p&gt;&lt;b&gt;Why select us?&lt;/b&gt;&lt;br&gt;1. In addition to the inbound inspection, the C41N1524 battery will be rigorously tested by our professional engineers again to ensure safety and fullness before shipment&lt;/p&gt;&lt;p&gt;&lt;img style=&quot;width: 984px;&quot; src=&quot;https://www.femvia.com/image/catalog/test_beforeshipping.jpg&quot;&gt;&lt;/p&gt;&lt;p&gt;2.&amp;nbsp; We warrant that the products sold in our website, other than \r\nexplicitly stated, are 100% brand new and free from defects in material \r\nand workmanship.&lt;br&gt;3. Fast shipping! We can ship to over 70 countries worldwide.&lt;br&gt;4. 30 days money back 12 months warranty!&lt;br&gt;5. Shopping with us is safe and secure.&lt;br&gt;6. No memory effect, chargeable even if it has not been used up yet.&lt;/p&gt;&lt;h2 style=&quot;font-size:14px&quot;&gt;Package: 1x C41N1524 Battery For Asus ROG G501VW-BSI7N25 UX501VW UX501V&lt;/h2&gt;&lt;p style=&quot;font-size: 14px;&quot;&gt;&lt;b&gt;Disclaimer:&lt;/b&gt;&lt;br&gt;The batteries and adapters supplied by our Company\r\n are [replacement for] sold for use with certain products of computer \r\nmanufacturers, and any reference to products or trademarks of such \r\ncompanies is purely for the purpose of identifying the computer \r\nmanufacturers with which our products [are replacement for] may be used.\r\n Our Company and this Website are neither affiliated with, authorized \r\nby, licensed by, distributors for, nor related in any way to these \r\ncomputer manufacturers, nor are the products offered for sale through \r\nour Website manufactured by or sold with the authorization of the \r\nmanufacturers of the computers with which our products [are replacement \r\nfor] may be used.&lt;/p&gt;','Zenbook c41n1524, battery, for, asus, rog, g501vw-bsi7n25, ux501vw','C41N1524 Battery For Asus ROG G501VW-BSI7N25 UX501VW UX501V','Buy C41N1524 Battery For Asus ROG G501VW-BSI7N25 UX501VW UX501V - 30 days money back and 1 year warranty.',' c41n1524 battery for asus rog g501vw-bsi7n25 ux501vw ux501v','','','','','',''),(301,1,'AL14A32 Battery for Acer Aspire V3-472PG E1-571 421 E5-521G','&lt;p&gt;&lt;b&gt;Battery rating:&lt;/b&gt; 11.1V&lt;br&gt;&lt;b&gt;Battery capacity: &lt;/b&gt;5000mAh (56Wh)&lt;br&gt;&lt;b&gt;Battery cells: &lt;/b&gt;6-cell&lt;br&gt;&lt;b&gt;Type:&lt;/b&gt; rechargeable Li-Polymer battery&lt;br&gt;&lt;b&gt;Battery color:&lt;/b&gt; Black&lt;br&gt;&lt;b&gt;Policy: &lt;/b&gt;one year warranty.&lt;/p&gt;&lt;p&gt;&lt;b&gt;Please ensure the product(s) that you are going to buy fits the brand, model and part number of your device. If you have any questions, please contact us， Email: info#femvia.com(replace # with @)&lt;/b&gt;&lt;br&gt;&lt;/p&gt;&lt;p&gt;&lt;b&gt;Compatible Part Numbers:&amp;nbsp; &lt;/b&gt;AL14A32&lt;/p&gt;&lt;p&gt;&lt;b&gt;Compatible Laptop Models: Acer &lt;/b&gt;ASPIRE E5-511P-C91B, Aspire E5-571G-522K, ASPIRE E5-571-39X3, ASPIRE E5-521-69XK, ASPIRE E5-521-63U8, Aspire E5-571G-59EJ, ASPIRE E5-571-57BR, ASPIRE V3-472G-565C, ASPIRE E5-511-C56Z, ASPIRE E5-521-66B3, Aspire E5-571G-795A, ASPIRE E5-411-C2T8, ASPIRE E5-571G-58SB, ASPIRE V3-572-78R3, ASPIRE E5-511-C9T8, ASPIRE E5-521G-63CW, Aspire E5-571PG-78S7, ASPIRE E5-421-28SD, ASPIRE V3-572-31SA, ASPIRE V3-572G-59G1, ASPIRE E5-521G-81MG, ASPIRE E5-551G-T3RP, Aspire E5-471-383Y, ASPIRE V3-572G-52FH, Aspire V3-572PG-74TP, ASPIRE E5-521-86J0, ASPIRE E5-531G-P859, ASPIRE E5-551G-F4A9, Aspire E5-471G-63WL, ASPIRE V3-572G-79F2, Extensa 2510G-502H, ASPIRE E5-521G-62RS, ASPIRE E5-551G-812L, Aspire V3-572G-58ZS, ASPIRE E5-471G-32NW, ASPIRE E5-551, TRAVELMATE P256-MG-562H, ASPIRE E5-521G-86414G1TMAII, ASPIRE E5-571-367V, TravelMate P246-M-59XG, ASPIRE E5-511-P6VU, TravelMate P256-M-551U, ASPIRE E5-551G-888S, ASPIRE E5-571G-577F, ASPIRE E5-471-37FZ, ASPIRE E5-511-C2QG, Aspire E5-571-382B, TravelMate P256-MG-724C, ASPIRE E5-551-T2HE, ASPIRE E5-571G-56B5, ASPIRE E5-521-22PD, ASPIRE E5-511G-P7ZS, Aspire E5-571-56YC, ASPIRE E5-571-332K, ASPIRE E5-571P-31YA, ASPIRE E5-521-45HZ, ASPIRE E5-571-36WN, ASPIRE E5-571PG-51VF, TravelMate P256-M-C9HB, ASPIRE E5-521-63VQ, ASPIRE E5-521-43GH, Aspire E5-571G-565W, ASPIRE E5-571-54FL, ASPIRE V3-472G-585K, ASPIRE E5-52-511-C0PC, ASPIRE E5-521-85LG, Aspire E5-571G-717X, ASPIRE E5-411-P7TX, ASPIRE E5-571-9924, Aspire V3-472PG-56UG, ASPIRE E5-511-C7PL, ASPIRE E5-521-60R2, Aspire E5-571PG-50D3, ASPIRE E5-411G-P3GH, ASPIRE E5-571PG-31YA, ASPIRE V3-572G-58M4, ASPIRE E5-511-P2SA, ASPIRE E5-521G-63FG, ASPIRE E5-551G-F11E, Aspire E5-471-33SH, ASPIRE V3-572G-36GP, ASPIRE V3-572G-70BR, Travelmate TMP256-MG Travelmate TMP276, ASPIRE E5-511-P7RO, ASPIRE E5-551G-T6AA, Aspire E5-471G-36L5, ASPIRE V3-572G-706P, EXTENSA 2510-3808, ASPIRE E5-521G-45VC, Aspire V3-572-35HM, Aspire E5-471PG-391R, Aspire V3-572PG-530Y, TRAVELMATE P246M-M-30M3, ASPIRE E5-521G-8022, Aspire V3-572P-635U, Aspire E5-511-P9LV, ASPIRE E5-411-C2HW, TravelMate P256-M-37KD, ASPIRE E5-571G-38VG, Aspire E14 Touch V3-572, ASPIRE E5-421-P32N, Aspire E5-571-33PR, TravelMate P256-MG-385Y, ASPIRE E5-551G-T629, ASPIRE E5-571G-333E, ASPIRE E5-511-4149, ASPIRE E5-511G-P1GA, Aspire E5-571-52VX, ASPIRE E5-551-X9FP, ASPIRE E5-571G-3833, ASPIRE E5-521-295H, ASPIRE E5-511P-P5ZV, Aspire E5-571G-38VF, TravelMate P256-M-39NG, ASPIRE E5-521-4673, ASPIRE E5-511P-P0MT, Aspire E5-571G-52WZ, ASPIRE E5-571-5273, ASPIRE E5-521-8175, ASPIRE E5-521-67TQ, Aspire E5-571G-60PM, ASPIRE E5-571-58E6, ASPIRE V3-472G-71J5, ASPIRE E5-511-C5YH, ASPIRE E5-521-26LT, Aspire E5-571P-302Z, ASPIRE E5-411-P3UZ, ASPIRE V3-572-39Y5, ASPIRE E5-511-P01P, ASPIRE E5-521G-68N8, ASPIRE E5-471, ASPIRE V3-572-52U4, ASPIRE V3-572G-74GV, ASPIRE E5-511-P4Y7, ASPIRE E5-551G-T4SE, Aspire E5-471-38BF, ASPIRE V3-572G-53PG, Extensa 2509-P3YU, ASPIRE E5-521-89GN, Aspire E5-531P-P3Z4, ASPIRE E5-551G-T1BP, Aspire E5-471P-31WF, ASPIRE V3-572P-31PY, Extensa 2510G-54MM, ASPIRE E5-521G-64EM, ASPIRE E5-551-T9Z7, Aspire V3-572G-70TA, Aspire E5-511-46X5, ASPIRE E5-571G, TRAVELMATE P256-MG-728J, ASPIRE E5-521G-87S2, ASPIRE E5-571G-759V, TravelMate P256-M-36DP, ASPIRE E5-511-P58T, TravelMate P256-M-56GA, ASPIRE E5-551G-88DW, ASPIRE E5-571G-59EG, ASPIRE E5-471-3976, ASPIRE E5-511-C1K6, Aspire E5-571-38NN, ASPIRE E5-551-T580, ASPIRE E5-571G-78WQ, ASPIRE E5-521-254P, ASPIRE E5-511G-P1XU, Aspire E5-571-5930, ASPIRE E5-571-33FU, ASPIRE E5-571P-56HY, ASPIRE E5-571PG-35JY, ASPIRE E5-521-46QC, Aspire E5-571G-575Y, ASPIRE E5-571-54R4, ASPIRE V3-472G-69TN, ASPIRE E5-511-C1GC, ASPIRE E5-521-67BL, Aspire E5-571G-72LC, ASPIRE E5-411-P4F2, ASPIRE E5-571G-515G, Aspire V3 472PG-57G7, ASPIRE E5-511-C8MU, ASPIRE E5-521G-61S8, Aspire E5-571PG-52PS, Aspire E5-411G-P3NK, ASPIRE E5-572G-38HC, ASPIRE V3-572G-73Q8, ASPIRE E5-511-P34L, ASPIRE E5-521G-82S0, ASPIRE E5-551G-T0JN, Aspire E5-471-3538, ASPIRE V3-572G-38XP, Aspire V3-572P-75AS, ASPIRE E5-511-P8C8, ASPIRE E5-531-P45Q, ASPIRE E5-551G-T6C7, Aspire E5-471G-527B, ASPIRE V3-572G-749Q, EXTENSA 2510-5993, ASPIRE E5-521G-47TB, ASPIRE E5-551-T8X3, Aspire V3-572-529X, Aspire E5-471PG-5857, TRAVELMATE P246M-M-32A9, ASPIRE E5-521G-8269, Aspire V3-572PG-94RD, ASPIRE E5-511-P6P8, ASPIRE E5-411-C5F2, TravelMate P256-M-50FX, ASPIRE E5-551-89KG, ASPIRE E5-571G-50WT&lt;/p&gt;&lt;p&gt;&lt;b&gt;Why select us?&lt;/b&gt;&lt;br&gt;1. In addition to the inbound inspection, the AL14A32 battery will be rigorously tested by our professional engineers again to ensure safety and fullness before shipment&lt;/p&gt;&lt;p&gt;&lt;img style=&quot;width: 984px;&quot; src=&quot;https://www.femvia.com/image/catalog/test_beforeshipping.jpg&quot;&gt;&lt;br&gt;&lt;/p&gt;&lt;p&gt;2.&amp;nbsp; We warrant that the products sold in our website, other than \r\nexplicitly stated, are 100% brand new and free from defects in material \r\nand workmanship.&lt;br&gt;3. Fast shipping! We can ship to over 70 countries worldwide.&lt;br&gt;4. 30 days money back 12 months warranty!&lt;br&gt;5. Shopping with us is safe and secure.&lt;br&gt;6. No memory effect, chargeable even if it has not been used up yet.&lt;/p&gt;\r\n&lt;h2 style=&quot;font-size:14px&quot;&gt;Package: 1x AL14A32 Battery for Acer Aspire V3-472PG E1-571 421 E5-521G&lt;br&gt;&lt;/h2&gt;&lt;p style=&quot;font-size: 14px;&quot;&gt;&lt;b&gt;Disclaimer:&lt;/b&gt;&lt;br&gt;The batteries and adapters supplied by our Company\r\n are [replacement for] sold for use with certain products of computer \r\nmanufacturers, and any reference to products or trademarks of such \r\ncompanies is purely for the purpose of identifying the computer \r\nmanufacturers with which our products [are replacement for] may be used.\r\n Our Company and this Website are neither affiliated with, authorized \r\nby, licensed by, distributors for, nor related in any way to these \r\ncomputer manufacturers, nor are the products offered for sale through \r\nour Website manufactured by or sold with the authorization of the \r\nmanufacturers of the computers with which our products [are replacement \r\nfor] may be used.&lt;/p&gt;','Aspire al14a32, battery, for, acer, aspire, v3-472pg, e1-571, 421, e5-521g','AL14A32 Battery for Acer Aspire V3-472PG E1-571 421 E5-521G','Buy AL14A32 Battery for Acer Aspire V3-472PG E1-571 421 E5-521G - 30 days money back and 1 year warranty.',' al14a32 battery for acer aspire v3-472pg e1-571 421 e5-521g','','','','','',''),(399,1,'HP 824560-005 11-R013NF HSTNN-DB7G HSTNN-IB7G PO02XL Battery','&lt;p&gt;&lt;b&gt;Battery rating:&lt;/b&gt; 7.6V&lt;br&gt;&lt;b&gt;Battery capacity: &lt;/b&gt;4810mAh (37Wh)&lt;br&gt;&lt;b&gt;Battery cells: &lt;/b&gt;2-cell&lt;br&gt;&lt;b&gt;Type:&lt;/b&gt; rechargeable Li-ion battery&lt;br&gt;&lt;b&gt;Battery color:&lt;/b&gt; Black&lt;br&gt;&lt;b&gt;Policy: &lt;/b&gt;one year warranty.&lt;/p&gt;&lt;p&gt;&lt;b&gt;Please ensure the product(s) that you are going to buy fits the brand, model and part number of your device. If you have any questions, please contact us， Email: info#femvia.com(replace # with @)&lt;/b&gt;&lt;br&gt;&lt;/p&gt;&lt;p&gt;&lt;b&gt;Compatible Part Numbers:&amp;nbsp; &lt;/b&gt;823908-1C1, 823908-2C1, 823908-2D1, 824536-850, 824560-005, HSTNN-1B7G, HSTNN-DB7G, HSTNN-IB7G, P002037XL, P002XL, PO02037XL, PO02037XL-PL, PO02XL, TPN-Q166&lt;/p&gt;&lt;p&gt;&lt;b&gt;Compatible Laptop Models: Hp &lt;/b&gt;Stream 11-R013NF, Stream 11-r022tu, Stream 11-Y001NX, Stream 11-Y002LA, Stream 11-Y008UR, Stream 11-Y011TU, Stream 11-Y064NF, Stream 11 Pro G5, Stream 11-ah110nr, Stream 11-ak0001ns, Stream 11-Y006NF, Stream 11-R000UR, Stream 11-y071ng, Stream 11-R003NE, Stream 11-r010tu, Stream 11-R005NF, Stream 11-r016tu, Stream 11-Y000NP, Stream 11-Y000NS, Stream 11-Y004UR, Stream 11-Y008TU, Stream 11-Y017TU, Stream 11-Y020NR, Stream 11-ak0002ns, Stream 11-R 11-R000NE, Stream 11-ah101tu, Stream 11-ah120tu, STREAM 11-R000NA, Stream 11-R000NM, Stream 11-R001UR, Stream 11-r005tu, Stream 11-r011tu, Stream 11-R021NW, Stream 11-r031ng, Stream 11-Y002NF, Stream 11-Y002TU, Stream 11-Y010ND, Stream 11-Y012TU, Stream 11-ak0002ng, Stream 11-ah011wm, Stream 11-ah111wm, Stream 11-ak0500sa, Stream 11-R001NA, Stream 11-R003NO, Stream 11-R007NF, Stream 11-r018tu, Stream 11-Y000UR, Stream 11-Y000NX, Stream 11-Y005UR, Stream 11-Y009TU, Stream 11-Y022TU, Stream 11-Y023CA, Stream 11-ak0500na, Stream 11-R 11-R000NIA, Stream 11-ah103tu, Stream 11-ah161ms, Stream 11-R025NW, Stream 11-R000NP, Stream 11-R002ND, Stream 11-r013tu, Stream 11-r092nr, Stream 11-Y002UR, Stream 11-Y004LA, Stream 11-Y011ND, Stream 11-Y013TU, Stream 11-ak0001ng, Stream 11-ah013wm, Stream 11-ah112tu, Stream 11-ak0501sa, Stream 11-R000ND, Stream 11-R001NE, Stream 11-r001tu, Stream 11-R003NX, Stream 11-R009NF, Stream 11-Y001NK, Stream 11-Y001NI, Stream 11-Y007NF, Stream 11-Y010TU, Stream 11-Y053SA, Stream 11 Pro G3, Stream 11-R 11-R000NM, Stream 11-ah105tu, Stream 11-ak0000ns, Stream 11-R099TU, Stream 11-R000NS, Stream 11-y000, Stream 11-R002NP, Stream 11-r009tu, Stream 11-R004NF, Stream 11-Y000NA, Stream 11-Y000NI, Stream 11-Y003NF, Stream 11-Y005TU, Stream 11-Y012NF, Stream 11-Y015TU, Stream 11-ak0502sa, Stream 11-R 11-r000ns, STREAM 11-AH055NS, Stream 11-ah113wm, Stream 11-ak0800no, Stream 11-R000NF, Stream 11-R001NO, Stream 11-r002tu, Stream 11-R011NF, Stream 11-r021tu, Stream 11-Y001NT, Stream 11-Y001TU, Stream 11-Y008NF, Stream 11-Y011NF, Stream 11-Y063NF, Stream 11-ah115tu, Stream 11 Pro G4 EE, Stream 11-R 11-R000NP, Stream 11-ah109dx, Stream 11-ak0001nf, Stream 11-Y003TR, Stream 11-R000NZ, Stream 11-y070ng, Stream 11-R003NA, Stream 11-R005NA, Stream 11-Y000NF, Stream 11-Y000NK, Stream 11-Y004NF, Stream 11-Y007TU, Stream 11-Y013UR, Stream 11-Y018TU, Stream 11-ak0002nf, Stream 11-R 11-R000ND, Stream 11-ah100tu, Stream 11-ah120nr, Stream 11-ak1061ms, Stream 11-R000NK, Stream 11-R001NS, Stream 11-r004tu, Stream 11-R020NW, Stream 11-r025nr, Stream 11-Y001UR, Stream 11-Y002NX, Stream 11-Y009UR, Stream 11-ak, Stream 11-ah010nr, Stream 11-ah111dx, Stream 11-ak0100nd, Stream11-D015TU, Stream 11-R001, Stream 11-y072ng, Stream 11-R003NF, Stream 11-R006NF, Stream 11-r017tu, Stream 11-Y000NQ, Stream 11-Y000NT, Stream 11-Y005NF, Stream 11-Y009NF, Stream 11-Y019TU, Stream 11-ak1012dx, Stream 11-R 11-R000NF, Stream 11-ah102tu, Stream 11-ah131nr, Stream11-D011NA, Stream 11-R023TU, Stream 11-R000NO, Stream 11-R002NA, Stream 11-r006tu, Stream 11-r012tu, Stream 11-R050NA, Stream 11-r091nr, Stream 11-Y002NW, Stream 11-Y003TU, Stream 11-Y010UR, Stream 11-Y013CA, Stream 11-ak0003ng, Stream 11-g000, Stream 11-ah012dx, Stream 11-ah112dx, Stream 11-ak0501na, Stream 11-R000NB, Stream 11-R001ND, Stream 11-R003NP, Stream 11-R008NF, Stream 11-r019tu, Stream 11-Y001NF, Stream 11-Y001LA, Stream 11-Y006UR, Stream 11-Y010NF, Stream 11-Y023TU, Stream 11-Y053NA, Stream 11 Pro G2, Stream 11-R 11-R000NK, Stream 11-ah104tu, Stream 11-ak0000na, Stream 11-R060TU, Stream 11-R000NQ, Stream 11-y002ns, Stream 11-R002NK, Stream 11-r014tu, Stream 11-R052NA, Stream 11-Y003NA, Stream 11-Y004TU, Stream 11-Y011UR, Stream 11-Y014TU, Stream 11-ak0002na, Stream 11-ah020nr, Stream 11-ah113tu, Stream 11-ak0502na, Stream 11-R000NE, Stream 11-R001NM, Stream 11-r002la, Stream 11-R004NA, Stream 11-R010NF, Stream 11-r020tu, Stream 11-Y001NO, Stream 11-Y001NS, Stream 11-Y007UR, Stream 11-Y061NF, Stream 11 Pro G4, Stream 11-R 11-R000NO, Stream 11-ah106tu, Stream 11-ak0001na, STREAM 11-Y002NA, Stream 11-R000NU, Stream 11-y001ng, Stream 11-R002NS, Stream 11-r010ca, Stream 11-R004NX, Stream 11-r015tu, Stream 11-Y000ND, Stream 11-Y000NIA, Stream 11-Y003UR, Stream 11-Y006TU, Stream 11-Y012UR, Stream 11-Y016TU, Stream 11-ak1010nr, Stream 11-R 11-R000NB, STREAM 11-AH060NS, Stream 11-ah117wm&lt;/p&gt;&lt;p&gt;&lt;b&gt;Why select us?&lt;/b&gt;&lt;br&gt;1. In addition to the inbound inspection, the PO02XL battery will be rigorously tested by our professional engineers again to ensure safety and fullness before shipment&lt;/p&gt;&lt;p&gt;&lt;img style=&quot;width: 984px;&quot; src=&quot;https://www.femvia.com/image/catalog/test_beforeshipping.jpg&quot;&gt;&lt;br&gt;&lt;/p&gt;&lt;p&gt;2.&amp;nbsp; We warrant that the products sold in our website, other than \r\nexplicitly stated, are 100% brand new and free from defects in material \r\nand workmanship.&lt;br&gt;3. Fast shipping! We can ship to over 70 countries worldwide.&lt;br&gt;4. 30 days money back 12 months warranty!&lt;br&gt;5. Shopping with us is safe and secure.&lt;br&gt;6. No memory effect, chargeable even if it has not been used up yet.&lt;/p&gt;\r\n&lt;h2 style=&quot;font-size:14px&quot;&gt;Package: 1x HP 824560-005 11-R013NF HSTNN-DB7G HSTNN-IB7G PO02XL Battery&lt;br&gt;&lt;/h2&gt;&lt;p style=&quot;font-size: 14px;&quot;&gt;&lt;b&gt;Disclaimer:&lt;/b&gt;&lt;br&gt;The batteries and adapters supplied by our Company\r\n are [replacement for] sold for use with certain products of computer \r\nmanufacturers, and any reference to products or trademarks of such \r\ncompanies is purely for the purpose of identifying the computer \r\nmanufacturers with which our products [are replacement for] may be used.\r\n Our Company and this Website are neither affiliated with, authorized \r\nby, licensed by, distributors for, nor related in any way to these \r\ncomputer manufacturers, nor are the products offered for sale through \r\nour Website manufactured by or sold with the authorization of the \r\nmanufacturers of the computers with which our products [are replacement \r\nfor] may be used.&lt;/p&gt;','Stream 824560-005, 11-r013nf, hstnn-db7g, hstnn-ib7g, po02xl, battery','HP 824560-005 11-R013NF HSTNN-DB7G HSTNN-IB7G PO02XL Battery','Buy HP 824560-005 11-R013NF HSTNN-DB7G HSTNN-IB7G PO02XL Battery - 30 days money back and 1 year warranty.',' 824560-005 11-r013nf hstnn-db7g hstnn-ib7g po02xl battery','','','','','',''),(892,1,'Asus ROG Strix G17 G713IE-HX002W FX507ZE C41N2010 Battery','&lt;p&gt;&lt;b&gt;Battery rating:&lt;/b&gt; 15.48V&lt;br&gt;&lt;b&gt;Battery capacity: &lt;/b&gt;3600mAh (56Wh)&lt;br&gt;&lt;b&gt;Battery cells: &lt;/b&gt;4-cell&lt;br&gt;&lt;b&gt;Type:&lt;/b&gt; rechargeable Li-ion battery&lt;br&gt;&lt;b&gt;Battery color:&lt;/b&gt; Black&lt;br&gt;&lt;b&gt;Policy: &lt;/b&gt;one year warranty.&lt;/p&gt;&lt;p&gt;&lt;b&gt;Please ensure the product(s) that you are going to buy fits the brand, model and part number of your device. If you have any questions, please contact us， Email: info#femvia.com(replace # with @)&lt;/b&gt;&lt;br&gt;&lt;/p&gt;&lt;p&gt;&lt;b&gt;Compatible Part Numbers:&amp;nbsp; &lt;/b&gt;0B200-03890000, C41N2010&lt;/p&gt;&lt;p&gt;&lt;b&gt;Compatible Laptop Models: Hp &lt;/b&gt;ROG Strix G15 G513IH-HN034R, ROG Strix G15 G513QE-DB91-CA, ROG Strix G15 G513QE-HN107TS, TUF Gaming F17 FX707Z, ROG Strix G17 G713IH-HX016R, ROG Strix G15 G513IE-HF044R, G513QE, ROG Strix G15 G513IH-HN026T, ROG Strix G17 G713IC-HX056T, ROG Strix G15 G513QC-HN015T, ROG Strix G17 G713IE-HX009, ROG Strix G15 G513IC-HN021TS, ROG Strix G17 G713QC-HX013T, ROG STRIX G17 G713QE-HX013, ROG Strix G15 G513QE, ROG Strix G15 G513QE-HF144T, TUF Gaming F15 FX507ZC-HN092W, ROG Strix G17 G713IE, ROG Strix G17 G713QE-HG086R, ROG Strix G15 G513QC-HN160T, ROG Strix G17 G713RC-HX020W, Strix G15 G513QC-RTX30503, ROG Strix G17 G713IE-HX114T, ROG Strix G15 G513IC-HN029, ROG Strix G17 G713QC-HX064, ROG STRIX G17 G713QE-HX042T, ROG Strix G17 G713QE-HX012, ROG Studio 17 PX713QE-HX099R, ROG Strix G15 G513IH-HN024T, ROG Strix G15 G513QE-WH96, ROG Strix G15 G513QE-HN109T, TUF Gaming F17 FX707ZE-HX020W, ROG Strix G17 G713QC-HG067T, ROG Strix G15 G513IE-HN004W, G713IH, ROG Strix G15 G513IH-HN002, ROG Strix G17 G713IC-HX043T, ROG Strix G15 G513QC-HF002T, ROG Strix G17 G713IE-HX002W, ROG Strix G15 G513IC-HN023WS, ROG Strix G17 G713QC-HX011T, ROG Strix G17 G713QE-HX1029T, ROG Strix G15G513IH-HN086T, ROG Strix G15 G513QE-HF150R, ROG Strix G15 G513QE-HF017T, TUF Gaming F15 FX507ZC-HQ120W, Rog Strix G17 G713IE-HX007T, ROG Strix G17 G713QE-HX079T, ROG Strix G15 G513QE-HF151R, ROG Strix G17 G713RC-RS73, ROG Strix G15 G513QC-HN024T, ROG Strix G17 G713IE-HX021W, ROG Strix G15 G513IC-HN039W, ROG Strix G17 G713QC-HX059T, ROG Strix G17 G713QE-HX016, ROG Strix G15 G513IH-HN014, ROG Strix G15 G513QE-HN009T, ROG Strix G15 G513QE-HN166TS, ROG Strix G17 G713IC, ROG Strix G17 G713QC-HX004T, ROG Strix G15 G513IH-HN008W, G713QE, ROG Strix G15 G513IH-HN004, ROG Strix G17 G713IC-HX041T, ROG Strix G15 G513QC-HN009T, ROG Strix G17 G713IE-HX002, ROG Strix G15 G513IC-HN003T, ROG Strix G17 G713QE-HX081T, ROG Strix G17 G713QE-HX043, ROG Strix G15 G513IH-HN084TS, ROG Strix G15 G513QE-HN029T, ROG Strix G15 G513QE-HN062T, TUF Gaming F15 FX507ZE-HN038W, ROG Strix G17 G713IH, ROG Strix G15 G513IC-HF043R, ROG Strix G15 G513QE-HN059T, G513IH, ROG Strix G17 G713RC-HX032W, ROG Strix G15 G513QC-HF061, ROG Strix G17 G713IE-HX014W, ROG Strix G15 G513IC-DS71-CA, ROG Strix G17 G713QC-HX054T, ROG Strix G17 G713QE-HX022, ROG Strix G15 G513IH-HN005, ROG Strix G15 G513QE-DS99-CA, TUF Gaming F15 FX507Z, ROG Strix G17 G713IC-HG036R, ROG Strix G17 G713QC-HX053T, ROG Strix G15 G513QC-HF141R, ROG Strix G17 G713RC, ROG Strix G15 G513IH-HN008, ROG Strix G17 G713IC-HX001, ROG Strix G15 G513QC-R735B6T, ROG Strix G17 G713IE-HG024R, ROG Strix G15 G513IC, ROG Strix G17 G713QE-HX093T, ROG Strix G17 G713QE-HX031, ROG Strix G15 G513IH-HN035R, ROG Stryx G15 G513QE-HN010T, ROG Strix G15 G513QE-HF146T, TUF Gaming F15 FX507ZE-HN061W, ROG Strix G17 G713IH-HX015R, ROG Strix G15 G513IC-HN029T, G513IE, ROG Strix G15 G513IH-HN008T, ROG Strix G17 G713IC-HX056W, ROG Strix G15 G513QC-HN014T, ROG Strix G17 G713IE-HX011T, ROG Strix G15 G513IC-HN073W, ROG Strix G17 G713QC-HX020, ROG Strix G17 G713QE-HX024T, ROG Strix G15 G513IH-GTX1650T, ROG Strix G15 G513QE-HN042T, TUF Gaming F15 FX507ZC-HN028W, ROG Strix G17 G713IC-HX010W, ROG Strix G17 G713QE-HG085R, ROG Strix G15 G513QC-HN128T, ROG Strix G17 G713RC-HX044W, ROG Strix G15 G513QC, ROG Strix G17 G713IC-HX009, ROG Strix G15 G513QC-R535B6T, ROG Strix G17 G713QC-R735B6T, ROG Strix G17 G713QE-HX009T, ROG Strix G17 G713QE-HX035T, TUF Gaming F17 FX707ZC, ROG Strix G15 G513IH-HN026W, ROG STRIX G15 G513QE-ES76, ROG Strix G15 G513QE-HF105T, TUF Gaming F17 FX707ZE, ROG Strix G17 G713IH-HX019T, ROG Strix G15 G513IE-HN003T, G713IE, ROG Strix G15 G513IH-HN006, ROG Strix G17 G713IC-HX055T, ROG Strix G15 G513QC-HN093T, ROG Strix G17 G713IE-HX004W, ROG Strix G15 G513IC-HN075T, ROG Strix G17 G713QC-HX012, ROG Strix G17 G713QE-HX070T, ROG Strix G15 G513QE-0031C5900HX, ROG Strix G15 G513QE-HN108T, TUF Gaming F15 FX507ZC-HN124W, ROG Strix G17 G713IE-HG023R, ROG Strix G17 G713QE-HX016T, ROG Strix G15 G513QE-HF149R, ROG Strix G17 G713RC-HX045W, ROG Strix G15 G513QC-HN033T, ROG Strix G17 G713IE-HX111T, ROG Strix G15 G513IC-HN055T, ROG Strix G17 G713QC-HX063, ROG Strix G17 G713QE-HX063T, ROG Studio 17 PX713QE, ROG Strix G15 G513IH-HN015T, ROG Strix G15 G513QE-HN160T, ROG Strix G15 G513QE-HF074T, TUF Gaming F17 FX707ZE-HX070W, ROG Strix G17 G713QC-HG068T, ROG Strix G15 G513IE-HN046T, G713QC, ROG Strix G15 G513IH-HN036T, ROG Strix G17 G713IC-HX041W, ROG Strix G15 G513QC-HN008T&lt;/p&gt;&lt;p&gt;&lt;b&gt;Why select us?&lt;/b&gt;&lt;br&gt;1. In addition to the inbound inspection, the C41N2010 battery will be rigorously tested by our professional engineers again to ensure safety and fullness before shipment&lt;/p&gt;&lt;p&gt;&lt;img style=&quot;width: 984px;&quot; src=&quot;https://www.femvia.com/image/catalog/test_beforeshipping.jpg&quot;&gt;&lt;br&gt;&lt;/p&gt;&lt;p&gt;2.&amp;nbsp; We warrant that the products sold in our website, other than \r\nexplicitly stated, are 100% brand new and free from defects in material \r\nand workmanship.&lt;br&gt;3. Fast shipping! We can ship to over 70 countries worldwide.&lt;br&gt;4. 30 days money back 12 months warranty!&lt;br&gt;5. Shopping with us is safe and secure.&lt;br&gt;6. No memory effect, chargeable even if it has not been used up yet.&lt;/p&gt;\r\n&lt;h2 style=&quot;font-size:14px&quot;&gt;Package: 1x Asus ROG Strix G17 G713IE-HX002W FX507ZE C41N2010 Battery&lt;br&gt;&lt;/h2&gt;&lt;p style=&quot;font-size: 14px;&quot;&gt;&lt;b&gt;Disclaimer:&lt;/b&gt;&lt;br&gt;The batteries and adapters supplied by our Company\r\n are [replacement for] sold for use with certain products of computer \r\nmanufacturers, and any reference to products or trademarks of such \r\ncompanies is purely for the purpose of identifying the computer \r\nmanufacturers with which our products [are replacement for] may be used.\r\n Our Company and this Website are neither affiliated with, authorized \r\nby, licensed by, distributors for, nor related in any way to these \r\ncomputer manufacturers, nor are the products offered for sale through \r\nour Website manufactured by or sold with the authorization of the \r\nmanufacturers of the computers with which our products [are replacement \r\nfor] may be used.&lt;/p&gt;','asus, rog, strix, g17, g713ie-hx002w, fx507ze, c41n2010, battery','Asus ROG Strix G17 G713IE-HX002W FX507ZE C41N2010 Battery','Buy Asus ROG Strix G17 G713IE-HX002W FX507ZE C41N2010 Battery - 30 days money back and 1 year warranty.',' asus rog strix g17 g713ie-hx002w fx507ze c41n2010 battery','','','','','',''),(210,1,'C21N1347 Battery for Asus K555LD F555L F555LA VM590 X555LJ','&lt;p&gt;&lt;b&gt;Battery rating:&lt;/b&gt; 7.6V&lt;br&gt;&lt;b&gt;Battery capacity: &lt;/b&gt;(37Wh)&lt;br&gt;&lt;b&gt;Battery cells: &lt;/b&gt;2-cell&lt;br&gt;&lt;b&gt;Type:&lt;/b&gt; rechargeable Li-ion battery&lt;br&gt;&lt;b&gt;Battery color:&lt;/b&gt; Black&lt;br&gt;&lt;b&gt;Policy: &lt;/b&gt;one year warranty.&lt;/p&gt;&lt;p&gt;&lt;b&gt;Please ensure the product(s) that you are going to buy fits the brand, model and part number of your device. If you have any questions, please contact us， Email: info#femvia.com(replace # with @)&lt;/b&gt;&lt;br&gt;&lt;/p&gt;&lt;p&gt;&lt;b&gt;Compatible Part Numbers:&amp;nbsp; &lt;/b&gt;0B200-01000000, 0B200-01000100, 0B200-01000200, 0B200-01000300, 0B200-01000400, 0B200-01000500, 0B200-01000700, 0B200-01200000, 0B200-01200100, 0B200-01200200, 0B200-01200300, 0B200-01200400, 2ICP4/63/134, C21N1347, PP21AT149Q-1&lt;/p&gt;&lt;p&gt;&lt;b&gt;Compatible Laptop Models: Asus &lt;/b&gt;X555QG-DM253T, R556YI-XX200T, X555LD-XX085H, VivoBook X555LB-XO248H, R511LB-XX365T, X555LB-XX127T, F555YI-XO179T, X555LA-3C, R557LA-XO1545H, X555UA-XX124T, X555QG-XX068T, R557LD-XX901H, X555LD-XX853H, VivoBook X555LD-XX283H, R511LJ, X555LD-XO338H, F554LA-XX2235H, X555LA-XX521D, X554LJ-XX1162T, X555QG-XX423T, VM510LPB, X555QA-DM335T, VivoBook X555LJ-XX060H, R511LJ-XX219H, VivoBook F555QA-DM300T, F555LB-DM280H, X555LB-XO101H, DX992LNB, X555LN-XO031D, X555LN-XO029H, X554LA-XX2560D, X555UJ-XO070T, VivoBook X555LJ-XX228H, R511LNB, X555SJ-7L, F555LB-XO278H, X555LD-3H, F554LPB, X555LN-XX308D, X554LA-XO1404T, VivoBook X555LA-XX092D, VivoBook X555LJ-XX995T, R556BA-XO209T, A555UF, F555LN-XO055H, X555LF-3D, F554LJ-XX488T, X555UJ-XO018T, X555UA-XO073T, X554LA-XO1253H, X555LA-XO077D, VivoBook X555LN-XO275H, R556LB-XO153H, F554UA, F555UA-EB51, X555LJ-3E, X554S, A555UB-DM159T, X555YA-XX069D, X554LD-XX498H, X555UJ-XO050T, VivoBook F555BA-DM144T, VivoBook X555UA-DM156T, R556LN-XO046H, K555LA-XX2439T, X555LP-1A, K555SJ, X555BP-XX246T, X554LJ-XO010D, VivoBook X555LD-XO296D, R556LN-DM459H, R556LA-MH31, VivoBook X555YI-XO014D, F555BP-DM245T, K555UB-DM285T, X555LF-XO188T, X554LJ-XX861D, R556LD-XX444H, X555YA-XO010T, K555LA-XO848H, R556QA-DM090T, X555LB-DM226H, VivoBook X555DA, R511LA-XX2661T, X555DG-XX133T, X554QG, R556LF-XO433T, X555UJ-XO113T, R556UA-XO228T, X555LD-XX984H, VivoBook X555LA-XX521D, R511LA-XX2023T, X554UJ-XO005T, A555LD4010, R556UB-DM277T, X555UB-XO105T, VivoBook X555LB-XO060D, R511LB, X555YI-XO180T, F555YI-XX115T, K555LJ-XX1349T, X555QG-DM206D, R557LA-XO2511T, X555LD-XX162H, VivoBook X555LD-XO067H, R511LD-XX911H, X555LD-XO034H, F554LA-WB71, X555LA-XX053D, R557LNB, X555QG-XX283T, R557LJ-XX1348T, X555LN-DM474H, VivoBook X555LJ, R511LJ-XX1207T, VivoBook X555QG-XO004T, F555LA-US71, X555LB-3G, A555LPB, X555QG-XO308T, W519LNB, X555UB-XO140T, VivoBook X555LJ-XX131D, R511LN, X555BP-7L, F555LB-XO238T, X555LD-1A, F51LN, X555LN-XO248H, X554LA-XX1671T, VivoBook X555LJ-XO199H, VivoBook X555LJ-XX392H, R511UJ-XX161T, F555BA-XO059T, F555LN-DM358H, X555LD-XX221H, F554LJ-XX1376T, X554LNB, X555UB-XX018T, X554LA-XO496H, VivoBook X555LJ-DM417H, VivoBook X555LN-X0275H, R556BP-XX114T, F530LD, F555LN-XO363H, X555LI-1B, F555SJ, X555UA-DM111T, X555SJ-XO001D, X554LA-XX936H, X455LD-WX032H, VivoBook X555QA-DM020T, R556LB-XX706T, K555DG, K555LA-MH51, X555LN-3D, K555LPB, X555BP-BX921T, X554LD-XO598D, VivoBook X555LD-XX137D, K555LJ-XO654D, Vivobook F555UA-EH71, VivoBook X555UJ-XX124T, R556LA-XX388H, K555UB-XO198T, X555QA-DM2019T, X554LJ-XO587T, R556LD-XX219H, X555YI-XX022D, R556QA, X555LA-XX1734T, X555BP, K555UJ-XO237T, X555DG-XO052, X554LJ-XO1209T, F555QG-DM200T, R556LF-XO079H, VivoBook F555UA-DM156T, R556QG-FX9720P, X555LB-XO168H, VivoBook X555LA-XX092H, R511LA-XX3010T, X555BA-XO202T, X554SJ-XX030T, X555LB-XO247H, R556LN-XO065H, X555UB-3G, X555QG-DM130T, R556YA-XX051T, X555LD-XO211H, R556UB-XO100T, X555UB-XO139T, X555QG-DM397T, R556YI-DM198T, X555LD-XX1016H, VivoBook X555LB-XO275H, R511LB-XX519T, X555LB-XO190H, F555YA-XO048T, X555LA-3E, R557LA-XX2663T, X555QG-XX058T, R557LJ-XX1013T, X555LD-XX982H, VivoBook X555LD-XX326H, R511LJ-XO1482T, X555LD-XO412H, F554LA-XX784H, X555LA-XX546H, X555UB-XO227D, X555QG-XO052T, VM590UB, X555QA-DM199T, VivoBook X555LJ-XX110H, R511LJ-XX855T, VivoBook F555QA-XO149T, F555LB-DM283H, X555LB-XO238D, DX992LPB, X555LN-XX026H, X555LN-XO127H, X554LA-XX371H, VivoBook X555LJ-XO079H, VivoBook X555LJ-XX230H, R511LP-XX098H, X555UA-3J, F555LB-XO402H, X555LD-7L, F554UJ, X555LN-XO252D, X554LA-XO515D, VivoBook X555LA-XX145D, R556BA-DM083T, A555UA, F555LN-XO128D, X555LF-3F, F554LJ-XX926T, X555UJ-XO114T, X555UA-XO136T, X554LA-XX1180H, X554LP-XX050D, VivoBook X555LN-XO470H, R556LB-DM312T, F554UF, F555UA-MS51, X555LJ-3G, X554UA, VivoBook F555BA-XX188T, X555YA-XX053D, X554LD-XX929H, X555LD-XX020D, Vivobook F555QA-DM297T, VivoBook X555UA-XX066T, R556LN-XO046D, R556LA-XX1012H, X555LP-7K, K555UB-DM161T, X555BP-XX304, X554LJ-XX807D, VivoBook X555LD-XO123D, R556LN-DM217H, R556LA-XX2436T, VivoBook X555YI-XX022D, F555BP-XO067T, K555UB-XX033T, X555LF-XO144H, X554LJ-XX965T, R556LD-XX477H, X555YA-XX008T, K555LD-XX284D, R556QG, X555LB-DM703D, VivoBook X555DA-WS11, R511LA-XX2668T, X555DG-XX166T, X554SJ-XX024D, X555LN-DM176H, R556LJ-XX1339T&lt;/p&gt;&lt;p&gt;&lt;b&gt;Why select us?&lt;/b&gt;&lt;br&gt;1. In addition to the inbound inspection, the C21N1347 battery will be rigorously tested by our professional engineers again to ensure safety and fullness before shipment&lt;/p&gt;&lt;p&gt;&lt;img style=&quot;width: 984px;&quot; src=&quot;https://www.femvia.com/image/catalog/test_beforeshipping.jpg&quot;&gt;&lt;br&gt;&lt;/p&gt;&lt;p&gt;2.&amp;nbsp; We warrant that the products sold in our website, other than \r\nexplicitly stated, are 100% brand new and free from defects in material \r\nand workmanship.&lt;br&gt;3. Fast shipping! We can ship to over 70 countries worldwide.&lt;br&gt;4. 30 days money back 12 months warranty!&lt;br&gt;5. Shopping with us is safe and secure.&lt;br&gt;6. No memory effect, chargeable even if it has not been used up yet.&lt;/p&gt;\r\n&lt;h2 style=&quot;font-size:14px&quot;&gt;Package: 1x Asus ROG Strix G17 G713IE-HX002W FX507ZE C41N2010 Battery&lt;br&gt;&lt;/h2&gt;&lt;p style=&quot;font-size: 14px;&quot;&gt;&lt;b&gt;Disclaimer:&lt;/b&gt;&lt;br&gt;The batteries and adapters supplied by our Company\r\n are [replacement for] sold for use with certain products of computer \r\nmanufacturers, and any reference to products or trademarks of such \r\ncompanies is purely for the purpose of identifying the computer \r\nmanufacturers with which our products [are replacement for] may be used.\r\n Our Company and this Website are neither affiliated with, authorized \r\nby, licensed by, distributors for, nor related in any way to these \r\ncomputer manufacturers, nor are the products offered for sale through \r\nour Website manufactured by or sold with the authorization of the \r\nmanufacturers of the computers with which our products [are replacement \r\nfor] may be used.&lt;/p&gt;','Transformer c21n1347, battery, asus, k555ld, f555l, f555la, vm590, x555lj','C21N1347 Battery for Asus K555LD F555L F555LA VM590 X555LJ','Buy C21N1347 Battery for Asus K555LD F555L F555LA VM590 X555LJ - 30 days money back and 1 year warranty.',' c21n1347 battery for asus k555ld f555l f555la vm590 x555lj','','','','','',''),(196,1,'BO03XL Battery For Hp HSTNN-IB6C 751895-1C1 14-X013DX','&lt;p&gt;&lt;b&gt;Battery rating:&lt;/b&gt; 11.1V &lt;br&gt;&lt;b&gt;Battery capacity:&amp;nbsp; &lt;/b&gt;32Wh&lt;br&gt;&lt;b&gt;Battery cells: &lt;/b&gt;3-cell&lt;br&gt;&lt;b&gt;Type:&lt;/b&gt; rechargeable Li-ion battery&lt;br&gt;&lt;b&gt;Battery color:&lt;/b&gt; Black&lt;br&gt;&lt;b&gt;Policy: &lt;/b&gt;one year warranty.&lt;/p&gt;&lt;p&gt;&lt;b&gt;Please ensure the product(s) that you are going to buy fits the brand, model and part number of your device. If you have any questions, please contact us， Email: info#femvia.com(replace # with @)&lt;/b&gt;&lt;br&gt;&lt;/p&gt;&lt;p&gt;&lt;b&gt;Compatible Part Numbers:&amp;nbsp; &lt;/b&gt;751895-1B1, 751895-1C1, 752235-005, 773836-1B1, 773836-1C1, 774159-001, B003XL, BO03032XL, BO03032XL-PL, BO03037XL, BO03XL, HSTNN-IB6C, HSTNN-IB6P, TPN-Q137, TPN-Q152&lt;/p&gt;&lt;p&gt;&lt;b&gt;Compatible Laptop Models: Hp &lt;/b&gt;Stream 14-z001np, Stream 14-z050sa, Chromebook 14 G3(K4K83UA), Chromebook 14 G3(L8A21ES), Chromebook 14-x003nd, Chromebook 14-x023na, Chromebook 14-X050NO, Stream 14-z000nl, Stream 14-z010nd, Stream 14-z090ng, Chromebook 14 G3(K7V51PA), Chromebook 14 G3(N3C98UC), Chromebook 14-x012nf, Chromebook 14-x056na, SlateBook 14-P091NR, Chromebook 14 CD570M 14.0 4GB/16 PC, Stream 14-z001nx, Stream 14-z051ng, Chromebook 14 G3(K4M13LA), Chromebook 14 G3(L8C18ES), Chromebook 14-x003no, Chromebook 14-x034nb, Chromebook 14-X051NO, Stream 14-z000np, Stream 14-z012nd, Chromebook 14 G3(K3X09EA), Chromebook 14 G3(L0V02PA), Chromebook 14-x000no, Chromebook 14-x014nf, Chromebook 14-x094nf, Stream 14-Z000NS, Stream 14-z002ns, Stream 14-z052na, Chromebook 14 G3(K5F83AA), Chromebook 14 G3(L8D59UA), Chromebook 14-x004nd, Chromebook 14-x050sa, SlateBook 14-P, Stream 14-z000nx, Chromebook 14 G3(K4K11UT), Chromebook 14 G3(L3Q05EA), Chromebook 14-x001no, Chromebook 14-x017na, Chromebook 14-x096nf, Stream 14-Z010CA, Stream 14-z000na, Stream 14-z005nl, Stream 14-z080no, Chromebook 14 G3(K5F85AA), Chromebook 14 G3(M1V26PA), Chromebook 14-x054sa, SlateBook 14-P000NA, CHROMEBOOK 14-X050NR NOTEBOOK PC, Stream 14-z001nl, Stream 14-z050nk, Chromebook 14 G3(K4K78UA), Chromebook 14 G3(L8A20ES), Chromebook 14-x002no, Chromebook 14-x021na, Chromebook 14-X031NB, Stream 14-z000ne, Stream 14-z010nc, Stream 14-z082no, Chromebook 14 G3(K7J12ES), Chromebook 14 G3(N3C95UC), Chromebook 14-x055sa, SlateBook 14-P080NO, Chromebook 14 CD570M 14.0 32GB/32 PC, Stream 14-z001ns, Stream 14-z051na, Chromebook 14 G3(K4K83UT), Chromebook 14 G3(L8C14ES), Chromebook 14-x003nf, Chromebook 14-x033nb, Stream 14-z026la, Stream 14-z000no, Stream 14-z011nd, Chromebook 14 G3(K3X08EA), Chromebook 14 G3(K9L33EA), Chromebook 14-x000na, Chromebook 14-x013nf, Chromebook 14-x056sa, Stream 14-Z000NM, CHROMEBOOK 14 G3 PCNB, Chromebook 14 CD570M 14.0 4GB/32 PC, Stream 14-z002na, Stream 14-z051sa, Chromebook 14 G3(K4M14LA), Chromebook 14 G3(L8D58UA), Chromebook 14-x004na, Chromebook 14-x050na, Chromebook 14-X053NO, Stream 14-z000nr, Stream 14-z020nc, Chromebook 14 G3(K4K11UA), Chromebook 14 G3(L2G62UC), Chromebook 14-x001nd, Chromebook 14-x016na, Chromebook 14-x095nf, Chromebook 14-2015la LTNA, Stream 14-z005nf, Stream 14-z052sa, Chromebook 14 G3(K5F84AA), Chromebook 14 G3(L9V93PA), Chromebook 14-x005na, Chromebook 14-x054na, SlateBook 14-P010NR, Stream 14-z001na, Stream 14-z050ng, Chromebook 14 G3(K4K23UA), Chromebook 14 G3(L4Q46PA), Chromebook 14-x002nd, Chromebook 14-x020na, Chromebook 14-x097nf, Stream 14-Z028LA, Stream 14-z000nc, Stream 14-z007nf, Stream 14-z081no, Chromebook 14 G3(K7C21PA), Chromebook 14 G3(N3C94UC), Chromebook 14-x055na, SlateBook 14-P000NO, Chromebook 14 CD570M 14.0 16GB/16 PC, Chromebook 14-X004TU, Chromebook 14-X006TU, CHROMEBOOK 14-X010CA, Chromebook 14-X008TU, Chromebook 14-x006na, Stream 14-Z040WM, Chromebook 14-X003TU, Chromebook 14-x011nf, CHROMEBOOK 14-X021DS, Chromebook 14-X005TU, Chromebook 14-X007TU, CHROMEBOOK 14-X023DS, Chromebook 14-X001NF, Chromebook 14-X002TU, Chromebook 14-x010ns, Chromebook 14 14-x010nr Series, CHROMEBOOK 14-X022DS, Chromebook 14-X050NR, Stream 14-Z010NR, Stream 14-z050na, CHROMEBOOK 14-X020NR, Chromebook 14-X001TU, CHROMEBOOK 14-X040NR, Chromebook 14 G3, CHROMEBOOK 14-X030NR, CHROMEBOOK 14-X010WM, CHROMEBOOK 14-X015WM, Chromebook 14-x000, CHROMEBOOK 14-X010NR, CHROMEBOOK 14-X013DX&lt;/p&gt;&lt;p&gt;&lt;b&gt;Why select us?&lt;/b&gt;&lt;br&gt;1. In addition to the inbound inspection, the BO03XL battery will be rigorously tested by our professional engineers again to ensure safety and fullness before shipment&lt;/p&gt;&lt;p&gt;&lt;img style=&quot;width: 984px;&quot; src=&quot;https://www.femvia.com/image/catalog/test_beforeshipping.jpg&quot;&gt;&lt;br&gt;&lt;/p&gt;&lt;p&gt;2.&amp;nbsp; We warrant that the products sold in our website, other than \r\nexplicitly stated, are 100% brand new and free from defects in material \r\nand workmanship.&lt;br&gt;3. Fast shipping! We can ship to over 70 countries worldwide.&lt;br&gt;4. 30 days money back 12 months warranty!&lt;br&gt;5. Shopping with us is safe and secure.&lt;br&gt;6. No memory effect, chargeable even if it has not been used up yet.&lt;/p&gt;\r\n&lt;h2 style=&quot;font-size:14px&quot;&gt;Package: 1x BO03XL Battery For Hp HSTNN-IB6C 751895-1C1 14-X013DX&lt;br&gt;&lt;/h2&gt;&lt;p style=&quot;font-size: 14px;&quot;&gt;&lt;b&gt;Disclaimer:&lt;/b&gt;&lt;br&gt;The batteries and adapters supplied by our Company\r\n are [replacement for] sold for use with certain products of computer \r\nmanufacturers, and any reference to products or trademarks of such \r\ncompanies is purely for the purpose of identifying the computer \r\nmanufacturers with which our products [are replacement for] may be used.\r\n Our Company and this Website are neither affiliated with, authorized \r\nby, licensed by, distributors for, nor related in any way to these \r\ncomputer manufacturers, nor are the products offered for sale through \r\nour Website manufactured by or sold with the authorization of the \r\nmanufacturers of the computers with which our products [are replacement \r\nfor] may be used.&lt;/p&gt;','Chromebook bo03xl, battery, for, hstnn-ib6c, 751895-1c1, 14-x013dx','BO03XL Battery For Hp HSTNN-IB6C 751895-1C1 14-X013DX','Buy BO03XL Battery For Hp HSTNN-IB6C 751895-1C1 14-X013DX - 30 days money back and 1 year warranty.',' bo03xl battery for hstnn-ib6c 751895-1c1 14-x013dx','','','','','',''),(558,1,'L12M4P21 Battery for Lenovo ideapad Yoga 2 pro 13 Pro 13-IFI','&lt;p&gt;&lt;b&gt;Battery rating:&lt;/b&gt; 7.4V&lt;br&gt;&lt;b&gt;Battery capacity: &lt;/b&gt;7400mAh (54Wh)&lt;br&gt;&lt;b&gt;Battery cells: &lt;/b&gt;4-cell&lt;br&gt;&lt;b&gt;Type:&lt;/b&gt; rechargeable Li-ion battery&lt;br&gt;&lt;b&gt;Battery color:&lt;/b&gt; Black&lt;br&gt;&lt;b&gt;Policy: &lt;/b&gt;one year warranty.&lt;/p&gt;&lt;p&gt;&lt;b&gt;Please ensure the product(s) that you are going to buy fits the brand, model and part number of your device. If you have any questions, please contact us， Email: info#femvia.com(replace # with @)&lt;/b&gt;&lt;br&gt;&lt;/p&gt;&lt;p&gt;&lt;b&gt;Compatible Part Numbers:&amp;nbsp; &lt;/b&gt;121500156, L12M4P21&lt;br&gt;&lt;/p&gt;&lt;p&gt;&lt;b&gt;Compatible Laptop Models:&amp;nbsp; For Lenovo &lt;/b&gt;Y40-70AT-IFI(D), Y50p-70-ISE(U), Yoga 2 Pro 13-IFI, S41-70-ITH, Y50-70AM-ISE(D), Y50-70AM-IFI(I), Y50p-70-ISE, Y50-70-ISE(D), Y40-80-IFI(H), Yoga 2 Pro-13 59-382893, Y50-70AM-ISE(H), Y50-70AM-IFI(H), Lenovo Y50-70 59424711, Y50-70AM-IFI(U), Yoga 2 13(80DM), Y40-80AT-ISE, S41-70AM-IFI, Y50p, Y40-70AT-ISE, Yoga 2 Pro(80AY), Y40-80-ISE, Y50p-70-IFI, Yoga 2 Ultrabook, Yoga 2 Pro Ultrabook, S41-70-ISE, Y40-80-IFI, Y50-70AM-ISE, Yoga 2 Pro 13.3, Y50-70AM-IFI, ideapad Yoga 2 pro 13, IdeaPad Yoga 2 Pro, Y40-70AT-IFI, Yoga 2 Pro 13, Y50-70, Yoga 2 Pro.&lt;br&gt;&lt;b&gt;&lt;br&gt;Why select us?&lt;/b&gt;&lt;br&gt;1. In addition to the inbound inspection, the L12M4P21 battery will be rigorously tested by our professional engineers again to ensure safety and fullness before shipment&lt;/p&gt;&lt;p&gt;&lt;img style=&quot;width: 984px;&quot; src=&quot;https://www.femvia.com/image/catalog/test_beforeshipping.jpg&quot;&gt;&lt;/p&gt;&lt;p&gt;2.&amp;nbsp; We warrant that the products sold in our website, other than \r\nexplicitly stated, are 100% brand new and free from defects in material \r\nand workmanship.&lt;br&gt;3. Fast shipping! We can ship to over 70 countries worldwide.&lt;br&gt;4. 30 days money back 12 months warranty!&lt;br&gt;5. Shopping with us is safe and secure.&lt;br&gt;6. No memory effect, chargeable even if it has not been used up yet.&lt;/p&gt;&lt;h2 style=&quot;font-size:14px&quot;&gt;Package: 1x L12M4P21 Battery for Lenovo ideapad Yoga 2 pro 13 Pro 13-IFI&lt;/h2&gt;&lt;p style=&quot;font-size: 14px;&quot;&gt;&lt;b&gt;Disclaimer:&lt;/b&gt;&lt;br&gt;The batteries and adapters supplied by our Company\r\n are [replacement for] sold for use with certain products of computer \r\nmanufacturers, and any reference to products or trademarks of such \r\ncompanies is purely for the purpose of identifying the computer \r\nmanufacturers with which our products [are replacement for] may be used.\r\n Our Company and this Website are neither affiliated with, authorized \r\nby, licensed by, distributors for, nor related in any way to these \r\ncomputer manufacturers, nor are the products offered for sale through \r\nour Website manufactured by or sold with the authorization of the \r\nmanufacturers of the computers with which our products [are replacement \r\nfor] may be used.&lt;/p&gt;','IdeaPad l12m4p21, battery, for, lenovo, ideapad, yoga, pro, 13-ifi','L12M4P21 Battery for Lenovo ideapad Yoga 2 pro 13 Pro 13-IFI','Buy L12M4P21 Battery for Lenovo ideapad Yoga 2 pro 13 Pro 13-IFI - 30 days money back and 1 year warranty.',' l12m4p21 battery for lenovo ideapad yoga pro pro 13-ifi','','','','','','');

--
-- Table structure for table `oc_product_description_seo`
--

CREATE TABLE `oc_product_description_seo` (
  `product_id` int(11) NOT NULL,
  `language_id` int(11) NOT NULL,
  `custom_imgtitle` varchar(255) DEFAULT '',
  `custom_alt` varchar(255) DEFAULT '',
  `custom_h1` varchar(255) DEFAULT '',
  `custom_h2` varchar(255) DEFAULT '',
  PRIMARY KEY (`product_id`,`language_id`)
) ENGINE=MyISAM DEFAULT CHARSET=utf8;

--
-- Dumping data for table `oc_product_description_seo`
--

INSERT INTO `oc_product_description_seo` VALUES (50,1,'','','','Package: 1x C21N1401 Battery For Asus X455LA X454LD F455L F455 Y483L Laptops'),(51,1,'','','C21N1613 Battery For Asus Chromebook Flip C302CA-GU012 C302CA-DH54','Package: 1x C21N1613 Battery For Asus Chromebook Flip C302CA-GU012'),(52,1,'','','',''),(53,1,'','','',''),(54,1,'','','',''),(55,1,'','','',''),(56,1,'','','',''),(256,1,'','','',''),(771,1,'','','',''),(128,1,'','','',''),(599,1,'','','',''),(512,1,'','','',''),(768,1,'','','',''),(257,1,'','','',''),(513,1,'','','',''),(769,1,'','','',''),(258,1,'','','',''),(514,1,'','','',''),(770,1,'','','',''),(259,1,'','','',''),(260,1,'','','',''),(515,1,'','','',''),(516,1,'','','',''),(162,1,'','','',''),(380,1,'','','',''),(604,1,'','','',''),(536,1,'','','',''),(772,1,'','','',''),(228,1,'','','',''),(359,1,'','','',''),(261,1,'','','',''),(517,1,'','','',''),(773,1,'','','',''),(262,1,'','','',''),(518,1,'','','',''),(774,1,'','','',''),(263,1,'','','',''),(519,1,'','','',''),(520,1,'','','',''),(775,1,'','','',''),(264,1,'','','',''),(776,1,'','','',''),(521,1,'','','',''),(266,1,'','','',''),(522,1,'','','',''),(267,1,'','','',''),(523,1,'','','',''),(777,1,'','','',''),(778,1,'','','',''),(779,1,'','','',''),(524,1,'','','',''),(780,1,'','','',''),(269,1,'','','',''),(525,1,'','','',''),(781,1,'','','',''),(270,1,'','','',''),(526,1,'','','',''),(889,1,'','','',''),(782,1,'','','',''),(271,1,'','','',''),(527,1,'','','',''),(783,1,'','','',''),(272,1,'','','',''),(784,1,'','','',''),(273,1,'','','',''),(529,1,'','','',''),(785,1,'','','',''),(274,1,'','','',''),(481,1,'','','',''),(530,1,'','','',''),(786,1,'','','',''),(531,1,'','','',''),(787,1,'','','',''),(276,1,'','','',''),(275,1,'','','',''),(251,1,'','','',''),(532,1,'','','',''),(277,1,'','','',''),(533,1,'','','',''),(789,1,'','','',''),(278,1,'','','',''),(504,1,'','','',''),(890,1,'','','',''),(790,1,'','','',''),(535,1,'','','',''),(791,1,'','','',''),(280,1,'','','',''),(792,1,'','','',''),(281,1,'','','',''),(537,1,'','','',''),(793,1,'','','',''),(282,1,'','','',''),(538,1,'','','',''),(794,1,'','','',''),(539,1,'','','',''),(795,1,'','','',''),(284,1,'','','',''),(540,1,'','','',''),(796,1,'','','',''),(476,1,'','','',''),(285,1,'','','',''),(541,1,'','','',''),(797,1,'','','',''),(286,1,'','','',''),(542,1,'','','',''),(798,1,'','','',''),(287,1,'','','',''),(543,1,'','','',''),(656,1,'','','',''),(799,1,'','','',''),(288,1,'','','',''),(544,1,'','','',''),(800,1,'','','',''),(801,1,'','','',''),(546,1,'','','',''),(291,1,'','','',''),(802,1,'','','',''),(891,1,'','','',''),(547,1,'','','',''),(803,1,'','','',''),(548,1,'','','',''),(804,1,'','','',''),(549,1,'','','',''),(550,1,'','','',''),(295,1,'','','',''),(551,1,'','','',''),(296,1,'','','',''),(808,1,'','','',''),(297,1,'','','',''),(553,1,'','','',''),(809,1,'','','',''),(810,1,'','','',''),(811,1,'','','',''),(812,1,'','','',''),(301,1,'','','',''),(399,1,'','','',''),(892,1,'','','',''),(210,1,'','','',''),(196,1,'','','',''),(893,1,'','','',''),(558,1,'','','',''),(814,1,'','','',''),(241,1,'','','',''),(304,1,'','','',''),(560,1,'','','',''),(561,1,'','','',''),(90,1,'','','',''),(556,1,'','','',''),(557,1,'','','',''),(303,1,'','','',''),(817,1,'','','',''),(818,1,'','','',''),(307,1,'','','',''),(563,1,'','','',''),(819,1,'','','',''),(308,1,'','','',''),(564,1,'','','',''),(821,1,'','','',''),(822,1,'','','',''),(567,1,'','','',''),(568,1,'','','',''),(447,1,'','','','');

--
-- Table structure for table `oc_product_discount`
--

CREATE TABLE `oc_product_discount` (
  `product_discount_id` int(11) NOT NULL AUTO_INCREMENT,
  `product_id` int(11) NOT NULL,
  `customer_group_id` int(11) NOT NULL,
  `quantity` int(4) NOT NULL DEFAULT '0',
  `priority` int(5) NOT NULL DEFAULT '1',
  `price` decimal(15,4) NOT NULL DEFAULT '0.0000',
  `date_start` date NOT NULL DEFAULT '0000-00-00',
  `date_end` date NOT NULL DEFAULT '0000-00-00',
  PRIMARY KEY (`product_discount_id`),
  KEY `product_id` (`product_id`),
  KEY `customer_group_id` (`customer_group_id`)
) ENGINE=MyISAM AUTO_INCREMENT=2222 DEFAULT CHARSET=utf8;

--
-- Dumping data for table `oc_product_discount`
--

INSERT INTO `oc_product_discount` VALUES (1798,50,1,10,0,35.1600,'0000-00-00','0000-00-00'),(1797,50,1,5,0,38.9800,'0000-00-00','0000-00-00'),(1796,50,1,2,0,40.1300,'0000-00-00','0000-00-00'),(1828,51,1,10,0,49.8600,'0000-00-00','0000-00-00'),(1827,51,1,5,0,55.8300,'0000-00-00','0000-00-00'),(1826,51,1,2,0,60.1300,'0000-00-00','0000-00-00'),(1834,52,1,10,0,41.8700,'0000-00-00','0000-00-00'),(1833,52,1,5,0,43.9800,'0000-00-00','0000-00-00'),(1832,52,1,2,0,45.1600,'0000-00-00','0000-00-00'),(1831,53,1,10,0,59.9300,'0000-00-00','0000-00-00'),(1830,53,1,5,0,63.1500,'0000-00-00','0000-00-00'),(1829,53,1,2,0,66.8900,'0000-00-00','0000-00-00'),(609,62,1,2,0,49.3100,'2017-03-09','2017-05-06'),(610,224,1,0,0,0.0000,'0000-00-00','0000-00-00'),(1825,256,1,10,0,49.3600,'0000-00-00','0000-00-00'),(1824,256,1,5,0,54.9800,'0000-00-00','0000-00-00'),(1823,256,1,2,0,58.5900,'0000-00-00','0000-00-00'),(1795,771,1,10,51,0.0000,'0000-00-00','0000-00-00'),(1794,771,1,5,55,0.0000,'0000-00-00','0000-00-00'),(1793,771,1,2,0,58.1300,'0000-00-00','0000-00-00'),(1819,128,1,10,0,46.9600,'0000-00-00','0000-00-00'),(1818,128,1,5,0,50.9800,'0000-00-00','0000-00-00'),(1817,128,1,2,0,53.7800,'0000-00-00','0000-00-00'),(1822,599,1,10,0,49.3900,'0000-00-00','0000-00-00'),(1821,599,1,5,0,52.8900,'0000-00-00','0000-00-00'),(1820,599,1,2,0,55.1500,'0000-00-00','0000-00-00'),(1816,768,1,10,0,46.1500,'0000-00-00','0000-00-00'),(1815,768,1,5,0,49.8900,'0000-00-00','0000-00-00'),(1814,768,1,2,0,52.1600,'0000-00-00','0000-00-00'),(1810,257,1,10,0,41.8900,'0000-00-00','0000-00-00'),(1809,257,1,5,0,43.8300,'0000-00-00','0000-00-00'),(1808,257,1,2,0,45.8800,'0000-00-00','0000-00-00'),(1813,512,1,10,0,66.8500,'0000-00-00','0000-00-00'),(1812,512,1,5,0,68.1300,'0000-00-00','0000-00-00'),(1811,512,1,2,0,70.6700,'0000-00-00','0000-00-00'),(1837,769,1,10,0,55.9300,'0000-00-00','0000-00-00'),(1836,769,1,5,0,56.3800,'0000-00-00','0000-00-00'),(1835,769,1,2,0,59.1500,'0000-00-00','0000-00-00'),(1957,258,1,10,0,43.7600,'0000-00-00','0000-00-00'),(1956,258,1,5,0,46.8300,'0000-00-00','0000-00-00'),(1955,258,1,2,0,49.1500,'0000-00-00','0000-00-00'),(1840,514,1,10,0,46.7800,'0000-00-00','0000-00-00'),(1839,514,1,5,0,49.3600,'0000-00-00','0000-00-00'),(1838,514,1,2,0,51.7800,'0000-00-00','0000-00-00'),(1843,770,1,10,0,43.8800,'0000-00-00','0000-00-00'),(1842,770,1,5,0,46.7800,'0000-00-00','0000-00-00'),(1841,770,1,2,0,49.7800,'0000-00-00','0000-00-00'),(1846,259,1,10,0,37.8900,'0000-00-00','0000-00-00'),(1845,259,1,5,0,39.6800,'0000-00-00','0000-00-00'),(1844,259,1,2,0,41.6800,'0000-00-00','0000-00-00'),(1849,515,1,10,0,56.6800,'0000-00-00','0000-00-00'),(1848,515,1,5,0,59.9800,'0000-00-00','0000-00-00'),(1847,515,1,2,0,61.8700,'0000-00-00','0000-00-00'),(1852,516,1,10,0,43.8900,'0000-00-00','0000-00-00'),(1851,516,1,5,0,45.3500,'0000-00-00','0000-00-00'),(1850,516,1,2,0,46.8900,'0000-00-00','0000-00-00'),(1855,162,1,10,0,41.8800,'0000-00-00','0000-00-00'),(1854,162,1,5,0,43.7800,'0000-00-00','0000-00-00'),(1853,162,1,2,0,46.1300,'0000-00-00','0000-00-00'),(1807,380,1,10,0,43.4900,'0000-00-00','0000-00-00'),(1806,380,1,5,0,46.8300,'0000-00-00','0000-00-00'),(1805,380,1,2,0,49.5600,'0000-00-00','0000-00-00'),(1804,604,1,10,0,49.9300,'0000-00-00','0000-00-00'),(1803,604,1,5,0,53.3900,'0000-00-00','0000-00-00'),(1802,604,1,2,0,55.8900,'0000-00-00','0000-00-00'),(1801,536,1,10,0,55.6900,'0000-00-00','0000-00-00'),(1800,536,1,5,0,58.5900,'0000-00-00','0000-00-00'),(1799,536,1,2,0,60.5600,'0000-00-00','0000-00-00'),(1858,261,1,10,0,46.6500,'0000-00-00','0000-00-00'),(1857,261,1,5,0,49.5400,'0000-00-00','0000-00-00'),(1856,261,1,2,0,51.8900,'0000-00-00','0000-00-00'),(1873,773,1,10,0,46.9900,'0000-00-00','0000-00-00'),(1872,773,1,5,0,49.3600,'0000-00-00','0000-00-00'),(1871,773,1,2,0,51.8700,'0000-00-00','0000-00-00'),(1861,262,1,10,0,45.6900,'0000-00-00','0000-00-00'),(1860,262,1,5,0,47.9100,'0000-00-00','0000-00-00'),(1859,262,1,2,0,49.3600,'0000-00-00','0000-00-00'),(1864,518,1,10,51,0.0000,'0000-00-00','0000-00-00'),(1863,518,1,5,53,0.0000,'0000-00-00','0000-00-00'),(1862,518,1,2,55,0.0000,'0000-00-00','0000-00-00'),(1867,263,1,10,0,51.8800,'0000-00-00','0000-00-00'),(1866,263,1,5,0,53.9100,'0000-00-00','0000-00-00'),(1865,263,1,2,0,55.1300,'0000-00-00','0000-00-00'),(1870,519,1,10,0,73.1800,'0000-00-00','0000-00-00'),(1869,519,1,5,0,75.9100,'0000-00-00','0000-00-00'),(1868,519,1,2,0,77.6900,'0000-00-00','0000-00-00'),(1876,264,1,10,0,46.9800,'0000-00-00','0000-00-00'),(1875,264,1,5,0,51.7800,'0000-00-00','0000-00-00'),(1874,264,1,2,0,53.1500,'0000-00-00','0000-00-00'),(2119,775,1,10,0,63.1900,'0000-00-00','0000-00-00'),(2118,775,1,5,0,65.1300,'0000-00-00','0000-00-00'),(2117,775,1,2,0,66.7900,'0000-00-00','0000-00-00'),(1879,776,1,10,0,56.1300,'0000-00-00','0000-00-00'),(1878,776,1,5,0,59.7800,'0000-00-00','0000-00-00'),(1877,776,1,2,0,61.8900,'0000-00-00','0000-00-00'),(1882,521,1,10,0,41.3900,'0000-00-00','0000-00-00'),(1881,521,1,5,0,43.8100,'0000-00-00','0000-00-00'),(1880,521,1,2,0,45.7900,'0000-00-00','0000-00-00'),(1885,266,1,10,0,43.5800,'0000-00-00','0000-00-00'),(1884,266,1,5,0,46.9300,'0000-00-00','0000-00-00'),(1883,266,1,2,0,49.2800,'0000-00-00','0000-00-00'),(1888,522,1,10,0,43.1600,'0000-00-00','0000-00-00'),(1887,522,1,5,0,46.6900,'0000-00-00','0000-00-00'),(1886,522,1,2,0,49.5500,'0000-00-00','0000-00-00'),(1891,267,1,10,0,35.5900,'0000-00-00','0000-00-00'),(1890,267,1,5,0,37.9100,'0000-00-00','0000-00-00'),(1889,267,1,2,0,39.8700,'0000-00-00','0000-00-00'),(1894,523,1,10,0,29.9800,'0000-00-00','0000-00-00'),(1893,523,1,5,0,31.9800,'0000-00-00','0000-00-00'),(1892,523,1,2,0,33.1500,'0000-00-00','0000-00-00'),(1897,777,1,10,0,53.8300,'0000-00-00','0000-00-00'),(1896,777,1,5,0,55.8100,'0000-00-00','0000-00-00'),(1895,777,1,2,0,57.3600,'0000-00-00','0000-00-00'),(1900,778,1,10,0,46.8100,'0000-00-00','0000-00-00'),(1899,778,1,5,0,49.3700,'0000-00-00','0000-00-00'),(1898,778,1,2,0,51.8900,'0000-00-00','0000-00-00'),(1903,779,1,10,0,69.6500,'0000-00-00','0000-00-00'),(1902,779,1,5,0,73.8900,'0000-00-00','0000-00-00'),(1901,779,1,2,0,75.1300,'0000-00-00','0000-00-00'),(1906,524,1,10,0,43.9800,'0000-00-00','0000-00-00'),(1905,524,1,5,0,45.1600,'0000-00-00','0000-00-00'),(1904,524,1,2,0,46.8900,'0000-00-00','0000-00-00'),(1909,780,1,10,0,51.4900,'0000-00-00','0000-00-00'),(1908,780,1,5,0,56.1600,'0000-00-00','0000-00-00'),(1907,780,1,2,0,58.6900,'0000-00-00','0000-00-00'),(1912,525,1,10,0,36.8900,'0000-00-00','0000-00-00'),(1911,525,1,5,0,39.6800,'0000-00-00','0000-00-00'),(1910,525,1,2,0,41.7800,'0000-00-00','0000-00-00'),(1915,781,1,10,0,49.1300,'0000-00-00','0000-00-00'),(1914,781,1,5,0,51.3500,'0000-00-00','0000-00-00'),(1913,781,1,2,0,53.6900,'0000-00-00','0000-00-00'),(1918,270,1,10,0,43.1700,'0000-00-00','0000-00-00'),(1917,270,1,5,0,46.8400,'0000-00-00','0000-00-00'),(1916,270,1,2,0,49.1600,'0000-00-00','0000-00-00'),(1921,526,1,10,0,29.8800,'0000-00-00','0000-00-00'),(1920,526,1,5,0,31.7900,'0000-00-00','0000-00-00'),(1919,526,1,2,0,34.5900,'0000-00-00','0000-00-00'),(1000,889,1,10,0,21.9900,'0000-00-00','0000-00-00'),(999,889,1,5,0,23.8800,'0000-00-00','0000-00-00'),(998,889,1,2,0,26.8900,'0000-00-00','0000-00-00'),(1924,782,1,10,0,49.1100,'0000-00-00','0000-00-00'),(1923,782,1,5,0,51.6800,'0000-00-00','0000-00-00'),(1922,782,1,2,0,53.5900,'0000-00-00','0000-00-00'),(1927,271,1,10,0,55.9900,'0000-00-00','0000-00-00'),(1926,271,1,5,0,57.8900,'0000-00-00','0000-00-00'),(1925,271,1,2,0,61.8800,'0000-00-00','0000-00-00'),(1930,527,1,10,0,41.8800,'0000-00-00','0000-00-00'),(1929,527,1,5,0,43.9100,'0000-00-00','0000-00-00'),(1928,527,1,2,0,45.8900,'0000-00-00','0000-00-00'),(1936,783,1,10,0,46.3900,'0000-00-00','0000-00-00'),(1935,783,1,5,0,49.7500,'0000-00-00','0000-00-00'),(1934,783,1,2,0,51.6900,'0000-00-00','0000-00-00'),(1933,272,1,10,0,53.9100,'0000-00-00','0000-00-00'),(1932,272,1,5,0,56.8100,'0000-00-00','0000-00-00'),(1931,272,1,2,0,59.8700,'0000-00-00','0000-00-00'),(1939,784,1,10,0,63.8500,'0000-00-00','0000-00-00'),(1938,784,1,5,0,65.9300,'0000-00-00','0000-00-00'),(1937,784,1,2,0,67.8600,'0000-00-00','0000-00-00'),(1942,273,1,2,0,67.8500,'0000-00-00','0000-00-00'),(1941,273,1,0,0,65.3900,'0000-00-00','0000-00-00'),(1940,273,1,0,0,63.8800,'0000-00-00','0000-00-00'),(1792,529,1,10,0,51.8800,'0000-00-00','0000-00-00'),(1791,529,1,5,0,53.9800,'0000-00-00','0000-00-00'),(1790,529,1,2,0,55.1300,'0000-00-00','0000-00-00'),(1945,785,1,10,0,55.7600,'0000-00-00','0000-00-00'),(1944,785,1,5,0,57.1300,'0000-00-00','0000-00-00'),(1943,785,1,2,0,59.8100,'0000-00-00','0000-00-00'),(1948,274,1,10,0,58.8900,'0000-00-00','0000-00-00'),(1947,274,1,5,0,63.9500,'0000-00-00','0000-00-00'),(1946,274,1,2,0,66.1600,'0000-00-00','0000-00-00'),(1951,481,1,10,0,35.8700,'0000-00-00','0000-00-00'),(1950,481,1,5,0,39.1500,'0000-00-00','0000-00-00'),(1949,481,1,2,0,41.9800,'0000-00-00','0000-00-00'),(1954,530,1,10,0,53.8800,'0000-00-00','0000-00-00'),(1953,530,1,5,0,56.8100,'0000-00-00','0000-00-00'),(1952,530,1,2,0,59.6800,'0000-00-00','0000-00-00'),(1072,531,1,10,0,35.2700,'0000-00-00','0000-00-00'),(1071,531,1,5,0,38.3900,'0000-00-00','0000-00-00'),(1070,531,1,2,0,41.8900,'0000-00-00','0000-00-00'),(1960,787,1,10,0,56.3900,'0000-00-00','0000-00-00'),(1959,787,1,5,0,61.8800,'0000-00-00','0000-00-00'),(1958,787,1,2,0,63.1600,'0000-00-00','0000-00-00'),(1963,275,1,10,0,63.1900,'0000-00-00','0000-00-00'),(1962,275,1,5,0,65.8800,'0000-00-00','0000-00-00'),(1961,275,1,2,0,67.3500,'0000-00-00','0000-00-00'),(1966,251,1,10,0,55.8800,'0000-00-00','0000-00-00'),(1965,251,1,5,0,58.9300,'0000-00-00','0000-00-00'),(1964,251,1,2,0,61.9100,'0000-00-00','0000-00-00'),(1969,532,1,10,0,35.9900,'0000-00-00','0000-00-00'),(1968,532,1,5,0,37.1500,'0000-00-00','0000-00-00'),(1967,532,1,2,0,39.8800,'0000-00-00','0000-00-00'),(1972,277,1,10,0,41.9500,'0000-00-00','0000-00-00'),(1971,277,1,5,0,43.1600,'0000-00-00','0000-00-00'),(1970,277,1,2,0,45.9900,'0000-00-00','0000-00-00'),(1975,533,1,10,0,55.6900,'0000-00-00','0000-00-00'),(1974,533,1,5,0,57.1300,'0000-00-00','0000-00-00'),(1973,533,1,2,0,59.8900,'0000-00-00','0000-00-00'),(1978,789,1,10,0,73.1500,'0000-00-00','0000-00-00'),(1977,789,1,5,0,76.9100,'0000-00-00','0000-00-00'),(1976,789,1,2,0,79.1300,'0000-00-00','0000-00-00'),(1981,278,1,10,0,59.9100,'0000-00-00','0000-00-00'),(1980,278,1,5,0,63.1900,'0000-00-00','0000-00-00'),(1979,278,1,2,0,64.1700,'0000-00-00','0000-00-00'),(1984,504,1,10,0,46.3700,'0000-00-00','0000-00-00'),(1983,504,1,5,0,49.1500,'0000-00-00','0000-00-00'),(1982,504,1,2,0,51.8700,'0000-00-00','0000-00-00'),(1987,790,1,10,0,53.9600,'0000-00-00','0000-00-00'),(1986,790,1,5,0,55.5900,'0000-00-00','0000-00-00'),(1985,790,1,2,0,57.1300,'0000-00-00','0000-00-00'),(1990,535,1,10,0,46.8100,'0000-00-00','0000-00-00'),(1989,535,1,5,0,49.8900,'0000-00-00','0000-00-00'),(1988,535,1,2,0,51.7800,'0000-00-00','0000-00-00'),(1993,791,1,10,0,61.8900,'0000-00-00','0000-00-00'),(1992,791,1,5,0,64.6300,'0000-00-00','0000-00-00'),(1991,791,1,2,0,66.8900,'0000-00-00','0000-00-00'),(1996,280,1,10,0,51.1700,'0000-00-00','0000-00-00'),(1995,280,1,5,0,53.8300,'0000-00-00','0000-00-00'),(1994,280,1,2,0,56.1800,'0000-00-00','0000-00-00'),(1999,792,1,10,0,60.8600,'0000-00-00','0000-00-00'),(1998,792,1,5,0,63.1900,'0000-00-00','0000-00-00'),(1997,792,1,2,0,66.8600,'0000-00-00','0000-00-00'),(2002,281,1,10,0,46.5900,'0000-00-00','0000-00-00'),(2001,281,1,5,0,48.1100,'0000-00-00','0000-00-00'),(2000,281,1,2,0,50.3900,'0000-00-00','0000-00-00'),(2005,537,1,10,0,51.8900,'0000-00-00','0000-00-00'),(2004,537,1,5,0,53.6600,'0000-00-00','0000-00-00'),(2003,537,1,2,0,55.4900,'0000-00-00','0000-00-00'),(2008,793,1,10,0,79.8300,'0000-00-00','0000-00-00'),(2007,793,1,5,0,83.6900,'0000-00-00','0000-00-00'),(2006,793,1,2,0,86.3500,'0000-00-00','0000-00-00'),(2011,282,1,10,0,56.2800,'0000-00-00','0000-00-00'),(2010,282,1,5,0,59.3600,'0000-00-00','0000-00-00'),(2009,282,1,2,0,61.7800,'0000-00-00','0000-00-00'),(2014,538,1,10,0,63.1600,'0000-00-00','0000-00-00'),(2013,538,1,5,0,65.1300,'0000-00-00','0000-00-00'),(2012,538,1,2,0,66.8500,'0000-00-00','0000-00-00'),(2017,794,1,10,0,61.8900,'0000-00-00','0000-00-00'),(2016,794,1,5,0,63.9100,'0000-00-00','0000-00-00'),(2015,794,1,2,0,65.6100,'0000-00-00','0000-00-00'),(2020,539,1,10,0,65.9600,'0000-00-00','0000-00-00'),(2019,539,1,5,0,68.1200,'0000-00-00','0000-00-00'),(2018,539,1,2,0,71.8800,'0000-00-00','0000-00-00'),(2023,795,1,10,0,66.7500,'0000-00-00','0000-00-00'),(2022,795,1,5,0,71.9100,'0000-00-00','0000-00-00'),(2021,795,1,2,0,73.1800,'0000-00-00','0000-00-00'),(2026,284,1,10,0,31.8900,'0000-00-00','0000-00-00'),(2025,284,1,5,0,33.1900,'0000-00-00','0000-00-00'),(2024,284,1,2,0,34.6900,'0000-00-00','0000-00-00'),(2029,540,1,10,0,51.9600,'0000-00-00','0000-00-00'),(2028,540,1,5,0,53.1800,'0000-00-00','0000-00-00'),(2027,540,1,2,0,56.1300,'0000-00-00','0000-00-00'),(2032,796,1,10,0,56.3900,'0000-00-00','0000-00-00'),(2031,796,1,5,0,59.3600,'0000-00-00','0000-00-00'),(2030,796,1,2,0,61.7800,'0000-00-00','0000-00-00'),(2035,476,1,10,0,41.6900,'0000-00-00','0000-00-00'),(2034,476,1,5,0,44.1800,'0000-00-00','0000-00-00'),(2033,476,1,2,0,46.1600,'0000-00-00','0000-00-00'),(2038,285,1,10,0,36.1900,'0000-00-00','0000-00-00'),(2037,285,1,5,0,38.9100,'0000-00-00','0000-00-00'),(2036,285,1,2,0,40.1800,'0000-00-00','0000-00-00'),(2041,797,1,10,0,51.8900,'0000-00-00','0000-00-00'),(2040,797,1,5,0,55.1300,'0000-00-00','0000-00-00'),(2039,797,1,2,0,58.6100,'0000-00-00','0000-00-00'),(2044,286,1,10,0,28.6800,'0000-00-00','0000-00-00'),(2043,286,1,5,0,29.4600,'0000-00-00','0000-00-00'),(2042,286,1,2,0,30.8700,'0000-00-00','0000-00-00'),(2047,542,1,10,0,49.1600,'0000-00-00','0000-00-00'),(2046,542,1,5,0,51.8700,'0000-00-00','0000-00-00'),(2045,542,1,2,0,53.1700,'0000-00-00','0000-00-00'),(2050,798,1,10,0,39.1800,'0000-00-00','0000-00-00'),(2049,798,1,5,0,41.5500,'0000-00-00','0000-00-00'),(2048,798,1,2,0,43.1900,'0000-00-00','0000-00-00'),(2053,543,1,10,0,46.9100,'0000-00-00','0000-00-00'),(2052,543,1,5,0,49.1900,'0000-00-00','0000-00-00'),(2051,543,1,2,0,51.5800,'0000-00-00','0000-00-00'),(2056,656,1,10,0,59.7600,'0000-00-00','0000-00-00'),(2055,656,1,5,0,61.7800,'0000-00-00','0000-00-00'),(2054,656,1,2,0,63.6900,'0000-00-00','0000-00-00'),(2059,799,1,10,0,53.7700,'0000-00-00','0000-00-00'),(2058,799,1,5,0,56.1700,'0000-00-00','0000-00-00'),(2057,799,1,2,0,58.4900,'0000-00-00','0000-00-00'),(2062,288,1,10,0,36.1600,'0000-00-00','0000-00-00'),(2061,288,1,5,0,39.5200,'0000-00-00','0000-00-00'),(2060,288,1,2,0,41.7600,'0000-00-00','0000-00-00'),(2065,544,1,10,0,41.5900,'0000-00-00','0000-00-00'),(2064,544,1,5,0,43.6800,'0000-00-00','0000-00-00'),(2063,544,1,2,0,46.1300,'0000-00-00','0000-00-00'),(2068,800,1,10,0,49.8100,'0000-00-00','0000-00-00'),(2067,800,1,5,0,51.7900,'0000-00-00','0000-00-00'),(2066,800,1,2,0,53.1400,'0000-00-00','0000-00-00'),(2071,801,1,10,0,63.6900,'0000-00-00','0000-00-00'),(2070,801,1,5,0,65.3100,'0000-00-00','0000-00-00'),(2069,801,1,2,0,67.1300,'0000-00-00','0000-00-00'),(2074,546,1,10,0,41.5800,'0000-00-00','0000-00-00'),(2073,546,1,5,0,43.0000,'0000-00-00','0000-00-00'),(2072,546,1,2,0,46.1300,'0000-00-00','0000-00-00'),(2077,802,1,10,0,35.9900,'0000-00-00','0000-00-00'),(2076,802,1,5,0,36.6800,'0000-00-00','0000-00-00'),(2075,802,1,2,0,39.8900,'0000-00-00','0000-00-00'),(2080,891,1,10,0,61.8700,'0000-00-00','0000-00-00'),(2079,891,1,5,0,66.3900,'0000-00-00','0000-00-00'),(2078,891,1,2,0,68.1300,'0000-00-00','0000-00-00'),(2083,547,1,10,0,46.1500,'0000-00-00','0000-00-00'),(2082,547,1,5,0,49.1300,'0000-00-00','0000-00-00'),(2081,547,1,2,0,51.8900,'0000-00-00','0000-00-00'),(2089,803,1,5,0,81.6900,'0000-00-00','0000-00-00'),(2088,803,1,3,0,85.1500,'0000-00-00','0000-00-00'),(2087,803,1,2,0,89.1300,'0000-00-00','0000-00-00'),(2086,548,1,10,0,49.3200,'0000-00-00','0000-00-00'),(2085,548,1,5,0,51.6900,'0000-00-00','0000-00-00'),(2084,548,1,2,0,53.1600,'0000-00-00','0000-00-00'),(2092,804,1,10,0,71.1900,'0000-00-00','0000-00-00'),(2091,804,1,5,0,73.8400,'0000-00-00','0000-00-00'),(2090,804,1,2,0,76.1300,'0000-00-00','0000-00-00'),(2095,549,1,10,0,51.6900,'0000-00-00','0000-00-00'),(2094,549,1,5,0,53.3900,'0000-00-00','0000-00-00'),(2093,549,1,2,0,55.1300,'0000-00-00','0000-00-00'),(2098,550,1,10,0,45.6800,'0000-00-00','0000-00-00'),(2097,550,1,5,0,46.8100,'0000-00-00','0000-00-00'),(2096,550,1,2,0,49.8100,'0000-00-00','0000-00-00'),(2101,551,1,10,0,46.9500,'0000-00-00','0000-00-00'),(2100,551,1,5,0,49.8100,'0000-00-00','0000-00-00'),(2099,551,1,2,0,51.7900,'0000-00-00','0000-00-00'),(2104,296,1,10,0,43.8900,'0000-00-00','0000-00-00'),(2103,296,1,5,0,45.1500,'0000-00-00','0000-00-00'),(2102,296,1,2,0,47.8800,'0000-00-00','0000-00-00'),(2107,808,1,10,0,53.9200,'0000-00-00','0000-00-00'),(2106,808,1,5,0,57.4100,'0000-00-00','0000-00-00'),(2105,808,1,2,0,59.9100,'0000-00-00','0000-00-00'),(2110,297,1,10,0,45.3900,'0000-00-00','0000-00-00'),(2109,297,1,5,0,47.3200,'0000-00-00','0000-00-00'),(2108,297,1,2,0,49.8100,'0000-00-00','0000-00-00'),(2113,553,1,10,0,53.9100,'0000-00-00','0000-00-00'),(2112,553,1,5,0,56.2200,'0000-00-00','0000-00-00'),(2111,553,1,2,0,59.1300,'0000-00-00','0000-00-00'),(2116,809,1,10,0,51.7800,'0000-00-00','0000-00-00'),(2115,809,1,5,0,53.9800,'0000-00-00','0000-00-00'),(2114,809,1,2,0,55.5800,'0000-00-00','0000-00-00'),(2158,810,1,10,0,61.3900,'0000-00-00','0000-00-00'),(2157,810,1,5,0,63.1800,'0000-00-00','0000-00-00'),(2156,810,1,2,0,65.3300,'0000-00-00','0000-00-00'),(2152,811,1,10,0,56.8100,'0000-00-00','0000-00-00'),(2151,811,1,5,0,59.3900,'0000-00-00','0000-00-00'),(2150,811,1,2,0,61.8500,'0000-00-00','0000-00-00'),(2155,812,1,10,0,56.1900,'0000-00-00','0000-00-00'),(2154,812,1,5,0,59.2500,'0000-00-00','0000-00-00'),(2153,812,1,2,0,61.7600,'0000-00-00','0000-00-00'),(2149,301,1,10,0,37.2800,'0000-00-00','0000-00-00'),(2148,301,1,5,0,39.6900,'0000-00-00','0000-00-00'),(2147,301,1,2,0,41.6900,'0000-00-00','0000-00-00'),(2146,399,1,10,0,45.9100,'0000-00-00','0000-00-00'),(2145,399,1,5,0,47.3200,'0000-00-00','0000-00-00'),(2144,399,1,2,0,49.1300,'0000-00-00','0000-00-00'),(2143,892,1,10,0,69.8300,'0000-00-00','0000-00-00'),(2142,892,1,5,0,72.9100,'0000-00-00','0000-00-00'),(2141,892,1,2,0,74.1300,'0000-00-00','0000-00-00'),(2140,210,1,10,0,36.3900,'0000-00-00','0000-00-00'),(2139,210,1,5,0,39.3500,'0000-00-00','0000-00-00'),(2138,210,1,2,0,41.6800,'0000-00-00','0000-00-00'),(2137,196,1,10,0,41.6900,'0000-00-00','0000-00-00'),(2136,196,1,5,0,43.8700,'0000-00-00','0000-00-00'),(2135,196,1,2,0,45.1300,'0000-00-00','0000-00-00'),(2134,893,1,10,0,51.3900,'0000-00-00','0000-00-00'),(2133,893,1,5,0,53.2900,'0000-00-00','0000-00-00'),(2132,893,1,2,0,55.6800,'0000-00-00','0000-00-00'),(2122,558,1,10,0,51.8800,'0000-00-00','0000-00-00'),(2121,558,1,5,0,53.6900,'0000-00-00','0000-00-00'),(2120,558,1,2,0,55.1300,'0000-00-00','0000-00-00'),(2131,814,1,10,0,61.3300,'0000-00-00','0000-00-00'),(2130,814,1,5,0,63.1900,'0000-00-00','0000-00-00'),(2129,814,1,2,0,65.8600,'0000-00-00','0000-00-00'),(2128,241,1,10,0,36.5900,'0000-00-00','0000-00-00'),(2127,241,1,5,0,39.6800,'0000-00-00','0000-00-00'),(2126,241,1,2,0,41.7800,'0000-00-00','0000-00-00'),(2125,304,1,10,0,32.8900,'0000-00-00','0000-00-00'),(2124,304,1,5,0,35.6800,'0000-00-00','0000-00-00'),(2123,304,1,2,0,36.3800,'0000-00-00','0000-00-00'),(2161,560,1,10,0,55.3900,'0000-00-00','0000-00-00'),(2160,560,1,5,0,57.8800,'0000-00-00','0000-00-00'),(2159,560,1,2,0,59.3800,'0000-00-00','0000-00-00'),(2164,561,1,10,0,65.9900,'0000-00-00','0000-00-00'),(2163,561,1,5,0,69.3500,'0000-00-00','0000-00-00'),(2162,561,1,2,0,71.7800,'0000-00-00','0000-00-00'),(2170,556,1,10,0,46.1300,'0000-00-00','0000-00-00'),(2169,556,1,5,0,47.5500,'0000-00-00','0000-00-00'),(2168,556,1,2,0,49.7800,'0000-00-00','0000-00-00'),(2176,557,1,10,0,53.7800,'0000-00-00','0000-00-00'),(2175,557,1,5,0,55.9900,'0000-00-00','0000-00-00'),(2174,557,1,2,0,57.4900,'0000-00-00','0000-00-00'),(2185,303,1,10,0,29.8700,'0000-00-00','0000-00-00'),(2184,303,1,5,0,31.6900,'0000-00-00','0000-00-00'),(2183,303,1,2,0,33.7800,'0000-00-00','0000-00-00'),(2180,817,1,2,0,69.5600,'0000-00-00','0000-00-00'),(2181,817,1,5,0,67.3900,'0000-00-00','0000-00-00'),(2182,817,1,10,0,65.3800,'0000-00-00','0000-00-00'),(2186,818,1,2,0,53.1800,'0000-00-00','0000-00-00'),(2187,818,1,5,0,51.5900,'0000-00-00','0000-00-00'),(2188,818,1,10,0,49.1100,'0000-00-00','0000-00-00'),(2189,307,1,2,0,53.1800,'0000-00-00','0000-00-00'),(2190,307,1,5,0,51.8800,'0000-00-00','0000-00-00'),(2191,307,1,10,0,49.3600,'0000-00-00','0000-00-00'),(2197,563,1,10,0,56.5800,'0000-00-00','0000-00-00'),(2196,563,1,5,0,59.3300,'0000-00-00','0000-00-00'),(2195,563,1,2,0,61.7800,'0000-00-00','0000-00-00'),(2198,819,1,2,0,59.5600,'0000-00-00','0000-00-00'),(2199,819,1,5,0,57.3900,'0000-00-00','0000-00-00'),(2200,819,1,10,0,55.8600,'0000-00-00','0000-00-00'),(2201,308,1,2,0,49.1300,'0000-00-00','0000-00-00'),(2202,308,1,5,0,46.3300,'0000-00-00','0000-00-00'),(2203,308,1,10,0,43.3900,'0000-00-00','0000-00-00'),(2204,564,1,2,0,63.7900,'0000-00-00','0000-00-00'),(2205,564,1,5,0,61.7900,'0000-00-00','0000-00-00'),(2206,564,1,10,0,59.4900,'0000-00-00','0000-00-00'),(2207,821,1,2,0,51.6900,'0000-00-00','0000-00-00'),(2208,821,1,5,0,49.2600,'0000-00-00','0000-00-00'),(2209,821,1,10,0,46.9100,'0000-00-00','0000-00-00'),(2215,822,1,10,0,61.5500,'0000-00-00','0000-00-00'),(2214,822,1,5,0,64.8900,'0000-00-00','0000-00-00'),(2213,822,1,2,0,66.9100,'0000-00-00','0000-00-00'),(2216,567,1,2,0,44.1600,'0000-00-00','0000-00-00'),(2217,567,1,5,0,43.1100,'0000-00-00','0000-00-00'),(2218,567,1,10,0,41.8700,'0000-00-00','0000-00-00'),(2219,447,1,2,0,65.4900,'0000-00-00','0000-00-00'),(2220,447,1,5,0,63.6900,'0000-00-00','0000-00-00'),(2221,447,1,10,0,61.7600,'0000-00-00','0000-00-00');

--
-- Table structure for table `oc_product_filter`
--

CREATE TABLE `oc_product_filter` (
  `product_id` int(11) NOT NULL,
  `filter_id` int(11) NOT NULL,
  PRIMARY KEY (`product_id`,`filter_id`)
) ENGINE=MyISAM DEFAULT CHARSET=utf8;

--
-- Dumping data for table `oc_product_filter`
--


--
-- Table structure for table `oc_product_image`
--

CREATE TABLE `oc_product_image` (
  `product_image_id` int(11) NOT NULL AUTO_INCREMENT,
  `product_id` int(11) NOT NULL,
  `image` varchar(255) DEFAULT NULL,
  `sort_order` int(3) NOT NULL DEFAULT '0',
  PRIMARY KEY (`product_image_id`),
  KEY `product_id` (`product_id`)
) ENGINE=MyISAM AUTO_INCREMENT=5788 DEFAULT CHARSET=utf8;

--
-- Dumping data for table `oc_product_image`
--

INSERT INTO `oc_product_image` VALUES (2551,66,'catalog/asus/A31-K56_2.jpg',0),(2550,66,'catalog/asus/A31-K56_1.jpg',0),(2549,65,'catalog/C31-X402_4.jpg',0),(2548,65,'catalog/C31-X402_3.jpg',0),(2547,65,'catalog/C31-X402_2.jpg',0),(2546,65,'catalog/C31-X402_1.jpg',0),(2545,64,'catalog/42T5279_4.jpg',0),(2544,64,'catalog/42T5279_3.jpg',0),(2543,64,'catalog/42T52792.jpg',0),(2542,63,'catalog/PX03XL_1.jpg',0),(2541,63,'catalog/PX03XL_2.jpg',0),(2540,62,'catalog/EL04XL_1.jpg',0),(2539,61,'catalog/NP03XL_2.jpg',0),(2538,61,'catalog/NP03XL_1.jpg',0),(2537,60,'catalog/A31N1302_2.jpg',0),(2536,60,'catalog/A31N1302_3.jpg',0),(2535,60,'catalog/A31N1302_1.jpg',0),(2534,59,'catalog/A42N1403.jpg',0),(2533,59,'catalog/A42N1403_2.jpg',0),(2532,58,'catalog/A32-M70_1.jpg',0),(2531,58,'catalog/A32-M70_2.jpg',0),(2529,58,'catalog/A32-M70_4.jpg',0),(2530,58,'catalog/A32-M70_3.jpg',0),(5404,56,'catalog/huwei/O1CN01dUZ3Ix1IsE5Hj4Jwm_!!2503900948.jpeg',0),(5403,56,'catalog/huwei/O1CN01nbOFmA1IsE5BsFZ2Q_!!2503900948.jpeg',0),(5402,56,'catalog/huwei/O1CN01GHdvVi1IsE5JSZlhX_!!2503900948.jpeg',0),(5407,55,'catalog/huwei/O1CN018F9HkW1IsEE6SNWWU_!!2503900948.jpeg',0),(5422,514,'catalog/BTY-M6H(1).jpg',0),(5406,55,'catalog/huwei/O1CN01xQDlR01IsEE9WikPb_!!2503900948.jpeg',0),(5405,55,'catalog/huwei/O1CN01TdbZxf1IsEEBovrFd_!!2503900948.jpeg',0),(5409,54,'catalog/huwei/Product Code_b.png',0),(5412,53,'catalog/hps/SU06XL(1).jpg',0),(5408,54,'catalog/huwei/Product Code_c.png',0),(5415,52,'catalog/lenovo/01AV423(2).jpg',0),(5414,52,'catalog/lenovo/01AV423(3).jpg',0),(5413,52,'catalog/lenovo/01AV423(1).jpg',0),(5401,51,'catalog/asus/c21n1613-battery-for-asus-chromebook-flip-c302ca-gu012-c302ca-dh54-a2393.jpg',0),(5400,51,'catalog/asus/c21n1613-battery-for-asus-chromebook-flip-c302ca-gu012-c302ca-dh54-a2394.jpg',0),(5390,128,'catalog/hps/BG06XL(2).jpg',0),(5375,50,'catalog/asus/c21n1401-battery-for-asus-x455la-x454ld-f455l-f455-y483l-laptops-a2391.jpg',0),(5410,53,'catalog/hps/SU06XL(3).jpg',0),(5411,53,'catalog/hps/SU06XL(2).jpg',0),(5374,50,'catalog/asus/c21n1401-battery-for-asus-x455la-x454ld-f455l-f455-y483l-laptops-a2390.jpg',0),(5373,50,'catalog/asus/c21n1401-battery-for-asus-x455la-x454ld-f455l-f455-y483l-laptops-a2392.jpg',0),(2552,66,'catalog/asus/A31-K56_4.jpg',0),(2553,66,'catalog/asus/A31-K56_3.jpg',0),(2554,66,'catalog/asus/A31-K56_5.jpg',0),(2555,67,'catalog/hp-battery/PI06_4.jpg',0),(2556,67,'catalog/hp-battery/PI06_2.jpg',0),(2557,67,'catalog/hp-battery/PI06_3.jpg',0),(2558,67,'catalog/hp-battery/PI06_5.jpg',0),(2559,67,'catalog/hp-battery/PI06_1.jpg',0),(2560,68,'catalog/lenovo/L12M4E01_1.jpg',0),(2561,69,'catalog/lenovo/45N1042_1.jpg',0),(2562,69,'catalog/lenovo/45N1042_2.jpg',0),(2563,70,'catalog/lenovo/00NY490_1.jpg',0),(2564,71,'catalog/lenovo/L11C2P32_1.jpg',0),(2565,71,'catalog/lenovo/L11C2P32_3.jpg',0),(2566,72,'catalog/dell/9K1VP_1.jpg',0),(2567,72,'catalog/dell/9K1VP_2.jpg',0),(2568,73,'catalog/dell/FR463_2.jpg',0),(2569,73,'catalog/dell/FR463.jpg',0),(2570,73,'catalog/dell/FR463_1.jpg',0),(2571,74,'catalog/dell/M5Y0X_1.jpg',0),(2572,74,'catalog/dell/M5Y0X_2.jpg',0),(2573,75,'catalog/dell/TRHFF_1.jpg',0),(2574,75,'catalog/dell/TRHFF_2.jpg',0),(2575,76,'catalog/dell/DFVYN_1.jpg',0),(2576,76,'catalog/dell/DFVYN_2.jpg',0),(2577,77,'catalog/dell/4RXFK_3.jpg',0),(2578,77,'catalog/dell/4RXFK_1.jpg',0),(2579,77,'catalog/dell/4RXFK_2.jpg',0),(2580,78,'catalog/dell/M164C_1.jpg',0),(2581,78,'catalog/dell/M164C_2.jpg',0),(2582,79,'catalog/toshiba/PA5107U-1BRS_1.jpg',0),(2583,80,'catalog/toshiba/PA5157U.jpg',0),(2584,81,'catalog/toshiba/PA5013U.jpg',0),(2585,82,'catalog/toshiba/PA3783U-1BRS_4.jpg',0),(2586,82,'catalog/toshiba/PA3783U-1BRS_3.jpg',0),(2587,82,'catalog/toshiba/PA3783U-1BRS_2.jpg',0),(2588,82,'catalog/toshiba/PA3783U-1BRS_1.jpg',0),(2589,83,'catalog/sony/VGP-BPS33_2.jpg',0),(2590,83,'catalog/sony/VGP-BPS33_3.jpg',0),(2591,83,'catalog/sony/VGP-BPS33_1.jpg',0),(2592,84,'catalog/BPS35A.jpg',0),(2593,85,'catalog/sony/BPS34.jpg',0),(2594,86,'catalog/samsung/PBYN4AB.jpg',0),(2595,87,'catalog/samsung/PBYN8AB.jpg',0),(2596,88,'catalog/samsung/AAPBZN2TP.jpg',0),(2597,88,'catalog/samsung/PBZN2TP.jpg',0),(2598,89,'catalog/acer/AP11D4F.jpg',0),(2599,89,'catalog/acer/AP13J4K.jpg',0),(5368,90,'catalog/acer/AC14B8K(1).jpg',0),(2603,91,'catalog/acer/AP13B3K_2.jpg',0),(2604,91,'catalog/acer/AP13B3K_1.jpg',0),(2605,92,'catalog/acer/AS10B31_3.jpg',0),(2606,92,'catalog/acer/AS10B31_1.jpg',0),(2607,92,'catalog/acer/AS10B31_2.jpg',0),(2608,93,'catalog/acer/AL12B32_3.jpg',0),(2609,93,'catalog/acer/AL12B32_2.jpg',0),(2610,93,'catalog/acer/AL12B32_1.jpg',0),(2611,94,'catalog/acer/AS09A71_3.jpg',0),(2612,94,'catalog/acer/AS09A71_1.jpg',0),(2613,94,'catalog/acer/AS09A71_2.jpg',0),(2614,95,'catalog/acer/A41X550E.jpg',0),(2615,96,'catalog/asus/C12N1320_2.jpg',0),(2616,96,'catalog/asus/C12N1320_3.jpg',0),(2617,96,'catalog/asus/C12N1320_1.jpg',0),(2618,97,'catalog/asus/A42G750.jpg',0),(2619,97,'catalog/asus/G750.jpg',0),(2620,98,'catalog/asus/C23_UX21.jpg',0),(2621,98,'catalog/asus/C23_UX21_1.jpg',0),(2622,98,'catalog/asus/C23UX21.jpg',0),(2623,99,'catalog/asus/A31N1319.jpg',0),(2624,99,'catalog/asus/A31LJ91.jpg',0),(2625,100,'catalog/toshiba/PA5024U1BRS.jpg',0),(2626,100,'catalog/toshiba/PA5024U.jpg',0),(2627,101,'catalog/hp-battery/HS04_3.jpg',0),(2628,101,'catalog/hp-battery/HS04_2.jpg',0),(2629,101,'catalog/hp-battery/HS04_1.jpg',0),(2630,102,'catalog/dell/C4K9V_2.jpg',0),(2631,102,'catalog/dell/C4K9V_1.jpg',0),(2632,103,'catalog/dell/V79Y0_1.jpg',0),(2633,104,'catalog/dell/268x5_1.jpg',0),(2634,104,'catalog/dell/268x5_2.jpg',0),(2635,104,'catalog/dell/268x5_3.jpg',0),(2636,105,'catalog/dell/F681T_4.jpg',0),(2637,105,'catalog/dell/F681T_1.jpg',0),(2638,105,'catalog/dell/F681T_2.jpg',0),(2639,105,'catalog/dell/F681T_3.jpg',0),(2640,105,'catalog/dell/F681T_5.jpg',0),(2641,106,'catalog/hp-battery/BT04XL_2.jpg',0),(2642,106,'catalog/hp-battery/BT04XL_1.jpg',0),(2643,107,'catalog/lenovo/L11L6R01.jpg',0),(2644,107,'catalog/lenovo/L11L6R01_1.jpg',0),(2645,107,'catalog/lenovo/L11L6R01_2.jpg',0),(2646,107,'catalog/lenovo/L11L6R01_3.jpg',0),(2647,108,'catalog/dell/9KGF8_2.jpg',0),(2648,108,'catalog/dell/9KGF8_1.jpg',0),(2649,109,'catalog/lenovo/L12S4Z51_1.jpg',0),(2650,109,'catalog/lenovo/L12S4Z51_3.jpg',0),(2651,109,'catalog/lenovo/L12S4Z51_2.jpg',0),(2652,110,'catalog/samsung/AA-PBVN3AB.jpg',0),(2653,111,'catalog/samsung/PBZN6PN.jpg',0),(2654,112,'catalog/samsung/PBXN8AR.jpg',0),(2655,112,'catalog/samsung/AA PBXN8AR.jpg',0),(2656,113,'catalog/dell/2F8K3_4.jpg',0),(2657,113,'catalog/dell/2F8K3_1.jpg',0),(2658,113,'catalog/dell/2F8K3_2.jpg',0),(2659,113,'catalog/dell/2F8K3_3.jpg',0),(2660,114,'catalog/asus/C31N1330_1.jpg',0),(2661,115,'catalog/asus/C21N1333_2.jpg',0),(2662,115,'catalog/asus/C21N1333_1.jpg',0),(2663,116,'catalog/asus/U47.jpg',0),(2664,116,'catalog/asus/A42U47.jpg',0),(2665,116,'catalog/asus/A41-U47.jpg',0),(2666,116,'catalog/asus/A32-U47.jpg',0),(2667,117,'catalog/dell/G5M10.jpg',0),(2668,117,'catalog/dell/G5mio.jpg',0),(2669,118,'catalog/hp-battery/AO02XL_1.jpg',0),(2670,118,'catalog/hp-battery/A002XL.jpg',0),(2671,119,'catalog/toshiba/PABA243.jpg',0),(2672,119,'catalog/toshiba/PABAs243.jpg',0),(2673,119,'catalog/toshiba/PA3884U.jpg',0),(2674,120,'catalog/toshiba/PA5209U.jpg',0),(2675,121,'catalog/toshiba/PA3451U.jpg',0),(2676,121,'catalog/toshiba/PA3451U-1BRS.jpg',0),(2677,121,'catalog/toshiba/PA3465U.jpg',0),(2678,122,'catalog/toshiba/PA3533U-1BRS.jpg',0),(2679,122,'catalog/toshiba/PA3534U.jpg',0),(2680,122,'catalog/toshiba/PA3533U.jpg',0),(2681,123,'catalog/acer/AS10D41.jpg',0),(2682,123,'catalog/acer/AS10D51.jpg',0),(2683,123,'catalog/acer/AS10D61.jpg',0),(2684,123,'catalog/acer/AS10D56.jpg',0),(2685,124,'catalog/asus/A32N1331_2.jpg',0),(2686,124,'catalog/asus/A32N1331_3.jpg',0),(2687,124,'catalog/asus/A32N1331_1.jpg',0),(2688,125,'catalog/toshiba/PA3634.jpg',0),(2689,125,'catalog/toshiba/PA3634U-1BAS.jpg',0),(2690,125,'catalog/toshiba/PA3819U.jpg',0),(2691,126,'catalog/asus/B31N1429_1.jpg',0),(2692,126,'catalog/asus/B31N1429_3.jpg',0),(2693,126,'catalog/asus/B31N1429_5.jpg',0),(2694,126,'catalog/asus/B31N1429_2.jpg',0),(2695,126,'catalog/asus/B31N1429_4.jpg',0),(2696,127,'catalog/hp-battery/HSTNN-LB6M.jpg',0),(5392,128,'catalog/hps/BG06XL(3).jpg',0),(5391,128,'catalog/hps/BG06XL(1).jpg',0),(2699,129,'catalog/asus/C21N1508_1.jpg',0),(2700,130,'catalog/sony/VGP-BPS26A.jpg',0),(2701,130,'catalog/sony/VGP-BPS26.jpg',0),(2702,131,'catalog/sony/VGP-BPL9.jpg',0),(2703,131,'catalog/sony/BPL9.jpg',0),(2704,131,'catalog/sony/VGP-BPS9A.jpg',0),(2705,131,'catalog/sony/VGP-BPS9.jpg',0),(2706,132,'catalog/sony/BPS40.jpg',0),(2707,132,'catalog/sony/VGPBPS40.jpg',0),(2708,133,'catalog/hp-battery/PR06_1.jpg',0),(2709,133,'catalog/hp-battery/PR06_2.jpg',0),(2710,134,'catalog/hp-battery/DT06.jpg',0),(2711,134,'catalog/hp-battery/IB16.jpg',0),(2712,134,'catalog/hp-battery/HSTNN-DB08.jpg',0),(2713,134,'catalog/hp-battery/365750-004.jpg',0),(2714,135,'catalog/hp-battery/BL06.jpg',0),(2715,136,'catalog/asus/C21N1309_1.jpg',0),(2716,137,'catalog/acer/AL10B31_3.jpg',0),(2717,137,'catalog/acer/AL10B31_2.jpg',0),(2718,137,'catalog/acer/AL10B31_1.jpg',0),(2719,138,'catalog/acer/AL12A32_2.jpg',0),(2720,138,'catalog/acer/AL12A32_1.jpg',0),(2721,139,'catalog/hp-battery/mini5101.jpg',0),(2722,139,'catalog/hp-battery/HSTNN-UB0G.jpg',0),(2723,139,'catalog/hp-battery/HSTNN-DB0G.jpg',0),(2724,140,'catalog/hp-battery/EG04XL_3.jpg',0),(2725,140,'catalog/hp-battery/EG04XL_1.jpg',0),(2726,140,'catalog/hp-battery/EG04XL_2.jpg',0),(2727,141,'catalog/hp-battery/HD04XL_2.jpg',0),(2728,141,'catalog/hp-battery/HD04XL_1.jpg',0),(2729,142,'catalog/hp-battery/sl04xl_1.jpg',0),(2730,142,'catalog/hp-battery/sl04xl_2.jpg',0),(2731,143,'catalog/lenovo/L13L4A61_1.jpg',0),(2732,144,'catalog/dell/MFKVP_3.jpg',0),(2733,144,'catalog/dell/MFKVP_2.jpg',0),(2734,144,'catalog/dell/MFKVP_1.jpg',0),(2735,145,'catalog/dell/CGMN2_2.jpg',0),(2736,145,'catalog/dell/CGMN2_1.jpg',0),(2737,145,'catalog/dell/CGMN2_5.jpg',0),(2738,145,'catalog/dell/CGMN2_4.jpg',0),(2739,145,'catalog/dell/CGMN2_3.jpg',0),(2740,146,'catalog/hp-battery/MO06_2.jpg',0),(2741,146,'catalog/hp-battery/MO06_1.jpg',0),(2742,147,'catalog/samsung/AAPB9NC6B.jpg',0),(2743,147,'catalog/samsung/PB9NC6B.jpg',0),(2744,148,'catalog/samsung/PLZN4NP.jpg',0),(2745,148,'catalog/samsung/AAPLZN4NP.jpg',0),(2746,149,'catalog/lenovo/00HW020_2.jpg',0),(2747,149,'catalog/lenovo/00HW020_3.jpg',0),(2748,149,'catalog/lenovo/00HW020_1.jpg',0),(2749,150,'catalog/hp-battery/hstnn-lb6p.jpg',0),(2750,151,'catalog/lenovo/45N1773.jpg',0),(2751,151,'catalog/lenovo/121500144.jpg',0),(2752,152,'catalog/hp-battery/HSTNN-PB6Q.jpg',0),(2753,152,'catalog/hp-battery/r104.jpg',0),(2754,152,'catalog/hp-battery/HSTNN-DB7B.jpg',0),(2755,152,'catalog/hp-battery/HSTNNDB7B.jpg',0),(2756,153,'catalog/lenovo/42T4590_2.jpg',0),(2757,153,'catalog/lenovo/42T4589.jpg',0),(2758,153,'catalog/lenovo/45K2177.jpg',0),(2759,154,'catalog/hp-battery/KI04_1.jpg',0),(2760,154,'catalog/hp-battery/KI04_2.jpg',0),(2761,154,'catalog/hp-battery/KI04_3.jpg',0),(2762,155,'catalog/toshiba/PA3594U.jpg',0),(2763,155,'catalog/toshiba/PA3593U.jpg',0),(2764,155,'catalog/toshiba/PA3594U-1BRS.jpg',0),(2765,156,'catalog/toshiba/PA3930U-1BRS.jpg',0),(2766,156,'catalog/toshiba/PA3930U.jpg',0),(2767,156,'catalog/toshiba/PA3833U.jpg',0),(2768,156,'catalog/toshiba/PA3832U.jpg',0),(2769,156,'catalog/toshiba/PA3833U-1BRS.jpg',0),(2770,157,'catalog/toshiba/PA3399U.jpg',0),(2771,157,'catalog/toshiba/PA3478U-1BAS.jpg',0),(2772,157,'catalog/toshiba/PA3478U.jpg',0),(2773,158,'catalog/toshiba/PA5123U.jpg',0),(2774,159,'catalog/sony/VGP-BPS30(2).jpg',0),(2775,159,'catalog/sony/VGPBPS30.jpg',0),(2776,159,'catalog/sony/VGP-BPS30(1).jpg',0),(2777,160,'catalog/dell/WJ5R2(1).jpg',0),(2778,161,'catalog/dell/PT6V8(5).jpg',0),(2779,161,'catalog/dell/PT6V8(4).jpg',0),(2780,161,'catalog/dell/PT6V8(3).jpg',0),(5435,162,'catalog/hps/LP03XL(1).jpg',0),(2782,163,'catalog/hp-battery/KK04XL_1.jpg',0),(2783,164,'catalog/lenovo/00HW028.png',0),(2784,165,'catalog/lenovo/42T4929_2.jpg',0),(2785,165,'catalog/lenovo/42T4929_1.jpg',0),(2786,165,'catalog/lenovo/42T4930.jpg',0),(2787,166,'catalog/acer/AP14A8M_1.jpg',0),(2788,167,'catalog/hp-battery/TP02XL_6.jpg',0),(2789,167,'catalog/hp-battery/TP02XL_5.jpg',0),(2790,167,'catalog/hp-battery/TP02XL_4.jpg',0),(2791,167,'catalog/hp-battery/TP02XL_3.jpg',0),(2792,167,'catalog/hp-battery/TP02XL_2.jpg',0),(2793,167,'catalog/hp-battery/TP02XL_1.jpg',0),(2794,168,'catalog/hp-battery/SB03XL_1.jpg',0),(2795,168,'catalog/hp-battery/SB03XL_2.jpg',0),(2796,168,'catalog/hp-battery/SB03XL_3.jpg',0),(2797,169,'catalog/hp-battery/MU06_3.jpg',0),(2798,169,'catalog/hp-battery/MU06_2.jpg',0),(2799,169,'catalog/hp-battery/MU06_1.jpg',0),(2800,170,'catalog/hp-battery/KP03_1.jpg',0),(2801,170,'catalog/hp-battery/KP06.jpg',0),(2802,171,'catalog/dell/JD25G_3.jpg',0),(2803,171,'catalog/dell/JD25G_2.jpg',0),(2804,171,'catalog/dell/JD25G_1.jpg',0),(2805,172,'catalog/asus/C22UX31.jpg',0),(2806,172,'catalog/asus/C22-UX31(2).jpg',0),(2807,172,'catalog/asus/C22-UX31(1).jpg',0),(2808,173,'catalog/dell/ToTRM.jpg',0),(2809,174,'catalog/dell/4DV4C_1.jpg',0),(2810,174,'catalog/dell/4DV4C_2.jpg',0),(2811,174,'catalog/dell/4DV4C_3.jpg',0),(2812,175,'catalog/dell/F7HVR_1.jpg',0),(2813,175,'catalog/dell/F7HVR_2.jpg',0),(2814,175,'catalog/dell/F7HVR_3.jpg',0),(2815,176,'catalog/lenovo/00HW046(1).png',0),(2816,177,'catalog/lenovo/L15C4A02.jpg',0),(2817,177,'catalog/lenovo/L15C3A01.jpg',0),(2818,178,'catalog/lenovo/00HW007(1).jpg',0),(2819,178,'catalog/lenovo/00HW007(2).jpg',0),(2820,179,'catalog/lenovo/00HW001(1).jpg',0),(2821,180,'catalog/lenovo/L14L4P72(2).jpg',0),(2822,180,'catalog/lenovo/L14L4P72(1).jpg',0),(2823,181,'catalog/asus/C12N1419(1).jpg',0),(2824,182,'catalog/hp-battery/PG03XL(1).jpg',0),(2825,183,'catalog/lenovo/45N1757(1).jpg',0),(2826,183,'catalog/lenovo/45N1757(2).jpg',0),(2827,184,'catalog/dell/G05YJ(3).jpg',0),(2828,184,'catalog/dell/G05YJ(1).jpg',0),(2829,184,'catalog/dell/G05YJ(2).jpg',0),(2830,185,'catalog/dell/BTYVOY1(3).jpg',0),(2831,185,'catalog/dell/BTYVOY1(2).jpg',0),(2832,185,'catalog/dell/BTYVOY1(1).jpg',0),(2833,186,'catalog/hp-battery/LA04(1).jpg',0),(2834,186,'catalog/hp-battery/LA04(2).jpg',0),(2835,187,'catalog/lenovo/42T4708(3).jpg',0),(2836,187,'catalog/lenovo/42T4708(1).jpg',0),(2837,188,'catalog/dell/VJXMC(2).jpg',0),(2838,188,'catalog/dell/VJXMC(1).jpg',0),(2839,189,'catalog/dell/271J9(1).jpg',0),(2840,190,'catalog/lenovo/42T4977(2).jpg',0),(2841,190,'catalog/lenovo/42T4977(1).jpg',0),(2842,191,'catalog/dell/4GVGH(1).jpg',0),(2843,192,'catalog/hp-battery/RM08(4).jpg',0),(2844,192,'catalog/hp-battery/RM08(3).jpg',0),(2845,192,'catalog/hp-battery/RM08(2).jpg',0),(2846,193,'catalog/hp-battery/PK03XL(2).jpg',0),(2847,193,'catalog/hp-battery/PK03XL.jpg',0),(2848,194,'catalog/hp-battery/TG03XL(1).jpg',0),(2849,195,'catalog/asus/C31S551.jpg',0),(5710,196,'catalog/hps/BO03XL(1).jpg',0),(5709,196,'catalog/hps/BO03XL(3).jpg',0),(2852,197,'catalog/hp-battery/BI03XL(1).jpg',0),(2853,198,'catalog/hp-battery/PS03.jpg',0),(2854,199,'catalog/hp-battery/LR08XL(2).jpg',0),(2855,199,'catalog/hp-battery/LR08XL(3).jpg',0),(2856,199,'catalog/hp-battery/LR08XL(4).jpg',0),(2857,199,'catalog/hp-battery/LR08XL(5).jpg',0),(2858,199,'catalog/hp-battery/LR08XL(6).jpg',0),(2859,200,'catalog/hp-battery/ME03XL(1).jpg',0),(2860,201,'catalog/hp-battery/at02xl(1).jpg',0),(2861,202,'catalog/hp-battery/MA02XL(2).jpg',0),(2862,202,'catalog/hp-battery/MA02XL(1).jpg',0),(2863,203,'catalog/hp-battery/DA02XL(1).jpg',0),(2864,204,'catalog/lenovo/L11M4P13(1).jpg',0),(2865,204,'catalog/lenovo/L11M4P13(2).jpg',0),(2866,205,'catalog/lenovo/L13M2P23(2).jpg',0),(2867,205,'catalog/lenovo/L13M2P23(1).jpg',0),(2868,206,'catalog/lenovo/L14C3K31(1).jpg',0),(2869,207,'catalog/lenovo/42T4847(3).jpg',0),(2870,207,'catalog/lenovo/42T4847(2).jpg',0),(2871,207,'catalog/lenovo/42T4847(1).jpg',0),(2872,208,'catalog/hp-battery/VT06.jpg',0),(2873,209,'catalog/hp-battery/RG04XL(2).jpg',0),(2874,209,'catalog/hp-battery/RG04XL(1).jpg',0),(5713,210,'catalog/asus/C21N1347(3).jpg',0),(2876,211,'catalog/acer/AP12E3K(2).jpg',0),(2877,211,'catalog/acer/AP12E3K(1).jpg',0),(2878,212,'catalog/lenovo/45N1706.jpg',0),(2879,213,'catalog/lenovo/L10M4P12(2).jpg',0),(2880,213,'catalog/lenovo/L10M4P12(1).jpg',0),(2881,214,'catalog/samsung/AAPLZN2TP.jpg',0),(2882,215,'catalog/samsung/SP3496A8H(1).jpg',0),(2883,216,'catalog/fujitsu/fpcbp196_4_.jpg',0),(2884,216,'catalog/fujitsu/fpcbp196_3_.jpg',0),(2885,216,'catalog/fujitsu/fpcbp196_2_.jpg',0),(2886,217,'catalog/fujitsu/fpcbp344(1)_.jpg',0),(2887,218,'catalog/fujitsu/fpcbp276ap_1_.jpg',0),(2888,219,'catalog/fujitsu/fpcbp198_3.jpg',0),(2889,220,'catalog/accessories/Sleep-Mask(2).jpg',0),(2890,221,'catalog/Pet-Supplies/Dog-Cat-Pet-Feeding-Bowl(9).jpg',0),(2891,221,'catalog/Pet-Supplies/Dog-Cat-Pet-Feeding-Bowl(10).jpg',0),(2892,221,'catalog/Pet-Supplies/Dog-Cat-Pet-Feeding-Bowl(8).jpg',0),(2893,221,'catalog/Pet-Supplies/Dog-Cat-Pet-Feeding-Bowl(7).jpg',0),(2894,221,'catalog/Pet-Supplies/Dog-Cat-Pet-Feeding-Bowl(6).jpg',0),(2895,221,'catalog/Pet-Supplies/Dog-Cat-Pet-Feeding-Bowl(5).jpg',0),(2896,221,'catalog/Pet-Supplies/Dog-Cat-Pet-Feeding-Bowl(4).jpg',0),(2897,221,'catalog/Pet-Supplies/Dog-Cat-Pet-Feeding-Bowl(3).jpg',0),(2898,221,'catalog/Pet-Supplies/Dog-Cat-Pet-Feeding-Bowl(2).jpg',0),(2899,221,'catalog/Pet-Supplies/Dog-Cat-Pet-Feeding-Bowl(1).jpg',0),(2900,222,'catalog/Pet-Supplies/Tailup-Pet-Puppy-Dog-Hat(12).jpg',0),(2901,222,'catalog/Pet-Supplies/Tailup-Pet-Puppy-Dog-Hat(11).jpg',0),(2902,222,'catalog/Pet-Supplies/Tailup-Pet-Puppy-Dog-Hat(10).jpg',0),(2903,222,'catalog/Pet-Supplies/Tailup-Pet-Puppy-Dog-Hat(9).jpg',0),(2904,222,'catalog/Pet-Supplies/Tailup-Pet-Puppy-Dog-Hat(8).jpg',0),(2905,222,'catalog/Pet-Supplies/Tailup-Pet-Puppy-Dog-Hat(7).jpg',0),(2906,222,'catalog/Pet-Supplies/Tailup-Pet-Puppy-Dog-Hat(6).jpg',0),(2907,222,'catalog/Pet-Supplies/Tailup-Pet-Puppy-Dog-Hat(5).jpg',0),(2908,222,'catalog/Pet-Supplies/Tailup-Pet-Puppy-Dog-Hat(4).jpg',0),(2909,222,'catalog/Pet-Supplies/Tailup-Pet-Puppy-Dog-Hat(3).jpg',0),(2910,222,'catalog/Pet-Supplies/Tailup-Pet-Puppy-Dog-Hat(2).jpg',0),(2911,223,'catalog/accessories/Variety-magic-scarf(2).jpg',0),(2912,224,'catalog/accessories/Seatbelt-Pillow-Baby-Auto-Pillow(7).jpg',0),(2913,224,'catalog/accessories/Seatbelt-Pillow-Baby-Auto-Pillow(5).jpg',0),(2914,224,'catalog/accessories/Seatbelt-Pillow-Baby-Auto-Pillow(4).jpg',0),(2915,224,'catalog/accessories/Seatbelt-Pillow-Baby-Auto-Pillow(6).jpg',0),(2916,225,'catalog/accessories/Kung-Fu-Four-Little-Monks(2).jpg',0),(2917,226,'catalog/hp-battery/WR03XL(1).jpg',0),(2918,227,'catalog/asus/B21N1329(3).jpg',0),(2919,227,'catalog/asus/B21N1329(2).jpg',0),(2920,227,'catalog/asus/B21N1329(1).jpg',0),(5441,228,'catalog/hps/CS03XL(1).jpg',0),(2922,229,'catalog/hp-battery/SN03XL(2).jpg',0),(2923,229,'catalog/hp-battery/SN03XL(1).jpg',0),(2924,230,'catalog/accessories/Microfiber-Leather-car-steering-wheel-cover(2).jpg',0),(2925,230,'catalog/accessories/Microfiber-Leather-car-steering-wheel-cover(1).jpg',0),(2926,230,'catalog/accessories/Microfiber-Leather-car-steering-wheel-cover(4).jpg',0),(2927,231,'catalog/lenovo/45N1751.jpg',0),(2928,232,'catalog/dell/9MGCD(1).jpg',0),(2929,232,'catalog/dell/9MGCD(3).jpg',0),(2930,232,'catalog/dell/9MGCD(2).jpg',0),(2931,233,'catalog/lenovo/45N1165(2).jpg',0),(2932,233,'catalog/lenovo/45N1165(1).jpg',0),(2933,234,'catalog/accessories/Universal-Dry-and-Wet-Super-Suction-Cleaner(7).jpg',0),(2934,234,'catalog/accessories/Universal-Dry-and-Wet-Super-Suction-Cleaner(8).jpg',0),(2935,234,'catalog/accessories/Universal-Dry-and-Wet-Super-Suction-Cleaner(6).jpg',0),(2936,235,'catalog/accessories/AC-Electric-Air-Pump-Inflator-Inflatable-Suction(9).jpg',0),(2937,235,'catalog/accessories/AC-Electric-Air-Pump-Inflator-Inflatable-Suction(8).jpg',0),(2938,236,'catalog/dell/357F9(3).jpg',0),(2939,236,'catalog/dell/357F9(4).jpg',0),(2940,236,'catalog/dell/357F9(3).jpg',0),(2941,237,'catalog/dell/VH748(2).jpg',0),(2942,237,'catalog/dell/VH748(1).jpg',0),(2943,238,'catalog/lenovo/L15M4PC0(1).png',0),(2944,239,'catalog/hp-battery/SK02XL(2).jpg',0),(2945,239,'catalog/hp-battery/SK02XL(1).jpg',0),(2946,240,'catalog/dell/7WMM7(4).jpg',0),(2947,240,'catalog/dell/7WMM7(3).jpg',0),(2948,240,'catalog/dell/7WMM7(2).jpg',0),(5701,241,'catalog/asus/B31N1336(1).jpg',0),(2950,242,'catalog/asus/C31N1411(1).jpg',0),(2951,243,'catalog/asus/A41N1501(1).jpg',0),(2952,243,'catalog/asus/A41N1501(2).jpg',0),(2953,243,'catalog/asus/A41N1501(3).jpg',0),(2954,244,'catalog/dell/HXFHF(1).jpg',0),(2955,244,'catalog/dell/HXFHF(2).jpg',0),(2956,245,'catalog/asus/A41N1424(1).jpg',0),(2957,245,'catalog/asus/A41N1424(2).jpg',0),(2958,246,'catalog/hp-battery/PH06(1).jpg',0),(2959,246,'catalog/hp-battery/PH06(2).jpg',0),(2960,246,'catalog/hp-battery/PH06(3).jpg',0),(2961,246,'catalog/hp-battery/PH06(4).jpg',0),(2962,247,'catalog/hp-battery/MY02XL(3).jpg',0),(2963,247,'catalog/hp-battery/MY02XL(1).jpg',0),(2964,247,'catalog/hp-battery/MY02XL(2).jpg',0),(2965,248,'catalog/hp-battery/LE03XL(2).jpg',0),(2966,248,'catalog/hp-battery/LE03XL(1).jpg',0),(2967,249,'catalog/dell/2H2G4(1).jpg',0),(2968,250,'catalog/asus/C12N1435(1).jpg',0),(5544,251,'catalog/lenovo/45N1702(1).jpg',0),(2970,252,'catalog/asus/C32N750.jpg',0),(2971,253,'catalog/toshiba/PA5185U-1BRS(1).jpg',0),(2972,253,'catalog/toshiba/PA5185U-1BRS(2).jpg',0),(2973,254,'catalog/dell/5KG27(1).jpg',0),(2974,254,'catalog/dell/5KG27(2).jpg',0),(2975,255,'catalog/dell/DGGGT(2).jpg',0),(2976,255,'catalog/dell/DGGGT(1).jpg',0),(5399,256,'catalog/hps/TE03XL(2).jpg',0),(5385,257,'catalog/hps/RO04XL(1).jpg',0),(5384,257,'catalog/hps/RO04XL(2).jpg',0),(5383,257,'catalog/hps/RO04XL(3).jpg',0),(5533,258,'catalog/hps/BU03XL(2).jpg',0),(5532,258,'catalog/hps/BU03XL(1).jpg',0),(5428,259,'catalog/asus/B21N1404(1).jpg',0),(5427,259,'catalog/asus/B21N1404(2).jpg',0),(5426,259,'catalog/asus/B21N1404(3).jpg',0),(4275,260,'',0),(5446,261,'catalog/asus/C32N1415(2).jpg',0),(5452,263,'catalog/acer/AP13J3K(1).jpg',0),(5448,262,'catalog/dell/3V806.jpg',0),(5454,263,'catalog/acer/AP13J3K(2).jpg',0),(5462,264,'catalog/lenovo/L14S4P22(1).jpg',0),(5461,264,'catalog/lenovo/L14S4P22(2).jpg',0),(5460,264,'catalog/lenovo/L14S4P22(3).jpg',0),(2994,265,'catalog/asus/C21N1401(2).jpg',0),(2995,265,'catalog/asus/C21N1401(3).jpg',0),(2996,265,'catalog/asus/C21N1401(4).jpg',0),(5471,266,'catalog/dell/GK5KY(1).jpg',0),(5477,267,'catalog/lenovo/L12M3A01(4).jpg',0),(5476,267,'catalog/lenovo/L12M3A01(3).jpg',0),(3000,268,'catalog/asus/B21N1505(3).jpg',0),(3001,268,'catalog/asus/B21N1505(2).jpg',0),(3002,268,'catalog/asus/B21N1505(1).jpg',0),(5495,269,'catalog/hps/SH03XL(4).jpg',0),(5494,269,'catalog/hps/SH03XL(3).jpg',0),(5506,526,'catalog/hps/VK04(3).jpg',0),(5503,270,'catalog/hps/CD02(1).jpg',0),(5510,271,'catalog/dell/PDNM2(1).jpg',0),(5514,272,'catalog/dell/6JHDV(2).jpg',0),(5513,272,'catalog/dell/6JHDV(1).jpg',0),(5367,90,'catalog/acer/AC14B8K(3).jpg',0),(5521,273,'catalog/lenovo/45N1743(1).jpg',0),(5526,274,'catalog/dell/PWKWM(2).jpg',0),(5525,274,'catalog/dell/PWKWM(1).jpg',0),(5541,275,'catalog/lenovo/00HW030(3).jpg',0),(5540,275,'catalog/lenovo/00HW030(2).jpg',0),(5537,276,'catalog/dell/TM9HP(1).jpg',0),(5550,277,'catalog/dell/NGGX5(3).jpg',0),(5557,278,'catalog/dell/VHR5P(1).jpg',0),(3019,279,'catalog/dell/1MCXM(1).jpg',0),(5573,280,'catalog/acer/AS16B5J(3).jpg',0),(5572,280,'catalog/acer/AS16B5J(1).jpg',0),(5582,537,'catalog/BTY-M6F(2).jpg',0),(5579,281,'catalog/dell/J60J5(3).jpg',0),(5578,281,'catalog/dell/J60J5(2).jpg',0),(5577,281,'catalog/dell/J60J5(1).jpg',0),(5589,282,'catalog/lenovo/L16C4PB1(1).jpg',0),(3027,283,'catalog/dell/J130N(2).gif',0),(3028,283,'catalog/dell/J130N(1).gif',0),(5600,284,'catalog/dell/WW116(1).jpg',0),(5612,285,'catalog/dell/7FF1K(1).jpg',0),(5611,285,'catalog/dell/7FF1K(2).jpg',0),(5610,285,'catalog/dell/7FF1K(3).jpg',0),(5623,542,'catalog/lenovo/BSNO4170A5-AT(3).jpg',0),(5621,286,'catalog/hps/VI04(3).jpg',0),(5620,286,'catalog/hps/VI04(2).jpg',0),(5619,286,'catalog/hps/VI04(1).jpg',0),(5630,287,'catalog/dell/J1KND(1).jpg',0),(5629,287,'catalog/dell/J1KND(2).jpg',0),(5628,287,'catalog/dell/J1KND(3).jpg',0),(5640,288,'catalog/acer/AL15A32(3).jpg',0),(5639,288,'catalog/acer/AL15A32(2).jpg',0),(5638,288,'catalog/acer/AL15A32(1).jpg',0),(3044,289,'catalog/acer/GARDA32(2).jpg',0),(3045,289,'catalog/acer/GARDA32(1).jpg',0),(3046,290,'catalog/acer/BATEFL50L6C40(1).jpg',0),(4821,291,'',0),(4820,291,'',0),(4819,291,'',0),(3050,292,'catalog/acer/SQU-401(1).jpg',0),(3051,293,'catalog/acer/BTP-59A1(1).jpg',0),(3052,293,'catalog/acer/BTP-59A1(2).jpg',0),(3053,293,'catalog/acer/BTP-59A1(3).jpg',0),(3054,293,'catalog/acer/BTP-59A1(4).jpg',0),(3055,294,'catalog/acer/SQU-405(1).jpg',0),(5677,551,'catalog/hps/OM03XL.jpg',0),(5673,295,'catalog/acer/AS07B31(1).jpg',0),(5680,296,'catalog/lenovo/01AV413(3).jpg',0),(5679,296,'catalog/lenovo/01AV413(1).jpg',0),(5685,297,'catalog/lenovo/00HW009(1).jpg',0),(5684,297,'catalog/lenovo/00HW009(2).jpg',0),(5683,297,'catalog/lenovo/00HW009(3).jpg',0),(3063,298,'catalog/acer/UM09E70(1).jpg',0),(3064,298,'catalog/acer/UM09E70(2).jpg',0),(3065,298,'catalog/acer/UM09E70(3).jpg',0),(3066,298,'catalog/acer/UM09E70(4).jpg',0),(3067,299,'catalog/acer/UM09H31(1).jpg',0),(3068,299,'catalog/acer/UM09H31(2).jpg',0),(3069,299,'catalog/acer/UM09H31(3).jpg',0),(3070,300,'catalog/acer/AS11A3E(1).gif',0),(5716,892,'catalog/asus/C41N2010(3).jpg',0),(5715,892,'catalog/asus/C41N2010(1).jpg',0),(5714,892,'catalog/asus/C41N2010(2).jpg',0),(5722,301,'catalog/acer/AL14A32(1).jpg',0),(5721,301,'catalog/acer/AL14A32(2).jpg',0),(5720,301,'catalog/acer/AL14A32(3).jpg',0),(3077,302,'catalog/acer/AL10C31(2).jpg',0),(3078,302,'catalog/acer/AL10C31(1).jpg',0),(5749,817,'catalog/HB4593J6ECW(2).jpg',0),(5748,817,'catalog/HB4593J6ECW(3).jpg',0),(5747,817,'catalog/HB4593J6ECW(4).jpg',0),(5751,303,'catalog/acer/AS07A31.jpg',0),(5736,561,'catalog/dell/DXGH8(3).jpg',0),(5735,561,'catalog/dell/DXGH8(2).jpg',0),(5733,560,'catalog/dell/X8VWF(2).jpg',0),(5698,304,'catalog/asus/A32-K53(1).jpg',0),(3087,305,'catalog/acer/AS10C7E(1).jpg',0),(3088,305,'catalog/acer/AS10C7E(2).jpg',0),(3089,305,'catalog/acer/AS10C7E(3).jpg',0),(3090,306,'catalog/acer/AL10F31(4).jpg',0),(3091,306,'catalog/acer/AL10F31(3).jpg',0),(3092,306,'catalog/acer/AL10F31(2).jpg',0),(5758,563,'catalog/asus/C31N1602(3).jpg',0),(5753,307,'catalog/asus/C41-TAICHI31(1).jpg',0),(5765,308,'catalog/dell/WDX0R(1).jpg',0),(5764,308,'catalog/dell/WDX0R(2).jpg',0),(5763,308,'catalog/dell/WDX0R(3).jpg',0),(3098,309,'catalog/MC5450BP(1).jpg',0),(3099,310,'catalog/BATKEX00L4(1).jpg',0),(3100,311,'catalog/sony/VGP-BPS19(1).jpg',0),(3101,312,'catalog/sony/VGP-BPS39(1).jpg',0),(3102,313,'catalog/lenovo/L15D2K31.jpg',0),(3103,314,'catalog/asus/A31-U24(2).jpg',0),(3104,314,'catalog/asus/A31-U24(3).jpg',0),(3105,314,'catalog/asus/A31-U24(1).jpg',0),(3106,315,'catalog/lenovo/45N1149(3).jpg',0),(3107,315,'catalog/lenovo/45N1149(2).jpg',0),(3108,315,'catalog/lenovo/45N1149(1).jpg',0),(3109,316,'catalog/asus/A42-G75(2).jpg',0),(3110,316,'catalog/asus/A42-G75(3).jpg',0),(3111,316,'catalog/asus/A42-G75(4).jpg',0),(3112,316,'catalog/asus/A42-G75(5).jpg',0),(3113,317,'catalog/asus/A32-Z94(3).jpg',0),(3114,317,'catalog/asus/A32-Z94(1).jpg',0),(3115,317,'catalog/asus/A32-Z94(2).jpg',0),(3116,318,'catalog/hp-battery/RI06XL.jpg',0),(3117,319,'catalog/asus/C21N1509(1).jpg',0),(3118,320,'catalog/asus/C21N1335(3).jpg',0),(3119,320,'catalog/asus/C21N1335(2).jpg',0),(3120,320,'catalog/asus/C21N1335(1).jpg',0),(3121,321,'catalog/asus/C21N1414(1).jpg',0),(3122,322,'catalog/asus/B31N1425(1).jpg',0),(3123,323,'catalog/asus/B31N1424(1).jpg',0),(3124,324,'catalog/asus/C21N1521(2).jpg',0),(3125,324,'catalog/asus/C21N1521(1).jpg',0),(3126,325,'catalog/asus/B31N1427(1).jpg',0),(3127,326,'catalog/lenovo/L14M4P72(1).jpg',0),(3128,327,'catalog/lenovo/01AV401(1).jpg',0),(3129,328,'catalog/lenovo/L15C4P71(2).jpg',0),(3130,328,'catalog/lenovo/L15C4P71(1).jpg',0),(3131,329,'catalog/asus/A32-1015(6).jpg',0),(3132,329,'catalog/asus/A32-1015(2).jpg',0),(3133,329,'catalog/asus/A32-1015(1).jpg',0),(3134,329,'catalog/asus/A32-1015(5).jpg',0),(3135,329,'catalog/asus/A32-1015(4).jpg',0),(3136,329,'catalog/asus/A32-1015(3).jpg',0),(3137,330,'catalog/asus/A32-U31(1).jpg',0),(3138,331,'catalog/asus/A32-F80(1).jpg',0),(3139,331,'catalog/asus/A32-F80(2).jpg',0),(3140,331,'catalog/asus/A32-F80(3).jpg',0),(3141,332,'catalog/asus/A32-N82(1).jpg',0),(3142,333,'catalog/lenovo/00HW023(1).jpg',0),(3143,334,'catalog/lenovo/00HW026.jpg',0),(3144,335,'catalog/asus/C22N1307(2).jpg',0),(3145,335,'catalog/asus/C22N1307(1).jpg',0),(3146,336,'catalog/lenovo/00HW043.jpg',0),(3147,337,'catalog/lenovo/L14L3P21(3).jpg',0),(3148,337,'catalog/lenovo/L14L3P21(2).jpg',0),(3149,337,'catalog/lenovo/L14L3P21(1).jpg',0),(3150,338,'catalog/lenovo/L14L2P22(1).jpg',0),(3151,338,'catalog/lenovo/L14L2P22(2).jpg',0),(3152,339,'catalog/asus/A32-UL20(1).jpg',0),(3153,339,'catalog/asus/A32-UL20(2).jpg',0),(3154,339,'catalog/asus/A32-UL20(3).jpg',0),(3155,340,'catalog/asus/A41-U36(1).jpg',0),(3156,341,'catalog/asus/A42-G73(3).jpg',0),(3157,341,'catalog/asus/A42-G73(2).jpg',0),(3158,341,'catalog/asus/A42-G73(1).jpg',0),(3159,342,'catalog/lenovo/L14S3P24(2).jpg',0),(3160,342,'catalog/lenovo/L14S3P24(1).jpg',0),(3161,343,'catalog/asus/A32-K55(1).jpg',0),(3162,343,'catalog/asus/A32-K55(2).jpg',0),(3163,344,'catalog/asus/A32-N50(1).jpg',0),(3164,345,'catalog/asus/A32-N55(2).jpg',0),(3165,345,'catalog/asus/A32-N55(3).jpg',0),(3166,345,'catalog/asus/A32-N55(4).jpg',0),(3167,346,'catalog/asus/A42-G74(3).jpg',0),(3168,346,'catalog/asus/A42-G74(2).jpg',0),(3169,346,'catalog/asus/A42-G74(1).jpg',0),(3170,347,'catalog/asus/A32-N56(2).jpg',0),(3171,347,'catalog/asus/A32-N56(1).jpg',0),(3172,348,'catalog/asus/A32-U46(1).jpg',0),(3173,348,'catalog/asus/A32-U46(3).jpg',0),(3174,348,'catalog/asus/A32-U46(2).jpg',0),(3175,348,'catalog/asus/A32-U46(4).jpg',0),(3176,349,'catalog/asus/A41-X550A(1).jpg',0),(3177,349,'catalog/asus/A41-X550A(2).jpg',0),(3178,350,'catalog/asus/A32-1025(4).jpg',0),(3179,350,'catalog/asus/A32-1025(2).jpg',0),(3180,350,'catalog/asus/A32-1025(3).jpg',0),(3181,351,'catalog/dell/GFKG3(1).jpg',0),(3182,351,'catalog/dell/GFKG3(2).jpg',0),(3183,351,'catalog/dell/GFKG3(3).jpg',0),(3184,351,'catalog/dell/GFKG3(4).jpg',0),(3185,352,'catalog/asus/A31N1519(1).jpg',0),(3186,352,'catalog/asus/A31N1519(2).jpg',0),(3187,353,'catalog/dell/9NJM1(1).jpg',0),(3188,354,'catalog/acer/AL12B72(1).jpg',0),(3189,354,'catalog/acer/AL12B72(2).jpg',0),(3190,355,'catalog/hp-battery/LK03XL(1).jpg',0),(3191,356,'catalog/hp-battery/CI03XL(2).jpg',0),(3192,356,'catalog/hp-battery/CI03XL(1).jpg',0),(3193,357,'catalog/hp-battery/CM03XL.jpg',0),(3194,357,'catalog/hp-battery/CM03XL(3).jpg',0),(3195,357,'catalog/hp-battery/CM03XL(2).jpg',0),(3196,358,'catalog/acer/AS16A5K(2).jpg',0),(3197,358,'catalog/acer/AS16A5K(1).jpg',0),(5444,359,'catalog/acer/AC14A8L(1).jpg',0),(3200,360,'catalog/hp-battery/OD06XL(2).jpg',0),(3201,360,'catalog/hp-battery/OD06XL(1).jpg',0),(3202,361,'catalog/hp-battery/DW02XL(2).jpg',0),(3203,361,'catalog/hp-battery/DW02XL(1).jpg',0),(3204,362,'catalog/hp-battery/TF03XL(1).jpg',0),(3205,363,'catalog/lenovo/00HW016.jpg',0),(3206,364,'catalog/dell/XCNR3(2).jpg',0),(3207,364,'catalog/dell/XCNR3(1).jpg',0),(3208,365,'catalog/asus/C11N1312(1).jpg',0),(3209,366,'catalog/asus/B31N1345(1).jpg',0),(3210,367,'catalog/hp-battery/CA06(2).jpg',0),(3211,367,'catalog/hp-battery/CA06(4).jpg',0),(3212,367,'catalog/hp-battery/CA06(1).jpg',0),(3213,367,'catalog/hp-battery/CA06(3).jpg',0),(3214,368,'catalog/lenovo/L15M4P20(3).jpg',0),(3215,368,'catalog/lenovo/L15M4P20(1).jpg',0),(3216,368,'catalog/lenovo/L15M4P20(2).jpg',0),(3217,369,'catalog/hp-battery/SE03XL(2).jpg',0),(3218,369,'catalog/hp-battery/SE03XL(1).jpg',0),(3219,370,'catalog/lenovo/L14M4P23(1).jpg',0),(3220,370,'catalog/lenovo/L14M4P23(2).jpg',0),(3221,371,'catalog/hp-battery/SW02XL(1).jpg',0),(3222,371,'catalog/hp-battery/SW02XL(2).jpg',0),(3223,372,'catalog/hp-battery/JC04(1).jpg',0),(3224,373,'catalog/clevo/W650BAT6.jpg',0),(3225,374,'catalog/hp-battery/GI02XL(1).jpg',0),(3226,375,'catalog/lenovo/01AV452(2).jpg',0),(3227,375,'catalog/lenovo/01AV452(1).jpg',0),(3228,376,'catalog/asus/C21-TX300P(1).jpg',0),(3229,377,'catalog/acer/BAT-711(1).jpg',0),(3230,378,'catalog/lenovo/ADLX45DLC3A(3).jpg',0),(3231,378,'catalog/lenovo/ADLX45DLC3A(4).jpg',0),(3232,378,'catalog/lenovo/ADLX45DLC3A(2).jpg',0),(3233,379,'catalog/hp-battery/MB04XL(2).jpg',0),(3234,379,'catalog/hp-battery/MB04XL(1).jpg',0),(5381,604,'catalog/hps/AD03XL(1).jpg',0),(5382,380,'catalog/asus/B31N1342(1).jpg',0),(3237,381,'catalog/sony/VGP-BPS22(2).jpg',0),(3238,381,'catalog/sony/VGP-BPS22(1).jpg',0),(3239,382,'catalog/hp-battery/NC8230(3).jpg',0),(3240,382,'catalog/hp-battery/NC8230(2).jpg',0),(3241,382,'catalog/hp-battery/NC8230(1).jpg',0),(3242,383,'catalog/asus/C32NI305(3).jpg',0),(3243,383,'catalog/asus/C32NI305(1).jpg',0),(3244,383,'catalog/asus/C32NI305(2).jpg',0),(3245,384,'catalog/dell/33YDH(1).jpg',0),(3246,385,'catalog/lenovo/L15L4A01(1).jpg',0),(3247,386,'catalog/hp-battery/VR03XL(1).jpg',0),(3248,386,'catalog/hp-battery/VR03XL(2).jpg',0),(3249,387,'catalog/hp-battery/DB03(2).jpg',0),(3250,387,'catalog/hp-battery/DB03(1).jpg',0),(3251,388,'catalog/lenovo/L14S4A01(1).jpg',0),(3252,388,'catalog/lenovo/L14S4A01(2).jpg',0),(3253,389,'catalog/lenovo/ADL170NDC3A(1).jpg',0),(3254,389,'catalog/lenovo/ADL170NDC3A(2).jpg',0),(3255,389,'catalog/lenovo/ADL170NDC3A(3).jpg',0),(3256,390,'catalog/lenovo/PA-1650-56LC(1).jpg',0),(3257,390,'catalog/lenovo/PA-1650-56LC(4).jpg',0),(3258,390,'catalog/lenovo/PA-1650-56LC(2).jpg',0),(3259,390,'catalog/lenovo/PA-1650-56LC(3).jpg',0),(3260,391,'catalog/lenovo/L13M4A01(1).jpg',0),(3261,392,'catalog/lenovo/L15M2PB2(2).jpg',0),(3262,393,'catalog/lenovo/01AV414.jpg',0),(3263,394,'catalog/panasonic/IMG_5082.JPG',0),(3264,394,'catalog/panasonic/IMG_5081.JPG',0),(3265,394,'catalog/panasonic/IMG_5080.JPG',0),(3266,394,'catalog/panasonic/IMG_5079.JPG',0),(3267,395,'catalog/panasonic/CF-VZSU65U(2).jpg',0),(3268,395,'catalog/panasonic/CF-VZSU65U(1).jpg',0),(3269,396,'catalog/dell/TKN25(3).jpg',0),(3270,396,'catalog/dell/TKN25(2).jpg',0),(3271,396,'catalog/dell/TKN25(1).jpg',0),(3272,397,'catalog/acer/AC13F8L.jpg',0),(3273,398,'catalog/lenovo/L14M4PB0(2).jpg',0),(3274,398,'catalog/lenovo/L14M4PB0(1).jpg',0),(3275,398,'catalog/lenovo/L14M4PB0(3).jpg',0),(5719,399,'catalog/hps/PO02XL(3).jpg',0),(5718,399,'catalog/hps/PO02XL(1).jpg',0),(5717,399,'catalog/hps/PO02XL(2).jpg',0),(3279,400,'catalog/hp-battery/BP02XL(1).jpg',0),(3280,401,'catalog/toshiba/PA5073U.jpg',0),(3281,402,'catalog/dell/RYXXH(1).jpg',0),(3282,403,'catalog/OTD017(1).jpg',0),(3283,403,'catalog/OTD017(2).jpg',0),(3284,403,'catalog/OTD017(3).jpg',0),(3285,404,'catalog/toshiba/PA5065U.jpg',0),(3286,405,'catalog/asus/C21N1409(2).jpg',0),(3287,405,'catalog/asus/C21N1409(1).jpg',0),(3288,406,'catalog/dell/3DDDG(1).jpg',0),(3289,407,'catalog/dell/93FTF(1).jpg',0),(3290,408,'catalog/toshiba/PA5136U.jpg',0),(3291,409,'catalog/lenovo/L14M2P21(1).jpg',0),(3292,410,'catalog/lenovo/ADL65WDD(2).jpg',0),(3293,410,'catalog/lenovo/ADL65WDD.jpg',0),(3294,411,'catalog/lenovo/ADLX36NCT2C(2).jpg',0),(3295,411,'catalog/lenovo/ADLX36NCT2C(1).jpg',0),(3296,411,'catalog/lenovo/ADLX36NCT2C.jpg',0),(3297,412,'catalog/lenovo/41A9734(3).jpg',0),(3298,412,'catalog/lenovo/41A9734(2).jpg',0),(3299,412,'catalog/lenovo/41A9734(1).jpg',0),(3300,413,'catalog/hp-battery/AR08XL(2).jpg',0),(3301,413,'catalog/hp-battery/AR08XL(1).jpg',0),(3302,414,'catalog/hp-battery/ML03XL(2).jpg',0),(3303,414,'catalog/hp-battery/ML03XL(1).jpg',0),(3304,415,'catalog/asus/B31N1402(1).jpg',0),(3305,415,'catalog/asus/B31N1402(2).jpg',0),(3306,416,'catalog/iX104(1).jpg',0),(3307,417,'catalog/toshiba/PA5212U-1BRS(2).jpg',0),(3308,417,'catalog/toshiba/PA5212U-1BRS(1).jpg',0),(3309,418,'catalog/hp-battery/RR03XL(1).jpg',0),(3310,419,'catalog/asus/C21-X202(1).jpg',0),(3311,420,'catalog/ADP882.jpg',0),(3312,420,'catalog/ADP881.jpg',0),(3313,420,'catalog/ADP883.jpg',0),(3314,421,'catalog/asus/C21N1423(3).jpg',0),(3315,421,'catalog/asus/C21N1423(2).jpg',0),(3316,421,'catalog/asus/C21N1423(1).jpg',0),(3317,422,'catalog/asus/A42N1520(2).jpg',0),(3318,422,'catalog/asus/A42N1520(3).jpg',0),(3319,422,'catalog/asus/A42N1520(1).jpg',0),(3320,423,'catalog/asus/AP22-T101MT(1).jpg',0),(3321,423,'catalog/asus/AP22-T101MT(2).jpg',0),(3322,424,'catalog/asus/B41N1304(1).jpg',0),(3323,425,'catalog/hp-battery/DO02XL(1).jpg',0),(3324,426,'catalog/sony/VGP-BPS24(5).jpg',0),(3325,426,'catalog/sony/VGP-BPS24(4).jpg',0),(3326,426,'catalog/sony/VGP-BPS24(3).jpg',0),(3327,426,'catalog/sony/VGP-BPS24(2).jpg',0),(3328,427,'catalog/samsung/AA-PBWN4AB(1).jpg',0),(3329,427,'catalog/samsung/AA-PBWN4AB(2).jpg',0),(3330,428,'catalog/clevo/P650BAT-4(1).jpg',0),(3331,429,'catalog/hp-battery/NU02XL(1).jpg',0),(3332,430,'catalog/hp-battery/NU03XL(1).jpg',0),(3333,431,'catalog/dell/2NJNF(1).jpg',0),(3334,431,'catalog/dell/2NJNF(2).jpg',0),(3335,432,'catalog/toshiba/PA5149U-1BRS(1).jpg',0),(3336,433,'catalog/sony/BPS38.jpg',0),(3337,434,'catalog/asus/B31N1346(1).jpg',0),(3338,435,'catalog/asus/A32N1405(1).jpg',0),(3339,435,'catalog/asus/A32N1405(2).jpg',0),(3340,436,'catalog/acer/ac13a3l(1).jpg',0),(3341,436,'catalog/acer/ac13a3l(2).jpg',0),(3342,437,'catalog/dell/74XCR(2).jpg',0),(3343,437,'catalog/dell/74XCR(1).jpg',0),(3344,438,'catalog/dell/GJKNX(3).jpg',0),(3345,438,'catalog/dell/GJKNX(2).jpg',0),(3346,439,'catalog/dell/PW23Y(2).jpg',0),(3347,439,'catalog/dell/PW23Y(1).jpg',0),(3348,440,'catalog/dell/191YN(1).jpg',0),(3349,440,'catalog/dell/191YN(3).jpg',0),(3350,440,'catalog/dell/191YN(2).jpg',0),(3351,441,'catalog/lenovo/L13S4P61(1).jpg',0),(3352,442,'catalog/dell/M5Y1K(1).jpg',0),(3353,442,'catalog/dell/M5Y1K(2).jpg',0),(3354,443,'catalog/dell/D2VF9(1).jpg',0),(3355,444,'catalog/asus/C21N1504(1).jpg',0),(3356,445,'catalog/hp-battery/MC06(3).jpg',0),(3357,445,'catalog/hp-battery/MC06(4).jpg',0),(3358,445,'catalog/hp-battery/MC06(2).jpg',0),(3359,446,'catalog/hp-battery/AI06XL(1).jpg',0),(5785,447,'catalog/hps/VV09XL(1).jpg',0),(3361,448,'catalog/asus/C41N550.jpg',0),(3362,449,'catalog/toshiba/PA5162U-1BRS(1).jpg',0),(3363,450,'catalog/asus/C21N1418(1).jpg',0),(3364,451,'catalog/asus/A31N1311(2).jpg',0),(3365,451,'catalog/asus/A31N1311(1).jpg',0),(3366,451,'catalog/asus/A31N1311(3).jpg',0),(3367,452,'catalog/hp-battery/VH08XL(1).jpg',0),(3368,453,'catalog/dell/KM742(1).jpg',0),(3369,454,'catalog/hp-battery/PA06(2).jpg',0),(3370,454,'catalog/hp-battery/PA06(3).jpg',0),(3371,454,'catalog/hp-battery/PA06(4).jpg',0),(3372,455,'catalog/hp-battery/PF06XL(1).jpg',0),(3373,456,'catalog/lenovo/45N1103.jpg',0),(3374,457,'catalog/hp-battery/VS03XL(1).jpg',0),(3375,458,'catalog/toshiba/PA5208U.jpg',0),(3376,459,'catalog/toshiba/PA5171U1BRS.jpg',0),(3377,460,'catalog/asus/C21N1530(1).jpg',0),(3378,461,'catalog/lenovo/L15M6P11(1).png',0),(3379,462,'catalog/lenovo/L14C3P60.jpg',0),(3380,463,'catalog/acer/AP13G3N(1).jpg',0),(3381,464,'catalog/lenovo/L15C4P22(1).jpg',0),(3382,465,'catalog/asus/C31N1538(1).jpg',0),(3383,466,'catalog/dell/W0Y6W(2).jpg',0),(3384,466,'catalog/dell/W0Y6W(1).jpg',0),(3385,467,'catalog/lenovo/00HW000(2).jpg',0),(3386,467,'catalog/lenovo/00HW000(1).jpg',0),(3387,468,'catalog/hp-battery/HV03XL(1).jpg',0),(3388,469,'catalog/lenovo/NC140BW1-2S1P(1).jpg',0),(3389,470,'catalog/lenovo/L13M4P21.jpg',0),(3390,471,'catalog/hp-battery/FP06XL(1).jpg',0),(3391,472,'catalog/lenovo/L13M6P71(1).jpg',0),(3392,473,'catalog/hp-battery/TE04XL(1).jpg',0),(3393,474,'catalog/hp-battery/A2304XL(1).jpg',0),(3394,475,'catalog/lenovo/45N1140(1).jpg',0),(5609,476,'catalog/asus/B31N1637(1).jpg',0),(3396,477,'catalog/dell/DJ1J0(1).jpg',0),(3397,478,'catalog/lenovo/L15L4PC2(1).jpg',0),(3398,479,'catalog/asus/TAICHI21.jpg',0),(3399,480,'catalog/asus/A31N1537(2).jpg',0),(3400,480,'catalog/asus/A31N1537(1).jpg',0),(5529,481,'catalog/asus/A31N1601(1).jpg',0),(5528,481,'catalog/asus/A31N1601(2).jpg',0),(5527,481,'catalog/asus/A31N1601(3).jpg',0),(3404,482,'catalog/hp-battery/DR02XL(1).jpg',0),(3405,483,'catalog/hp-battery/KB06XL(1).jpg',0),(3406,484,'catalog/lenovo/NB116(1).jpg',0),(3407,485,'catalog/asus/C31N1539(1).jpg',0),(3408,486,'catalog/lenovo/L16C4PB2(1).jpg',0),(3409,487,'catalog/BTY-L77(2).jpg',0),(3410,487,'catalog/BTY-L77(1).jpg',0),(3411,488,'catalog/sony/VGP-BPS27(1).jpg',0),(3412,489,'catalog/lenovo/45N1117(1).jpg',0),(3413,490,'catalog/clevo/W370BAT-8(2).jpg',0),(3414,490,'catalog/clevo/W370BAT-8(1).jpg',0),(3415,491,'catalog/asus/A41N1421(1).jpg',0),(3416,491,'catalog/asus/A41N1421(2).jpg',0),(3417,492,'catalog/hp-battery/SQU1208.jpg',0),(3418,493,'catalog/asus/B31N1534(1).jpg',0),(3419,494,'catalog/dell/V1P4C(1).jpg',0),(3420,495,'catalog/lenovo/01AV430(1).jpg',0),(3421,496,'catalog/hp-battery/WO03XL(1).jpg',0),(3422,497,'catalog/asus/BK03XL(1).jpg',0),(3423,497,'catalog/asus/BK03XL(2).jpg',0),(3424,498,'catalog/hp-battery/HSTNN-CA13(3).jpg',0),(3425,498,'catalog/hp-battery/HSTNN-CA13(1).jpg',0),(3426,498,'catalog/hp-battery/HSTNN-CA13.jpg',0),(3427,498,'catalog/hp-battery/HSTNN-CA13(4).jpg',0),(3428,499,'catalog/lenovo/L17L3P61(1).jpg',0),(3429,500,'catalog/asus/C21N1421(1).jpg',0),(3430,501,'catalog/asus/C32N1340(1).jpg',0),(3431,502,'catalog/lenovo/L14M4P21.jpg',0),(3432,503,'catalog/asus/C41N1531.jpg',0),(5560,504,'catalog/hps/JI04XL(3).jpg',0),(3434,505,'catalog/dell/4P8PH(2).jpg',0),(3435,505,'catalog/dell/4P8PH(1).jpg',0),(3436,506,'catalog/hp-battery/SR04XL(1).jpg',0),(3437,507,'catalog/asus/C31N1704(1).jpg',0),(3438,508,'catalog/hp-battery/TT03XL.jpg',0),(3439,509,'catalog/sony/VGPBPS41.jpg',0),(3440,510,'catalog/dell/F62G0(1).jpg',0),(3441,510,'catalog/dell/F62G0(3).jpg',0),(3442,510,'catalog/dell/F62G0(2).jpg',0),(3443,511,'catalog/lenovo/L13L4E61(2).jpg',0),(3444,511,'catalog/lenovo/L13L4E61(1).jpg',0),(5389,768,'catalog/N650BAT-6(3).jpg',0),(5388,768,'catalog/N650BAT-6(1).jpg',0),(5386,512,'catalog/asus/A32N1511(1).jpg',0),(5416,513,'catalog/asus/C21-TF201X(1).jpg',0),(5421,514,'catalog/BTY-M6H(2).jpg',0),(5420,514,'catalog/BTY-M6H(3).jpg',0),(5431,515,'catalog/dell/7CJRC(1).jpg',0),(5432,516,'catalog/sony/VGP-BPS21(1).jpg',0),(5447,517,'catalog/lenovo/00NY486(1).jpg',0),(5449,518,'catalog/hps/PW04XL (1).jpg',0),(5456,519,'catalog/acer/SQU-1605(1).jpg',0),(4450,520,'',0),(5468,521,'catalog/hps/GM02XL(3).jpg',0),(5473,522,'catalog/lenovo/L14C3K32(2).jpg',0),(5478,523,'catalog/061384(2).jpg',0),(5488,524,'catalog/hps/MG04XL(2).jpg',0),(5499,525,'catalog/hps/SH03XL(1).jpg',0),(5505,526,'catalog/hps/VK04(1).jpg',0),(5512,527,'catalog/hps/SN03XL.jpg',0),(5511,527,'catalog/hps/SN03XL(1).jpg',0),(3467,528,'catalog/hp-battery/FM08(1).jpg',0),(5369,529,'catalog/lenovo/0813004(1).jpg',0),(5530,530,'catalog/FMVNBP198.jpg',0),(5536,787,'catalog/dell/JK6Y6(1).jpg',0),(4639,531,'catalog/dell/DA130PM130(2).jpg',0),(4638,531,'catalog/dell/DA130PM130(1).jpg',0),(4637,531,'catalog/dell/DA130PM130(3).jpg',0),(5549,277,'catalog/dell/NGGX5(2).jpg',0),(5547,532,'catalog/A32-A15(1).jpg',0),(5546,532,'catalog/A32-A15(3).jpg',0),(5545,532,'catalog/A32-A15(2).jpg',0),(5556,278,'catalog/dell/VHR5P(2).jpg',0),(5554,789,'catalog/R15B01W(1).jpg',0),(5551,533,'catalog/BTY-L78(1).jpg',0),(3481,534,'catalog/toshiba/PA5137U.jpg',0),(5567,535,'catalog/B41N1711.jpg',0),(5378,536,'catalog/hps/AB06XL(3).jpg',0),(5581,537,'catalog/BTY-M6F(3).jpg',0),(5593,794,'catalog/asus/C41N1809(2).jpg',0),(5590,538,'catalog/acer/AS15B3N(1).jpg',0),(5596,539,'catalog/asus/C23N1606(3).jpg',0),(5602,540,'catalog/lenovo/0813007(2).jpg',0),(5615,541,'catalog/lenovo/L15L3PB1(3).jpg',0),(5624,542,'catalog/lenovo/BSNO4170A5-AT(2).jpg',0),(5633,543,'catalog/asus/B31N1535(3).jpg',0),(5642,544,'catalog/hps/CD03XL(2).jpg',0),(3493,545,'catalog/dell/WR050(1).jpg',0),(5650,546,'catalog/lenovo/L12M4A01(2).jpg',0),(5649,546,'catalog/lenovo/L12M4A01(1).jpg',0),(5659,547,'catalog/hps/TA03XL(2).jpg',0),(5658,547,'catalog/hps/TA03XL(3).jpg',0),(5660,548,'catalog/dell/T1G6P(1).jpg',0),(5669,549,'catalog/hps/SO04XL(1).jpg',0),(5668,549,'catalog/hps/SO04XL(2).jpg',0),(5672,550,'catalog/AA-PBXN4AR(3).jpg',0),(5676,551,'catalog/hps/OM03XL(3).jpg',0),(3504,552,'catalog/dell/6GTPY(1).jpg',0),(5688,553,'catalog/asus/C41N1524(3).jpg',0),(3506,554,'catalog/dell/GA240PE1-00(1).jpg',0),(3507,554,'catalog/dell/GA240PE1-00(3).jpg',0),(3508,554,'catalog/dell/GA240PE1-00(2).jpg',0),(3509,555,'catalog/lenovo/ADLX65NDC3A(1).jpg',0),(3510,555,'catalog/lenovo/ADLX65NDC3A(2).jpg',0),(5743,557,'catalog/lenovo/01AV407(2).jpg',0),(5740,556,'catalog/toshiba/PA5208U-1BRS(1).jpg',0),(5739,556,'catalog/toshiba/PA5208U-1BRS(2).jpg',0),(5742,557,'catalog/lenovo/01AV407(1).jpg',0),(5697,558,'catalog/lenovo/L12M4P21(1).jpg',0),(3516,559,'catalog/acer/AP16J8K(1).jpg',0),(5732,560,'catalog/dell/X8VWF(1).jpg',0),(5734,561,'catalog/dell/DXGH8(1).jpg',0),(3519,562,'catalog/dell/NNF1C(1).jpg',0),(5757,563,'catalog/asus/C31N1602(2).jpg',0),(5756,563,'catalog/asus/C31N1602(1).jpg',0),(5768,564,'catalog/asus/C41N1541(1).jpg',0),(5767,564,'catalog/asus/C41N1541(2).jpg',0),(5766,564,'catalog/asus/C41N1541(3).jpg',0),(3525,565,'catalog/asus/C41N1533(1).jpg',0),(3526,566,'catalog/dell/8WP5J(2).jpg',0),(3527,566,'catalog/dell/8WP5J(1).jpg',0),(3528,566,'catalog/dell/8WP5J(3).jpg',0),(5778,567,'catalog/asus/c31n1339(1).jpg',0),(5777,567,'catalog/asus/c31n1339(3).jpg',0),(5780,568,'catalog/asus/C31N1428(1).jpg',0),(3532,569,'catalog/dell/F3YGT(2).jpg',0),(3533,569,'catalog/dell/F3YGT(1).jpg',0),(3534,570,'catalog/dell/P63NY(4).jpg',0),(3535,570,'catalog/dell/P63NY(3).jpg',0),(3536,570,'catalog/dell/P63NY(1).jpg',0),(3537,570,'catalog/dell/P63NY(2).jpg',0),(3538,571,'catalog/dell/7VKV9(1).jpg',0),(3539,571,'catalog/dell/7VKV9(2).jpg',0),(3540,572,'catalog/SQU-1406(1).jpg',0),(3541,573,'catalog/lenovo/L14M3P23(2).jpg',0),(3542,573,'catalog/lenovo/L14M3P23(1).jpg',0),(3543,574,'catalog/asus/C21N1638(2).jpg',0),(3544,574,'catalog/asus/C21N1638(1).jpg',0),(3545,575,'catalog/hp-battery/SE04XL(1).jpg',0),(3546,576,'catalog/dell/DA130PE1-00(2).jpg',0),(3547,576,'catalog/dell/DA130PE1-00.jpg',0),(3548,577,'catalog/asus/C31-X502(4).jpg',0),(3549,577,'catalog/asus/C31-X502(3).jpg',0),(3550,577,'catalog/asus/C31-X502(2).jpg',0),(3551,578,'catalog/359498(1).jpg',0),(3552,578,'catalog/359498(2).jpg',0),(3553,579,'catalog/MSI/BTY-L76(2).jpg',0),(3554,579,'catalog/MSI/BTY-L76(1).jpg',0),(3555,580,'catalog/dell/6MT4T(3).jpg',0),(3556,580,'catalog/dell/6MT4T(1).jpg',0),(3557,581,'catalog/dell/34GKR(2).jpg',0),(3558,581,'catalog/dell/34GKR.jpg',0),(3559,582,'catalog/dell/3RNFD.jpg',0),(3560,582,'catalog/dell/3RNFD(1).jpg',0),(3561,583,'catalog/hp-battery/EO04XL(1).jpg',0),(3562,584,'catalog/hp-battery/OA04(2).jpg',0),(3563,584,'catalog/hp-battery/OA04(1).jpg',0),(3564,584,'catalog/hp-battery/OA04(3).jpg',0),(3565,585,'catalog/hp-battery/ON03XL(3).jpg',0),(3566,585,'catalog/hp-battery/ON03XL(2).jpg',0),(3567,585,'catalog/hp-battery/ON03XL(1).jpg',0),(3568,587,'catalog/dell/TDW5P(1).jpg',0),(3569,588,'catalog/lenovo/L15L4PC3(1).jpg',0),(3570,588,'catalog/lenovo/L15L4PC3(2).jpg',0),(3571,589,'catalog/lenovo/00HW010(1).jpg',0),(3572,589,'catalog/lenovo/00HW010(2).jpg',0),(3573,590,'catalog/lenovo/L17M6P71(1).jpg',0),(3574,591,'catalog/dell/1F22N(3).jpg',0),(3575,591,'catalog/dell/1F22N(2).jpg',0),(3576,592,'catalog/asus/B21N1506.jpg',0),(3577,593,'catalog/hp-battery/SG03XL(1).jpg',0),(3578,594,'catalog/acer/AP12F3J.jpg',0),(3579,595,'catalog/asus/B31N1632(1).jpg',0),(3580,595,'catalog/asus/B31N1632(2).jpg',0),(3581,595,'catalog/asus/B31N1632(3).jpg',0),(3582,596,'catalog/lenovo/L12S4Z01(3).jpg',0),(3583,596,'catalog/lenovo/L12S4Z01(2).jpg',0),(3584,596,'catalog/lenovo/L12S4Z01(1).jpg',0),(3585,597,'catalog/lenovo/45N1128(2).jpg',0),(3586,597,'catalog/lenovo/45N1128(1).jpg',0),(3587,598,'catalog/lenovo/00HW041(1).jpg',0),(5395,599,'catalog/hps/KC04XL(2).jpg',0),(5394,599,'catalog/hps/KC04XL(1).jpg',0),(3590,600,'catalog/hp-battery/TR03XL(1).jpg',0),(3591,601,'catalog/hp-battery/AP15O5L(2).jpg',0),(3592,601,'catalog/hp-battery/AP15O5L(1).jpg',0),(3593,602,'catalog/hp-battery/HSTNN-LB2S(4).jpg',0),(3594,602,'catalog/hp-battery/HSTNN-LB2S(1).jpg',0),(3595,602,'catalog/hp-battery/HSTNN-LB2S(2).jpg',0),(3596,602,'catalog/hp-battery/HSTNN-LB2S(3).jpg',0),(3597,603,'catalog/asus/C21N1430(1).jpg',0),(5380,604,'catalog/hps/AD03XL(2).jpg',0),(5379,604,'catalog/hps/AD03XL(3).jpg',0),(3600,605,'catalog/samsung/AA-PLAN6AR(2).jpg',0),(3601,605,'catalog/samsung/AA-PLAN6AR(1).jpg',0),(3602,605,'catalog/samsung/AA-PLAN6AR(3).jpg',0),(3603,606,'catalog/accessories/GNS-I60(1).jpg',0),(3604,606,'catalog/accessories/GNS-I60(2).jpg',0),(3605,607,'catalog/N150BAT-6(1).jpg',0),(3606,608,'catalog/asus/C21N1613(2).jpg',0),(3607,608,'catalog/asus/C21N1613(1).jpg',0),(3608,609,'catalog/hp-battery/CP03XL(1).jpg',0),(3609,610,'catalog/lenovo/L17M4PH1(3).jpg',0),(3610,610,'catalog/lenovo/L17M4PH1(2).jpg',0),(3611,611,'catalog/asus/C21N1634(1).jpg',0),(3612,611,'catalog/asus/C21N1634(2).jpg',0),(3613,612,'catalog/hp-battery/PL02XL(2).jpg',0),(3614,612,'catalog/hp-battery/PL02XL(3).jpg',0),(3615,612,'catalog/hp-battery/PL02XL(1).jpg',0),(3616,613,'catalog/hp-battery/MR03(1).jpg',0),(3617,614,'catalog/acer/AC14B13J(2).jpg',0),(3618,614,'catalog/acer/AC14B13J(1).jpg',0),(3619,615,'catalog/asus/B31N1726(3).jpg',0),(3620,615,'catalog/asus/B31N1726(1).jpg',0),(3621,615,'catalog/asus/B31N1726(2).jpg',0),(3622,616,'catalog/dell/51KD7(1).jpg',0),(3623,617,'catalog/lenovo/L18M4PG0(1).jpg',0),(3624,618,'catalog/lenovo/L16C2PB2(1).jpg',0),(3625,619,'catalog/acer/AC15A3J(2).jpg',0),(3626,619,'catalog/acer/AC15A3J(1).jpg',0),(3627,620,'catalog/hp-battery/HSTNN-LA25(2).jpg',0),(3628,620,'catalog/hp-battery/HSTNN-LA25(3).jpg',0),(3629,620,'catalog/hp-battery/HSTNN-LA25.jpg',0),(3630,621,'catalog/1536(1).jpg',0),(3631,621,'catalog/1536(2).jpg',0),(3632,621,'catalog/1536(3).jpg',0),(3633,622,'catalog/dell/JWPHF(3).jpg',0),(3634,622,'catalog/dell/JWPHF(1).jpg',0),(3635,622,'catalog/dell/JWPHF(2).jpg',0),(3636,623,'catalog/acer/AP12A3i(1).jpg',0),(3637,624,'catalog/acer/AC13C34(1).jpg',0),(3638,624,'catalog/acer/AC13C34(2).jpg',0),(3639,624,'catalog/acer/AC13C34(3).jpg',0),(3640,625,'catalog/dell/LA90PE1-01.jpg',0),(3641,625,'catalog/dell/LA90PE1-01(5).jpg',0),(3642,625,'catalog/dell/LA90PE1-01(4).jpg',0),(3643,625,'catalog/dell/LA90PE1-01(3).jpg',0),(3644,625,'catalog/dell/LA90PE1-01(1).jpg',0),(3645,626,'catalog/asus/PA-1650-93(5).jpg',0),(3646,626,'catalog/asus/PA-1650-93.jpg',0),(3647,626,'catalog/asus/PA-1650-93(3).jpg',0),(3648,627,'catalog/dell/ADP-65TH-F(2).jpg',0),(3649,627,'catalog/dell/ADP-65TH-F(3).jpg',0),(3650,627,'catalog/dell/ADP-65TH-F(5).jpg',0),(3651,628,'catalog/lenovo/45N1729(2).jpg',0),(3652,628,'catalog/lenovo/45N1729(1).jpg',0),(3653,629,'catalog/lenovo/L09S6Y02(1).jpg',0),(3654,629,'catalog/lenovo/L09S6Y02(3).jpg',0),(3655,629,'catalog/lenovo/L09S6Y02(2).jpg',0),(3656,630,'catalog/hp-battery/RA04.jpg',0),(3657,630,'catalog/hp-battery/RA04(2).jpg',0),(3658,631,'catalog/lenovo/L14D2P31(1).jpg',0),(3659,632,'catalog/acer/AL15B32(1).jpg',0),(3660,632,'catalog/acer/AL15B32(2).jpg',0),(3661,632,'catalog/acer/AL15B32(3).jpg',0),(3662,633,'catalog/panasonic/CF-VZSU48U(1).jpg',0),(3663,633,'catalog/panasonic/CF-VZSU48U(2).jpg',0),(3664,634,'catalog/MSI/BTY-S14(1).jpg',0),(3665,635,'catalog/hp-battery/WA03XL(1).jpg',0),(3666,636,'catalog/asus/ADP-120RH-B(1).jpg',0),(3667,636,'catalog/asus/ADP-120RH-B(2).jpg',0),(3668,636,'catalog/asus/ADP-120RH-B(3).jpg',0),(3669,637,'catalog/lenovo/L12L4K01(1).jpg',0),(3670,637,'catalog/lenovo/L12L4K01(2).jpg',0),(3671,638,'catalog/hp-battery/DN04XL(1).jpg',0),(3672,638,'catalog/hp-battery/DN04XL(2).jpg',0),(3673,638,'catalog/hp-battery/DN04XL(3).jpg',0),(3674,639,'catalog/asus/A41N1611(3).jpg',0),(3675,639,'catalog/asus/A41N1611(2).jpg',0),(3676,639,'catalog/asus/A41N1611(1).jpg',0),(3677,640,'catalog/clevo/W540BAT-6(1).jpg',0),(3678,641,'catalog/toshiba/PA3615U-1BRS(2).jpg',0),(3679,641,'catalog/toshiba/PA3615U-1BRS(1).jpg',0),(3680,642,'catalog/dell/W1193(2).jpg',0),(3681,642,'catalog/dell/W1193.jpg',0),(3682,643,'catalog/asus/A42-G55(1).jpg',0),(3683,644,'catalog/lenovo/01AV481(1).jpg',0),(3684,645,'catalog/dell/BTYAVG1(1).jpg',0),(3685,646,'catalog/hp-battery/ZG06XL(1).jpg',0),(3686,647,'catalog/hp-battery/HY04(3).jpg',0),(3687,647,'catalog/hp-battery/HY04(2).jpg',0),(3688,647,'catalog/hp-battery/HY04(1).jpg',0),(3689,648,'catalog/lenovo/L16M4PB0(1).jpg',0),(3690,649,'catalog/lenovo/L16M6PC1(1).jpg',0),(3691,649,'catalog/lenovo/L16M6PC1(2).jpg',0),(3692,650,'catalog/asus/B41N1526(2).jpg',0),(3693,650,'catalog/asus/B41N1526(1).jpg',0),(3694,650,'catalog/asus/B41N1526(3).jpg',0),(3695,651,'catalog/lenovo/L09M4P16(1).jpg',0),(3696,652,'catalog/lenovo/L15C3PB1(2).jpg',0),(3697,652,'catalog/lenovo/L15C3PB1(3).jpg',0),(3698,653,'catalog/dell/J0PGR(2).jpg',0),(3699,653,'catalog/dell/J0PGR(1).jpg',0),(3700,654,'catalog/asus/C41N1712(3).jpg',0),(3701,654,'catalog/asus/C41N1712(2).jpg',0),(3702,654,'catalog/asus/C41N1712(1).jpg',0),(3703,655,'catalog/asus/C31N1610(1).jpg',0),(3704,655,'catalog/asus/C31N1610(2).jpg',0),(5636,656,'catalog/lenovo/L17M4P71(1).jpg',0),(5635,656,'catalog/lenovo/L17M4P71(2).jpg',0),(5634,656,'catalog/lenovo/L17M4P71(3).jpg',0),(3708,657,'catalog/hp-battery/AS03XL(1).jpg',0),(3709,657,'catalog/hp-battery/AS03XL.jpg',0),(3710,658,'catalog/asus/C31N1620(1).png',0),(3711,659,'catalog/lenovo/42T4806(2).jpg',0),(3712,659,'catalog/lenovo/42T4806(1).jpg',0),(3713,660,'catalog/asus/C31N1636(1).jpg',0),(3714,660,'catalog/asus/C31N1636(2).jpg',0),(3715,661,'catalog/asus/BR04XL(1).jpg',0),(3716,662,'catalog/MSI/BTY-M6D(1).jpg',0),(3717,663,'catalog/asus/A32-T12(2).jpg',0),(3718,663,'catalog/asus/A32-T12.jpg',0),(3719,664,'catalog/lenovo/45N1096(1).jpg',0),(3720,665,'catalog/lenovo/L16L4PB3(2).jpg',0),(3721,665,'catalog/lenovo/L16L4PB3(1).jpg',0),(3722,666,'catalog/dell/X3PH0(2).jpg',0),(3723,666,'catalog/dell/X3PH0(1).jpg',0),(3724,667,'catalog/acer/AP13D3K(2).jpg',0),(3725,667,'catalog/acer/AP13D3K(1).jpg',0),(3726,667,'catalog/acer/AP13D3K(3).jpg',0),(3727,668,'catalog/lenovo/01AV420(1).jpg',0),(3728,668,'catalog/lenovo/01AV420(2).jpg',0),(3729,669,'catalog/asus/C31N1528(2).jpg',0),(3730,669,'catalog/asus/C31N1528(1).jpg',0),(3731,670,'catalog/MSI/BTY-M47(1).jpg',0),(3732,671,'catalog/clevo/P150HMBAT-8(1).jpg',0),(3733,671,'catalog/clevo/P150HMBAT-8(2).jpg',0),(3734,672,'catalog/lenovo/L13M4P71.jpg',0),(3735,672,'catalog/lenovo/L13M4P71(2).jpg',0),(3736,673,'catalog/asus/C32N1301(1).jpg',0),(3737,673,'catalog/asus/C32N1301(2).jpg',0),(3738,673,'catalog/asus/C32N1301(3).jpg',0),(3739,674,'catalog/dell/8M039(1).jpg',0),(3740,675,'catalog/lenovo/L13M4P01(1).jpg',0),(3741,676,'catalog/hp-battery/OL02XL(1).jpg',0),(3742,677,'catalog/asus/C21N1408(3).jpg',0),(3743,677,'catalog/asus/C21N1408(2).jpg',0),(3744,677,'catalog/asus/C21N1408(1).jpg',0),(3745,678,'catalog/toshiba/PA5076R-1BRS(2).jpg',0),(3746,678,'catalog/toshiba/PA5076R-1BRS(1).jpg',0),(3747,679,'catalog/clevo/P750BAT-8(1).jpg',0),(3748,680,'catalog/lenovo/L17C4PB2(2).jpg',0),(3749,680,'catalog/lenovo/L17C4PB2(1).jpg',0),(3750,681,'catalog/R10B01W(1).jpg',0),(3751,681,'catalog/R10B01W(2).jpg',0),(3752,682,'catalog/lenovo/LENM1029CWP(1).jpg',0),(3753,682,'catalog/lenovo/LENM1029CWP(2).jpg',0),(3754,683,'catalog/medion/A42-D17(1).png',0),(3755,683,'catalog/medion/A42-D17(2).png',0),(3756,684,'catalog/clevo/P157SMBAT-8(1).jpg',0),(3757,684,'catalog/clevo/P157SMBAT-8(2).jpg',0),(3758,684,'catalog/clevo/P157SMBAT-8(3).jpg',0),(3759,685,'catalog/lenovo/01AV447(2).jpg',0),(3760,685,'catalog/lenovo/01AV447(1).jpg',0),(3761,686,'catalog/lenovo/L17M3PG1(2).jpg',0),(3762,686,'catalog/lenovo/L17M3PG1(1).jpg',0),(3763,687,'catalog/lenovo/45N1089(1).jpg',0),(3764,688,'catalog/lenovo/00HW040(1).jpg',0),(3765,689,'catalog/lenovo/L15L3A03(2).jpg',0),(3766,689,'catalog/lenovo/L15L3A03(1).jpg',0),(3767,689,'catalog/lenovo/L15L3A03(3).jpg',0),(3768,690,'catalog/lenovo/L17L2PB1(1).jpg',0),(3769,691,'catalog/G15B01W(3).jpg',0),(3770,691,'catalog/G15B01W(2).jpg',0),(3771,691,'catalog/G15B01W(1).jpg',0),(3772,692,'catalog/hp-battery/ZO04XL(1).jpg',0),(3773,692,'catalog/hp-battery/ZO04XL(2).jpg',0),(3774,693,'catalog/asus/C22N1623(1).jpg',0),(3775,694,'catalog/asus/C31N1714(1).jpg',0),(3776,695,'catalog/lenovo/00UR891(1).jpg',0),(3777,696,'catalog/hp-battery/AH04XL(2).jpg',0),(3778,696,'catalog/hp-battery/AH04XL(1).jpg',0),(3779,696,'catalog/hp-battery/AH04XL(3).jpg',0),(3780,697,'catalog/lenovo/L14L4P24(1).jpg',0),(3781,698,'catalog/lenovo/45N1760(1).jpg',0),(3782,699,'catalog/toshiba/PA3820U-1BRS(2).jpg',0),(3783,699,'catalog/toshiba/PA3820U-1BRS(3).jpg',0),(3784,699,'catalog/toshiba/PA3820U-1BRS(1).jpg',0),(3785,700,'catalog/lenovo/L12M4P61(3).jpg',0),(3786,700,'catalog/lenovo/L12M4P61(2).jpg',0),(3787,700,'catalog/lenovo/L12M4P61(1).jpg',0),(3788,701,'catalog/lenovo/01AV432(1).jpg',0),(3789,702,'catalog/asus/A31N1719(1).jpg',0),(3790,703,'catalog/dell/H5H20(1).jpg',0),(3791,703,'catalog/dell/H5H20(2).jpg',0),(3792,703,'catalog/dell/H5H20(3).jpg',0),(3793,704,'catalog/hp-battery/SR03XL(2).jpg',0),(3794,704,'catalog/hp-battery/SR03XL(3).jpg',0),(3795,704,'catalog/hp-battery/SR03XL(1).jpg',0),(3796,705,'catalog/dell/YRDD6.jpg',0),(3797,705,'catalog/dell/YRDD6(1).jpg',0),(3798,705,'catalog/dell/YRDD6(3).jpg',0),(3799,706,'catalog/dell/0JV6J(1).jpg',0),(3800,706,'catalog/dell/0JV6J(2).jpg',0),(3801,707,'catalog/lenovo/42T4832(2).jpg',0),(3802,707,'catalog/lenovo/42T4832(1).jpg',0),(3803,708,'catalog/sony/VGP-BPS37(1).jpg',0),(3804,709,'catalog/983T2019F(1).jpg',0),(3805,710,'catalog/samsung/AA-PBTN2TP(1).jpg',0),(3806,711,'catalog/dell/VG93N(1).jpg',0),(3807,711,'catalog/dell/VG93N(2).jpg',0),(3808,712,'catalog/asus/C21-X502(1).jpg',0),(3809,713,'catalog/hp-battery/YB06XL(1).jpg',0),(3810,714,'catalog/dell/T05W1(1).jpg',0),(3811,715,'catalog/hp-battery/SS03XL(2).jpg',0),(3812,715,'catalog/hp-battery/SS03XL(1).jpg',0),(3813,715,'catalog/hp-battery/SS03XL(3).jpg',0),(3814,716,'catalog/dell/RRCGW(1).jpg',0),(3815,717,'catalog/lenovo/L15M4PC1(1).jpg',0),(3816,718,'catalog/lenovo/L17M3PG3(1).jpg',0),(3817,719,'catalog/MSI/BTY-M6J(1).jpg',0),(3818,719,'catalog/MSI/BTY-M6J(3).jpg',0),(3819,719,'catalog/MSI/BTY-M6J(4).jpg',0),(3820,720,'catalog/MSI/BTY-M6K(1).jpg',0),(3821,721,'catalog/panasonic/CF-VZSU46(2).jpg',0),(3822,721,'catalog/panasonic/CF-VZSU46(1).jpg',0),(3823,722,'catalog/clevo/N950BAT-6(1).jpg',0),(3824,723,'catalog/lenovo/01AV459(1).jpg',0),(3825,724,'catalog/hp-battery/EA02(1).jpg',0),(3826,725,'catalog/samsung/AA-PLVN4AR(1).jpg',0),(3827,726,'catalog/asus/B31N1635(1).jpg',0),(3828,727,'catalog/lenovo/L18M3PF7(4).jpg',0),(3829,727,'catalog/lenovo/L18M3PF7(1).jpg',0),(3830,727,'catalog/lenovo/L18M3PF7(2).jpg',0),(3831,727,'catalog/lenovo/L18M3PF7(3).jpg',0),(3832,728,'catalog/P370BAT-8.jpg',0),(3833,729,'catalog/NB50BAT-6(1).jpg',0),(3834,730,'catalog/lenovo/L18M4P72(1).jpg',0),(3835,730,'catalog/lenovo/L18M4P72(2).jpg',0),(3836,731,'catalog/asus/C21N1515(1).jpg',0),(3837,732,'catalog/asus/A32-M50(1).jpg',0),(3838,733,'catalog/lenovo/L17M4PB0(2).jpg',0),(3839,733,'catalog/lenovo/L17M4PB0(3).jpg',0),(3840,733,'catalog/lenovo/L17M4PB0(4).jpg',0),(3841,733,'catalog/lenovo/L17M4PB0(1).jpg',0),(3842,734,'catalog/GAG-J40(3).jpg',0),(3843,734,'catalog/GAG-J40(1).jpg',0),(3844,734,'catalog/GAG-J40(2).jpg',0),(3845,735,'catalog/hp-battery/RE03XL(1).jpg',0),(3846,735,'catalog/hp-battery/RE03XL(2).jpg',0),(3847,735,'catalog/hp-battery/RE03XL(3).jpg',0),(3848,736,'catalog/asus/C21N1618(3).jpg',0),(3849,736,'catalog/asus/C21N1618(2).jpg',0),(3850,736,'catalog/asus/C21N1618(1).jpg',0),(3851,737,'catalog/lenovo/L17L2PB4(4).jpg',0),(3852,737,'catalog/lenovo/L17L2PB4(1).jpg',0),(3853,737,'catalog/lenovo/L17L2PB4(3).jpg',0),(3854,737,'catalog/lenovo/L17L2PB4(2).jpg',0),(3855,738,'catalog/lenovo/BSNO427488-01(1).png',0),(3856,739,'catalog/dell/VFV59(1).jpg',0),(3857,739,'catalog/dell/VFV59(2).jpg',0),(3858,739,'catalog/dell/VFV59(3).jpg',0),(3859,740,'catalog/lenovo/L13M4P02(1).jpg',0),(3860,740,'catalog/lenovo/L13M4P02(2).jpg',0),(3861,740,'catalog/lenovo/L13M4P02(3).jpg',0),(3862,741,'catalog/acer/AP15A3R(1).jpg',0),(3863,742,'catalog/asus/B31N1707(1).jpg',0),(3864,743,'catalog/hp-battery/KN02XL(1).jpg',0),(3865,744,'catalog/SQU-1710(1).jpg',0),(3866,745,'catalog/MSI/BTY-M46(1).jpg',0),(3867,746,'catalog/panasonic/CF-VZSU51JS(1).jpg',0),(3868,747,'catalog/asus/C41N1619(1).jpg',0),(3869,748,'catalog/medion/A42-D15(1).jpg',0),(3870,749,'catalog/lenovo/L17M2PB2(2).jpg',0),(3871,749,'catalog/lenovo/L17M2PB2(1).jpg',0),(3872,750,'catalog/lenovo/L13C3E31(1).jpg',0),(3873,751,'catalog/dell/69KF2(1).jpg',0),(3874,752,'catalog/XLBM1(1).jpg',0),(3875,753,'catalog/lenovo/L16M4P60(2).jpg',0),(3876,753,'catalog/lenovo/L16M4P60(1).jpg',0),(3877,754,'catalog/lenovo/L17C3PB0(1).jpg',0),(3878,755,'catalog/lenovo/L17C4P72(2).jpg',0),(3879,755,'catalog/lenovo/L17C4P72(1).jpg',0),(3880,756,'catalog/lenovo/L10M4P11(1).jpg',0),(3881,759,'catalog/W130HUBAT-6(1).jpg',0),(3882,760,'catalog/hp-battery/724536-001(1).jpg',0),(3883,761,'catalog/hp-battery/RC06(1).jpg',0),(3884,763,'catalog/asus/B31N1729(1).jpg',0),(3885,764,'catalog/dell/MXV9V(2).jpg',0),(3886,764,'catalog/dell/MXV9V(1).jpg',0),(3887,765,'catalog/dell/K5XWW(1).jpg',0),(3888,766,'catalog/clevo/N240BAT-4(1).jpg',0),(5419,769,'catalog/SSBS73(1).jpg',0),(5418,769,'catalog/SSBS73(3).jpg',0),(5417,769,'catalog/SSBS73(2).jpg',0),(5425,770,'catalog/N15B01W(1).jpg',0),(5424,770,'catalog/N15B01W(2).jpg',0),(5423,770,'catalog/N15B01W(3).jpg',0),(5372,771,'catalog/dell/PN1VN(1).jpg',0),(5438,772,'catalog/acer/AP16L5J (1).jpg',0),(5459,773,'catalog/lenovo/L17M3PB1(1).jpg',0),(5458,773,'catalog/lenovo/L17M3PB1(3).jpg',0),(5453,263,'catalog/acer/AP13J3K(3).jpg',0),(5451,774,'catalog/GK5CN-00-13-3S1P-0(2).jpg',0),(5450,774,'catalog/N15B01W(1).jpg',0),(5695,775,'catalog/asus/C31N1811(1).jpg',0),(5465,776,'catalog/G15G(3).jpg',0),(5480,777,'catalog/lenovo/00HW016(1).jpg',0),(5481,778,'catalog/hps/SF02XL(1).jpg',0),(5485,779,'catalog/hps/PG03XL(2).jpg',0),(5484,779,'catalog/hps/PG03XL(1).jpg',0),(5491,780,'catalog/hps/AM06XL(2).jpg',0),(5490,780,'catalog/hps/AM06XL(3).jpg',0),(5502,781,'catalog/SQU-1711(3).jpg',0),(5509,782,'catalog/asus/C41N1727(1).jpg',0),(5508,782,'catalog/asus/C41N1727(3).jpg',0),(5517,783,'catalog/L16L4PB3(3).jpg',0),(5516,783,'catalog/L16L4PB3(2).jpg',0),(5515,783,'catalog/L16L4PB3(1).jpg',0),(5520,784,'catalog/asus/C31N1806(1).jpg',0),(5524,785,'catalog/lenovo/L17C3PE0(1).jpg',0),(5523,785,'catalog/lenovo/L17C3PE0(3).jpg',0),(5539,275,'catalog/lenovo/00HW030(4).jpg',0),(5531,786,'catalog/GI5KN-11-16-3S1P-0(1).jpg',0),(5535,787,'catalog/dell/JK6Y6(2).jpg',0),(5534,787,'catalog/dell/JK6Y6(3).jpg',0),(3923,788,'catalog/W840BAT-4(1).jpg',0),(5553,789,'catalog/R15B01W(2).jpg',0),(5552,789,'catalog/R15B01W(3).jpg',0),(5563,790,'catalog/hps/SY03XL(1).jpg',0),(5562,790,'catalog/hps/SY03XL(2).jpg',0),(5561,790,'catalog/hps/SY03XL(3).jpg',0),(5570,791,'catalog/lenovo/L19M4PD2(3).jpg',0),(5569,791,'catalog/lenovo/L19M4PD2(2).jpg',0),(5568,791,'catalog/lenovo/L19M4PD2(1).jpg',0),(5576,792,'catalog/lenovo/L17M4PG2(1).jpg',0),(5575,792,'catalog/lenovo/L17M4PG2(2).jpg',0),(5574,792,'catalog/lenovo/L17M4PG2(3).jpg',0),(5585,793,'catalog/C42N1728(3).jpg',0),(5592,794,'catalog/asus/C41N1809(1).jpg',0),(5599,795,'catalog/asus/C41N1814(1).jpg',0),(5598,795,'catalog/asus/C41N1814(2).jpg',0),(5597,795,'catalog/asus/C41N1814(3).jpg',0),(5606,796,'catalog/G3HTA061H(3).jpg',0),(5605,796,'catalog/G3HTA061H(1).jpg',0),(5618,797,'catalog/hps/BF04XL(1).jpg',0),(5627,798,'catalog/acer/AP16M5J(2).jpg',0),(5626,798,'catalog/acer/AP16M5J(1).jpg',0),(5637,799,'catalog/N130BAT-3(1).jpg',0),(5645,800,'catalog/NH50BAT-4(1).jpg',0),(5644,800,'catalog/NH50BAT-4(2).jpg',0),(5643,800,'catalog/NH50BAT-4(3).jpg',0),(5648,546,'catalog/lenovo/L12M4A01(3).jpg',0),(5647,801,'catalog/hps/SP04XL(2).jpg',0),(5646,801,'catalog/hps/SP04XL(1).jpg',0),(5653,802,'catalog/asus/A31N1730(3).jpg',0),(5652,802,'catalog/asus/A31N1730(2).jpg',0),(5651,802,'catalog/asus/A31N1730(1).jpg',0),(5662,803,'catalog/dell/XRGXX(3).jpg',0),(5666,804,'catalog/dell/DT9XG(2).jpg',0),(5665,804,'catalog/dell/DT9XG(1).jpg',0),(3960,805,'catalog/acer/AC16B7K(2).jpg',0),(3961,805,'catalog/acer/AC16B7K(1).jpg',0),(3962,806,'catalog/acer/AP17A7J(1).png',0),(3963,806,'catalog/acer/AP17A7J(2).png',0),(3964,807,'catalog/accessories/465595(3).jpg',0),(3965,807,'catalog/accessories/465595(1).jpg',0),(3966,807,'catalog/accessories/465595(2).jpg',0),(5682,808,'catalog/dell/4GVMP(2).jpg',0),(5691,809,'catalog/asus/B31N1732(1).jpg',0),(5690,809,'catalog/asus/B31N1732(2).jpg',0),(5689,809,'catalog/asus/B31N1732(3).jpg',0),(5731,810,'catalog/hps/PG06XL(1).jpg',0),(5730,810,'catalog/hps/PG06XL(2).jpg',0),(5729,810,'catalog/hps/PG06XL(3).jpg',0),(5725,811,'catalog/hps/SD03XL(3).jpg',0),(5728,812,'catalog/dell/J7HTX(1).jpg',0),(3976,813,'catalog/panasonic/cf-vzsu0kw(1).jpg',0),(3977,815,'catalog/asus/C22N1626(1).jpg',0),(3978,816,'catalog/lenovo/L19L3PF4(1).jpg',0),(5761,819,'catalog/hps/PP03XL(2).jpg',0),(5759,563,'catalog/asus/C31N1602(4).jpg',0),(5752,818,'catalog/lenovo/L11M3P01(1).jpg',0),(5760,819,'catalog/hps/PP03XL(1).jpg',0),(3983,820,'catalog/lenovo/L18M6PD1(1).jpg',0),(5771,821,'catalog/lenovo/L18M3PFA(3).jpg',0),(5770,821,'catalog/lenovo/L18M3PFA(2).jpg',0),(5769,821,'catalog/lenovo/L18M3PFA(1).jpg',0),(5776,822,'catalog/dell/H5CKD(2).jpg',0),(5775,822,'catalog/dell/H5CKD(1).jpg',0),(3989,823,'catalog/lenovo/L20D4PC1(1).jpg',0),(3990,824,'catalog/dell/CJ2K1(3).jpg',0),(3991,824,'catalog/dell/CJ2K1(2).jpg',0),(3992,824,'catalog/dell/CJ2K1(1).jpg',0),(3993,825,'catalog/lenovo/L19C4PG4(1).jpg',0),(3994,825,'catalog/lenovo/L19C4PG4(2).jpg',0),(3995,827,'catalog/hp-battery/BV02XL(3).jpg',0),(3996,827,'catalog/hp-battery/BV02XL(2).jpg',0),(3997,827,'catalog/hp-battery/BV02XL(1).jpg',0),(3998,828,'catalog/hp-battery/MM02XL(2).jpg',0),(3999,828,'catalog/hp-battery/MM02XL(1).jpg',0),(4000,829,'catalog/MSI/BTY-M49(1).jpg',0),(4001,829,'catalog/MSI/BTY-M49(3).jpg',0),(4002,829,'catalog/MSI/BTY-M49(2).jpg',0),(4003,830,'catalog/lenovo/L18M3P71(3).jpg',0),(4004,830,'catalog/lenovo/L18M3P71(1).jpg',0),(4005,830,'catalog/lenovo/L18M3P71(2).jpg',0),(4006,831,'catalog/lenovo/L20M4P72(2).jpg',0),(4007,831,'catalog/lenovo/L20M4P72(3).jpg',0),(4008,831,'catalog/lenovo/L20M4P72(1).jpg',0),(4009,832,'catalog/lenovo/L18L3PF7(2).jpg',0),(4010,832,'catalog/lenovo/L18L3PF7(1).jpg',0),(4011,832,'catalog/lenovo/L18L3PF7(3).jpg',0),(4012,834,'catalog/clevo/NL40BAT-3(1).jpg',0),(4013,835,'catalog/hp-battery/BN03XL(1).jpg',0),(4014,835,'catalog/hp-battery/BN03XL(2).jpg',0),(4015,835,'catalog/hp-battery/BN03XL(3).jpg',0),(4016,836,'catalog/hp-battery/LG04XL(1).jpg',0),(4017,837,'catalog/asus/C41N1716(1).jpg',0),(4018,837,'catalog/asus/C41N1716(2).jpg',0),(4019,837,'catalog/asus/C41N1716(3).jpg',0),(4020,838,'catalog/dell/Y9M6F(1).jpg',0),(4021,838,'catalog/dell/Y9M6F(2).jpg',0),(4022,839,'catalog/dell/9JM71(1).jpg',0),(4023,840,'catalog/asus/C41N1906-1(1).jpg',0),(4024,840,'catalog/asus/C41N1906-1(2).jpg',0),(4025,840,'catalog/asus/C41N1906-1.jpg',0),(4026,842,'catalog/HB4593R1ECW(2).jpg',0),(4027,842,'catalog/HB4593R1ECW(1).jpg',0),(4028,843,'catalog/hp-battery/SA04XL(2).jpg',0),(4029,843,'catalog/hp-battery/SA04XL.jpg',0),(4030,844,'catalog/lenovo/L17C3PG2(1).jpg',0),(4031,845,'catalog/lenovo/L19C3PF1(1).jpg',0),(4032,846,'catalog/lenovo/L19M4PF1(1).jpg',0),(4033,847,'catalog/lenovo/L19M4PC1.jpg',0),(4034,847,'catalog/lenovo/L19M4PC1(2).jpg',0),(4035,849,'catalog/accessories/G3HTA027H(1).jpg',0),(4036,849,'catalog/accessories/G3HTA027H(2).jpg',0),(4037,849,'catalog/accessories/G3HTA027H(3).jpg',0),(4038,850,'catalog/dell/4K1VM(1).jpg',0),(4039,850,'catalog/dell/4K1VM(2).jpg',0),(4040,850,'catalog/dell/4K1VM(3).jpg',0),(4041,851,'catalog/dell/V0GMT(1).jpg',0),(4042,851,'catalog/dell/V0GMT(3).jpg',0),(4043,851,'catalog/dell/V0GMT(2).jpg',0),(4044,852,'catalog/lenovo/L19C4PC2(1).jpg',0),(4045,853,'catalog/lenovo/L17C4PF0(3).jpg',0),(4046,853,'catalog/lenovo/L17C4PF0(1).jpg',0),(4047,853,'catalog/lenovo/L17C4PF0(2).jpg',0),(4048,854,'catalog/DAK822470K(2).jpg',0),(4049,855,'catalog/panasonic/CF-VZSU0PW(1).jpg',0),(4050,856,'catalog/hp-battery/ET04XL(3).jpg',0),(4051,856,'catalog/hp-battery/ET04XL(1).jpg',0),(4052,856,'catalog/hp-battery/ET04XL(2).jpg',0),(4053,857,'catalog/asus/C31N1831(3).jpg',0),(4054,857,'catalog/asus/C31N1831(2).jpg',0),(4055,857,'catalog/asus/C31N1831(1).jpg',0),(4056,858,'catalog/asus/C41N1715(3).jpg',0),(4057,858,'catalog/asus/C41N1715(2).jpg',0),(4058,858,'catalog/asus/C41N1715(1).jpg',0),(4059,859,'catalog/acer/AC17A8M(1).jpg',0),(4060,859,'catalog/acer/AC17A8M(3).jpg',0),(4061,859,'catalog/acer/AC17A8M(2).jpg',0),(4062,860,'catalog/lenovo/L19C4PD1(3).jpg',0),(4063,860,'catalog/lenovo/L19C4PD1(2).jpg',0),(4064,860,'catalog/lenovo/L19C4PD1(1).jpg',0),(4065,861,'catalog/asus/C41N1837(2).jpg',0),(4066,861,'catalog/asus/C41N1837(1).jpg',0),(4067,861,'catalog/asus/C41N1837(3).jpg',0),(4068,862,'catalog/lenovo/L18C4PF0(1).jpg',0),(4069,862,'catalog/lenovo/L18C4PF0(2).jpg',0),(4070,862,'catalog/lenovo/L18C4PF0(3).jpg',0),(4071,863,'catalog/acer/AP18E7M(1).jpg',0),(4072,863,'catalog/acer/AP18E7M(2).jpg',0),(4073,865,'catalog/asus/L17M2PF1(3).jpg',0),(4074,865,'catalog/asus/L17M2PF1(2).jpg',0),(4075,865,'catalog/asus/L17M2PF1(1).jpg',0),(4076,866,'catalog/lenovo/L18C3PF1(3).jpg',0),(4077,866,'catalog/lenovo/L18C3PF1(1).jpg',0),(4078,866,'catalog/lenovo/L18C3PF1(2).jpg',0),(4079,867,'catalog/A1527(2).jpg',0),(4080,867,'catalog/A1527(1).jpg',0),(4081,867,'catalog/A1527(3).jpg',0),(4082,868,'catalog/MSI/BTY-M57.jpg',0),(4083,868,'catalog/MSI/BTY-M57(3).jpg',0),(4084,869,'catalog/hp-battery/GH02XL(3).jpg',0),(4085,869,'catalog/hp-battery/GH02XL(1).jpg',0),(4086,869,'catalog/hp-battery/GH02XL(2).jpg',0),(4087,871,'catalog/hp-battery/GH02XL(1).jpg',0),(4088,871,'catalog/hp-battery/GH02XL(3).jpg',0),(4089,873,'catalog/NA125S(2).jpg',0),(4090,874,'catalog/dell/V6W33(1).jpg',0),(4091,875,'catalog/dell/RJ40G(1).jpg',0),(4092,875,'catalog/dell/RJ40G(2).jpg',0),(4093,875,'catalog/dell/RJ40G(3).jpg',0),(4094,876,'catalog/dell/WU946(1).jpg',0),(4095,876,'catalog/dell/WU946(3).jpg',0),(4096,876,'catalog/dell/WU946(2).jpg',0),(4097,877,'catalog/dell/71TG4(2).jpg',0),(4098,877,'catalog/dell/71TG4(3).jpg',0),(4099,877,'catalog/dell/71TG4(1).jpg',0),(4100,878,'catalog/dell/FM338(1).jpg',0),(4101,879,'catalog/hp-battery/SM03XL(1).jpg',0),(4102,879,'catalog/hp-battery/SM03XL(2).jpg',0),(4103,880,'catalog/asus/C41N1805(3).jpg',0),(4104,880,'catalog/asus/C41N1805(2).jpg',0),(4105,880,'catalog/asus/C41N1805(1).jpg',0),(4106,881,'catalog/A1322(2).jpg',0),(4107,881,'catalog/A1322(1).jpg',0),(4108,882,'catalog/asus/C21N1833(3).jpg',0),(4109,882,'catalog/asus/C21N1833(2).jpg',0),(4110,882,'catalog/asus/C21N1833(1).jpg',0),(4111,883,'catalog/G3HTA040H(1).jpg',0),(4112,883,'catalog/G3HTA040H(2).jpg',0),(4113,884,'catalog/asus/C31N1622(3).jpg',0),(4114,884,'catalog/asus/C31N1622(2).jpg',0),(4115,884,'catalog/asus/C31N1622(1).jpg',0),(4116,885,'catalog/hp-battery/RH03XL(1).jpg',0),(4117,885,'catalog/hp-battery/RH03XL(2).jpg',0),(4118,885,'catalog/hp-battery/RH03XL(3).jpg',0),(4119,886,'catalog/asus/C31N1815(3).jpg',0),(4120,886,'catalog/asus/C31N1815(2).jpg',0),(4121,886,'catalog/asus/C31N1815(1).jpg',0),(4122,887,'catalog/RC30-0270(3).jpg',0),(4123,887,'catalog/RC30-0270(2).jpg',0),(4124,887,'catalog/RC30-0270(1).jpg',0),(4125,888,'catalog/asus/C41N1825(2).jpg',0),(4126,888,'catalog/asus/C41N1825(3).jpg',0),(4127,888,'catalog/asus/C41N1825(1).jpg',0),(5398,256,'catalog/hps/TE03XL(1).jpg',0),(5397,256,'catalog/hps/TE03XL(3).jpg',0),(5396,256,'catalog/hps/TE03XL(4).jpg',0),(5371,771,'catalog/dell/266J9(2).jpg',0),(5370,771,'catalog/dell/266J9(3).jpg',0),(5393,599,'catalog/hps/KC04XL(3).jpg',0),(5387,768,'catalog/N650BAT-6(2).jpg',0),(5430,515,'catalog/dell/7CJRC(2).jpg',0),(5429,515,'catalog/dell/7CJRC(3).jpg',0),(5434,162,'catalog/hps/LP03XL(2).jpg',0),(5433,162,'catalog/hps/LP03XL(3).jpg',0),(5377,536,'catalog/hps/AB06XL(2).jpg',0),(5376,536,'catalog/hps/AB06XL(1).jpg',0),(5437,772,'catalog/acer/AP16L5J (3).jpg',0),(5436,772,'catalog/acer/AP16L5J (2).jpg',0),(5440,228,'catalog/hps/CS03XL(3).jpg',0),(5439,228,'catalog/hps/CS03XL(2).jpg',0),(5443,359,'catalog/acer/AC14A8L(2).jpg',0),(5442,359,'catalog/acer/AC14A8L(3).jpg',0),(5445,261,'catalog/asus/C32N1415(1).jpg',0),(5457,773,'catalog/lenovo/L17M3PB1(2).jpg',0),(5455,519,'catalog/acer/SQU-1605(2).jpg',0),(5694,775,'catalog/asus/C31N1811(2).jpg',0),(5693,775,'catalog/asus/C31N1811(3).jpg',0),(5692,775,'catalog/asus/C31N1811(4).jpg',0),(5464,776,'catalog/G15G(2).jpg',0),(5463,776,'catalog/G15G(1).jpg',0),(5467,521,'catalog/hps/GM02XL(2).jpg',0),(5466,521,'catalog/hps/GM02XL(1).jpg',0),(5470,266,'catalog/dell/GK5KY(2).jpg',0),(5469,266,'catalog/dell/GK5KY(3).jpg',0),(5472,522,'catalog/lenovo/L14C3K32(1).jpg',0),(5475,267,'catalog/lenovo/L12M3A01.jpg',0),(5474,267,'catalog/lenovo/L12M3A01(2).jpg',0),(5479,523,'catalog/061384(1).jpg',0),(5483,779,'catalog/hps/PG03XL(3).jpg',0),(5482,779,'catalog/hps/PG03XL(4).jpg',0),(5487,524,'catalog/hps/MG04XL(1).jpg',0),(5486,524,'catalog/hps/MG04XL(3).jpg',0),(5489,780,'catalog/hps/AM06XL(1).jpg',0),(5493,269,'catalog/hps/SH03XL(1).jpg',0),(5492,269,'catalog/hps/SH03XL(2).jpg',0),(5498,525,'catalog/hps/HT03XL(3).jpg',0),(5497,525,'catalog/hps/HT03XL(1).jpg',0),(5496,525,'catalog/hps/HT03XL(2).jpg',0),(5501,781,'catalog/SQU-1711(2).jpg',0),(5500,781,'catalog/SQU-1711(1).jpg',0),(5504,526,'catalog/hps/VK04(2).jpg',0),(4582,889,'catalog/2211835547308-0-cib.jpg',0),(4581,889,'catalog/2211835547308-0-cib2.jpg',0),(4580,889,'catalog/2211835547308-0-cib3.jpg',0),(4579,889,'catalog/2211835547308-0-cib4.jpg',0),(4578,889,'catalog/2211835547308-0-cib5.jpg',0),(4577,889,'catalog/2211835547308-0-cib7.jpg',0),(4576,889,'catalog/2211835547308-0-cib8.jpg',0),(4575,889,'catalog/2211835547308-0-cib9.jpg',0),(4574,889,'catalog/2211835547308-0-cib10.jpg',0),(5507,782,'catalog/asus/C41N1727(2).jpg',0),(5519,784,'catalog/asus/C31N1806(2).jpg',0),(5518,784,'catalog/asus/C31N1806(3).jpg',0),(5522,785,'catalog/lenovo/L17C3PE0(2).jpg',0),(5538,275,'catalog/lenovo/00HW030(1).jpg',0),(5543,251,'catalog/lenovo/45N1702(2).jpg',0),(5542,251,'catalog/lenovo/45N1702(3).jpg',0),(5548,277,'catalog/dell/NGGX5(1).jpg',0),(5555,278,'catalog/dell/VHR5P(3).jpg',0),(5559,504,'catalog/hps/JI04XL(2).jpg',0),(5558,504,'catalog/hps/JI04XL(1).jpg',0),(4692,890,'catalog/923413-01(2).jpg',0),(4691,890,'catalog/923413-01(4).jpg',0),(4690,890,'catalog/923413-01(1).jpg',0),(4693,890,'catalog/923413-01(3).jpg',0),(5566,535,'catalog/asus/B41N1711(3).jpg',0),(5565,535,'catalog/asus/B41N1711(2).jpg',0),(5571,280,'catalog/acer/AS16B5J(2).jpg',0),(5580,537,'catalog/BTY-M6F(1).jpg',0),(5584,793,'catalog/C42N1728(2).jpg',0),(5583,793,'catalog/C42N1728(1).jpg',0),(5588,282,'catalog/lenovo/L16C4PB1(2).jpg',0),(5587,282,'catalog/lenovo/L16C4PB1(3).jpg',0),(5586,282,'catalog/lenovo/L16C4PB1(4).jpg',0),(5591,794,'catalog/asus/C41N1809(3).jpg',0),(5595,539,'catalog/asus/C23N1606(1).jpg',0),(5594,539,'catalog/asus/C23N1606(2).jpg',0),(5603,540,'catalog/lenovo/0813007(1).jpg',0),(5601,540,'catalog/lenovo/0813007(3).jpg',0),(5604,796,'catalog/G3HTA061H(2).jpg',0),(5608,476,'catalog/asus/B31N1637(2).jpg',0),(5607,476,'catalog/asus/B31N1637(3).jpg',0),(5614,541,'catalog/lenovo/L15L3PB1(2).jpg',0),(5613,541,'catalog/lenovo/L15L3PB1(1).jpg',0),(5617,797,'catalog/hps/BF04XL(2).jpg',0),(5616,797,'catalog/hps/BF04XL(3).jpg',0),(5622,542,'catalog/lenovo/BSNO4170A5-AT(1).jpg',0),(5625,798,'catalog/acer/AP16M5J(3).jpg',0),(5632,543,'catalog/asus/B31N1535(2).jpg',0),(5631,543,'catalog/asus/B31N1535(1).jpg',0),(5641,544,'catalog/hps/CD03XL(1).jpg',0),(5656,891,'catalog/lenovo/L19M4PC0(1).jpg',0),(5655,891,'catalog/lenovo/L19M4PC0(2).jpg',0),(5654,891,'catalog/lenovo/L19M4PC0(3).jpg',0),(5657,547,'catalog/hps/TA03XL(1).jpg',0),(5663,803,'catalog/dell/XRGXX(1).jpg',0),(5664,804,'catalog/dell/DT9XG(3).jpg',0),(5667,549,'catalog/hps/20220921170142.png',0),(5671,550,'catalog/AA-PBXN4AR(2).jpg',0),(5670,550,'catalog/AA-PBXN4AR(1).jpg',0),(5675,551,'catalog/hps/OM03XL(2).jpg',0),(5678,296,'catalog/lenovo/01AV413(2).jpg',0),(5681,808,'catalog/dell/4GVMP(1).jpg',0),(5687,553,'catalog/asus/C41N1524(1).jpg',0),(5686,553,'catalog/asus/C41N1524(2).jpg',0),(5724,811,'catalog/hps/SD03XL(2).jpg',0),(5723,811,'catalog/hps/SD03XL(1).jpg',0),(5727,812,'catalog/dell/J7HTX(2).jpg',0),(5726,812,'catalog/dell/J7HTX(3).jpg',0),(5712,210,'catalog/asus/C21N1347(2).jpg',0),(5711,210,'catalog/asus/C21N1347(1).jpg',0),(5708,196,'catalog/hps/BO03XL(2).jpg',0),(5707,893,'catalog/hps/AH04XL(1).jpg',0),(5706,893,'catalog/hps/AH04XL(2).jpg',0),(5705,893,'catalog/hps/AH04XL(3).jpg',0),(5696,558,'catalog/lenovo/L12M4P21(2).jpg',0),(5704,814,'catalog/lenovo/L20C3PF1(3).jpg',0),(5703,814,'catalog/lenovo/L20C3PF1(2).jpg',0),(5702,814,'catalog/lenovo/L20C3PF1(1).jpg',0),(5700,241,'catalog/asus/B31N1336(2).jpg',0),(5699,241,'catalog/asus/B31N1336(3).jpg',0),(5674,551,'catalog/hps/OM03XL(4).jpg',0),(5661,803,'catalog/dell/XRGXX(2).jpg',0),(5564,535,'catalog/asus/B41N1711(1).jpg',0),(5366,90,'catalog/acer/AC14B8K(2).jpg',0),(5744,557,'catalog/lenovo/01AV407(3).jpg',0),(5745,557,'catalog/lenovo/01AV407(4).jpg',0),(5750,817,'catalog/HB4593J6ECW(1).jpg',0),(5762,819,'catalog/hps/PP03XL(3).jpg',0),(5772,821,'catalog/lenovo/L18M3PFA(4).jpg',0),(5779,567,'catalog/asus/c31n1339(2).jpg',0),(5781,568,'catalog/asus/C31N1428(2).jpg',0),(5782,568,'catalog/asus/C31N1428(3).jpg',0),(5786,447,'catalog/hps/VV09XL(2).jpg',0),(5787,447,'catalog/hps/VV09XL(3).jpg',0);

--
-- Table structure for table `oc_product_option`
--

CREATE TABLE `oc_product_option` (
  `product_option_id` int(11) NOT NULL AUTO_INCREMENT,
  `product_id` int(11) NOT NULL,
  `option_id` int(11) NOT NULL,
  `value` text NOT NULL,
  `required` tinyint(1) NOT NULL,
  PRIMARY KEY (`product_option_id`),
  KEY `product_id` (`product_id`),
  KEY `option_id` (`option_id`)
) ENGINE=MyISAM AUTO_INCREMENT=230 DEFAULT CHARSET=utf8;

--
-- Dumping data for table `oc_product_option`
--

INSERT INTO `oc_product_option` VALUES (227,222,11,'',1),(228,889,11,'',1),(229,889,13,'',1);

--
-- Table structure for table `oc_product_option_value`
--

CREATE TABLE `oc_product_option_value` (
  `product_option_value_id` int(11) NOT NULL AUTO_INCREMENT,
  `product_option_id` int(11) NOT NULL,
  `product_id` int(11) NOT NULL,
  `option_id` int(11) NOT NULL,
  `option_value_id` int(11) NOT NULL,
  `quantity` int(3) NOT NULL,
  `subtract` tinyint(1) NOT NULL,
  `price` decimal(15,4) NOT NULL,
  `price_prefix` varchar(1) NOT NULL,
  `points` int(8) NOT NULL,
  `points_prefix` varchar(1) NOT NULL,
  `ciopimage` varchar(255) NOT NULL,
  `ciopsku` varchar(255) NOT NULL,
  `ciopmodel` varchar(255) NOT NULL,
  `weight` decimal(15,8) NOT NULL,
  `weight_prefix` varchar(1) NOT NULL,
  PRIMARY KEY (`product_option_value_id`),
  KEY `product_option_id` (`product_option_id`),
  KEY `product_id` (`product_id`),
  KEY `option_id` (`option_id`),
  KEY `option_value_id` (`option_value_id`)
) ENGINE=MyISAM AUTO_INCREMENT=34 DEFAULT CHARSET=utf8;

--
-- Dumping data for table `oc_product_option_value`
--

INSERT INTO `oc_product_option_value` VALUES (23,228,889,11,55,100,1,0.0000,'+',0,'+','','','',0.00000000,'+'),(22,228,889,11,54,100,1,0.0000,'+',0,'+','','','',0.00000000,'+'),(18,228,889,11,50,100,1,0.0000,'+',0,'+','','','',0.00000000,'+'),(20,228,889,11,52,100,1,0.0000,'+',0,'+','','','',0.00000000,'+'),(17,228,889,11,49,100,1,0.0000,'+',0,'+','','','',0.00000000,'+'),(21,228,889,11,53,100,1,0.0000,'+',0,'+','','','',0.00000000,'+'),(19,228,889,11,51,100,1,0.0000,'+',0,'+','','','',0.00000000,'+'),(26,229,889,13,63,1000,1,0.0000,'+',0,'+','catalog/2211835547308-0-cib3.jpg','','',0.00000000,'+'),(29,229,889,13,57,1000,1,0.0000,'+',0,'+','catalog/2211835547308-0-cib6.jpg','','',0.00000000,'+'),(31,229,889,13,65,1000,1,0.0000,'+',0,'+','catalog/2211835547308-0-cib8.jpg','','',0.00000000,'+'),(30,229,889,13,60,1000,1,0.0000,'+',0,'+','catalog/2211835547308-0-cib7.jpg','','',0.00000000,'+'),(33,229,889,13,59,1000,1,0.0000,'+',0,'+','catalog/2211835547308-0-cib10.jpg','','',0.00000000,'+'),(25,229,889,13,64,1000,1,0.0000,'+',0,'+','catalog/2211835547308-0-cib2.jpg','','',0.00000000,'+'),(28,229,889,13,61,1000,1,0.0000,'+',0,'+','catalog/2211835547308-0-cib5.jpg','','',0.00000000,'+'),(27,229,889,13,58,1000,1,0.0000,'+',0,'+','catalog/2211835547308-0-cib4.jpg','','',0.00000000,'+'),(32,229,889,13,62,1000,1,0.0000,'+',0,'+','catalog/2211835547308-0-cib9.jpg','','',0.00000000,'+'),(24,229,889,13,56,1000,1,0.0000,'+',0,'+','catalog/2211835547308-0-cib.jpg','','',0.00000000,'+');

--
-- Table structure for table `oc_product_option_value_group`
--

CREATE TABLE `oc_product_option_value_group` (
  `product_option_value_id` int(11) NOT NULL,
  `customer_group_id` int(11) NOT NULL,
  `product_id` int(11) NOT NULL,
  KEY `product_option_value_id` (`product_option_value_id`),
  KEY `customer_group_id` (`customer_group_id`),
  KEY `product_id` (`product_id`)
) ENGINE=InnoDB DEFAULT CHARSET=utf8;

--
-- Dumping data for table `oc_product_option_value_group`
--


--
-- Table structure for table `oc_product_recurring`
--

CREATE TABLE `oc_product_recurring` (
  `product_id` int(11) NOT NULL,
  `recurring_id` int(11) NOT NULL,
  `customer_group_id` int(11) NOT NULL,
  PRIMARY KEY (`product_id`,`recurring_id`,`customer_group_id`)
) ENGINE=MyISAM DEFAULT CHARSET=utf8;

--
-- Dumping data for table `oc_product_recurring`
--

INSERT INTO `oc_product_recurring` VALUES (819,0,1);

--
-- Table structure for table `oc_product_related`
--

CREATE TABLE `oc_product_related` (
  `product_id` int(11) NOT NULL,
  `related_id` int(11) NOT NULL,
  PRIMARY KEY (`product_id`,`related_id`)
) ENGINE=MyISAM DEFAULT CHARSET=utf8;

--
-- Dumping data for table `oc_product_related`
--

INSERT INTO `oc_product_related` VALUES (50,265),(51,465),(51,474),(51,608),(51,771),(51,815),(51,871),(52,375),(52,467),(52,598),(52,668),(52,771),(52,820),(53,269),(53,483),(53,713),(53,771),(53,801),(53,856),(54,454),(54,455),(54,473),(54,810),(55,451),(55,480),(55,574),(55,677),(55,771),(55,882),(56,531),(56,552),(56,771),(56,803),(58,268),(58,345),(58,460),(59,572),(59,747),(59,888),(60,352),(60,451),(60,479),(60,480),(60,702),(61,198),(61,430),(61,483),(61,635),(61,856),(62,140),(62,170),(62,457),(62,827),(63,140),(63,361),(63,457),(63,827),(63,879),(64,389),(64,390),(64,410),(64,412),(64,531),(64,555),(65,307),(65,334),(65,480),(65,577),(65,677),(66,345),(66,417),(66,460),(67,62),(67,367),(67,445),(67,457),(67,827),(68,470),(68,484),(68,486),(68,588),(68,865),(69,153),(69,165),(69,187),(69,467),(69,659),(70,467),(70,475),(70,598),(70,697),(70,820),(71,119),(71,463),(71,628),(71,750),(72,104),(72,182),(72,188),(72,466),(72,874),(73,78),(73,442),(73,453),(73,545),(73,622),(74,285),(74,477),(74,492),(74,552),(74,560),(75,266),(75,443),(75,570),(75,705),(75,874),(76,103),(76,142),(76,175),(76,254),(77,174),(77,184),(77,252),(77,466),(77,479),(78,73),(78,453),(78,545),(78,622),(79,253),(79,266),(79,449),(79,534),(79,570),(80,114),(80,335),(80,383),(80,449),(80,459),(81,212),(81,277),(81,408),(81,449),(81,660),(82,155),(82,156),(82,449),(82,459),(82,678),(83,130),(83,132),(83,159),(83,312),(83,426),(84,436),(84,442),(84,550),(85,84),(85,130),(85,131),(85,381),(85,516),(86,87),(86,386),(86,559),(86,700),(86,733),(87,86),(87,110),(87,111),(87,710),(87,725),(88,148),(88,181),(88,214),(88,409),(88,474),(89,90),(89,280),(89,288),(89,289),(89,301),(89,359),(89,594),(89,614),(89,624),(89,632),(89,798),(90,89),(90,614),(90,619),(90,624),(90,632),(91,89),(91,594),(91,614),(91,624),(91,632),(92,94),(92,123),(92,137),(92,295),(92,298),(93,137),(93,299),(93,305),(93,354),(94,92),(94,123),(94,137),(94,295),(94,298),(95,334),(95,349),(95,431),(95,577),(96,118),(96,270),(96,450),(96,708),(97,450),(97,460),(97,479),(97,672),(98,383),(98,465),(98,479),(98,857),(98,858),(99,265),(99,271),(99,405),(99,491),(99,677),(99,731),(100,121),(100,155),(100,449),(100,458),(100,678),(101,286),(101,400),(101,452),(101,602),(101,647),(102,108),(102,281),(102,479),(102,725),(103,76),(103,142),(103,175),(103,254),(104,72),(104,182),(104,188),(104,466),(104,582),(105,124),(105,262),(105,274),(105,384),(105,505),(105,703),(106,135),(106,452),(106,583),(106,856),(107,69),(107,109),(107,233),(107,275),(107,649),(108,261),(108,439),(108,502),(108,569),(108,764),(109,143),(109,388),(109,393),(110,87),(110,111),(110,534),(110,570),(110,725),(111,87),(111,110),(111,427),(111,660),(111,725),(112,86),(112,580),(112,710),(112,725),(112,872),(113,587),(113,591),(113,751),(113,838),(114,195),(114,335),(114,383),(114,673),(114,884),(115,319),(115,321),(115,376),(115,444),(115,500),(116,58),(116,340),(116,341),(116,485),(117,209),(117,262),(117,407),(117,580),(118,96),(118,270),(118,450),(118,708),(119,253),(119,449),(119,459),(119,678),(119,699),(120,253),(120,449),(120,458),(120,459),(120,678),(121,122),(121,125),(121,155),(121,157),(121,556),(121,678),(122,121),(122,125),(122,155),(122,157),(122,458),(123,92),(123,94),(123,137),(123,295),(123,298),(124,105),(124,307),(124,347),(124,384),(124,632),(125,121),(125,122),(125,155),(125,157),(125,458),(126,243),(126,322),(126,325),(126,493),(127,196),(127,200),(127,399),(127,491),(127,731),(128,135),(128,386),(128,452),(128,583),(128,856),(129,319),(129,321),(129,421),(129,444),(129,603),(130,131),(130,159),(130,312),(130,381),(130,426),(131,84),(131,85),(131,130),(131,381),(131,516),(132,83),(132,136),(132,493),(132,509),(133,286),(133,367),(133,471),(133,602),(133,630),(134,67),(134,347),(134,367),(134,382),(134,602),(135,128),(135,414),(135,583),(135,595),(135,856),(136,132),(136,319),(136,324),(136,574),(136,611),(137,92),(137,94),(137,123),(137,295),(137,301),(137,304),(138,89),(138,289),(138,292),(138,300),(138,614),(139,382),(139,452),(139,523),(139,578),(139,602),(140,62),(140,63),(140,361),(140,457),(140,827),(141,386),(141,457),(141,827),(141,835),(141,843),(142,76),(142,103),(142,175),(142,209),(143,363),(143,388),(143,393),(143,695),(144,438),(144,674),(144,714),(144,716),(144,875),(145,80),(145,195),(145,673),(145,706),(145,884),(146,246),(146,361),(146,445),(146,457),(146,827),(147,88),(147,300),(147,315),(147,332),(148,88),(148,110),(148,214),(148,396),(148,550),(149,164),(149,260),(149,307),(149,368),(149,467),(149,478),(150,226),(150,566),(150,592),(150,706),(151,375),(151,467),(151,489),(151,723),(152,417),(152,457),(152,496),(152,600),(152,827),(153,69),(153,187),(153,469),(153,484),(153,865),(154,186),(154,321),(154,361),(154,402),(154,492),(155,82),(155,121),(155,253),(155,449),(155,678),(156,81),(156,82),(156,155),(156,408),(156,449),(157,121),(157,122),(157,125),(157,449),(157,458),(158,417),(158,425),(158,449),(158,496),(158,600),(159,83),(159,130),(159,263),(159,312),(159,426),(159,559),(160,191),(160,373),(160,674),(160,714),(160,875),(161,184),(161,233),(161,838),(161,875),(162,355),(162,361),(162,457),(162,468),(162,827),(163,247),(163,312),(163,369),(163,371),(163,612),(164,149),(164,251),(164,260),(164,368),(164,467),(164,478),(165,69),(165,467),(165,472),(165,475),(165,659),(166,89),(166,614),(166,624),(166,632),(166,741),(167,437),(167,483),(168,228),(168,452),(168,583),(168,856),(169,197),(169,585),(169,613),(169,828),(169,836),(170,62),(170,374),(170,387),(170,400),(170,518),(171,408),(171,457),(171,507),(171,561),(171,739),(172,383),(172,465),(172,479),(172,857),(172,858),(173,438),(173,674),(173,714),(173,875),(174,77),(174,184),(174,252),(174,298),(174,582),(175,76),(175,103),(175,142),(175,254),(176,127),(176,405),(176,491),(176,731),(177,469),(177,484),(177,853),(177,865),(178,168),(178,456),(178,467),(178,589),(179,456),(179,467),(179,475),(179,598),(179,730),(180,464),(180,467),(180,470),(180,478),(180,860),(181,115),(181,250),(181,365),(181,409),(181,450),(182,72),(182,104),(182,188),(182,466),(183,212),(183,363),(183,467),(183,598),(183,688),(184,77),(184,161),(184,174),(184,252),(185,554),(185,674),(185,838),(186,154),(186,369),(186,630),(187,69),(187,153),(187,165),(187,467),(187,659),(188,72),(188,104),(188,182),(188,189),(188,466),(189,188),(189,262),(189,477),(189,571),(189,580),(189,582),(190,334),(190,467),(190,475),(190,651),(190,695),(191,160),(191,373),(191,714),(191,716),(191,875),(192,355),(192,361),(192,457),(192,471),(192,827),(193,483),(193,713),(194,226),(194,239),(194,452),(194,600),(195,114),(195,335),(195,383),(195,673),(195,884),(196,127),(196,200),(196,474),(196,758),(196,871),(197,169),(197,585),(197,613),(197,828),(197,836),(198,61),(198,399),(198,483),(198,835),(198,856),(199,208),(199,209),(199,457),(199,827),(199,843),(200,127),(200,196),(200,265),(200,271),(200,399),(200,405),(200,677),(201,118),(201,202),(201,361),(201,463),(201,670),(202,201),(202,361),(202,463),(202,670),(203,247),(203,361),(203,457),(203,724),(203,827),(204,467),(204,470),(204,472),(204,478),(205,206),(205,328),(205,499),(205,542),(205,682),(205,881),(206,467),(206,478),(206,499),(206,589),(207,233),(207,273),(207,334),(207,431),(207,672),(208,142),(208,199),(208,209),(208,457),(208,835),(209,117),(209,142),(209,208),(209,474),(209,547),(210,265),(210,376),(210,405),(210,491),(210,677),(211,89),(211,479),(211,758),(211,867),(211,881),(212,183),(212,467),(212,598),(212,660),(212,688),(213,467),(213,470),(213,472),(213,478),(213,656),(214,88),(214,148),(214,201),(214,463),(214,550),(214,710),(215,148),(215,214),(215,346),(215,403),(216,217),(216,218),(216,219),(216,530),(217,216),(217,218),(217,219),(217,530),(217,643),(218,216),(218,217),(218,219),(218,530),(219,216),(219,217),(219,218),(219,530),(220,223),(220,235),(220,446),(221,222),(221,223),(221,224),(221,235),(221,750),(222,221),(222,223),(222,224),(222,230),(223,220),(223,222),(223,224),(223,230),(223,235),(224,221),(224,223),(224,378),(224,652),(224,823),(225,221),(225,223),(225,230),(225,234),(225,235),(226,150),(226,194),(226,566),(226,592),(227,96),(227,181),(227,250),(227,365),(227,409),(228,168),(228,238),(228,372),(228,424),(228,856),(229,334),(229,360),(229,452),(229,856),(230,223),(230,224),(230,225),(230,234),(230,235),(231,364),(231,467),(231,470),(231,478),(231,680),(232,240),(232,244),(232,351),(232,437),(232,566),(233,161),(233,207),(233,467),(233,853),(234,235),(234,390),(234,412),(234,576),(235,221),(235,223),(235,234),(235,385),(235,576),(236,452),(236,505),(236,643),(236,705),(236,874),(237,443),(237,510),(237,548),(237,705),(237,874),(238,228),(238,424),(238,484),(238,486),(238,866),(239,181),(239,194),(239,226),(239,496),(239,600),(240,232),(240,244),(240,276),(240,437),(240,566),(241,243),(241,245),(241,323),(241,415),(241,434),(242,465),(242,559),(242,733),(242,857),(242,858),(243,241),(243,323),(243,325),(243,415),(243,493),(244,206),(244,232),(244,374),(244,437),(244,499),(245,241),(245,323),(245,415),(245,434),(245,493),(246,81),(246,212),(246,277),(246,581),(246,660),(247,203),(247,371),(247,724),(247,728),(248,150),(248,430),(248,483),(248,612),(248,635),(249,321),(249,402),(249,421),(249,444),(249,510),(250,96),(250,181),(250,365),(250,376),(250,450),(251,164),(251,297),(251,326),(251,700),(251,730),(252,77),(252,126),(252,174),(252,184),(253,121),(253,449),(253,458),(253,556),(253,678),(254,76),(254,103),(254,175),(254,706),(254,874),(255,328),(255,442),(256,455),(256,473),(256,819),(256,828),(256,836),(257,418),(257,471),(257,602),(257,630),(257,761),(258,458),(258,474),(258,790),(258,871),(259,363),(259,529),(259,566),(259,592),(259,695),(260,149),(260,164),(260,307),(260,465),(260,857),(261,108),(261,439),(261,502),(261,553),(261,569),(262,105),(262,117),(262,189),(262,407),(262,838),(263,159),(263,458),(263,559),(263,667),(263,758),(264,370),(264,398),(264,461),(264,478),(264,486),(265,50),(265,210),(265,405),(265,491),(265,677),(265,731),(266,75),(266,79),(266,443),(266,534),(266,570),(267,375),(267,533),(267,689),(267,723),(267,738),(268,460),(268,485),(268,592),(269,53),(269,483),(269,713),(269,801),(269,856),(270,96),(270,118),(270,450),(270,540),(270,708),(271,99),(271,200),(271,491),(271,515),(271,731),(272,440),(272,484),(272,587),(272,711),(272,838),(273,207),(273,334),(273,431),(273,467),(273,672),(274,105),(274,384),(274,505),(274,703),(274,716),(275,107),(275,467),(275,489),(275,645),(275,664),(276,240),(276,281),(276,397),(276,477),(276,582),(277,81),(277,246),(277,580),(277,581),(277,660),(278,429),(278,477),(278,582),(278,594),(278,812),(279,211),(279,240),(279,477),(279,581),(279,613),(280,89),(280,358),(280,511),(280,759),(280,863),(281,102),(281,276),(281,477),(281,515),(281,725),(282,464),(282,467),(282,470),(282,478),(282,860),(283,108),(283,284),(283,396),(283,439),(283,548),(283,569),(284,283),(284,340),(284,345),(284,453),(284,642),(285,74),(285,566),(285,592),(285,706),(286,101),(286,133),(286,400),(286,471),(286,647),(287,453),(287,545),(287,642),(287,705),(287,874),(288,89),(288,358),(288,614),(288,624),(288,632),(289,89),(289,292),(289,300),(289,302),(289,303),(289,798),(290,294),(290,623),(290,859),(291,293),(291,294),(291,300),(291,623),(291,859),(292,138),(292,289),(292,300),(292,302),(292,303),(293,291),(293,292),(293,300),(293,306),(294,290),(294,291),(294,302),(294,859),(295,92),(295,94),(295,123),(295,137),(295,298),(296,297),(296,467),(296,475),(296,644),(296,733),(297,251),(297,296),(297,467),(297,478),(297,644),(297,733),(298,92),(298,94),(298,137),(298,295),(298,301),(299,92),(299,137),(299,289),(299,302),(300,289),(300,291),(300,292),(300,302),(300,303),(300,306),(301,89),(301,137),(301,298),(301,614),(301,624),(302,289),(302,292),(302,300),(302,303),(302,306),(303,289),(303,292),(303,300),(303,302),(303,306),(304,137),(304,329),(304,341),(304,345),(304,347),(305,289),(305,300),(305,302),(305,632),(306,294),(306,300),(306,302),(306,303),(307,65),(307,124),(307,149),(307,260),(307,479),(308,406),(308,477),(308,616),(308,705),(309,310),(309,398),(309,577),(310,181),(310,309),(310,392),(310,409),(310,624),(311,381),(311,509),(311,634),(311,876),(312,130),(312,159),(312,163),(312,426),(312,612),(313,464),(313,467),(313,470),(313,478),(314,317),(314,343),(314,345),(314,350),(315,389),(315,456),(315,467),(315,475),(316,345),(316,347),(316,348),(316,643),(317,314),(317,332),(317,343),(317,350),(317,732),(318,452),(318,482),(318,602),(319,321),(319,324),(319,421),(319,444),(319,611),(320,115),(320,319),(320,324),(320,424),(320,611),(321,115),(321,319),(321,421),(321,444),(321,712),(322,126),(322,243),(322,325),(322,493),(323,241),(323,243),(323,325),(323,380),(323,415),(323,493),(324,319),(324,321),(324,421),(324,611),(324,712),(325,243),(325,323),(325,415),(325,493),(326,251),(326,700),(326,733),(327,336),(327,456),(327,467),(327,598),(327,816),(328,255),(328,542),(328,588),(329,304),(329,332),(329,340),(329,341),(329,345),(330,331),(330,332),(330,339),(330,340),(330,460),(331,317),(331,329),(331,330),(331,332),(331,339),(332,314),(332,317),(332,330),(332,331),(332,339),(333,375),(333,467),(333,557),(333,668),(333,723),(334,273),(334,431),(334,467),(334,478),(334,672),(335,114),(335,195),(335,383),(335,450),(335,884),(336,456),(336,464),(336,467),(336,478),(337,143),(337,342),(337,680),(337,733),(339,317),(339,329),(339,330),(339,331),(339,332),(340,116),(340,284),(340,329),(340,341),(340,345),(341,304),(341,340),(341,345),(341,347),(341,643),(342,469),(342,484),(342,486),(342,853),(342,866),(343,314),(343,317),(343,350),(343,732),(343,876),(344,66),(344,98),(344,347),(344,480),(345,284),(345,304),(345,316),(345,341),(345,460),(345,481),(346,215),(346,347),(346,367),(346,413),(346,643),(347,124),(347,304),(347,384),(347,395),(347,643),(348,316),(348,346),(348,347),(348,460),(348,643),(349,95),(349,154),(349,186),(349,492),(349,748),(350,314),(350,317),(350,343),(350,345),(350,732),(351,232),(351,244),(351,566),(351,706),(352,158),(352,425),(352,451),(352,496),(352,600),(353,587),(353,591),(353,744),(353,838),(354,89),(354,93),(354,305),(354,624),(354,632),(355,162),(355,457),(355,483),(355,835),(355,843),(356,418),(356,468),(356,471),(356,761),(357,446),(357,447),(357,452),(357,646),(357,856),(358,89),(358,280),(358,288),(358,614),(358,624),(359,89),(359,614),(359,624),(359,632),(359,863),(360,229),(360,452),(360,583),(360,856),(361,162),(361,192),(361,457),(361,827),(361,835),(361,843),(362,192),(362,457),(362,471),(362,547),(362,600),(363,143),(363,259),(363,393),(363,695),(364,231),(364,477),(364,570),(364,680),(365,96),(365,181),(365,250),(365,450),(365,481),(366,460),(366,479),(366,485),(366,493),(367,346),(367,347),(367,471),(367,602),(367,643),(368,464),(368,467),(368,470),(368,478),(368,860),(369,170),(369,186),(369,585),(369,828),(369,836),(370,108),(370,264),(370,398),(370,502),(370,569),(371,163),(371,203),(371,247),(371,369),(371,463),(372,168),(372,228),(372,238),(372,424),(372,452),(373,160),(373,191),(373,640),(373,684),(373,722),(374,170),(374,206),(374,244),(374,387),(374,499),(375,52),(375,267),(375,533),(375,668),(375,723),(376,115),(376,210),(376,444),(376,500),(376,579),(377,93),(377,305),(377,354),(377,397),(377,463),(378,389),(378,390),(378,410),(378,412),(378,555),(379,457),(379,483),(379,835),(379,843),(379,856),(380,323),(380,434),(380,460),(380,474),(380,815),(381,85),(381,131),(381,311),(381,509),(381,516),(381,532),(382,134),(382,139),(382,584),(382,602),(383,114),(383,658),(383,673),(383,858),(383,884),(384,105),(384,274),(384,494),(384,505),(384,703),(385,109),(385,235),(385,388),(385,391),(385,596),(386,128),(386,141),(386,559),(386,733),(386,885),(387,170),(387,244),(387,374),(387,499),(387,509),(388,143),(388,391),(388,393),(388,596),(389,378),(389,410),(389,411),(389,412),(389,555),(390,64),(390,412),(390,531),(390,554),(390,626),(391,143),(391,388),(391,393),(391,596),(392,181),(392,310),(392,409),(392,461),(392,478),(393,363),(393,388),(393,695),(393,723),(394,395),(394,633),(394,721),(394,746),(394,855),(395,384),(395,633),(395,721),(395,855),(396,148),(396,237),(396,548),(396,586),(396,659),(397,276),(397,377),(397,463),(397,559),(397,758),(398,264),(398,370),(398,432),(398,502),(398,569),(399,127),(399,198),(399,200),(399,405),(399,677),(400,101),(400,170),(400,286),(400,647),(401,121),(401,253),(401,449),(401,458),(401,678),(402,115),(402,249),(402,319),(402,321),(402,510),(403,390),(403,412),(403,625),(403,627),(404,121),(404,253),(404,449),(404,458),(405,99),(405,210),(405,265),(405,399),(405,491),(405,677),(405,731),(406,308),(406,477),(406,616),(406,653),(407,117),(407,209),(407,262),(407,474),(408,171),(408,449),(408,459),(408,507),(408,561),(409,181),(409,310),(409,392),(409,624),(409,737),(410,378),(410,389),(410,390),(410,412),(410,555),(411,389),(411,410),(411,412),(411,555),(411,627),(412,64),(412,390),(412,531),(412,555),(412,620),(412,636),(413,446),(413,447),(413,452),(413,638),(414,135),(414,406),(414,483),(414,595),(414,616),(415,241),(415,243),(415,323),(415,325),(415,493),(416,752),(417,152),(417,158),(417,449),(417,496),(417,678),(418,257),(418,356),(418,468),(418,471),(418,602),(419,451),(419,480),(419,574),(419,677),(420,378),(420,390),(420,410),(420,412),(420,555),(421,115),(421,319),(421,321),(421,444),(421,712),(422,185),(422,674),(422,746),(422,840),(423,450),(423,460),(423,485),(423,851),(424,228),(424,238),(424,320),(424,480),(424,693),(425,158),(425,352),(425,417),(425,496),(425,600),(426,83),(426,130),(426,159),(426,312),(426,516),(427,111),(427,465),(427,485),(428,439),(428,502),(428,553),(428,569),(429,98),(429,278),(429,479),(429,594),(429,600),(430,61),(430,483),(430,612),(430,635),(430,856),(431,273),(431,334),(431,577),(431,705),(431,874),(432,157),(432,417),(432,449),(432,502),(432,569),(433,206),(433,374),(433,499),(433,509),(433,736),(434,241),(434,245),(434,323),(434,380),(434,415),(434,493),(435,316),(435,346),(435,347),(435,348),(435,643),(436,84),(436,442),(437,167),(437,232),(437,240),(437,244),(437,566),(438,711),(438,714),(438,848),(438,875),(439,108),(439,261),(439,502),(439,553),(439,569),(439,591),(440,272),(440,484),(440,711),(440,838),(441,461),(441,462),(441,475),(441,538),(441,573),(442,84),(442,255),(443,75),(443,266),(443,534),(443,548),(443,570),(443,874),(444,115),(444,319),(444,321),(444,376),(444,500),(445,361),(445,457),(445,827),(445,835),(445,843),(446,413),(446,447),(446,544),(446,638),(446,646),(446,780),(447,357),(447,413),(447,446),(447,646),(447,780),(448,192),(448,460),(448,480),(448,756),(449,81),(449,156),(449,408),(449,459),(449,556),(449,678),(450,96),(450,115),(450,181),(450,250),(450,270),(450,500),(450,513),(451,55),(451,480),(451,520),(451,574),(451,677),(451,809),(451,882),(452,128),(452,526),(452,527),(452,547),(452,583),(452,661),(452,856),(453,284),(453,287),(453,477),(453,582),(453,874),(453,875),(453,877),(454,54),(454,455),(454,473),(454,482),(454,506),(454,810),(455,54),(455,256),(455,454),(455,473),(455,810),(456,467),(456,475),(456,476),(456,477),(456,517),(456,546),(456,557),(456,589),(457,162),(457,361),(457,445),(457,524),(457,536),(457,561),(457,599),(457,604),(457,827),(457,835),(457,843),(458,121),(458,258),(458,263),(458,449),(458,459),(458,474),(458,556),(459,408),(459,449),(459,458),(459,474),(459,556),(460,380),(460,458),(460,474),(460,476),(460,481),(460,485),(460,535),(460,564),(460,815),(461,264),(461,469),(461,470),(461,478),(461,484),(461,486),(461,529),(461,540),(462,458),(462,459),(462,474),(462,546),(462,573),(462,851),(463,201),(463,377),(463,487),(463,523),(463,670),(464,282),(464,467),(464,470),(464,478),(464,522),(464,541),(464,542),(464,558),(464,610),(464,656),(464,860),(465,51),(465,260),(465,520),(465,539),(465,543),(465,551),(465,563),(465,564),(465,565),(465,567),(465,568),(465,694),(465,775),(465,793),(465,795),(465,815),(466,460),(466,465),(466,477),(466,485),(466,514),(467,52),(467,164),(467,273),(467,275),(467,282),(467,296),(467,297),(467,464),(467,470),(467,478),(467,517),(467,522),(467,541),(467,557),(467,558),(467,656),(467,785),(467,860),(468,162),(468,457),(468,473),(468,474),(468,482),(468,518),(468,521),(468,524),(468,525),(469,470),(469,484),(469,486),(469,529),(469,540),(469,689),(469,738),(470,282),(470,464),(470,467),(470,472),(470,478),(470,522),(470,540),(470,541),(470,546),(470,558),(471,257),(471,286),(471,356),(471,602),(471,630),(471,735),(472,464),(472,467),(472,470),(472,478),(472,486),(472,558),(473,54),(473,256),(473,454),(473,455),(473,524),(473,526),(473,544),(473,810),(474,51),(474,196),(474,258),(474,380),(474,458),(474,462),(474,524),(474,547),(474,758),(474,815),(474,871),(475,296),(475,456),(475,461),(475,462),(475,467),(475,470),(475,514),(475,517),(475,546),(475,557),(476,456),(476,460),(476,477),(476,480),(476,481),(476,520),(477,276),(477,278),(477,281),(477,308),(477,453),(477,456),(477,466),(477,476),(477,515),(477,569),(478,264),(478,282),(478,297),(478,461),(478,486),(478,522),(478,541),(478,558),(478,656),(478,680),(478,690),(478,733),(478,785),(479,307),(479,450),(479,460),(479,465),(479,485),(480,55),(480,451),(480,476),(480,481),(480,512),(480,513),(480,520),(480,736),(481,345),(481,365),(481,460),(481,476),(481,480),(481,512),(481,513),(481,520),(482,452),(482,457),(482,468),(482,473),(482,474),(482,521),(482,523),(482,524),(482,525),(482,544),(483,53),(483,269),(483,518),(483,549),(483,599),(483,713),(483,797),(483,801),(483,856),(484,272),(484,461),(484,469),(484,470),(484,486),(484,529),(484,540),(484,738),(485,460),(485,465),(485,466),(485,479),(485,514),(485,535),(485,539),(485,543),(485,551),(485,563),(485,567),(485,568),(485,858),(486,264),(486,478),(486,484),(486,529),(486,540),(486,665),(486,680),(487,201),(487,463),(487,475),(487,533),(487,670),(488,381),(488,489),(488,509),(489,151),(489,275),(489,456),(489,467),(489,475),(489,479),(489,533),(490,428),(490,607),(490,640),(490,757),(490,759),(491,99),(491,210),(491,265),(491,271),(491,405),(491,677),(491,731),(492,74),(492,458),(492,474),(492,552),(493,465),(493,485),(493,501),(493,512),(493,543),(493,857),(494,458),(494,462),(494,474),(494,505),(495,461),(495,462),(495,464),(495,475),(495,486),(495,551),(496,425),(496,451),(496,497),(496,600),(497,482),(497,521),(498,390),(498,412),(498,555),(498,620),(498,625),(499,462),(499,509),(499,522),(499,589),(499,590),(500,96),(500,250),(500,365),(500,376),(500,450),(500,513),(501,465),(501,485),(501,493),(501,512),(501,539),(501,857),(501,858),(502,261),(502,370),(502,398),(502,454),(502,553),(502,569),(504,508),(504,525),(504,528),(505,274),(505,494),(505,510),(505,705),(505,874),(506,454),(506,455),(506,473),(507,450),(507,457),(507,460),(507,479),(507,485),(507,512),(507,561),(508,482),(508,483),(508,504),(508,528),(508,551),(509,132),(509,381),(509,433),(509,465),(509,516),(510,237),(510,249),(510,505),(510,569),(510,874),(511,280),(511,462),(511,475),(511,495),(511,499),(512,480),(512,481),(512,493),(512,501),(512,507),(513,450),(513,480),(513,481),(513,500),(513,520),(514,466),(514,475),(514,485),(514,842),(514,868),(515,271),(515,281),(515,477),(515,581),(515,582),(516,85),(516,131),(516,381),(516,426),(516,509),(517,456),(517,467),(517,475),(517,597),(517,598),(518,170),(518,468),(518,483),(518,597),(519,538),(519,601),(519,758),(519,772),(519,859),(520,451),(520,465),(520,476),(520,480),(520,481),(520,513),(521,468),(521,482),(521,497),(521,525),(521,527),(522,464),(522,467),(522,470),(522,478),(522,499),(523,139),(523,463),(523,482),(523,578),(523,699),(524,457),(524,468),(524,473),(524,474),(524,482),(525,468),(525,482),(525,504),(525,521),(525,527),(526,452),(526,473),(526,527),(527,452),(527,521),(527,525),(527,526),(527,856),(528,504),(528,508),(529,259),(529,461),(529,469),(529,484),(529,486),(529,596),(530,216),(530,217),(530,218),(530,219),(530,591),(531,56),(531,64),(531,390),(531,412),(531,554),(531,576),(532,381),(532,597),(532,634),(533,267),(533,375),(533,487),(533,489),(533,723),(534,79),(534,266),(534,443),(534,449),(534,570),(535,460),(535,485),(535,650),(535,692),(535,826),(536,457),(536,593),(536,604),(536,835),(537,579),(537,591),(538,441),(538,519),(538,594),(538,601),(538,863),(539,465),(539,485),(539,501),(539,857),(539,858),(540,270),(540,461),(540,469),(540,470),(540,484),(540,486),(541,464),(541,467),(541,470),(541,478),(541,733),(542,205),(542,328),(542,464),(542,588),(542,682),(543,465),(543,485),(543,493),(543,857),(543,858),(544,446),(544,473),(544,482),(545,73),(545,78),(545,287),(545,453),(545,627),(546,456),(546,462),(546,470),(546,475),(547,209),(547,362),(547,452),(547,474),(547,856),(548,237),(548,283),(548,396),(548,443),(548,874),(549,483),(549,713),(549,797),(550,84),(550,148),(550,214),(551,465),(551,485),(551,495),(551,508),(551,563),(552,56),(552,703),(552,850),(553,261),(553,428),(553,439),(553,502),(553,569),(554,64),(554,390),(554,412),(554,531),(554,576),(555,378),(555,389),(555,390),(555,410),(555,412),(556,121),(556,253),(556,449),(556,458),(556,459),(557,333),(557,456),(557,467),(557,475),(557,598),(558,464),(558,467),(558,470),(558,472),(558,478),(558,656),(559,263),(559,458),(559,474),(559,601),(559,758),(560,74),(560,824),(560,874),(560,875),(560,877),(561,171),(561,408),(561,457),(561,507),(561,739),(562,466),(562,477),(562,587),(562,591),(563,465),(563,485),(563,551),(563,694),(563,857),(563,858),(564,460),(564,465),(564,587),(564,650),(564,837),(565,465),(565,669),(565,694),(565,857),(565,858),(566,232),(566,259),(566,285),(566,351),(566,402),(566,706),(567,465),(567,485),(567,857),(567,858),(567,882),(568,465),(568,485),(568,857),(568,858),(568,882),(569,108),(569,261),(569,439),(569,477),(569,510),(569,553),(569,591),(570,266),(570,364),(570,443),(570,477),(570,582),(571,477),(571,581),(571,582),(571,875),(571,877),(572,59),(572,586),(572,744),(573,458),(573,462),(573,474),(573,574),(573,871),(574,55),(574,451),(574,480),(574,677),(574,809),(574,882),(575,76),(575,103),(575,142),(575,175),(576,64),(576,410),(576,412),(576,531),(576,627),(577,451),(577,480),(577,574),(577,712),(578,139),(578,234),(578,452),(578,523),(578,699),(579,376),(579,537),(579,662),(580,117),(580,277),(580,581),(580,582),(580,875),(580,877),(581,277),(581,515),(581,580),(581,582),(581,874),(581,875),(581,877),(582,276),(582,278),(582,515),(582,580),(582,581),(582,874),(582,875),(582,877),(583,128),(583,135),(583,452),(583,510),(583,603),(584,482),(584,602),(585,473),(585,828),(585,836),(586,572),(586,744),(586,881),(587,272),(587,466),(587,564),(587,591),(587,803),(587,838),(588,461),(588,469),(588,484),(588,486),(588,542),(589,456),(589,467),(589,475),(589,499),(589,590),(590,467),(590,475),(590,499),(590,589),(590,598),(591,466),(591,502),(591,530),(591,537),(591,569),(591,587),(591,803),(592,259),(592,285),(592,363),(592,566),(592,706),(593,457),(593,536),(593,604),(593,827),(594,89),(594,278),(594,538),(594,614),(594,624),(594,632),(594,667),(595,456),(595,465),(595,742),(595,857),(596,388),(596,470),(596,484),(596,486),(596,529),(597,517),(597,518),(597,532),(597,698),(598,52),(598,212),(598,456),(598,467),(598,475),(598,517),(598,557),(598,688),(599,457),(599,483),(599,835),(599,843),(599,856),(600,352),(600,425),(600,471),(600,496),(600,676),(601,458),(601,474),(601,519),(601,538),(601,559),(601,758),(601,805),(602,257),(602,452),(602,471),(602,482),(603,319),(603,321),(603,421),(603,444),(603,583),(604,457),(604,536),(604,593),(604,835),(606,572),(606,580),(606,586),(606,734),(606,856),(607,490),(607,580),(607,722),(607,757),(607,759),(608,51),(608,460),(608,465),(608,474),(608,815),(609,457),(609,483),(609,508),(609,528),(610,464),(610,467),(610,470),(610,478),(610,860),(611,115),(611,319),(611,324),(611,444),(611,603),(612,61),(612,430),(612,483),(612,635),(612,856),(613,170),(613,400),(613,585),(613,828),(613,836),(614,89),(614,90),(614,288),(614,301),(614,359),(614,619),(614,624),(614,632),(614,798),(615,126),(615,322),(615,493),(615,747),(616,308),(616,406),(616,477),(616,595),(617,213),(617,669),(617,740),(618,469),(618,484),(618,486),(618,853),(618,865),(619,90),(619,374),(619,499),(619,614),(619,758),(620,410),(620,412),(620,576),(620,627),(620,636),(621,410),(621,411),(621,576),(621,620),(621,627),(622,314),(622,466),(622,477),(622,876),(622,878),(623,89),(623,291),(623,614),(623,624),(623,632),(623,859),(624,89),(624,90),(624,288),(624,289),(624,301),(624,359),(624,614),(624,632),(624,741),(624,798),(625,412),(625,554),(625,576),(625,627),(626,390),(626,412),(626,555),(626,625),(626,636),(627,410),(627,412),(627,576),(627,620),(627,625),(628,176),(628,467),(628,475),(628,598),(628,688),(629,469),(629,470),(629,484),(629,486),(629,865),(630,186),(630,257),(630,471),(630,602),(630,761),(631,456),(631,462),(631,629),(632,89),(632,90),(632,105),(632,124),(632,288),(632,359),(632,798),(633,394),(633,395),(633,528),(633,721),(633,855),(634,311),(634,532),(634,640),(634,876),(635,61),(635,248),(635,430),(635,483),(635,856),(636,64),(636,390),(636,412),(636,620),(636,626),(637,469),(637,470),(637,484),(637,486),(637,865),(638,413),(638,446),(638,753),(639,243),(639,323),(639,415),(639,434),(640,160),(640,373),(640,679),(640,684),(640,722),(641,121),(641,155),(641,449),(641,458),(641,678),(642,284),(642,287),(642,453),(642,477),(642,545),(642,582),(642,877),(643,236),(643,316),(643,345),(643,346),(643,347),(644,296),(644,297),(644,464),(644,467),(644,478),(645,275),(645,446),(645,501),(645,671),(645,684),(646,446),(646,447),(646,692),(646,856),(647,68),(647,101),(647,286),(647,400),(647,588),(648,833),(648,844),(648,847),(648,852),(649,464),(649,467),(649,470),(649,478),(650,535),(650,564),(650,692),(650,826),(650,837),(651,461),(651,469),(651,484),(651,486),(651,866),(652,469),(652,484),(652,486),(652,823),(652,866),(653,406),(653,477),(653,616),(654,383),(654,840),(654,861),(654,880),(654,884),(655,465),(655,669),(655,857),(655,858),(656,213),(656,464),(656,467),(656,478),(656,558),(657,474),(657,482),(657,760),(657,871),(658,383),(658,465),(658,857),(658,858),(658,884),(659,69),(659,165),(659,187),(659,467),(660,81),(660,212),(660,246),(660,277),(661,452),(661,856),(662,466),(662,471),(662,579),(662,670),(663,341),(663,345),(663,346),(663,347),(663,643),(664,176),(664,275),(664,392),(664,467),(664,628),(664,820),(665,464),(665,484),(665,486),(665,610),(666,458),(666,474),(666,494),(666,616),(666,871),(667,89),(667,263),(667,559),(667,614),(667,624),(667,632),(668,52),(668,375),(668,467),(668,475),(668,489),(669,404),(669,465),(669,655),(669,857),(670,201),(670,214),(670,361),(670,463),(670,487),(671,428),(671,490),(671,679),(671,684),(671,728),(672,273),(672,334),(672,464),(672,467),(672,478),(673,114),(673,383),(673,658),(673,858),(673,884),(674,160),(674,714),(674,716),(674,875),(675,597),(675,665),(675,698),(676,152),(676,425),(676,496),(676,600),(677,55),(677,99),(677,210),(677,265),(677,399),(677,405),(677,491),(677,731),(677,809),(678,121),(678,155),(678,253),(678,449),(679,428),(679,671),(679,684),(679,722),(679,729),(680,231),(680,470),(680,478),(680,486),(680,733),(681,867),(681,881),(681,883),(682,205),(682,328),(682,542),(682,588),(682,750),(683,242),(683,326),(683,386),(683,733),(683,748),(684,428),(684,640),(684,671),(684,679),(684,722),(685,326),(685,700),(685,733),(685,754),(686,833),(686,844),(686,847),(686,852),(687,183),(687,212),(687,467),(687,598),(687,688),(688,183),(688,212),(688,467),(688,475),(688,598),(689,267),(689,469),(689,484),(689,596),(689,723),(690,392),(690,478),(690,486),(690,680),(690,749),(691,681),(691,833),(691,840),(692,452),(692,535),(692,646),(692,826),(692,856),(693,424),(693,465),(693,485),(693,857),(693,858),(694,465),(694,485),(694,563),(694,857),(694,858),(695,143),(695,259),(695,363),(695,393),(697,464),(697,467),(697,470),(697,478),(697,860),(698,467),(698,597),(699,100),(699,253),(699,449),(699,459),(699,523),(699,678),(700,251),(700,326),(700,342),(700,733),(700,866),(701,464),(701,467),(701,470),(701,478),(701,860),(702,60),(702,352),(702,451),(702,480),(703,105),(703,274),(703,384),(703,552),(703,716),(705,72),(705,287),(705,308),(705,505),(705,706),(705,874),(706,145),(706,285),(706,566),(706,592),(707,456),(707,467),(707,475),(707,820),(708,96),(708,118),(708,270),(708,450),(709,466),(709,762),(709,883),(710,190),(710,214),(710,460),(711,272),(711,438),(711,440),(711,714),(711,875),(712,319),(712,321),(712,421),(712,444),(712,577),(713,53),(713,269),(713,483),(713,549),(713,801),(713,856),(714,438),(714,674),(714,711),(714,875),(715,357),(715,452),(715,583),(715,692),(715,856),(716,191),(716,274),(716,674),(716,703),(716,714),(716,875),(717,180),(717,328),(717,464),(717,467),(717,478),(718,464),(718,486),(718,588),(718,686),(719,528),(719,633),(719,720),(719,759),(720,719),(721,395),(721,424),(721,633),(721,855),(722,607),(722,640),(722,679),(722,684),(722,729),(723,267),(723,333),(723,375),(723,393),(723,533),(724,203),(724,247),(724,371),(725,87),(725,102),(725,110),(725,281),(726,126),(726,136),(726,322),(726,493),(727,461),(727,469),(727,484),(727,486),(727,866),(728,247),(728,428),(728,671),(728,679),(728,684),(729,373),(729,640),(729,679),(729,684),(729,722),(730,164),(730,251),(730,467),(730,495),(730,701),(731,99),(731,265),(731,271),(731,405),(731,491),(731,677),(732,65),(732,314),(732,343),(732,634),(733,296),(733,297),(733,326),(733,337),(733,478),(733,486),(733,541),(733,680),(734,375),(734,606),(734,723),(735,356),(735,471),(735,602),(735,885),(736,433),(736,480),(736,499),(736,509),(737,392),(737,409),(737,618),(737,690),(737,865),(738,267),(738,469),(738,484),(738,486),(738,866),(739,171),(739,507),(739,561),(739,581),(739,582),(740,213),(740,484),(740,486),(740,866),(741,89),(741,166),(741,614),(741,624),(741,632),(742,595),(742,616),(742,763),(743,355),(743,473),(743,828),(743,836),(744,572),(744,586),(744,868),(745,311),(745,620),(745,634),(745,876),(746,394),(746,633),(746,721),(746,813),(746,855),(747,126),(747,322),(747,325),(747,493),(748,154),(748,186),(748,492),(748,630),(749,190),(749,461),(749,475),(749,651),(749,690),(750,71),(750,176),(750,628),(750,682),(751,113),(751,674),(751,714),(751,875),(751,881),(752,816),(752,825),(752,826),(752,834),(753,464),(753,467),(753,470),(753,478),(753,860),(754,326),(754,700),(754,733),(755,467),(755,475),(755,598),(755,820),(755,852),(756,470),(756,484),(756,486),(756,866),(757,759),(757,766),(757,767),(757,788),(758,196),(758,263),(758,519),(758,772),(758,790),(758,805),(758,815),(758,859),(759,280),(759,757),(759,766),(759,767),(759,769),(759,799),(759,800),(759,834),(760,768),(760,777),(760,786),(760,802),(760,816),(760,825),(760,826),(761,257),(761,760),(761,779),(762,767),(762,816),(762,818),(763,760),(763,784),(763,802),(763,816),(763,825),(763,826),(764,765),(764,808),(764,812),(764,839),(764,848),(765,764),(765,787),(765,808),(765,812),(765,839),(765,848),(766,759),(766,760),(766,767),(766,768),(766,834),(767,759),(767,766),(767,768),(767,769),(767,799),(767,818),(767,834),(768,760),(768,766),(768,767),(768,814),(768,834),(769,759),(769,767),(769,814),(769,825),(769,826),(770,789),(770,814),(770,816),(770,825),(770,826),(771,51),(771,52),(771,53),(771,55),(771,56),(772,519),(772,758),(772,806),(772,859),(772,863),(773,777),(773,814),(773,816),(773,818),(773,825),(774,786),(774,814),(774,816),(774,825),(774,826),(775,465),(775,793),(775,795),(775,857),(775,858),(776,781),(776,814),(776,816),(776,825),(776,826),(777,760),(777,773),(777,813),(777,814),(777,816),(777,825),(778,779),(778,811),(778,814),(778,825),(778,826),(779,761),(779,778),(779,790),(779,811),(779,819),(780,446),(780,447),(780,811),(781,776),(781,814),(781,816),(781,825),(782,796),(782,814),(782,816),(782,825),(782,826),(783,791),(783,814),(783,816),(783,818),(783,832),(784,763),(784,794),(784,802),(784,816),(784,825),(785,467),(785,478),(785,791),(785,814),(785,860),(786,760),(786,774),(786,814),(786,825),(786,826),(787,765),(787,814),(787,826),(787,839),(787,848),(788,759),(788,766),(788,767),(788,834),(789,770),(789,814),(789,825),(789,826),(789,842),(790,258),(790,758),(790,779),(790,805),(790,835),(791,783),(791,785),(791,814),(791,816),(791,825),(791,832),(792,814),(792,833),(792,844),(792,847),(792,852),(793,465),(793,775),(793,795),(793,857),(793,858),(794,784),(794,814),(794,816),(794,825),(794,826),(794,831),(795,465),(795,775),(795,793),(795,857),(795,858),(796,782),(796,811),(796,814),(796,816),(796,825),(796,826),(797,483),(797,549),(797,801),(798,89),(798,289),(798,614),(798,624),(798,632),(799,759),(799,767),(799,814),(799,834),(800,759),(800,814),(800,816),(800,825),(800,834),(801,53),(801,269),(801,483),(801,713),(801,797),(801,856),(802,760),(802,763),(802,784),(802,814),(802,825),(802,834),(803,56),(803,587),(803,591),(803,804),(803,826),(803,838),(804,803),(804,814),(804,825),(804,826),(804,838),(805,474),(805,758),(805,790),(805,815),(806,772),(806,825),(806,834),(806,863),(808,764),(808,765),(808,812),(808,839),(808,848),(809,451),(809,574),(809,677),(809,882),(810,54),(810,454),(810,455),(810,473),(811,778),(811,779),(811,780),(811,796),(811,814),(811,816),(811,825),(812,278),(812,764),(812,765),(812,808),(812,824),(812,839),(812,848),(813,777),(813,816),(813,817),(813,825),(813,826),(814,768),(814,769),(814,770),(814,773),(814,774),(814,776),(814,777),(814,778),(814,781),(814,782),(814,783),(814,785),(814,786),(814,787),(814,789),(814,791),(814,792),(814,794),(814,796),(814,799),(814,800),(814,802),(814,804),(814,811),(814,816),(814,825),(814,826),(814,831),(815,51),(815,380),(815,474),(815,758),(815,805),(816,770),(816,773),(816,774),(816,776),(816,777),(816,781),(816,782),(816,783),(816,784),(816,791),(816,794),(816,796),(816,800),(816,811),(816,814),(816,825),(816,826),(816,831),(817,813),(817,825),(817,826),(817,842),(818,762),(818,767),(818,773),(818,783),(819,256),(819,779),(819,828),(819,836),(820,52),(820,830),(823,816),(823,825),(823,826),(823,831),(824,560),(824,764),(824,765),(824,812),(824,839),(824,848),(825,769),(825,770),(825,773),(825,774),(825,776),(825,777),(825,778),(825,781),(825,782),(825,784),(825,786),(825,789),(825,791),(825,794),(825,796),(825,800),(825,802),(825,804),(825,811),(825,814),(825,816),(825,817),(825,826),(825,831),(826,535),(826,769),(826,770),(826,774),(826,776),(826,778),(826,782),(826,786),(826,787),(826,789),(826,794),(826,796),(826,803),(826,804),(826,814),(826,816),(826,817),(826,825),(826,831),(827,162),(827,361),(827,445),(827,457),(827,835),(827,843),(828,256),(828,585),(828,819),(828,836),(829,816),(829,825),(829,826),(830,831),(831,794),(831,814),(831,816),(831,825),(831,826),(832,783),(832,791),(832,816),(832,825),(833,792),(833,844),(833,847),(833,852),(834,768),(834,799),(834,800),(834,802),(834,816),(834,825),(834,826),(835,457),(835,483),(835,536),(835,599),(835,604),(835,790),(835,827),(835,843),(836,256),(836,819),(836,828),(837,564),(837,816),(837,825),(837,826),(838,262),(838,272),(838,803),(838,804),(838,825),(838,826),(839,764),(839,765),(839,787),(839,808),(839,812),(839,848),(840,691),(840,833),(840,861),(840,880),(842,514),(842,789),(842,817),(842,825),(842,826),(843,457),(843,483),(843,599),(843,835),(843,856),(844,686),(844,792),(844,833),(844,847),(844,852),(845,760),(845,816),(845,825),(845,831),(846,469),(846,484),(846,486),(846,853),(846,866),(847,686),(847,792),(847,833),(847,844),(847,852),(848,764),(848,765),(848,787),(848,808),(848,812),(848,826),(848,839),(850,816),(850,826),(850,851),(851,760),(851,848),(851,850),(852,686),(852,792),(852,833),(852,844),(852,847),(853,469),(853,484),(853,486),(853,865),(853,866),(854,181),(854,250),(854,500),(854,883),(855,395),(855,633),(855,721),(855,746),(855,813),(856,53),(856,128),(856,228),(856,269),(856,452),(856,483),(856,527),(856,547),(856,599),(856,661),(856,801),(856,835),(856,843),(857,260),(857,465),(857,539),(857,543),(857,563),(857,567),(857,568),(857,658),(857,775),(857,793),(857,795),(857,858),(857,882),(858,465),(858,539),(858,543),(858,563),(858,567),(858,568),(858,775),(858,793),(858,795),(858,857),(858,882),(859,291),(859,294),(859,519),(859,623),(859,758),(859,772),(860,282),(860,464),(860,467),(860,470),(860,478),(860,785),(861,654),(861,840),(861,880),(862,326),(862,700),(862,733),(862,845),(863,89),(863,280),(863,289),(863,359),(863,538),(863,632),(863,772),(864,268),(864,460),(864,479),(864,485),(864,592),(865,469),(865,484),(865,486),(865,853),(865,866),(866,469),(866,484),(866,486),(866,853),(866,865),(867,205),(867,211),(867,681),(867,881),(867,883),(868,466),(868,514),(868,744),(868,883),(868,887),(871,51),(871,196),(871,258),(871,458),(871,474),(871,805),(871,815),(872,86),(872,88),(872,111),(872,112),(872,710),(874,287),(874,548),(874,560),(874,582),(874,705),(874,875),(874,877),(875,560),(875,582),(875,714),(875,874),(875,877),(876,311),(876,621),(876,622),(876,634),(876,878),(877,560),(877,581),(877,582),(877,765),(877,874),(877,875),(878,453),(878,477),(878,582),(878,875),(878,876),(879,63),(879,192),(879,361),(879,457),(879,827),(880,383),(880,654),(880,840),(880,861),(881,211),(881,586),(881,681),(881,867),(881,883),(882,55),(882,465),(882,567),(882,568),(882,809),(882,857),(882,858),(883,681),(883,854),(883,867),(883,881),(884,383),(884,658),(884,673),(884,857),(884,858),(885,386),(885,471),(885,602),(885,735),(886,383),(886,658),(886,857),(886,858),(886,884),(887,466),(887,586),(887,744),(887,868),(887,883),(888,451),(888,480),(888,574),(888,677);

--
