--
-- Host: localhost    Database: femvia
-- ------------------------------------------------------


--
-- Table structure for table `oc_404s_report`
--

CREATE TABLE `oc_404s_report` (
  `link` varchar(321) COLLATE utf8_bin NOT NULL,
  `date` datetime NOT NULL
) ENGINE=MyISAM DEFAULT CHARSET=utf8 COLLATE=utf8_bin;

--
-- Dumping data for table `oc_404s_report`
--

INSERT INTO `oc_404s_report` VALUES ('wp-includes/wlwmanifest.xml','2022-06-10 10:23:11'),('blog/wp-includes/wlwmanifest.xml','2022-06-10 10:23:11'),('web/wp-includes/wlwmanifest.xml','2022-06-10 10:23:12'),('wordpress/wp-includes/wlwmanifest.xml','2022-06-10 10:23:12'),('website/wp-includes/wlwmanifest.xml','2022-06-10 10:23:12'),('wp/wp-includes/wlwmanifest.xml','2022-06-10 10:23:12'),('news/wp-includes/wlwmanifest.xml','2022-06-10 10:23:13'),('2018/wp-includes/wlwmanifest.xml','2022-06-10 10:23:13'),('2019/wp-includes/wlwmanifest.xml','2022-06-10 10:23:13'),('shop/wp-includes/wlwmanifest.xml','2022-06-10 10:23:13'),('wp1/wp-includes/wlwmanifest.xml','2022-06-10 10:23:14'),('test/wp-includes/wlwmanifest.xml','2022-06-10 10:23:14'),('media/wp-includes/wlwmanifest.xml','2022-06-10 10:23:14'),('wp2/wp-includes/wlwmanifest.xml','2022-06-10 10:23:15'),('site/wp-includes/wlwmanifest.xml','2022-06-10 10:23:15'),('cms/wp-includes/wlwmanifest.xml','2022-06-10 10:23:15'),('sito/wp-includes/wlwmanifest.xml','2022-06-10 10:23:15'),('common/GetResponseStr','2022-06-10 11:24:28'),('common/GetResponseStr','2022-06-10 11:26:17'),('.well-known/acme-challenge/Z2F-1fc4MOLz32haKOQDsJ0uH-tSN8YBYv8J3usFIsY','2022-06-10 12:05:34'),('.well-known/acme-challenge/Z2F-1fc4MOLz32haKOQDsJ0uH-tSN8YBYv8J3usFIsY','2022-06-10 12:05:34'),('delivery-information','2022-06-10 12:32:16'),('adminfemvia/','2022-06-10 14:10:43'),('wp-includes/ID3/license.txt','2022-06-10 15:21:08'),('feed/','2022-06-10 15:21:08'),('blog/wp-includes/wlwmanifest.xml','2022-06-10 15:21:09'),('web/wp-includes/wlwmanifest.xml','2022-06-10 15:21:09'),('wordpress/wp-includes/wlwmanifest.xml','2022-06-10 15:21:09'),('wp/wp-includes/wlwmanifest.xml','2022-06-10 15:21:09'),('2020/wp-includes/wlwmanifest.xml','2022-06-10 15:21:10'),('2019/wp-includes/wlwmanifest.xml','2022-06-10 15:21:10'),('2021/wp-includes/wlwmanifest.xml','2022-06-10 15:21:10'),('shop/wp-includes/wlwmanifest.xml','2022-06-10 15:21:10'),('wp1/wp-includes/wlwmanifest.xml','2022-06-10 15:21:11'),('test/wp-includes/wlwmanifest.xml','2022-06-10 15:21:11'),('site/wp-includes/wlwmanifest.xml','2022-06-10 15:21:11'),('cms/wp-includes/wlwmanifest.xml','2022-06-10 15:21:12'),('.env','2022-06-10 17:31:54'),('.env','2022-06-10 17:31:56'),('wp-includes/wlwmanifest.xml','2022-06-10 18:35:20'),('blog/wp-includes/wlwmanifest.xml','2022-06-10 18:35:23'),('web/wp-includes/wlwmanifest.xml','2022-06-10 18:35:24'),('wordpress/wp-includes/wlwmanifest.xml','2022-06-10 18:35:25'),('website/wp-includes/wlwmanifest.xml','2022-06-10 18:35:26'),('wp/wp-includes/wlwmanifest.xml','2022-06-10 18:35:27'),('news/wp-includes/wlwmanifest.xml','2022-06-10 18:35:28'),('2018/wp-includes/wlwmanifest.xml','2022-06-10 18:35:29'),('2019/wp-includes/wlwmanifest.xml','2022-06-10 18:35:30'),('shop/wp-includes/wlwmanifest.xml','2022-06-10 18:35:31'),('wp1/wp-includes/wlwmanifest.xml','2022-06-10 18:35:32'),('test/wp-includes/wlwmanifest.xml','2022-06-10 18:35:33'),('media/wp-includes/wlwmanifest.xml','2022-06-10 18:35:34'),('wp2/wp-includes/wlwmanifest.xml','2022-06-10 18:35:35'),('site/wp-includes/wlwmanifest.xml','2022-06-10 18:35:35'),('cms/wp-includes/wlwmanifest.xml','2022-06-10 18:35:36'),('sito/wp-includes/wlwmanifest.xml','2022-06-10 18:35:37'),('.git/config','2022-06-11 00:03:39'),('wp-includes/wlwmanifest.xml','2022-06-11 03:03:15'),('blog/wp-includes/wlwmanifest.xml','2022-06-11 03:03:15'),('web/wp-includes/wlwmanifest.xml','2022-06-11 03:03:15'),('wordpress/wp-includes/wlwmanifest.xml','2022-06-11 03:03:15'),('website/wp-includes/wlwmanifest.xml','2022-06-11 03:03:15'),('wp/wp-includes/wlwmanifest.xml','2022-06-11 03:03:15'),('news/wp-includes/wlwmanifest.xml','2022-06-11 03:03:16'),('2020/wp-includes/wlwmanifest.xml','2022-06-11 03:03:16'),('2019/wp-includes/wlwmanifest.xml','2022-06-11 03:03:16'),('shop/wp-includes/wlwmanifest.xml','2022-06-11 03:03:16'),('wp1/wp-includes/wlwmanifest.xml','2022-06-11 03:03:16'),('test/wp-includes/wlwmanifest.xml','2022-06-11 03:03:16'),('wp2/wp-includes/wlwmanifest.xml','2022-06-11 03:03:16'),('site/wp-includes/wlwmanifest.xml','2022-06-11 03:03:16'),('cms/wp-includes/wlwmanifest.xml','2022-06-11 03:03:16'),('sito/wp-includes/wlwmanifest.xml','2022-06-11 03:03:17'),('wp-includes/ID3/license.txt','2022-06-11 04:02:53'),('feed/','2022-06-11 04:02:53'),('blog/wp-includes/wlwmanifest.xml','2022-06-11 04:02:54'),('web/wp-includes/wlwmanifest.xml','2022-06-11 04:02:54'),('wordpress/wp-includes/wlwmanifest.xml','2022-06-11 04:02:54'),('wp/wp-includes/wlwmanifest.xml','2022-06-11 04:02:54'),('2020/wp-includes/wlwmanifest.xml','2022-06-11 04:02:55'),('2019/wp-includes/wlwmanifest.xml','2022-06-11 04:02:55'),('2021/wp-includes/wlwmanifest.xml','2022-06-11 04:02:55'),('shop/wp-includes/wlwmanifest.xml','2022-06-11 04:02:55'),('wp1/wp-includes/wlwmanifest.xml','2022-06-11 04:02:55'),('test/wp-includes/wlwmanifest.xml','2022-06-11 04:02:56'),('site/wp-includes/wlwmanifest.xml','2022-06-11 04:02:56'),('cms/wp-includes/wlwmanifest.xml','2022-06-11 04:02:56'),('wp-includes/wlwmanifest.xml','2022-06-11 04:44:28'),('blog/wp-includes/wlwmanifest.xml','2022-06-11 04:44:28'),('web/wp-includes/wlwmanifest.xml','2022-06-11 04:44:29'),('wordpress/wp-includes/wlwmanifest.xml','2022-06-11 04:44:29'),('website/wp-includes/wlwmanifest.xml','2022-06-11 04:44:29'),('wp/wp-includes/wlwmanifest.xml','2022-06-11 04:44:29'),('news/wp-includes/wlwmanifest.xml','2022-06-11 04:44:30'),('2015/wp-includes/wlwmanifest.xml','2022-06-11 04:44:30'),('2016/wp-includes/wlwmanifest.xml','2022-06-11 04:44:30'),('2017/wp-includes/wlwmanifest.xml','2022-06-11 04:44:30'),('2018/wp-includes/wlwmanifest.xml','2022-06-11 04:44:31'),('shop/wp-includes/wlwmanifest.xml','2022-06-11 04:44:31'),('wp1/wp-includes/wlwmanifest.xml','2022-06-11 04:44:31'),('test/wp-includes/wlwmanifest.xml','2022-06-11 04:44:31'),('media/wp-includes/wlwmanifest.xml','2022-06-11 04:44:31'),('wp2/wp-includes/wlwmanifest.xml','2022-06-11 04:44:32'),('site/wp-includes/wlwmanifest.xml','2022-06-11 04:44:32'),('cms/wp-includes/wlwmanifest.xml','2022-06-11 04:44:32'),('sito/wp-includes/wlwmanifest.xml','2022-06-11 04:44:32'),('wp-includes/wlwmanifest.xml','2022-06-11 05:04:26'),('blog/wp-includes/wlwmanifest.xml','2022-06-11 05:04:27'),('web/wp-includes/wlwmanifest.xml','2022-06-11 05:04:27'),('wordpress/wp-includes/wlwmanifest.xml','2022-06-11 05:04:27'),('website/wp-includes/wlwmanifest.xml','2022-06-11 05:04:28'),('wp/wp-includes/wlwmanifest.xml','2022-06-11 05:04:28'),('news/wp-includes/wlwmanifest.xml','2022-06-11 05:04:28'),('2018/wp-includes/wlwmanifest.xml','2022-06-11 05:04:28'),('2019/wp-includes/wlwmanifest.xml','2022-06-11 05:04:29'),('shop/wp-includes/wlwmanifest.xml','2022-06-11 05:04:29'),('wp1/wp-includes/wlwmanifest.xml','2022-06-11 05:04:29'),('test/wp-includes/wlwmanifest.xml','2022-06-11 05:04:29'),('media/wp-includes/wlwmanifest.xml','2022-06-11 05:04:30'),('wp2/wp-includes/wlwmanifest.xml','2022-06-11 05:04:30'),('site/wp-includes/wlwmanifest.xml','2022-06-11 05:04:30'),('cms/wp-includes/wlwmanifest.xml','2022-06-11 05:04:31'),('sito/wp-includes/wlwmanifest.xml','2022-06-11 05:04:31'),('wp-includes/wlwmanifest.xml','2022-06-11 08:20:22'),('blog/wp-includes/wlwmanifest.xml','2022-06-11 08:20:22'),('web/wp-includes/wlwmanifest.xml','2022-06-11 08:20:23'),('wordpress/wp-includes/wlwmanifest.xml','2022-06-11 08:20:23'),('website/wp-includes/wlwmanifest.xml','2022-06-11 08:20:23'),('wp/wp-includes/wlwmanifest.xml','2022-06-11 08:20:23'),('news/wp-includes/wlwmanifest.xml','2022-06-11 08:20:24'),('2018/wp-includes/wlwmanifest.xml','2022-06-11 08:20:24'),('2019/wp-includes/wlwmanifest.xml','2022-06-11 08:20:24'),('shop/wp-includes/wlwmanifest.xml','2022-06-11 08:20:25'),('wp1/wp-includes/wlwmanifest.xml','2022-06-11 08:20:25'),('test/wp-includes/wlwmanifest.xml','2022-06-11 08:20:25'),('media/wp-includes/wlwmanifest.xml','2022-06-11 08:20:25'),('wp2/wp-includes/wlwmanifest.xml','2022-06-11 08:20:26'),('site/wp-includes/wlwmanifest.xml','2022-06-11 08:20:26'),('cms/wp-includes/wlwmanifest.xml','2022-06-11 08:20:26'),('sito/wp-includes/wlwmanifest.xml','2022-06-11 08:20:26'),('wp-includes/wlwmanifest.xml','2022-06-11 11:09:17'),('blog/wp-includes/wlwmanifest.xml','2022-06-11 11:09:18'),('web/wp-includes/wlwmanifest.xml','2022-06-11 11:09:18'),('wordpress/wp-includes/wlwmanifest.xml','2022-06-11 11:09:19'),('website/wp-includes/wlwmanifest.xml','2022-06-11 11:09:19'),('wp/wp-includes/wlwmanifest.xml','2022-06-11 11:09:19'),('news/wp-includes/wlwmanifest.xml','2022-06-11 11:09:20'),('2018/wp-includes/wlwmanifest.xml','2022-06-11 11:09:20'),('2019/wp-includes/wlwmanifest.xml','2022-06-11 11:09:20'),('shop/wp-includes/wlwmanifest.xml','2022-06-11 11:09:20'),('wp1/wp-includes/wlwmanifest.xml','2022-06-11 11:09:21'),('test/wp-includes/wlwmanifest.xml','2022-06-11 11:09:21'),('media/wp-includes/wlwmanifest.xml','2022-06-11 11:09:21'),('wp2/wp-includes/wlwmanifest.xml','2022-06-11 11:09:22'),('site/wp-includes/wlwmanifest.xml','2022-06-11 11:09:22'),('cms/wp-includes/wlwmanifest.xml','2022-06-11 11:09:22'),('sito/wp-includes/wlwmanifest.xml','2022-06-11 11:09:23'),('.well-known/security.txt','2022-06-11 11:51:46'),('.well-known/acme-challenge/p-9CEAM7VeqWfj5DYUNZzyEJgaQWdB2BLB3kyRUvU4U','2022-06-11 12:02:24'),('.well-known/acme-challenge/p-9CEAM7VeqWfj5DYUNZzyEJgaQWdB2BLB3kyRUvU4U','2022-06-11 12:02:24'),('xy/','2022-06-11 12:34:21'),('im/','2022-06-11 12:34:21'),('h5/','2022-06-11 12:34:21'),('h5/','2022-06-11 12:34:22'),('h5','2022-06-11 12:34:22'),('m/','2022-06-11 12:34:22'),('wap','2022-06-11 12:34:22'),('h5/','2022-06-11 12:34:22'),('mobile/login.html','2022-06-11 12:34:26'),('wap/','2022-06-11 12:34:28'),('homes/','2022-06-11 12:34:28'),('im/h5/','2022-06-11 12:34:29'),('m/','2022-06-11 12:34:34'),('site/info','2022-06-11 12:34:41'),('home/help','2022-06-11 12:34:43'),('index/user/get_server_info','2022-06-11 12:34:56'),('wp-includes/wlwmanifest.xml','2022-06-11 13:45:08'),('blog/wp-includes/wlwmanifest.xml','2022-06-11 13:45:09'),('web/wp-includes/wlwmanifest.xml','2022-06-11 13:45:09'),('wordpress/wp-includes/wlwmanifest.xml','2022-06-11 13:45:09'),('website/wp-includes/wlwmanifest.xml','2022-06-11 13:45:10'),('wp/wp-includes/wlwmanifest.xml','2022-06-11 13:45:10'),('news/wp-includes/wlwmanifest.xml','2022-06-11 13:45:10'),('2020/wp-includes/wlwmanifest.xml','2022-06-11 13:45:10'),('2019/wp-includes/wlwmanifest.xml','2022-06-11 13:45:11'),('shop/wp-includes/wlwmanifest.xml','2022-06-11 13:45:11'),('wp1/wp-includes/wlwmanifest.xml','2022-06-11 13:45:11'),('test/wp-includes/wlwmanifest.xml','2022-06-11 13:45:11'),('wp2/wp-includes/wlwmanifest.xml','2022-06-11 13:45:12'),('site/wp-includes/wlwmanifest.xml','2022-06-11 13:45:12'),('cms/wp-includes/wlwmanifest.xml','2022-06-11 13:45:12'),('sito/wp-includes/wlwmanifest.xml','2022-06-11 13:45:12'),('wp-includes/wlwmanifest.xml','2022-06-11 14:30:50'),('blog/wp-includes/wlwmanifest.xml','2022-06-11 14:30:51'),('web/wp-includes/wlwmanifest.xml','2022-06-11 14:30:52'),('wordpress/wp-includes/wlwmanifest.xml','2022-06-11 14:30:52'),('website/wp-includes/wlwmanifest.xml','2022-06-11 14:30:53'),('wp/wp-includes/wlwmanifest.xml','2022-06-11 14:30:53'),('news/wp-includes/wlwmanifest.xml','2022-06-11 14:30:53'),('wp1/wp-includes/wlwmanifest.xml','2022-06-11 14:30:54'),('test/wp-includes/wlwmanifest.xml','2022-06-11 14:30:54'),('wp2/wp-includes/wlwmanifest.xml','2022-06-11 14:30:55'),('site/wp-includes/wlwmanifest.xml','2022-06-11 14:30:55'),('cms/wp-includes/wlwmanifest.xml','2022-06-11 14:30:55'),('sito/wp-includes/wlwmanifest.xml','2022-06-11 14:30:56'),('feed/','2022-06-11 15:04:42'),('wp-json/wp/v2/users/','2022-06-11 15:04:43'),('wp-json/oembed/1.0/embed','2022-06-11 15:04:43'),('.well-known/acme-challenge/20QTKwk85dDAHYh96xWoFe94R5Vxoj2v_sxZ8ITaVFA','2022-06-12 00:04:10'),('.well-known/acme-challenge/20QTKwk85dDAHYh96xWoFe94R5Vxoj2v_sxZ8ITaVFA','2022-06-12 00:04:10'),('wp-includes/wlwmanifest.xml','2022-06-12 00:21:12'),('blog/wp-includes/wlwmanifest.xml','2022-06-12 00:21:12'),('web/wp-includes/wlwmanifest.xml','2022-06-12 00:21:13'),('wordpress/wp-includes/wlwmanifest.xml','2022-06-12 00:21:13'),('website/wp-includes/wlwmanifest.xml','2022-06-12 00:21:13'),('wp/wp-includes/wlwmanifest.xml','2022-06-12 00:21:13'),('news/wp-includes/wlwmanifest.xml','2022-06-12 00:21:13'),('2018/wp-includes/wlwmanifest.xml','2022-06-12 00:21:13'),('2019/wp-includes/wlwmanifest.xml','2022-06-12 00:21:14'),('shop/wp-includes/wlwmanifest.xml','2022-06-12 00:21:14'),('wp1/wp-includes/wlwmanifest.xml','2022-06-12 00:21:14'),('test/wp-includes/wlwmanifest.xml','2022-06-12 00:21:14'),('media/wp-includes/wlwmanifest.xml','2022-06-12 00:21:14'),('wp2/wp-includes/wlwmanifest.xml','2022-06-12 00:21:14'),('site/wp-includes/wlwmanifest.xml','2022-06-12 00:21:15'),('cms/wp-includes/wlwmanifest.xml','2022-06-12 00:21:15'),('sito/wp-includes/wlwmanifest.xml','2022-06-12 00:21:15'),('wp-includes/wlwmanifest.xml','2022-06-12 01:56:08'),('blog/wp-includes/wlwmanifest.xml','2022-06-12 01:56:09'),('web/wp-includes/wlwmanifest.xml','2022-06-12 01:56:10'),('wordpress/wp-includes/wlwmanifest.xml','2022-06-12 01:56:10'),('website/wp-includes/wlwmanifest.xml','2022-06-12 01:56:10'),('wp/wp-includes/wlwmanifest.xml','2022-06-12 01:56:11'),('news/wp-includes/wlwmanifest.xml','2022-06-12 01:56:11'),('2018/wp-includes/wlwmanifest.xml','2022-06-12 01:56:11'),('2019/wp-includes/wlwmanifest.xml','2022-06-12 01:56:12'),('shop/wp-includes/wlwmanifest.xml','2022-06-12 01:56:12'),('wp1/wp-includes/wlwmanifest.xml','2022-06-12 01:56:12'),('test/wp-includes/wlwmanifest.xml','2022-06-12 01:56:13'),('media/wp-includes/wlwmanifest.xml','2022-06-12 01:56:13'),('wp2/wp-includes/wlwmanifest.xml','2022-06-12 01:56:14'),('site/wp-includes/wlwmanifest.xml','2022-06-12 01:56:14'),('cms/wp-includes/wlwmanifest.xml','2022-06-12 01:56:14'),('sito/wp-includes/wlwmanifest.xml','2022-06-12 01:56:15');

--
-- Table structure for table `oc_address`
--

CREATE TABLE `oc_address` (
  `address_id` int(11) NOT NULL AUTO_INCREMENT,
  `customer_id` int(11) NOT NULL,
  `firstname` varchar(32) NOT NULL,
  `lastname` varchar(32) NOT NULL,
  `company` varchar(40) NOT NULL,
  `address_1` varchar(128) NOT NULL,
  `address_2` varchar(128) NOT NULL,
  `city` varchar(128) NOT NULL,
  `postcode` varchar(10) NOT NULL,
  `country_id` int(11) NOT NULL DEFAULT '0',
  `zone_id` int(11) NOT NULL DEFAULT '0',
  `custom_field` text NOT NULL,
  PRIMARY KEY (`address_id`),
  KEY `customer_id` (`customer_id`),
  KEY `country_id` (`country_id`),
  KEY `zone_id` (`zone_id`)
) ENGINE=MyISAM DEFAULT CHARSET=utf8;

--
-- Dumping data for table `oc_address`
--


--
-- Table structure for table `oc_api`
--

CREATE TABLE `oc_api` (
  `api_id` int(11) NOT NULL AUTO_INCREMENT,
  `username` varchar(64) NOT NULL,
  `key` text NOT NULL,
  `status` tinyint(1) NOT NULL,
  `date_added` datetime NOT NULL,
  `date_modified` datetime NOT NULL,
  PRIMARY KEY (`api_id`)
) ENGINE=MyISAM AUTO_INCREMENT=2 DEFAULT CHARSET=utf8;

--
-- Dumping data for table `oc_api`
--

INSERT INTO `oc_api` VALUES (1,'Default','bL9zR5CJPbB2RhCuzQDIoXnacvzt8Z6POUgX95Yar7b6n5y4yhO0cXuOlYRiKvfk3cFTfOnZ7rXg5CK80cURN8vdS82gywJHDQhrvvnUWA3GYVtZxZ503pljbjYoxVFh06AbnhsRohNPQLHkifXfPwSwNl0O2GmYoOxtscCtSv3QVArVSjZXhPAunzTmmDEEb7nomHHzJP13LsUsVHPKTgcqyr7vENEXNb2AnCEHSP5RKMzNkxEW5Tiz1HTgnNYs',1,'2022-06-02 14:18:03','2022-06-02 14:18:03');

--
-- Table structure for table `oc_api_ip`
--

CREATE TABLE `oc_api_ip` (
  `api_ip_id` int(11) NOT NULL AUTO_INCREMENT,
  `api_id` int(11) NOT NULL,
  `ip` varchar(40) NOT NULL,
  PRIMARY KEY (`api_ip_id`),
  KEY `api_id` (`api_id`)
) ENGINE=MyISAM DEFAULT CHARSET=utf8;

--
-- Dumping data for table `oc_api_ip`
--


--
-- Table structure for table `oc_api_session`
--

CREATE TABLE `oc_api_session` (
  `api_session_id` int(11) NOT NULL AUTO_INCREMENT,
  `api_id` int(11) NOT NULL,
  `session_id` varchar(32) NOT NULL,
  `ip` varchar(40) NOT NULL,
  `date_added` datetime NOT NULL,
  `date_modified` datetime NOT NULL,
  PRIMARY KEY (`api_session_id`),
  KEY `api_id` (`api_id`),
  KEY `session_id` (`session_id`)
) ENGINE=MyISAM DEFAULT CHARSET=utf8;

--
-- Dumping data for table `oc_api_session`
--


--
-- Table structure for table `oc_attribute`
--

CREATE TABLE `oc_attribute` (
  `attribute_id` int(11) NOT NULL AUTO_INCREMENT,
  `attribute_group_id` int(11) NOT NULL,
  `sort_order` int(3) NOT NULL,
  PRIMARY KEY (`attribute_id`),
  KEY `attribute_group_id` (`attribute_group_id`)
) ENGINE=MyISAM AUTO_INCREMENT=12 DEFAULT CHARSET=utf8;

--
-- Dumping data for table `oc_attribute`
--

INSERT INTO `oc_attribute` VALUES (1,6,1),(2,6,5),(3,6,3),(4,3,1),(5,3,2),(6,3,3),(7,3,4),(8,3,5),(9,3,6),(10,3,7),(11,3,8);

--
-- Table structure for table `oc_attribute_description`
--

CREATE TABLE `oc_attribute_description` (
  `attribute_id` int(11) NOT NULL,
  `language_id` int(11) NOT NULL,
  `name` varchar(64) NOT NULL,
  PRIMARY KEY (`attribute_id`,`language_id`)
) ENGINE=MyISAM DEFAULT CHARSET=utf8;

--
-- Dumping data for table `oc_attribute_description`
--

INSERT INTO `oc_attribute_description` VALUES (1,1,'Description'),(2,1,'No. of Cores'),(4,1,'test 1'),(5,1,'test 2'),(6,1,'test 3'),(7,1,'test 4'),(8,1,'test 5'),(9,1,'test 6'),(10,1,'test 7'),(11,1,'test 8'),(3,1,'Clockspeed');

--
-- Table structure for table `oc_attribute_group`
--

CREATE TABLE `oc_attribute_group` (
  `attribute_group_id` int(11) NOT NULL AUTO_INCREMENT,
  `sort_order` int(3) NOT NULL,
  PRIMARY KEY (`attribute_group_id`)
) ENGINE=MyISAM AUTO_INCREMENT=7 DEFAULT CHARSET=utf8;

--
-- Dumping data for table `oc_attribute_group`
--

INSERT INTO `oc_attribute_group` VALUES (3,2),(4,1),(5,3),(6,4);

--
-- Table structure for table `oc_attribute_group_description`
--

CREATE TABLE `oc_attribute_group_description` (
  `attribute_group_id` int(11) NOT NULL,
  `language_id` int(11) NOT NULL,
  `name` varchar(64) NOT NULL,
  PRIMARY KEY (`attribute_group_id`,`language_id`)
) ENGINE=MyISAM DEFAULT CHARSET=utf8;

--
-- Dumping data for table `oc_attribute_group_description`
--

INSERT INTO `oc_attribute_group_description` VALUES (3,1,'Memory'),(4,1,'Technical'),(5,1,'Motherboard'),(6,1,'Processor');

--
-- Table structure for table `oc_autoredirect`
--

CREATE TABLE `oc_autoredirect` (
  `link` varchar(321) COLLATE utf8_bin NOT NULL,
  `fixedlink` varchar(321) COLLATE utf8_bin NOT NULL,
  `date` datetime NOT NULL
) ENGINE=MyISAM DEFAULT CHARSET=utf8 COLLATE=utf8_bin;

--
-- Dumping data for table `oc_autoredirect`
--


--
-- Table structure for table `oc_banner`
--

CREATE TABLE `oc_banner` (
  `banner_id` int(11) NOT NULL AUTO_INCREMENT,
  `name` varchar(64) NOT NULL,
  `status` tinyint(1) NOT NULL,
  PRIMARY KEY (`banner_id`)
) ENGINE=MyISAM AUTO_INCREMENT=9 DEFAULT CHARSET=utf8;

--
-- Dumping data for table `oc_banner`
--

INSERT INTO `oc_banner` VALUES (6,'HP Products',1),(7,'Home Page Slideshow',1),(8,'Manufacturers',1);

--
-- Table structure for table `oc_banner_image`
--

CREATE TABLE `oc_banner_image` (
  `banner_image_id` int(11) NOT NULL AUTO_INCREMENT,
  `banner_id` int(11) NOT NULL,
  `language_id` int(11) NOT NULL,
  `title` varchar(64) NOT NULL,
  `link` varchar(255) NOT NULL,
  `image` varchar(255) NOT NULL,
  `sort_order` int(3) NOT NULL DEFAULT '0',
  PRIMARY KEY (`banner_image_id`),
  KEY `banner_id` (`banner_id`),
  KEY `language_id` (`language_id`)
) ENGINE=MyISAM AUTO_INCREMENT=99 DEFAULT CHARSET=utf8;

--
-- Dumping data for table `oc_banner_image`
--

INSERT INTO `oc_banner_image` VALUES (79,7,1,'iPhone 6','index.php?route=product/product&amp;path=57&amp;product_id=49','catalog/demo/banners/iPhone6.jpg',0),(87,6,1,'HP Banner','index.php?route=product/manufacturer/info&amp;manufacturer_id=7','catalog/demo/compaq_presario.jpg',0),(94,8,1,'NFL','','catalog/demo/manufacturer/nfl.png',0),(95,8,1,'RedBull','','catalog/demo/manufacturer/redbull.png',0),(96,8,1,'Sony','','catalog/demo/manufacturer/sony.png',0),(91,8,1,'Coca Cola','','catalog/demo/manufacturer/cocacola.png',0),(92,8,1,'Burger King','','catalog/demo/manufacturer/burgerking.png',0),(93,8,1,'Canon','','catalog/demo/manufacturer/canon.png',0),(88,8,1,'Harley Davidson','','catalog/demo/manufacturer/harley.png',0),(89,8,1,'Dell','','catalog/demo/manufacturer/dell.png',0),(90,8,1,'Disney','','catalog/demo/manufacturer/disney.png',0),(80,7,1,'MacBookAir','','catalog/demo/banners/MacBookAir.jpg',0),(97,8,1,'Starbucks','','catalog/demo/manufacturer/starbucks.png',0),(98,8,1,'Nintendo','','catalog/demo/manufacturer/nintendo.png',0);

--
-- Table structure for table `oc_bots_report`
--

CREATE TABLE `oc_bots_report` (
  `link` varchar(321) COLLATE utf8_bin NOT NULL,
  `bot` varchar(321) COLLATE utf8_bin NOT NULL,
  `ip` varchar(321) COLLATE utf8_bin NOT NULL,
  `date` datetime NOT NULL
) ENGINE=MyISAM DEFAULT CHARSET=utf8 COLLATE=utf8_bin;

--
-- Dumping data for table `oc_bots_report`
--


--
-- Table structure for table `oc_cart`
--

CREATE TABLE `oc_cart` (
  `cart_id` int(11) unsigned NOT NULL AUTO_INCREMENT,
  `api_id` int(11) NOT NULL,
  `customer_id` int(11) NOT NULL,
  `session_id` varchar(32) NOT NULL,
  `product_id` int(11) NOT NULL,
  `recurring_id` int(11) NOT NULL,
  `option` text NOT NULL,
  `quantity` int(5) NOT NULL,
  `date_added` datetime NOT NULL,
  PRIMARY KEY (`cart_id`),
  KEY `cart_id` (`api_id`,`customer_id`,`session_id`,`product_id`,`recurring_id`)
) ENGINE=InnoDB AUTO_INCREMENT=6 DEFAULT CHARSET=utf8;

--
-- Dumping data for table `oc_cart`
--

INSERT INTO `oc_cart` VALUES (3,0,2,'9b443d3439bbee3e24736516a9',51,0,'[]',1,'2022-06-10 01:06:13'),(5,0,0,'2ec9f16babfa47c2534a4806ef',54,0,'[]',1,'2022-06-12 03:59:06');

--
-- Table structure for table `oc_category`
--

CREATE TABLE `oc_category` (
  `category_id` int(11) NOT NULL AUTO_INCREMENT,
  `image` varchar(255) DEFAULT NULL,
  `parent_id` int(11) NOT NULL DEFAULT '0',
  `top` tinyint(1) NOT NULL,
  `column` int(3) NOT NULL,
  `sort_order` int(3) NOT NULL DEFAULT '0',
  `status` tinyint(1) NOT NULL,
  `date_added` datetime NOT NULL,
  `date_modified` datetime NOT NULL,
  PRIMARY KEY (`category_id`),
  KEY `parent_id` (`parent_id`)
) ENGINE=MyISAM AUTO_INCREMENT=72 DEFAULT CHARSET=utf8;

--
-- Dumping data for table `oc_category`
--

INSERT INTO `oc_category` VALUES (62,'catalog/womenclothes.png',0,0,1,0,1,'2022-06-08 09:33:16','2022-06-08 09:40:23'),(60,'catalog/acer-nitro-5-scaled.jpeg',59,0,1,0,1,'2022-06-04 10:07:15','2022-06-10 12:36:14'),(63,'catalog/menclothes.png',0,0,1,0,1,'2022-06-08 09:38:20','2022-06-08 09:46:42'),(64,'catalog/babyclothes.png',0,0,1,0,1,'2022-06-08 09:48:10','2022-06-08 09:48:10'),(65,'catalog/acadapter.png',0,0,1,0,1,'2022-06-08 10:05:05','2022-06-08 10:05:05'),(70,'catalog/sony.jpg',59,0,1,0,1,'2022-06-09 10:17:35','2022-06-10 12:37:23'),(71,'catalog/acer.png',65,0,1,0,1,'2022-06-10 12:34:57','2022-06-10 12:40:55'),(69,'catalog/toshiba.jpg',59,0,1,0,1,'2022-06-09 10:14:14','2022-06-10 12:37:35'),(68,'catalog/hp.jpg',59,0,1,0,1,'2022-06-09 10:11:37','2022-06-10 12:37:00'),(67,'catalog/dell.png',59,0,1,0,1,'2022-06-09 10:09:30','2022-06-10 12:36:40'),(66,'catalog/lenovo.jpg',59,0,1,0,1,'2022-06-09 10:05:55','2022-06-10 12:37:11'),(59,'catalog/laptop-battery-icon-flat-design-vector-37906942.jpg',0,0,1,0,1,'2022-06-04 10:03:52','2022-06-06 03:16:09'),(61,'catalog/1123880-13.jpg',59,0,1,0,1,'2022-06-04 10:28:34','2022-06-10 12:36:26');

--
-- Table structure for table `oc_category_description`
--

CREATE TABLE `oc_category_description` (
  `category_id` int(11) NOT NULL,
  `language_id` int(11) NOT NULL,
  `name` varchar(255) NOT NULL,
  `description` text NOT NULL,
  `meta_title` varchar(255) NOT NULL,
  `meta_description` varchar(255) NOT NULL,
  `meta_keyword` varchar(255) NOT NULL,
  `seo_keyword` varchar(255) NOT NULL,
  `seo_h1` varchar(255) NOT NULL,
  `seo_h2` varchar(255) NOT NULL,
  `seo_h3` varchar(255) NOT NULL,
  PRIMARY KEY (`category_id`,`language_id`),
  KEY `name` (`name`)
) ENGINE=MyISAM DEFAULT CHARSET=utf8;

--
-- Dumping data for table `oc_category_description`
--

INSERT INTO `oc_category_description` VALUES (59,1,'Laptop Batteries','&lt;!--[if gte mso 9]&gt;&lt;xml&gt;&lt;o:DocumentProperties&gt;&lt;o:Revision&gt;1&lt;/o:Revision&gt;&lt;o:Pages&gt;1&lt;/o:Pages&gt;&lt;o:Lines&gt;1&lt;/o:Lines&gt;&lt;o:Paragraphs&gt;1&lt;/o:Paragraphs&gt;&lt;/o:DocumentProperties&gt;&lt;/xml&gt;&lt;![endif]--&gt;&lt;!--[if gte mso 9]&gt;&lt;xml&gt;&lt;o:OfficeDocumentSettings&gt;&lt;/o:OfficeDocumentSettings&gt;&lt;/xml&gt;&lt;![endif]--&gt;&lt;!--[if gte mso 9]&gt;&lt;xml&gt;&lt;w:WordDocument&gt;&lt;w:BrowserLevel&gt;MicrosoftInternetExplorer4&lt;/w:BrowserLevel&gt;&lt;w:DisplayHorizontalDrawingGridEvery&gt;0&lt;/w:DisplayHorizontalDrawingGridEvery&gt;&lt;w:DisplayVerticalDrawingGridEvery&gt;2&lt;/w:DisplayVerticalDrawingGridEvery&gt;&lt;w:DocumentKind&gt;DocumentNotSpecified&lt;/w:DocumentKind&gt;&lt;w:DrawingGridVerticalSpacing&gt;7.8 磅&lt;/w:DrawingGridVerticalSpacing&gt;&lt;w:PunctuationKerning&gt;&lt;/w:PunctuationKerning&gt;&lt;w:View&gt;Normal&lt;/w:View&gt;&lt;w:Compatibility&gt;&lt;w:DontGrowAutofit/&gt;&lt;w:BalanceSingleByteDoubleByteWidth/&gt;&lt;w:DoNotExpandShiftReturn/&gt;&lt;w:UseFELayout/&gt;&lt;/w:Compatibility&gt;&lt;w:Zoom&gt;0&lt;/w:Zoom&gt;&lt;/w:WordDocument&gt;&lt;/xml&gt;&lt;![endif]--&gt;&lt;!--[if gte mso 9]&gt;&lt;xml&gt;&lt;w:LatentStyles DefLockedState=&quot;false&quot;  DefUnhideWhenUsed=&quot;true&quot;  DefSemiHidden=&quot;true&quot;  DefQFormat=&quot;false&quot;  DefPriority=&quot;99&quot;  LatentStyleCount=&quot;260&quot; &gt;\r\n&lt;w:LsdException Locked=&quot;false&quot;  Priority=&quot;99&quot;  SemiHidden=&quot;false&quot;  Name=&quot;Normal&quot; &gt;&lt;/w:LsdException&gt;\r\n&lt;w:LsdException Locked=&quot;false&quot;  Priority=&quot;99&quot;  SemiHidden=&quot;false&quot;  Name=&quot;heading 1&quot; &gt;&lt;/w:LsdException&gt;\r\n&lt;w:LsdException Locked=&quot;false&quot;  Priority=&quot;99&quot;  SemiHidden=&quot;false&quot;  Name=&quot;heading 2&quot; &gt;&lt;/w:LsdException&gt;\r\n&lt;w:LsdException Locked=&quot;false&quot;  Priority=&quot;99&quot;  SemiHidden=&quot;false&quot;  Name=&quot;heading 3&quot; &gt;&lt;/w:LsdException&gt;\r\n&lt;w:LsdException Locked=&quot;false&quot;  Priority=&quot;99&quot;  SemiHidden=&quot;false&quot;  Name=&quot;heading 4&quot; &gt;&lt;/w:LsdException&gt;\r\n&lt;w:LsdException Locked=&quot;false&quot;  Priority=&quot;99&quot;  SemiHidden=&quot;false&quot;  Name=&quot;heading 5&quot; &gt;&lt;/w:LsdException&gt;\r\n&lt;w:LsdException Locked=&quot;false&quot;  Priority=&quot;99&quot;  SemiHidden=&quot;false&quot;  Name=&quot;heading 6&quot; &gt;&lt;/w:LsdException&gt;\r\n&lt;w:LsdException Locked=&quot;false&quot;  Priority=&quot;99&quot;  SemiHidden=&quot;false&quot;  Name=&quot;heading 7&quot; &gt;&lt;/w:LsdException&gt;\r\n&lt;w:LsdException Locked=&quot;false&quot;  Priority=&quot;99&quot;  SemiHidden=&quot;false&quot;  Name=&quot;heading 8&quot; &gt;&lt;/w:LsdException&gt;\r\n&lt;w:LsdException Locked=&quot;false&quot;  Priority=&quot;99&quot;  SemiHidden=&quot;false&quot;  Name=&quot;heading 9&quot; &gt;&lt;/w:LsdException&gt;\r\n&lt;w:LsdException Locked=&quot;false&quot;  Priority=&quot;99&quot;  SemiHidden=&quot;false&quot;  Name=&quot;index 1&quot; &gt;&lt;/w:LsdException&gt;\r\n&lt;w:LsdException Locked=&quot;false&quot;  Priority=&quot;99&quot;  SemiHidden=&quot;false&quot;  Name=&quot;index 2&quot; &gt;&lt;/w:LsdException&gt;\r\n&lt;w:LsdException Locked=&quot;false&quot;  Priority=&quot;99&quot;  SemiHidden=&quot;false&quot;  Name=&quot;index 3&quot; &gt;&lt;/w:LsdException&gt;\r\n&lt;w:LsdException Locked=&quot;false&quot;  Priority=&quot;99&quot;  SemiHidden=&quot;false&quot;  Name=&quot;index 4&quot; &gt;&lt;/w:LsdException&gt;\r\n&lt;w:LsdException Locked=&quot;false&quot;  Priority=&quot;99&quot;  SemiHidden=&quot;false&quot;  Name=&quot;index 5&quot; &gt;&lt;/w:LsdException&gt;\r\n&lt;w:LsdException Locked=&quot;false&quot;  Priority=&quot;99&quot;  SemiHidden=&quot;false&quot;  Name=&quot;index 6&quot; &gt;&lt;/w:LsdException&gt;\r\n&lt;w:LsdException Locked=&quot;false&quot;  Priority=&quot;99&quot;  SemiHidden=&quot;false&quot;  Name=&quot;index 7&quot; &gt;&lt;/w:LsdException&gt;\r\n&lt;w:LsdException Locked=&quot;false&quot;  Priority=&quot;99&quot;  SemiHidden=&quot;false&quot;  Name=&quot;index 8&quot; &gt;&lt;/w:LsdException&gt;\r\n&lt;w:LsdException Locked=&quot;false&quot;  Priority=&quot;99&quot;  SemiHidden=&quot;false&quot;  Name=&quot;index 9&quot; &gt;&lt;/w:LsdException&gt;\r\n&lt;w:LsdException Locked=&quot;false&quot;  Priority=&quot;99&quot;  SemiHidden=&quot;false&quot;  Name=&quot;toc 1&quot; &gt;&lt;/w:LsdException&gt;\r\n&lt;w:LsdException Locked=&quot;false&quot;  Priority=&quot;99&quot;  SemiHidden=&quot;false&quot;  Name=&quot;toc 2&quot; &gt;&lt;/w:LsdException&gt;\r\n&lt;w:LsdException Locked=&quot;false&quot;  Priority=&quot;99&quot;  SemiHidden=&quot;false&quot;  Name=&quot;toc 3&quot; &gt;&lt;/w:LsdException&gt;\r\n&lt;w:LsdException Locked=&quot;false&quot;  Priority=&quot;99&quot;  SemiHidden=&quot;false&quot;  Name=&quot;toc 4&quot; &gt;&lt;/w:LsdException&gt;\r\n&lt;w:LsdException Locked=&quot;false&quot;  Priority=&quot;99&quot;  SemiHidden=&quot;false&quot;  Name=&quot;toc 5&quot; &gt;&lt;/w:LsdException&gt;\r\n&lt;w:LsdException Locked=&quot;false&quot;  Priority=&quot;99&quot;  SemiHidden=&quot;false&quot;  Name=&quot;toc 6&quot; &gt;&lt;/w:LsdException&gt;\r\n&lt;w:LsdException Locked=&quot;false&quot;  Priority=&quot;99&quot;  SemiHidden=&quot;false&quot;  Name=&quot;toc 7&quot; &gt;&lt;/w:LsdException&gt;\r\n&lt;w:LsdException Locked=&quot;false&quot;  Priority=&quot;99&quot;  SemiHidden=&quot;false&quot;  Name=&quot;toc 8&quot; &gt;&lt;/w:LsdException&gt;\r\n&lt;w:LsdException Locked=&quot;false&quot;  Priority=&quot;99&quot;  SemiHidden=&quot;false&quot;  Name=&quot;toc 9&quot; &gt;&lt;/w:LsdException&gt;\r\n&lt;w:LsdException Locked=&quot;false&quot;  Priority=&quot;99&quot;  SemiHidden=&quot;false&quot;  Name=&quot;Normal Indent&quot; &gt;&lt;/w:LsdException&gt;\r\n&lt;w:LsdException Locked=&quot;false&quot;  Priority=&quot;99&quot;  SemiHidden=&quot;false&quot;  Name=&quot;footnote text&quot; &gt;&lt;/w:LsdException&gt;\r\n&lt;w:LsdException Locked=&quot;false&quot;  Priority=&quot;99&quot;  SemiHidden=&quot;false&quot;  Name=&quot;annotation text&quot; &gt;&lt;/w:LsdException&gt;\r\n&lt;w:LsdException Locked=&quot;false&quot;  Priority=&quot;99&quot;  SemiHidden=&quot;false&quot;  Name=&quot;header&quot; &gt;&lt;/w:LsdException&gt;\r\n&lt;w:LsdException Locked=&quot;false&quot;  Priority=&quot;99&quot;  SemiHidden=&quot;false&quot;  Name=&quot;footer&quot; &gt;&lt;/w:LsdException&gt;\r\n&lt;w:LsdException Locked=&quot;false&quot;  Priority=&quot;99&quot;  SemiHidden=&quot;false&quot;  Name=&quot;index heading&quot; &gt;&lt;/w:LsdException&gt;\r\n&lt;w:LsdException Locked=&quot;false&quot;  Priority=&quot;99&quot;  SemiHidden=&quot;false&quot;  Name=&quot;caption&quot; &gt;&lt;/w:LsdException&gt;\r\n&lt;w:LsdException Locked=&quot;false&quot;  Priority=&quot;99&quot;  SemiHidden=&quot;false&quot;  Name=&quot;table of figures&quot; &gt;&lt;/w:LsdException&gt;\r\n&lt;w:LsdException Locked=&quot;false&quot;  Priority=&quot;99&quot;  SemiHidden=&quot;false&quot;  Name=&quot;envelope address&quot; &gt;&lt;/w:LsdException&gt;\r\n&lt;w:LsdException Locked=&quot;false&quot;  Priority=&quot;99&quot;  SemiHidden=&quot;false&quot;  Name=&quot;envelope return&quot; &gt;&lt;/w:LsdException&gt;\r\n&lt;w:LsdException Locked=&quot;false&quot;  Priority=&quot;99&quot;  SemiHidden=&quot;false&quot;  Name=&quot;footnote reference&quot; &gt;&lt;/w:LsdException&gt;\r\n&lt;w:LsdException Locked=&quot;false&quot;  Priority=&quot;99&quot;  SemiHidden=&quot;false&quot;  Name=&quot;annotation reference&quot; &gt;&lt;/w:LsdException&gt;\r\n&lt;w:LsdException Locked=&quot;false&quot;  Priority=&quot;99&quot;  SemiHidden=&quot;false&quot;  Name=&quot;line number&quot; &gt;&lt;/w:LsdException&gt;\r\n&lt;w:LsdException Locked=&quot;false&quot;  Priority=&quot;99&quot;  SemiHidden=&quot;false&quot;  Name=&quot;page number&quot; &gt;&lt;/w:LsdException&gt;\r\n&lt;w:LsdException Locked=&quot;false&quot;  Priority=&quot;99&quot;  SemiHidden=&quot;false&quot;  Name=&quot;endnote reference&quot; &gt;&lt;/w:LsdException&gt;\r\n&lt;w:LsdException Locked=&quot;false&quot;  Priority=&quot;99&quot;  SemiHidden=&quot;false&quot;  Name=&quot;endnote text&quot; &gt;&lt;/w:LsdException&gt;\r\n&lt;w:LsdException Locked=&quot;false&quot;  Priority=&quot;99&quot;  SemiHidden=&quot;false&quot;  Name=&quot;table of authorities&quot; &gt;&lt;/w:LsdException&gt;\r\n&lt;w:LsdException Locked=&quot;false&quot;  Priority=&quot;99&quot;  SemiHidden=&quot;false&quot;  Name=&quot;macro&quot; &gt;&lt;/w:LsdException&gt;\r\n&lt;w:LsdException Locked=&quot;false&quot;  Priority=&quot;99&quot;  SemiHidden=&quot;false&quot;  Name=&quot;toa heading&quot; &gt;&lt;/w:LsdException&gt;\r\n&lt;w:LsdException Locked=&quot;false&quot;  Priority=&quot;99&quot;  SemiHidden=&quot;false&quot;  Name=&quot;List&quot; &gt;&lt;/w:LsdException&gt;\r\n&lt;w:LsdException Locked=&quot;false&quot;  Priority=&quot;99&quot;  SemiHidden=&quot;false&quot;  Name=&quot;List Bullet&quot; &gt;&lt;/w:LsdException&gt;\r\n&lt;w:LsdException Locked=&quot;false&quot;  Priority=&quot;99&quot;  SemiHidden=&quot;false&quot;  Name=&quot;List Number&quot; &gt;&lt;/w:LsdException&gt;\r\n&lt;w:LsdException Locked=&quot;false&quot;  Priority=&quot;99&quot;  SemiHidden=&quot;false&quot;  Name=&quot;List 2&quot; &gt;&lt;/w:LsdException&gt;\r\n&lt;w:LsdException Locked=&quot;false&quot;  Priority=&quot;99&quot;  SemiHidden=&quot;false&quot;  Name=&quot;List 3&quot; &gt;&lt;/w:LsdException&gt;\r\n&lt;w:LsdException Locked=&quot;false&quot;  Priority=&quot;99&quot;  SemiHidden=&quot;false&quot;  Name=&quot;List 4&quot; &gt;&lt;/w:LsdException&gt;\r\n&lt;w:LsdException Locked=&quot;false&quot;  Priority=&quot;99&quot;  SemiHidden=&quot;false&quot;  Name=&quot;List 5&quot; &gt;&lt;/w:LsdException&gt;\r\n&lt;w:LsdException Locked=&quot;false&quot;  Priority=&quot;99&quot;  SemiHidden=&quot;false&quot;  Name=&quot;List Bullet 2&quot; &gt;&lt;/w:LsdException&gt;\r\n&lt;w:LsdException Locked=&quot;false&quot;  Priority=&quot;99&quot;  SemiHidden=&quot;false&quot;  Name=&quot;List Bullet 3&quot; &gt;&lt;/w:LsdException&gt;\r\n&lt;w:LsdException Locked=&quot;false&quot;  Priority=&quot;99&quot;  SemiHidden=&quot;false&quot;  Name=&quot;List Bullet 4&quot; &gt;&lt;/w:LsdException&gt;\r\n&lt;w:LsdException Locked=&quot;false&quot;  Priority=&quot;99&quot;  SemiHidden=&quot;false&quot;  Name=&quot;List Bullet 5&quot; &gt;&lt;/w:LsdException&gt;\r\n&lt;w:LsdException Locked=&quot;false&quot;  Priority=&quot;99&quot;  SemiHidden=&quot;false&quot;  Name=&quot;List Number 2&quot; &gt;&lt;/w:LsdException&gt;\r\n&lt;w:LsdException Locked=&quot;false&quot;  Priority=&quot;99&quot;  SemiHidden=&quot;false&quot;  Name=&quot;List Number 3&quot; &gt;&lt;/w:LsdException&gt;\r\n&lt;w:LsdException Locked=&quot;false&quot;  Priority=&quot;99&quot;  SemiHidden=&quot;false&quot;  Name=&quot;List Number 4&quot; &gt;&lt;/w:LsdException&gt;\r\n&lt;w:LsdException Locked=&quot;false&quot;  Priority=&quot;99&quot;  SemiHidden=&quot;false&quot;  Name=&quot;List Number 5&quot; &gt;&lt;/w:LsdException&gt;\r\n&lt;w:LsdException Locked=&quot;false&quot;  Priority=&quot;99&quot;  SemiHidden=&quot;false&quot;  Name=&quot;Title&quot; &gt;&lt;/w:LsdException&gt;\r\n&lt;w:LsdException Locked=&quot;false&quot;  Priority=&quot;99&quot;  SemiHidden=&quot;false&quot;  Name=&quot;Closing&quot; &gt;&lt;/w:LsdException&gt;\r\n&lt;w:LsdException Locked=&quot;false&quot;  Priority=&quot;99&quot;  SemiHidden=&quot;false&quot;  Name=&quot;Signature&quot; &gt;&lt;/w:LsdException&gt;\r\n&lt;w:LsdException Locked=&quot;false&quot;  Priority=&quot;99&quot;  SemiHidden=&quot;false&quot;  Name=&quot;Default Paragraph Font&quot; &gt;&lt;/w:LsdException&gt;\r\n&lt;w:LsdException Locked=&quot;false&quot;  Priority=&quot;99&quot;  SemiHidden=&quot;false&quot;  Name=&quot;Body Text&quot; &gt;&lt;/w:LsdException&gt;\r\n&lt;w:LsdException Locked=&quot;false&quot;  Priority=&quot;99&quot;  SemiHidden=&quot;false&quot;  Name=&quot;Body Text Indent&quot; &gt;&lt;/w:LsdException&gt;\r\n&lt;w:LsdException Locked=&quot;false&quot;  Priority=&quot;99&quot;  SemiHidden=&quot;false&quot;  Name=&quot;List Continue&quot; &gt;&lt;/w:LsdException&gt;\r\n&lt;w:LsdException Locked=&quot;false&quot;  Priority=&quot;99&quot;  SemiHidden=&quot;false&quot;  Name=&quot;List Continue 2&quot; &gt;&lt;/w:LsdException&gt;\r\n&lt;w:LsdException Locked=&quot;false&quot;  Priority=&quot;99&quot;  SemiHidden=&quot;false&quot;  Name=&quot;List Continue 3&quot; &gt;&lt;/w:LsdException&gt;\r\n&lt;w:LsdException Locked=&quot;false&quot;  Priority=&quot;99&quot;  SemiHidden=&quot;false&quot;  Name=&quot;List Continue 4&quot; &gt;&lt;/w:LsdException&gt;\r\n&lt;w:LsdException Locked=&quot;false&quot;  Priority=&quot;99&quot;  SemiHidden=&quot;false&quot;  Name=&quot;List Continue 5&quot; &gt;&lt;/w:LsdException&gt;\r\n&lt;w:LsdException Locked=&quot;false&quot;  Priority=&quot;99&quot;  SemiHidden=&quot;false&quot;  Name=&quot;Message Header&quot; &gt;&lt;/w:LsdException&gt;\r\n&lt;w:LsdException Locked=&quot;false&quot;  Priority=&quot;99&quot;  SemiHidden=&quot;false&quot;  Name=&quot;Subtitle&quot; &gt;&lt;/w:LsdException&gt;\r\n&lt;w:LsdException Locked=&quot;false&quot;  Priority=&quot;99&quot;  SemiHidden=&quot;false&quot;  Name=&quot;Salutation&quot; &gt;&lt;/w:LsdException&gt;\r\n&lt;w:LsdException Locked=&quot;false&quot;  Priority=&quot;99&quot;  SemiHidden=&quot;false&quot;  Name=&quot;Date&quot; &gt;&lt;/w:LsdException&gt;\r\n&lt;w:LsdException Locked=&quot;false&quot;  Priority=&quot;99&quot;  SemiHidden=&quot;false&quot;  Name=&quot;Body Text First Indent&quot; &gt;&lt;/w:LsdException&gt;\r\n&lt;w:LsdException Locked=&quot;false&quot;  Priority=&quot;99&quot;  SemiHidden=&quot;false&quot;  Name=&quot;Body Text First Indent 2&quot; &gt;&lt;/w:LsdException&gt;\r\n&lt;w:LsdException Locked=&quot;false&quot;  Priority=&quot;99&quot;  SemiHidden=&quot;false&quot;  Name=&quot;Note Heading&quot; &gt;&lt;/w:LsdException&gt;\r\n&lt;w:LsdException Locked=&quot;false&quot;  Priority=&quot;99&quot;  SemiHidden=&quot;false&quot;  Name=&quot;Body Text 2&quot; &gt;&lt;/w:LsdException&gt;\r\n&lt;w:LsdException Locked=&quot;false&quot;  Priority=&quot;99&quot;  SemiHidden=&quot;false&quot;  Name=&quot;Body Text 3&quot; &gt;&lt;/w:LsdException&gt;\r\n&lt;w:LsdException Locked=&quot;false&quot;  Priority=&quot;99&quot;  SemiHidden=&quot;false&quot;  Name=&quot;Body Text Indent 2&quot; &gt;&lt;/w:LsdException&gt;\r\n&lt;w:LsdException Locked=&quot;false&quot;  Priority=&quot;99&quot;  SemiHidden=&quot;false&quot;  Name=&quot;Body Text Indent 3&quot; &gt;&lt;/w:LsdException&gt;\r\n&lt;w:LsdException Locked=&quot;false&quot;  Priority=&quot;99&quot;  SemiHidden=&quot;false&quot;  Name=&quot;Block Text&quot; &gt;&lt;/w:LsdException&gt;\r\n&lt;w:LsdException Locked=&quot;false&quot;  Priority=&quot;99&quot;  SemiHidden=&quot;false&quot;  Name=&quot;Hyperlink&quot; &gt;&lt;/w:LsdException&gt;\r\n&lt;w:LsdException Locked=&quot;false&quot;  Priority=&quot;99&quot;  SemiHidden=&quot;false&quot;  Name=&quot;FollowedHyperlink&quot; &gt;&lt;/w:LsdException&gt;\r\n&lt;w:LsdException Locked=&quot;false&quot;  Priority=&quot;99&quot;  SemiHidden=&quot;false&quot;  Name=&quot;Strong&quot; &gt;&lt;/w:LsdException&gt;\r\n&lt;w:LsdException Locked=&quot;false&quot;  Priority=&quot;99&quot;  SemiHidden=&quot;false&quot;  Name=&quot;Emphasis&quot; &gt;&lt;/w:LsdException&gt;\r\n&lt;w:LsdException Locked=&quot;false&quot;  Priority=&quot;99&quot;  SemiHidden=&quot;false&quot;  Name=&quot;Document Map&quot; &gt;&lt;/w:LsdException&gt;\r\n&lt;w:LsdException Locked=&quot;false&quot;  Priority=&quot;99&quot;  SemiHidden=&quot;false&quot;  Name=&quot;Plain Text&quot; &gt;&lt;/w:LsdException&gt;\r\n&lt;w:LsdException Locked=&quot;false&quot;  Priority=&quot;99&quot;  SemiHidden=&quot;false&quot;  Name=&quot;E-mail Signature&quot; &gt;&lt;/w:LsdException&gt;\r\n&lt;w:LsdException Locked=&quot;false&quot;  Priority=&quot;99&quot;  SemiHidden=&quot;false&quot;  Name=&quot;Normal (Web)&quot; &gt;&lt;/w:LsdException&gt;\r\n&lt;w:LsdException Locked=&quot;false&quot;  Priority=&quot;99&quot;  SemiHidden=&quot;false&quot;  Name=&quot;HTML Acronym&quot; &gt;&lt;/w:LsdException&gt;\r\n&lt;w:LsdException Locked=&quot;false&quot;  Priority=&quot;99&quot;  SemiHidden=&quot;false&quot;  Name=&quot;HTML Address&quot; &gt;&lt;/w:LsdException&gt;\r\n&lt;w:LsdException Locked=&quot;false&quot;  Priority=&quot;99&quot;  SemiHidden=&quot;false&quot;  Name=&quot;HTML Cite&quot; &gt;&lt;/w:LsdException&gt;\r\n&lt;w:LsdException Locked=&quot;false&quot;  Priority=&quot;99&quot;  SemiHidden=&quot;false&quot;  Name=&quot;HTML Code&quot; &gt;&lt;/w:LsdException&gt;\r\n&lt;w:LsdException Locked=&quot;false&quot;  Priority=&quot;99&quot;  SemiHidden=&quot;false&quot;  Name=&quot;HTML Definition&quot; &gt;&lt;/w:LsdException&gt;\r\n&lt;w:LsdException Locked=&quot;false&quot;  Priority=&quot;99&quot;  SemiHidden=&quot;false&quot;  Name=&quot;HTML Keyboard&quot; &gt;&lt;/w:LsdException&gt;\r\n&lt;w:LsdException Locked=&quot;false&quot;  Priority=&quot;99&quot;  SemiHidden=&quot;false&quot;  Name=&quot;HTML Preformatted&quot; &gt;&lt;/w:LsdException&gt;\r\n&lt;w:LsdException Locked=&quot;false&quot;  Priority=&quot;99&quot;  SemiHidden=&quot;false&quot;  Name=&quot;HTML Sample&quot; &gt;&lt;/w:LsdException&gt;\r\n&lt;w:LsdException Locked=&quot;false&quot;  Priority=&quot;99&quot;  SemiHidden=&quot;false&quot;  Name=&quot;HTML Typewriter&quot; &gt;&lt;/w:LsdException&gt;\r\n&lt;w:LsdException Locked=&quot;false&quot;  Priority=&quot;99&quot;  SemiHidden=&quot;false&quot;  Name=&quot;HTML Variable&quot; &gt;&lt;/w:LsdException&gt;\r\n&lt;w:LsdException Locked=&quot;false&quot;  Priority=&quot;99&quot;  SemiHidden=&quot;false&quot;  Name=&quot;Normal Table&quot; &gt;&lt;/w:LsdException&gt;\r\n&lt;w:LsdException Locked=&quot;false&quot;  Priority=&quot;99&quot;  SemiHidden=&quot;false&quot;  Name=&quot;annotation subject&quot; &gt;&lt;/w:LsdException&gt;\r\n&lt;w:LsdException Locked=&quot;false&quot;  Priority=&quot;99&quot;  SemiHidden=&quot;false&quot;  Name=&quot;No List&quot; &gt;&lt;/w:LsdException&gt;\r\n&lt;w:LsdException Locked=&quot;false&quot;  Priority=&quot;99&quot;  SemiHidden=&quot;false&quot;  Name=&quot;1 / a / i&quot; &gt;&lt;/w:LsdException&gt;\r\n&lt;w:LsdException Locked=&quot;false&quot;  Priority=&quot;99&quot;  SemiHidden=&quot;false&quot;  Name=&quot;1 / 1.1 / 1.1.1&quot; &gt;&lt;/w:LsdException&gt;\r\n&lt;w:LsdException Locked=&quot;false&quot;  Priority=&quot;99&quot;  SemiHidden=&quot;false&quot;  Name=&quot;Article / Section&quot; &gt;&lt;/w:LsdException&gt;\r\n&lt;w:LsdException Locked=&quot;false&quot;  Priority=&quot;99&quot;  SemiHidden=&quot;false&quot;  Name=&quot;Table Simple 1&quot; &gt;&lt;/w:LsdException&gt;\r\n&lt;w:LsdException Locked=&quot;false&quot;  Priority=&quot;99&quot;  SemiHidden=&quot;false&quot;  Name=&quot;Table Simple 2&quot; &gt;&lt;/w:LsdException&gt;\r\n&lt;w:LsdException Locked=&quot;false&quot;  Priority=&quot;99&quot;  SemiHidden=&quot;false&quot;  Name=&quot;Table Simple 3&quot; &gt;&lt;/w:LsdException&gt;\r\n&lt;w:LsdException Locked=&quot;false&quot;  Priority=&quot;99&quot;  SemiHidden=&quot;false&quot;  Name=&quot;Table Classic 1&quot; &gt;&lt;/w:LsdException&gt;\r\n&lt;w:LsdException Locked=&quot;false&quot;  Priority=&quot;99&quot;  SemiHidden=&quot;false&quot;  Name=&quot;Table Classic 2&quot; &gt;&lt;/w:LsdException&gt;\r\n&lt;w:LsdException Locked=&quot;false&quot;  Priority=&quot;99&quot;  SemiHidden=&quot;false&quot;  Name=&quot;Table Classic 3&quot; &gt;&lt;/w:LsdException&gt;\r\n&lt;w:LsdException Locked=&quot;false&quot;  Priority=&quot;99&quot;  SemiHidden=&quot;false&quot;  Name=&quot;Table Classic 4&quot; &gt;&lt;/w:LsdException&gt;\r\n&lt;w:LsdException Locked=&quot;false&quot;  Priority=&quot;99&quot;  SemiHidden=&quot;false&quot;  Name=&quot;Table Colorful 1&quot; &gt;&lt;/w:LsdException&gt;\r\n&lt;w:LsdException Locked=&quot;false&quot;  Priority=&quot;99&quot;  SemiHidden=&quot;false&quot;  Name=&quot;Table Colorful 2&quot; &gt;&lt;/w:LsdException&gt;\r\n&lt;w:LsdException Locked=&quot;false&quot;  Priority=&quot;99&quot;  SemiHidden=&quot;false&quot;  Name=&quot;Table Colorful 3&quot; &gt;&lt;/w:LsdException&gt;\r\n&lt;w:LsdException Locked=&quot;false&quot;  Priority=&quot;99&quot;  SemiHidden=&quot;false&quot;  Name=&quot;Table Columns 1&quot; &gt;&lt;/w:LsdException&gt;\r\n&lt;w:LsdException Locked=&quot;false&quot;  Priority=&quot;99&quot;  SemiHidden=&quot;false&quot;  Name=&quot;Table Columns 2&quot; &gt;&lt;/w:LsdException&gt;\r\n&lt;w:LsdException Locked=&quot;false&quot;  Priority=&quot;99&quot;  SemiHidden=&quot;false&quot;  Name=&quot;Table Columns 3&quot; &gt;&lt;/w:LsdException&gt;\r\n&lt;w:LsdException Locked=&quot;false&quot;  Priority=&quot;99&quot;  SemiHidden=&quot;false&quot;  Name=&quot;Table Columns 4&quot; &gt;&lt;/w:LsdException&gt;\r\n&lt;w:LsdException Locked=&quot;false&quot;  Priority=&quot;99&quot;  SemiHidden=&quot;false&quot;  Name=&quot;Table Columns 5&quot; &gt;&lt;/w:LsdException&gt;\r\n&lt;w:LsdException Locked=&quot;false&quot;  Priority=&quot;99&quot;  SemiHidden=&quot;false&quot;  Name=&quot;Table Grid 1&quot; &gt;&lt;/w:LsdException&gt;\r\n&lt;w:LsdException Locked=&quot;false&quot;  Priority=&quot;99&quot;  SemiHidden=&quot;false&quot;  Name=&quot;Table Grid 2&quot; &gt;&lt;/w:LsdException&gt;\r\n&lt;w:LsdException Locked=&quot;false&quot;  Priority=&quot;99&quot;  SemiHidden=&quot;false&quot;  Name=&quot;Table Grid 3&quot; &gt;&lt;/w:LsdException&gt;\r\n&lt;w:LsdException Locked=&quot;false&quot;  Priority=&quot;99&quot;  SemiHidden=&quot;false&quot;  Name=&quot;Table Grid 4&quot; &gt;&lt;/w:LsdException&gt;\r\n&lt;w:LsdException Locked=&quot;false&quot;  Priority=&quot;99&quot;  SemiHidden=&quot;false&quot;  Name=&quot;Table Grid 5&quot; &gt;&lt;/w:LsdException&gt;\r\n&lt;w:LsdException Locked=&quot;false&quot;  Priority=&quot;99&quot;  SemiHidden=&quot;false&quot;  Name=&quot;Table Grid 6&quot; &gt;&lt;/w:LsdException&gt;\r\n&lt;w:LsdException Locked=&quot;false&quot;  Priority=&quot;99&quot;  SemiHidden=&quot;false&quot;  Name=&quot;Table Grid 7&quot; &gt;&lt;/w:LsdException&gt;\r\n&lt;w:LsdException Locked=&quot;false&quot;  Priority=&quot;99&quot;  SemiHidden=&quot;false&quot;  Name=&quot;Table Grid 8&quot; &gt;&lt;/w:LsdException&gt;\r\n&lt;w:LsdException Locked=&quot;false&quot;  Priority=&quot;99&quot;  SemiHidden=&quot;false&quot;  Name=&quot;Table List 1&quot; &gt;&lt;/w:LsdException&gt;\r\n&lt;w:LsdException Locked=&quot;false&quot;  Priority=&quot;99&quot;  SemiHidden=&quot;false&quot;  Name=&quot;Table List 2&quot; &gt;&lt;/w:LsdException&gt;\r\n&lt;w:LsdException Locked=&quot;false&quot;  Priority=&quot;99&quot;  SemiHidden=&quot;false&quot;  Name=&quot;Table List 3&quot; &gt;&lt;/w:LsdException&gt;\r\n&lt;w:LsdException Locked=&quot;false&quot;  Priority=&quot;99&quot;  SemiHidden=&quot;false&quot;  Name=&quot;Table List 4&quot; &gt;&lt;/w:LsdException&gt;\r\n&lt;w:LsdException Locked=&quot;false&quot;  Priority=&quot;99&quot;  SemiHidden=&quot;false&quot;  Name=&quot;Table List 5&quot; &gt;&lt;/w:LsdException&gt;\r\n&lt;w:LsdException Locked=&quot;false&quot;  Priority=&quot;99&quot;  SemiHidden=&quot;false&quot;  Name=&quot;Table List 6&quot; &gt;&lt;/w:LsdException&gt;\r\n&lt;w:LsdException Locked=&quot;false&quot;  Priority=&quot;99&quot;  SemiHidden=&quot;false&quot;  Name=&quot;Table List 7&quot; &gt;&lt;/w:LsdException&gt;\r\n&lt;w:LsdException Locked=&quot;false&quot;  Priority=&quot;99&quot;  SemiHidden=&quot;false&quot;  Name=&quot;Table List 8&quot; &gt;&lt;/w:LsdException&gt;\r\n&lt;w:LsdException Locked=&quot;false&quot;  Priority=&quot;99&quot;  SemiHidden=&quot;false&quot;  Name=&quot;Table 3D effects 1&quot; &gt;&lt;/w:LsdException&gt;\r\n&lt;w:LsdException Locked=&quot;false&quot;  Priority=&quot;99&quot;  SemiHidden=&quot;false&quot;  Name=&quot;Table 3D effects 2&quot; &gt;&lt;/w:LsdException&gt;\r\n&lt;w:LsdException Locked=&quot;false&quot;  Priority=&quot;99&quot;  SemiHidden=&quot;false&quot;  Name=&quot;Table 3D effects 3&quot; &gt;&lt;/w:LsdException&gt;\r\n&lt;w:LsdException Locked=&quot;false&quot;  Priority=&quot;99&quot;  SemiHidden=&quot;false&quot;  Name=&quot;Table Contemporary&quot; &gt;&lt;/w:LsdException&gt;\r\n&lt;w:LsdException Locked=&quot;false&quot;  Priority=&quot;99&quot;  SemiHidden=&quot;false&quot;  Name=&quot;Table Elegant&quot; &gt;&lt;/w:LsdException&gt;\r\n&lt;w:LsdException Locked=&quot;false&quot;  Priority=&quot;99&quot;  SemiHidden=&quot;false&quot;  Name=&quot;Table Professional&quot; &gt;&lt;/w:LsdException&gt;\r\n&lt;w:LsdException Locked=&quot;false&quot;  Priority=&quot;99&quot;  SemiHidden=&quot;false&quot;  Name=&quot;Table Subtle 1&quot; &gt;&lt;/w:LsdException&gt;\r\n&lt;w:LsdException Locked=&quot;false&quot;  Priority=&quot;99&quot;  SemiHidden=&quot;false&quot;  Name=&quot;Table Subtle 2&quot; &gt;&lt;/w:LsdException&gt;\r\n&lt;w:LsdException Locked=&quot;false&quot;  Priority=&quot;99&quot;  SemiHidden=&quot;false&quot;  Name=&quot;Table Web 1&quot; &gt;&lt;/w:LsdException&gt;\r\n&lt;w:LsdException Locked=&quot;false&quot;  Priority=&quot;99&quot;  SemiHidden=&quot;false&quot;  Name=&quot;Table Web 2&quot; &gt;&lt;/w:LsdException&gt;\r\n&lt;w:LsdException Locked=&quot;false&quot;  Priority=&quot;99&quot;  SemiHidden=&quot;false&quot;  Name=&quot;Table Web 3&quot; &gt;&lt;/w:LsdException&gt;\r\n&lt;w:LsdException Locked=&quot;false&quot;  Priority=&quot;99&quot;  SemiHidden=&quot;false&quot;  Name=&quot;Balloon Text&quot; &gt;&lt;/w:LsdException&gt;\r\n&lt;w:LsdException Locked=&quot;false&quot;  Priority=&quot;99&quot;  SemiHidden=&quot;false&quot;  Name=&quot;Table Grid&quot; &gt;&lt;/w:LsdException&gt;\r\n&lt;w:LsdException Locked=&quot;false&quot;  Priority=&quot;99&quot;  SemiHidden=&quot;false&quot;  Name=&quot;Table Theme&quot; &gt;&lt;/w:LsdException&gt;\r\n&lt;w:LsdException Locked=&quot;false&quot;  Priority=&quot;99&quot;  SemiHidden=&quot;false&quot;  Name=&quot;Placeholder Text&quot; &gt;&lt;/w:LsdException&gt;\r\n&lt;w:LsdException Locked=&quot;false&quot;  Priority=&quot;99&quot;  SemiHidden=&quot;false&quot;  Name=&quot;No Spacing&quot; &gt;&lt;/w:LsdException&gt;\r\n&lt;w:LsdException Locked=&quot;false&quot;  Priority=&quot;99&quot;  SemiHidden=&quot;false&quot;  Name=&quot;Light Shading&quot; &gt;&lt;/w:LsdException&gt;\r\n&lt;w:LsdException Locked=&quot;false&quot;  Priority=&quot;99&quot;  SemiHidden=&quot;false&quot;  Name=&quot;Light List&quot; &gt;&lt;/w:LsdException&gt;\r\n&lt;w:LsdException Locked=&quot;false&quot;  Priority=&quot;99&quot;  SemiHidden=&quot;false&quot;  Name=&quot;Light Grid&quot; &gt;&lt;/w:LsdException&gt;\r\n&lt;w:LsdException Locked=&quot;false&quot;  Priority=&quot;99&quot;  SemiHidden=&quot;false&quot;  Name=&quot;Medium Shading 1&quot; &gt;&lt;/w:LsdException&gt;\r\n&lt;w:LsdException Locked=&quot;false&quot;  Priority=&quot;99&quot;  SemiHidden=&quot;false&quot;  Name=&quot;Medium Shading 2&quot; &gt;&lt;/w:LsdException&gt;\r\n&lt;w:LsdException Locked=&quot;false&quot;  Priority=&quot;99&quot;  SemiHidden=&quot;false&quot;  Name=&quot;Medium List 1&quot; &gt;&lt;/w:LsdException&gt;\r\n&lt;w:LsdException Locked=&quot;false&quot;  Priority=&quot;99&quot;  SemiHidden=&quot;false&quot;  Name=&quot;Medium List 2&quot; &gt;&lt;/w:LsdException&gt;\r\n&lt;w:LsdException Locked=&quot;false&quot;  Priority=&quot;99&quot;  SemiHidden=&quot;false&quot;  Name=&quot;Medium Grid 1&quot; &gt;&lt;/w:LsdException&gt;\r\n&lt;w:LsdException Locked=&quot;false&quot;  Priority=&quot;99&quot;  SemiHidden=&quot;false&quot;  Name=&quot;Medium Grid 2&quot; &gt;&lt;/w:LsdException&gt;\r\n&lt;w:LsdException Locked=&quot;false&quot;  Priority=&quot;99&quot;  SemiHidden=&quot;false&quot;  Name=&quot;Medium Grid 3&quot; &gt;&lt;/w:LsdException&gt;\r\n&lt;w:LsdException Locked=&quot;false&quot;  Priority=&quot;99&quot;  SemiHidden=&quot;false&quot;  Name=&quot;Dark List&quot; &gt;&lt;/w:LsdException&gt;\r\n&lt;w:LsdException Locked=&quot;false&quot;  Priority=&quot;99&quot;  SemiHidden=&quot;false&quot;  Name=&quot;Colorful Shading&quot; &gt;&lt;/w:LsdException&gt;\r\n&lt;w:LsdException Locked=&quot;false&quot;  Priority=&quot;99&quot;  SemiHidden=&quot;false&quot;  Name=&quot;Colorful List&quot; &gt;&lt;/w:LsdException&gt;\r\n&lt;w:LsdException Locked=&quot;false&quot;  Priority=&quot;99&quot;  SemiHidden=&quot;false&quot;  Name=&quot;Colorful Grid&quot; &gt;&lt;/w:LsdException&gt;\r\n&lt;w:LsdException Locked=&quot;false&quot;  Priority=&quot;99&quot;  SemiHidden=&quot;false&quot;  Name=&quot;Light Shading Accent 1&quot; &gt;&lt;/w:LsdException&gt;\r\n&lt;w:LsdException Locked=&quot;false&quot;  Priority=&quot;99&quot;  SemiHidden=&quot;false&quot;  Name=&quot;Light List Accent 1&quot; &gt;&lt;/w:LsdException&gt;\r\n&lt;w:LsdException Locked=&quot;false&quot;  Priority=&quot;99&quot;  SemiHidden=&quot;false&quot;  Name=&quot;Light Grid Accent 1&quot; &gt;&lt;/w:LsdException&gt;\r\n&lt;w:LsdException Locked=&quot;false&quot;  Priority=&quot;99&quot;  SemiHidden=&quot;false&quot;  Name=&quot;Medium Shading 1 Accent 1&quot; &gt;&lt;/w:LsdException&gt;\r\n&lt;w:LsdException Locked=&quot;false&quot;  Priority=&quot;99&quot;  SemiHidden=&quot;false&quot;  Name=&quot;Medium Shading 2 Accent 1&quot; &gt;&lt;/w:LsdException&gt;\r\n&lt;w:LsdException Locked=&quot;false&quot;  Priority=&quot;99&quot;  SemiHidden=&quot;false&quot;  Name=&quot;Medium List 1 Accent 1&quot; &gt;&lt;/w:LsdException&gt;\r\n&lt;w:LsdException Locked=&quot;false&quot;  Priority=&quot;99&quot;  SemiHidden=&quot;false&quot;  Name=&quot;List Paragraph&quot; &gt;&lt;/w:LsdException&gt;\r\n&lt;w:LsdException Locked=&quot;false&quot;  Priority=&quot;99&quot;  SemiHidden=&quot;false&quot;  Name=&quot;Quote&quot; &gt;&lt;/w:LsdException&gt;\r\n&lt;w:LsdException Locked=&quot;false&quot;  Priority=&quot;99&quot;  SemiHidden=&quot;false&quot;  Name=&quot;Intense Quote&quot; &gt;&lt;/w:LsdException&gt;\r\n&lt;w:LsdException Locked=&quot;false&quot;  Priority=&quot;99&quot;  SemiHidden=&quot;false&quot;  Name=&quot;Medium List 2 Accent 1&quot; &gt;&lt;/w:LsdException&gt;\r\n&lt;w:LsdException Locked=&quot;false&quot;  Priority=&quot;99&quot;  SemiHidden=&quot;false&quot;  Name=&quot;Medium Grid 1 Accent 1&quot; &gt;&lt;/w:LsdException&gt;\r\n&lt;w:LsdException Locked=&quot;false&quot;  Priority=&quot;99&quot;  SemiHidden=&quot;false&quot;  Name=&quot;Medium Grid 2 Accent 1&quot; &gt;&lt;/w:LsdException&gt;\r\n&lt;w:LsdException Locked=&quot;false&quot;  Priority=&quot;99&quot;  SemiHidden=&quot;false&quot;  Name=&quot;Medium Grid 3 Accent 1&quot; &gt;&lt;/w:LsdException&gt;\r\n&lt;w:LsdException Locked=&quot;false&quot;  Priority=&quot;99&quot;  SemiHidden=&quot;false&quot;  Name=&quot;Dark List Accent 1&quot; &gt;&lt;/w:LsdException&gt;\r\n&lt;w:LsdException Locked=&quot;false&quot;  Priority=&quot;99&quot;  SemiHidden=&quot;false&quot;  Name=&quot;Colorful Shading Accent 1&quot; &gt;&lt;/w:LsdException&gt;\r\n&lt;w:LsdException Locked=&quot;false&quot;  Priority=&quot;99&quot;  SemiHidden=&quot;false&quot;  Name=&quot;Colorful List Accent 1&quot; &gt;&lt;/w:LsdException&gt;\r\n&lt;w:LsdException Locked=&quot;false&quot;  Priority=&quot;99&quot;  SemiHidden=&quot;false&quot;  Name=&quot;Colorful Grid Accent 1&quot; &gt;&lt;/w:LsdException&gt;\r\n&lt;w:LsdException Locked=&quot;false&quot;  Priority=&quot;99&quot;  SemiHidden=&quot;false&quot;  Name=&quot;Light Shading Accent 2&quot; &gt;&lt;/w:LsdException&gt;\r\n&lt;w:LsdException Locked=&quot;false&quot;  Priority=&quot;99&quot;  SemiHidden=&quot;false&quot;  Name=&quot;Light List Accent 2&quot; &gt;&lt;/w:LsdException&gt;\r\n&lt;w:LsdException Locked=&quot;false&quot;  Priority=&quot;99&quot;  SemiHidden=&quot;false&quot;  Name=&quot;Light Grid Accent 2&quot; &gt;&lt;/w:LsdException&gt;\r\n&lt;w:LsdException Locked=&quot;false&quot;  Priority=&quot;99&quot;  SemiHidden=&quot;false&quot;  Name=&quot;Medium Shading 1 Accent 2&quot; &gt;&lt;/w:LsdException&gt;\r\n&lt;w:LsdException Locked=&quot;false&quot;  Priority=&quot;99&quot;  SemiHidden=&quot;false&quot;  Name=&quot;Medium Shading 2 Accent 2&quot; &gt;&lt;/w:LsdException&gt;\r\n&lt;w:LsdException Locked=&quot;false&quot;  Priority=&quot;99&quot;  SemiHidden=&quot;false&quot;  Name=&quot;Medium List 1 Accent 2&quot; &gt;&lt;/w:LsdException&gt;\r\n&lt;w:LsdException Locked=&quot;false&quot;  Priority=&quot;99&quot;  SemiHidden=&quot;false&quot;  Name=&quot;Medium List 2 Accent 2&quot; &gt;&lt;/w:LsdException&gt;\r\n&lt;w:LsdException Locked=&quot;false&quot;  Priority=&quot;99&quot;  SemiHidden=&quot;false&quot;  Name=&quot;Medium Grid 1 Accent 2&quot; &gt;&lt;/w:LsdException&gt;\r\n&lt;w:LsdException Locked=&quot;false&quot;  Priority=&quot;99&quot;  SemiHidden=&quot;false&quot;  Name=&quot;Medium Grid 2 Accent 2&quot; &gt;&lt;/w:LsdException&gt;\r\n&lt;w:LsdException Locked=&quot;false&quot;  Priority=&quot;99&quot;  SemiHidden=&quot;false&quot;  Name=&quot;Medium Grid 3 Accent 2&quot; &gt;&lt;/w:LsdException&gt;\r\n&lt;w:LsdException Locked=&quot;false&quot;  Priority=&quot;99&quot;  SemiHidden=&quot;false&quot;  Name=&quot;Dark List Accent 2&quot; &gt;&lt;/w:LsdException&gt;\r\n&lt;w:LsdException Locked=&quot;false&quot;  Priority=&quot;99&quot;  SemiHidden=&quot;false&quot;  Name=&quot;Colorful Shading Accent 2&quot; &gt;&lt;/w:LsdException&gt;\r\n&lt;w:LsdException Locked=&quot;false&quot;  Priority=&quot;99&quot;  SemiHidden=&quot;false&quot;  Name=&quot;Colorful List Accent 2&quot; &gt;&lt;/w:LsdException&gt;\r\n&lt;w:LsdException Locked=&quot;false&quot;  Priority=&quot;99&quot;  SemiHidden=&quot;false&quot;  Name=&quot;Colorful Grid Accent 2&quot; &gt;&lt;/w:LsdException&gt;\r\n&lt;w:LsdException Locked=&quot;false&quot;  Priority=&quot;99&quot;  SemiHidden=&quot;false&quot;  Name=&quot;Light Shading Accent 3&quot; &gt;&lt;/w:LsdException&gt;\r\n&lt;w:LsdException Locked=&quot;false&quot;  Priority=&quot;99&quot;  SemiHidden=&quot;false&quot;  Name=&quot;Light List Accent 3&quot; &gt;&lt;/w:LsdException&gt;\r\n&lt;w:LsdException Locked=&quot;false&quot;  Priority=&quot;99&quot;  SemiHidden=&quot;false&quot;  Name=&quot;Light Grid Accent 3&quot; &gt;&lt;/w:LsdException&gt;\r\n&lt;w:LsdException Locked=&quot;false&quot;  Priority=&quot;99&quot;  SemiHidden=&quot;false&quot;  Name=&quot;Medium Shading 1 Accent 3&quot; &gt;&lt;/w:LsdException&gt;\r\n&lt;w:LsdException Locked=&quot;false&quot;  Priority=&quot;99&quot;  SemiHidden=&quot;false&quot;  Name=&quot;Medium Shading 2 Accent 3&quot; &gt;&lt;/w:LsdException&gt;\r\n&lt;w:LsdException Locked=&quot;false&quot;  Priority=&quot;99&quot;  SemiHidden=&quot;false&quot;  Name=&quot;Medium List 1 Accent 3&quot; &gt;&lt;/w:LsdException&gt;\r\n&lt;w:LsdException Locked=&quot;false&quot;  Priority=&quot;99&quot;  SemiHidden=&quot;false&quot;  Name=&quot;Medium List 2 Accent 3&quot; &gt;&lt;/w:LsdException&gt;\r\n&lt;w:LsdException Locked=&quot;false&quot;  Priority=&quot;99&quot;  SemiHidden=&quot;false&quot;  Name=&quot;Medium Grid 1 Accent 3&quot; &gt;&lt;/w:LsdException&gt;\r\n&lt;w:LsdException Locked=&quot;false&quot;  Priority=&quot;99&quot;  SemiHidden=&quot;false&quot;  Name=&quot;Medium Grid 2 Accent 3&quot; &gt;&lt;/w:LsdException&gt;\r\n&lt;w:LsdException Locked=&quot;false&quot;  Priority=&quot;99&quot;  SemiHidden=&quot;false&quot;  Name=&quot;Medium Grid 3 Accent 3&quot; &gt;&lt;/w:LsdException&gt;\r\n&lt;w:LsdException Locked=&quot;false&quot;  Priority=&quot;99&quot;  SemiHidden=&quot;false&quot;  Name=&quot;Dark List Accent 3&quot; &gt;&lt;/w:LsdException&gt;\r\n&lt;w:LsdException Locked=&quot;false&quot;  Priority=&quot;99&quot;  SemiHidden=&quot;false&quot;  Name=&quot;Colorful Shading Accent 3&quot; &gt;&lt;/w:LsdException&gt;\r\n&lt;w:LsdException Locked=&quot;false&quot;  Priority=&quot;99&quot;  SemiHidden=&quot;false&quot;  Name=&quot;Colorful List Accent 3&quot; &gt;&lt;/w:LsdException&gt;\r\n&lt;w:LsdException Locked=&quot;false&quot;  Priority=&quot;99&quot;  SemiHidden=&quot;false&quot;  Name=&quot;Colorful Grid Accent 3&quot; &gt;&lt;/w:LsdException&gt;\r\n&lt;w:LsdException Locked=&quot;false&quot;  Priority=&quot;99&quot;  SemiHidden=&quot;false&quot;  Name=&quot;Light Shading Accent 4&quot; &gt;&lt;/w:LsdException&gt;\r\n&lt;w:LsdException Locked=&quot;false&quot;  Priority=&quot;99&quot;  SemiHidden=&quot;false&quot;  Name=&quot;Light List Accent 4&quot; &gt;&lt;/w:LsdException&gt;\r\n&lt;w:LsdException Locked=&quot;false&quot;  Priority=&quot;99&quot;  SemiHidden=&quot;false&quot;  Name=&quot;Light Grid Accent 4&quot; &gt;&lt;/w:LsdException&gt;\r\n&lt;w:LsdException Locked=&quot;false&quot;  Priority=&quot;99&quot;  SemiHidden=&quot;false&quot;  Name=&quot;Medium Shading 1 Accent 4&quot; &gt;&lt;/w:LsdException&gt;\r\n&lt;w:LsdException Locked=&quot;false&quot;  Priority=&quot;99&quot;  SemiHidden=&quot;false&quot;  Name=&quot;Medium Shading 2 Accent 4&quot; &gt;&lt;/w:LsdException&gt;\r\n&lt;w:LsdException Locked=&quot;false&quot;  Priority=&quot;99&quot;  SemiHidden=&quot;false&quot;  Name=&quot;Medium List 1 Accent 4&quot; &gt;&lt;/w:LsdException&gt;\r\n&lt;w:LsdException Locked=&quot;false&quot;  Priority=&quot;99&quot;  SemiHidden=&quot;false&quot;  Name=&quot;Medium List 2 Accent 4&quot; &gt;&lt;/w:LsdException&gt;\r\n&lt;w:LsdException Locked=&quot;false&quot;  Priority=&quot;99&quot;  SemiHidden=&quot;false&quot;  Name=&quot;Medium Grid 1 Accent 4&quot; &gt;&lt;/w:LsdException&gt;\r\n&lt;w:LsdException Locked=&quot;false&quot;  Priority=&quot;99&quot;  SemiHidden=&quot;false&quot;  Name=&quot;Medium Grid 2 Accent 4&quot; &gt;&lt;/w:LsdException&gt;\r\n&lt;w:LsdException Locked=&quot;false&quot;  Priority=&quot;99&quot;  SemiHidden=&quot;false&quot;  Name=&quot;Medium Grid 3 Accent 4&quot; &gt;&lt;/w:LsdException&gt;\r\n&lt;w:LsdException Locked=&quot;false&quot;  Priority=&quot;99&quot;  SemiHidden=&quot;false&quot;  Name=&quot;Dark List Accent 4&quot; &gt;&lt;/w:LsdException&gt;\r\n&lt;w:LsdException Locked=&quot;false&quot;  Priority=&quot;99&quot;  SemiHidden=&quot;false&quot;  Name=&quot;Colorful Shading Accent 4&quot; &gt;&lt;/w:LsdException&gt;\r\n&lt;w:LsdException Locked=&quot;false&quot;  Priority=&quot;99&quot;  SemiHidden=&quot;false&quot;  Name=&quot;Colorful List Accent 4&quot; &gt;&lt;/w:LsdException&gt;\r\n&lt;w:LsdException Locked=&quot;false&quot;  Priority=&quot;99&quot;  SemiHidden=&quot;false&quot;  Name=&quot;Colorful Grid Accent 4&quot; &gt;&lt;/w:LsdException&gt;\r\n&lt;w:LsdException Locked=&quot;false&quot;  Priority=&quot;99&quot;  SemiHidden=&quot;false&quot;  Name=&quot;Light Shading Accent 5&quot; &gt;&lt;/w:LsdException&gt;\r\n&lt;w:LsdException Locked=&quot;false&quot;  Priority=&quot;99&quot;  SemiHidden=&quot;false&quot;  Name=&quot;Light List Accent 5&quot; &gt;&lt;/w:LsdException&gt;\r\n&lt;w:LsdException Locked=&quot;false&quot;  Priority=&quot;99&quot;  SemiHidden=&quot;false&quot;  Name=&quot;Light Grid Accent 5&quot; &gt;&lt;/w:LsdException&gt;\r\n&lt;w:LsdException Locked=&quot;false&quot;  Priority=&quot;99&quot;  SemiHidden=&quot;false&quot;  Name=&quot;Medium Shading 1 Accent 5&quot; &gt;&lt;/w:LsdException&gt;\r\n&lt;w:LsdException Locked=&quot;false&quot;  Priority=&quot;99&quot;  SemiHidden=&quot;false&quot;  Name=&quot;Medium Shading 2 Accent 5&quot; &gt;&lt;/w:LsdException&gt;\r\n&lt;w:LsdException Locked=&quot;false&quot;  Priority=&quot;99&quot;  SemiHidden=&quot;false&quot;  Name=&quot;Medium List 1 Accent 5&quot; &gt;&lt;/w:LsdException&gt;\r\n&lt;w:LsdException Locked=&quot;false&quot;  Priority=&quot;99&quot;  SemiHidden=&quot;false&quot;  Name=&quot;Medium List 2 Accent 5&quot; &gt;&lt;/w:LsdException&gt;\r\n&lt;w:LsdException Locked=&quot;false&quot;  Priority=&quot;99&quot;  SemiHidden=&quot;false&quot;  Name=&quot;Medium Grid 1 Accent 5&quot; &gt;&lt;/w:LsdException&gt;\r\n&lt;w:LsdException Locked=&quot;false&quot;  Priority=&quot;99&quot;  SemiHidden=&quot;false&quot;  Name=&quot;Medium Grid 2 Accent 5&quot; &gt;&lt;/w:LsdException&gt;\r\n&lt;w:LsdException Locked=&quot;false&quot;  Priority=&quot;99&quot;  SemiHidden=&quot;false&quot;  Name=&quot;Medium Grid 3 Accent 5&quot; &gt;&lt;/w:LsdException&gt;\r\n&lt;w:LsdException Locked=&quot;false&quot;  Priority=&quot;99&quot;  SemiHidden=&quot;false&quot;  Name=&quot;Dark List Accent 5&quot; &gt;&lt;/w:LsdException&gt;\r\n&lt;w:LsdException Locked=&quot;false&quot;  Priority=&quot;99&quot;  SemiHidden=&quot;false&quot;  Name=&quot;Colorful Shading Accent 5&quot; &gt;&lt;/w:LsdException&gt;\r\n&lt;w:LsdException Locked=&quot;false&quot;  Priority=&quot;99&quot;  SemiHidden=&quot;false&quot;  Name=&quot;Colorful List Accent 5&quot; &gt;&lt;/w:LsdException&gt;\r\n&lt;w:LsdException Locked=&quot;false&quot;  Priority=&quot;99&quot;  SemiHidden=&quot;false&quot;  Name=&quot;Colorful Grid Accent 5&quot; &gt;&lt;/w:LsdException&gt;\r\n&lt;w:LsdException Locked=&quot;false&quot;  Priority=&quot;99&quot;  SemiHidden=&quot;false&quot;  Name=&quot;Light Shading Accent 6&quot; &gt;&lt;/w:LsdException&gt;\r\n&lt;w:LsdException Locked=&quot;false&quot;  Priority=&quot;99&quot;  SemiHidden=&quot;false&quot;  Name=&quot;Light List Accent 6&quot; &gt;&lt;/w:LsdException&gt;\r\n&lt;w:LsdException Locked=&quot;false&quot;  Priority=&quot;99&quot;  SemiHidden=&quot;false&quot;  Name=&quot;Light Grid Accent 6&quot; &gt;&lt;/w:LsdException&gt;\r\n&lt;w:LsdException Locked=&quot;false&quot;  Priority=&quot;99&quot;  SemiHidden=&quot;false&quot;  Name=&quot;Medium Shading 1 Accent 6&quot; &gt;&lt;/w:LsdException&gt;\r\n&lt;w:LsdException Locked=&quot;false&quot;  Priority=&quot;99&quot;  SemiHidden=&quot;false&quot;  Name=&quot;Medium Shading 2 Accent 6&quot; &gt;&lt;/w:LsdException&gt;\r\n&lt;w:LsdException Locked=&quot;false&quot;  Priority=&quot;99&quot;  SemiHidden=&quot;false&quot;  Name=&quot;Medium List 1 Accent 6&quot; &gt;&lt;/w:LsdException&gt;\r\n&lt;w:LsdException Locked=&quot;false&quot;  Priority=&quot;99&quot;  SemiHidden=&quot;false&quot;  Name=&quot;Medium List 2 Accent 6&quot; &gt;&lt;/w:LsdException&gt;\r\n&lt;w:LsdException Locked=&quot;false&quot;  Priority=&quot;99&quot;  SemiHidden=&quot;false&quot;  Name=&quot;Medium Grid 1 Accent 6&quot; &gt;&lt;/w:LsdException&gt;\r\n&lt;w:LsdException Locked=&quot;false&quot;  Priority=&quot;99&quot;  SemiHidden=&quot;false&quot;  Name=&quot;Medium Grid 2 Accent 6&quot; &gt;&lt;/w:LsdException&gt;\r\n&lt;w:LsdException Locked=&quot;false&quot;  Priority=&quot;99&quot;  SemiHidden=&quot;false&quot;  Name=&quot;Medium Grid 3 Accent 6&quot; &gt;&lt;/w:LsdException&gt;\r\n&lt;w:LsdException Locked=&quot;false&quot;  Priority=&quot;99&quot;  SemiHidden=&quot;false&quot;  Name=&quot;Dark List Accent 6&quot; &gt;&lt;/w:LsdException&gt;\r\n&lt;w:LsdException Locked=&quot;false&quot;  Priority=&quot;99&quot;  SemiHidden=&quot;false&quot;  Name=&quot;Colorful Shading Accent 6&quot; &gt;&lt;/w:LsdException&gt;\r\n&lt;w:LsdException Locked=&quot;false&quot;  Priority=&quot;99&quot;  SemiHidden=&quot;false&quot;  Name=&quot;Colorful List Accent 6&quot; &gt;&lt;/w:LsdException&gt;\r\n&lt;w:LsdException Locked=&quot;false&quot;  Priority=&quot;99&quot;  SemiHidden=&quot;false&quot;  Name=&quot;Colorful Grid Accent 6&quot; &gt;&lt;/w:LsdException&gt;\r\n&lt;/w:LatentStyles&gt;&lt;/xml&gt;&lt;![endif]--&gt;&lt;p class=&quot;p&quot; style=&quot;mso-pagination:widow-orphan;&quot;&gt;&lt;span style=&quot;mso-spacerun:\'yes\';font-family:Calibri;mso-fareast-font-family:宋体;\r\nmso-bidi-font-family:\'Times New Roman\';font-size:12.0000pt;mso-font-kerning:0.0000pt;&quot;&gt;Shop Online For High Quality Laptop Batteries&lt;/span&gt;&lt;span style=&quot;mso-spacerun:\'yes\';font-family:Calibri;mso-fareast-font-family:宋体;\r\nmso-bidi-font-family:\'Times New Roman\';font-size:12.0000pt;mso-font-kerning:0.0000pt;&quot;&gt;&lt;/span&gt;&lt;/p&gt;','Laptop Batteries - Shop Online For High Quality Laptop Batteries','Laptop Batteries - Shop Online For High Quality Laptop Batteries','laptop batteries, shop online for high quality laptop batteries','laptop-batteries','Laptop Batteries','Laptop Batteries','Laptop Batteries'),(63,1,'Men\'s Clothes','','Men\'s Clothes -  Shop For Fashion Men\'s Clothes ','Fashion Men\'s Clothes Online Store, Cheap Casual High-End Men Clothes Wholesale, We Are Striving To Provide The Latest Style Clothes For Men. Free Shipping Worldwide.','men\'s clothes','mens-clothes','Men\'s Clothes','Men\'s Clothes','Men\'s Clothes'),(60,1,'Acer','Acer Replacement Battery- Shop Online For High Quality Laptop Batteries For Acer &lt;br&gt;','Acer Battery- Shop Online For High Quality Acer Laptop Batteries','Acer Replacement Battery- Shop Online For High Quality Laptop Batteries For Acer ','acer, shop online for high quality acer laptop batteries','','','',''),(62,1,'Women\'s Clothes','','Women\'s Clothes - Shop For Fashion Women\'s Wear','Fashion Women\'s Clothes Online Store, Cheap Casual Ladies High-End Clothes Wholesale, We Are Striving To Provide The Latest Style Clothes For Women. Free Shipping Worldwide.','women\'s clothes','womens-clothes','Women\'s Clothes','Women\'s Clothes','Women\'s Clothes'),(64,1,'Baby Clothes','','Baby Clothes -  Shop For Fashion Baby Clothes ','Fashion Baby  Clothes Online Store, Cheap Casual Baby High-End Clothes Wholesale, We Are Striving To Provide The Latest Style Clothes For Baby . Free Shipping Worldwide.','baby clothes','baby-clothes','Baby Clothes','Baby Clothes','Baby Clothes'),(61,1,'Asus','Asus Replacement Battery- Shop Online For High Quality Laptop Batteries For Asus &lt;br&gt;','Asus Battery - Shop Online For High Quality Asus Laptop Batteries','Asus Replacement Battery- Shop Online For High Quality Laptop Batteries For Asus ','asus, shop online for high quality asus laptop batteries','','','',''),(65,1,'AC Adapter','','Laptop AC Adapter -  Shop Online For High Quality AC Adapter','Laptop AC Adapter -  Shop Online For High Quality AC Adapter','ac adapter','ac-adapter','AC Adapter','AC Adapter','AC Adapter'),(66,1,'Lenovo','&lt;p&gt;Lenovo Replacement Battery- Shop Online For High Quality Laptop Batteries For Lenovo&lt;br&gt;&lt;/p&gt;','Lenovo Battery- Shop Online For High Quality Lenovo Laptop Batteries','Lenovo Replacement Battery- Shop Online For High Quality Laptop Batteries For Lenovo','lenovo, lenovo replacement battery- shop online for high quality laptop batteries for lenovo','','','',''),(67,1,'Dell','&lt;p&gt;Dell Replacement Battery- Shop Online For High Quality Laptop Batteries For Dell&lt;br&gt;&lt;/p&gt;','Dell Battery- Shop Online For High Quality Dell Laptop Batteries','Dell Replacement Battery- Shop Online For High Quality Laptop Batteries For Dell','dell, dell replacement battery- shop online for high quality laptop batteries for dell','','','',''),(68,1,'Hp','&lt;p&gt;Hp Replacement Battery- Shop Online For High Quality Laptop Batteries For Hp &lt;/p&gt;','Hp Battery- Shop Online For High Quality Hp Laptop Batteries','Hp Replacement Battery- Shop Online For High Quality Laptop Batteries For Hp ','hp, hp replacement battery- shop online for high quality laptop batteries for hp','','','',''),(69,1,'Toshiba','&lt;p&gt;Toshiba Replacement Battery- Shop Online For High Quality Laptop Batteries For Toshiba&lt;br&gt;&lt;/p&gt;','Toshiba Battery- Shop Online For High Quality Toshiba Laptop Batteries','Toshiba Replacement Battery- Shop Online For High Quality Laptop Batteries For Toshiba','toshiba, toshiba replacement battery- shop online for high quality laptop batteries for toshiba','','','',''),(70,1,'Sony','&lt;p&gt;Sony Replacement Battery- Shop Online For High Quality Laptop Batteries For Sony &lt;/p&gt;','Sony Battery- Shop Online For High Quality Sony Laptop Batteries','Sony Replacement Battery- Shop Online For High Quality Laptop Batteries For Sony ','sony, sony replacement battery- shop online for high quality laptop batteries for sony','','','',''),(71,1,'Acer','','Acer Ac Adapter- Shop Online For High Quality Acer Laptop Adapter','Acer','','','','','');

--
-- Table structure for table `oc_category_description_seo`
--

CREATE TABLE `oc_category_description_seo` (
  `category_id` int(11) NOT NULL,
  `language_id` int(11) NOT NULL,
  `custom_imgtitle` varchar(255) DEFAULT '',
  `custom_alt` varchar(255) DEFAULT '',
  `custom_h1` varchar(255) DEFAULT '',
  `custom_h2` varchar(255) DEFAULT '',
  PRIMARY KEY (`category_id`,`language_id`)
) ENGINE=MyISAM DEFAULT CHARSET=utf8;

--
-- Dumping data for table `oc_category_description_seo`
--

INSERT INTO `oc_category_description_seo` VALUES (71,1,'','','',''),(60,1,'','','',''),(61,1,'','','',''),(67,1,'','','',''),(68,1,'','','',''),(66,1,'','','',''),(70,1,'','','',''),(69,1,'','','','');

--
-- Table structure for table `oc_category_filter`
--

CREATE TABLE `oc_category_filter` (
  `category_id` int(11) NOT NULL,
  `filter_id` int(11) NOT NULL,
  PRIMARY KEY (`category_id`,`filter_id`)
) ENGINE=MyISAM DEFAULT CHARSET=utf8;

--
-- Dumping data for table `oc_category_filter`
--


--
-- Table structure for table `oc_category_path`
--

CREATE TABLE `oc_category_path` (
  `category_id` int(11) NOT NULL,
  `path_id` int(11) NOT NULL,
  `level` int(11) NOT NULL,
  PRIMARY KEY (`category_id`,`path_id`)
) ENGINE=MyISAM DEFAULT CHARSET=utf8;

--
-- Dumping data for table `oc_category_path`
--

INSERT INTO `oc_category_path` VALUES (60,60,1),(60,59,0),(71,71,1),(71,65,0),(70,70,1),(70,59,0),(69,69,1),(69,59,0),(68,68,1),(68,59,0),(67,67,1),(67,59,0),(66,66,1),(66,59,0),(65,65,0),(64,64,0),(63,63,0),(62,62,0),(61,61,1),(61,59,0),(59,59,0);

--
-- Table structure for table `oc_category_to_layout`
--

CREATE TABLE `oc_category_to_layout` (
  `category_id` int(11) NOT NULL,
  `store_id` int(11) NOT NULL,
  `layout_id` int(11) NOT NULL,
  PRIMARY KEY (`category_id`,`store_id`),
  KEY `layout_id` (`layout_id`)
) ENGINE=MyISAM DEFAULT CHARSET=utf8;

--
-- Dumping data for table `oc_category_to_layout`
--

INSERT INTO `oc_category_to_layout` VALUES (59,0,0),(60,0,0),(61,0,0),(62,0,0),(63,0,0),(64,0,0),(65,0,0),(66,0,0),(67,0,0),(68,0,0),(69,0,0),(70,0,0),(71,0,0);

--
-- Table structure for table `oc_category_to_store`
--

CREATE TABLE `oc_category_to_store` (
  `category_id` int(11) NOT NULL,
  `store_id` int(11) NOT NULL,
  PRIMARY KEY (`category_id`,`store_id`)
) ENGINE=MyISAM DEFAULT CHARSET=utf8;

--
-- Dumping data for table `oc_category_to_store`
--

INSERT INTO `oc_category_to_store` VALUES (59,0),(60,0),(61,0),(62,0),(63,0),(64,0),(65,0),(66,0),(67,0),(68,0),(69,0),(70,0),(71,0);

--
-- Table structure for table `oc_ciabreason`
--

CREATE TABLE `oc_ciabreason` (
  `ciabreason_id` int(11) NOT NULL AUTO_INCREMENT,
  `status` int(1) NOT NULL,
  `details` int(11) NOT NULL,
  `sort_order` int(11) NOT NULL,
  `date_added` datetime NOT NULL,
  `date_modified` datetime NOT NULL,
  PRIMARY KEY (`ciabreason_id`)
) ENGINE=MyISAM DEFAULT CHARSET=utf8;

--
-- Dumping data for table `oc_ciabreason`
--


--
-- Table structure for table `oc_ciabreason_category`
--

CREATE TABLE `oc_ciabreason_category` (
  `ciabreason_id` int(11) NOT NULL,
  `category_id` int(11) NOT NULL DEFAULT '0',
  PRIMARY KEY (`ciabreason_id`,`category_id`)
) ENGINE=MyISAM DEFAULT CHARSET=utf8;

--
-- Dumping data for table `oc_ciabreason_category`
--


--
-- Table structure for table `oc_ciabreason_description`
--

CREATE TABLE `oc_ciabreason_description` (
  `ciabreason_id` int(11) NOT NULL,
  `language_id` int(11) NOT NULL,
  `name` varchar(255) NOT NULL,
  PRIMARY KEY (`ciabreason_id`,`language_id`),
  KEY `name` (`name`)
) ENGINE=MyISAM DEFAULT CHARSET=utf8;

--
-- Dumping data for table `oc_ciabreason_description`
--


--
-- Table structure for table `oc_ciabreason_manufacturer`
--

CREATE TABLE `oc_ciabreason_manufacturer` (
  `ciabreason_id` int(11) NOT NULL,
  `manufacturer_id` int(11) NOT NULL DEFAULT '0',
  PRIMARY KEY (`ciabreason_id`,`manufacturer_id`)
) ENGINE=MyISAM DEFAULT CHARSET=utf8;

--
-- Dumping data for table `oc_ciabreason_manufacturer`
--


--
-- Table structure for table `oc_ciabreason_product`
--

CREATE TABLE `oc_ciabreason_product` (
  `ciabreason_id` int(11) NOT NULL,
  `product_id` int(11) NOT NULL DEFAULT '0',
  PRIMARY KEY (`ciabreason_id`,`product_id`)
) ENGINE=MyISAM DEFAULT CHARSET=utf8;

--
-- Dumping data for table `oc_ciabreason_product`
--


--
-- Table structure for table `oc_ciabreason_to_store`
--

CREATE TABLE `oc_ciabreason_to_store` (
  `ciabreason_id` int(11) NOT NULL,
  `store_id` int(11) NOT NULL DEFAULT '0',
  PRIMARY KEY (`ciabreason_id`,`store_id`)
) ENGINE=MyISAM DEFAULT CHARSET=utf8;

--
-- Dumping data for table `oc_ciabreason_to_store`
--


--
-- Table structure for table `oc_ciratingtype`
--

CREATE TABLE `oc_ciratingtype` (
  `ciratingtype_id` int(11) NOT NULL AUTO_INCREMENT,
  `status` int(1) NOT NULL,
  `sort_order` int(11) NOT NULL,
  `date_added` datetime NOT NULL,
  `date_modified` datetime NOT NULL,
  PRIMARY KEY (`ciratingtype_id`)
) ENGINE=MyISAM AUTO_INCREMENT=2 DEFAULT CHARSET=utf8;

--
-- Dumping data for table `oc_ciratingtype`
--

INSERT INTO `oc_ciratingtype` VALUES (1,1,1,'2022-06-03 07:24:57','0000-00-00 00:00:00');

--
-- Table structure for table `oc_ciratingtype_category`
--

CREATE TABLE `oc_ciratingtype_category` (
  `ciratingtype_id` int(11) NOT NULL,
  `category_id` int(11) NOT NULL DEFAULT '0',
  PRIMARY KEY (`ciratingtype_id`,`category_id`)
) ENGINE=MyISAM DEFAULT CHARSET=utf8;

--
-- Dumping data for table `oc_ciratingtype_category`
--


--
-- Table structure for table `oc_ciratingtype_description`
--

CREATE TABLE `oc_ciratingtype_description` (
  `ciratingtype_id` int(11) NOT NULL,
  `language_id` int(11) NOT NULL,
  `name` varchar(255) NOT NULL,
  PRIMARY KEY (`ciratingtype_id`,`language_id`),
  KEY `name` (`name`)
) ENGINE=MyISAM DEFAULT CHARSET=utf8;

--
-- Dumping data for table `oc_ciratingtype_description`
--

INSERT INTO `oc_ciratingtype_description` VALUES (1,1,'Rating');

--
-- Table structure for table `oc_ciratingtype_manufacturer`
--

CREATE TABLE `oc_ciratingtype_manufacturer` (
  `ciratingtype_id` int(11) NOT NULL,
  `manufacturer_id` int(11) NOT NULL DEFAULT '0',
  PRIMARY KEY (`ciratingtype_id`,`manufacturer_id`)
) ENGINE=MyISAM DEFAULT CHARSET=utf8;

--
-- Dumping data for table `oc_ciratingtype_manufacturer`
--


--
-- Table structure for table `oc_ciratingtype_product`
--

CREATE TABLE `oc_ciratingtype_product` (
  `ciratingtype_id` int(11) NOT NULL,
  `product_id` int(11) NOT NULL DEFAULT '0',
  PRIMARY KEY (`ciratingtype_id`,`product_id`)
) ENGINE=MyISAM DEFAULT CHARSET=utf8;

--
-- Dumping data for table `oc_ciratingtype_product`
--


--
-- Table structure for table `oc_ciratingtype_to_store`
--

CREATE TABLE `oc_ciratingtype_to_store` (
  `ciratingtype_id` int(11) NOT NULL,
  `store_id` int(11) NOT NULL DEFAULT '0',
  PRIMARY KEY (`ciratingtype_id`,`store_id`)
) ENGINE=MyISAM DEFAULT CHARSET=utf8;

--
-- Dumping data for table `oc_ciratingtype_to_store`
--

INSERT INTO `oc_ciratingtype_to_store` VALUES (1,0);

--
-- Table structure for table `oc_cireview`
--

CREATE TABLE `oc_cireview` (
  `cireview_id` int(11) NOT NULL AUTO_INCREMENT,
  `review_id` int(11) NOT NULL,
  `votes_down` int(11) NOT NULL,
  `votes_up` int(11) NOT NULL,
  `product_id` int(11) NOT NULL,
  `imp` int(1) NOT NULL,
  `store_id` int(11) NOT NULL,
  `language_id` int(11) NOT NULL,
  `email` varchar(255) NOT NULL,
  `title` varchar(255) NOT NULL,
  `comment` text NOT NULL,
  `coupon_code` varchar(20) NOT NULL,
  `coupon_id` int(11) NOT NULL,
  `reward_points` int(11) NOT NULL,
  `customer_reward_id` int(11) NOT NULL,
  `fverify` tinyint(4) NOT NULL,
  PRIMARY KEY (`cireview_id`,`review_id`,`product_id`),
  KEY `store_id` (`store_id`),
  KEY `language_id` (`language_id`),
  KEY `coupon_id` (`coupon_id`),
  KEY `customer_reward_id` (`customer_reward_id`)
) ENGINE=MyISAM DEFAULT CHARSET=utf8;

--
-- Dumping data for table `oc_cireview`
--


--
-- Table structure for table `oc_cireview_abuse`
--

CREATE TABLE `oc_cireview_abuse` (
  `cireview_abuse_id` int(11) NOT NULL AUTO_INCREMENT,
  `cireview_id` int(11) NOT NULL,
  `review_id` int(11) NOT NULL,
  `product_id` int(11) NOT NULL,
  `ciabreason_id` varchar(11) NOT NULL,
  `ciabreason_name` varchar(255) NOT NULL,
  `text` text NOT NULL,
  `customer_id` int(11) NOT NULL,
  `author` varchar(255) NOT NULL,
  `status` int(11) NOT NULL,
  `session_id` varchar(255) NOT NULL,
  `date_added` datetime NOT NULL,
  `date_modified` datetime NOT NULL,
  PRIMARY KEY (`cireview_abuse_id`),
  KEY `cireview_id` (`cireview_id`),
  KEY `review_id` (`review_id`),
  KEY `product_id` (`product_id`),
  KEY `ciabreason_id` (`ciabreason_id`),
  KEY `customer_id` (`customer_id`),
  KEY `session_id` (`session_id`)
) ENGINE=MyISAM DEFAULT CHARSET=utf8;

--
-- Dumping data for table `oc_cireview_abuse`
--


--
-- Table structure for table `oc_cireview_image`
--

CREATE TABLE `oc_cireview_image` (
  `cireview_image_id` int(11) NOT NULL AUTO_INCREMENT,
  `cireview_id` int(11) NOT NULL,
  `image` varchar(255) DEFAULT NULL,
  `mask` varchar(255) DEFAULT NULL,
  `ext` varchar(10) DEFAULT NULL,
  `sort_order` int(3) NOT NULL DEFAULT '0',
  `session_id` varchar(255) NOT NULL,
  `status` int(11) NOT NULL,
  PRIMARY KEY (`cireview_image_id`),
  KEY `product_id` (`cireview_id`),
  KEY `session_id` (`session_id`)
) ENGINE=MyISAM DEFAULT CHARSET=utf8;

--
-- Dumping data for table `oc_cireview_image`
--


--
-- Table structure for table `oc_cireview_image_description`
--

CREATE TABLE `oc_cireview_image_description` (
  `cireview_image_id` int(11) NOT NULL,
  `cireview_id` int(11) NOT NULL,
  `language_id` int(11) NOT NULL,
  `title` varchar(255) NOT NULL,
  `alt` varchar(255) NOT NULL,
  `session_id` varchar(255) NOT NULL,
  PRIMARY KEY (`cireview_image_id`,`language_id`),
  KEY `cireview_id` (`cireview_id`),
  KEY `session_id` (`session_id`)
) ENGINE=MyISAM DEFAULT CHARSET=utf8;

--
-- Dumping data for table `oc_cireview_image_description`
--


--
-- Table structure for table `oc_cireview_invite`
--

CREATE TABLE `oc_cireview_invite` (
  `cireview_invite_id` int(11) NOT NULL AUTO_INCREMENT,
  `last_reminder_id` int(11) NOT NULL,
  `order_id` int(11) NOT NULL,
  `firstmail` tinyint(1) NOT NULL,
  `store_id` int(11) NOT NULL,
  `product_id` int(11) NOT NULL,
  `customer_id` int(11) NOT NULL,
  `invite` tinyint(4) NOT NULL,
  `review` tinyint(4) NOT NULL,
  `review_id` int(11) NOT NULL,
  `cireview_id` int(11) NOT NULL,
  `status` int(11) NOT NULL,
  `last_reminder_date_added` datetime NOT NULL,
  `date_added` datetime NOT NULL,
  `date_modified` datetime NOT NULL,
  PRIMARY KEY (`cireview_invite_id`),
  KEY `last_reminder_id` (`last_reminder_id`),
  KEY `order_id` (`order_id`),
  KEY `store_id` (`store_id`),
  KEY `product_id` (`product_id`),
  KEY `customer_id` (`customer_id`),
  KEY `review_id` (`review_id`),
  KEY `cireview_id` (`cireview_id`)
) ENGINE=MyISAM DEFAULT CHARSET=utf8;

--
-- Dumping data for table `oc_cireview_invite`
--


--
-- Table structure for table `oc_cireview_invitereminder`
--

CREATE TABLE `oc_cireview_invitereminder` (
  `cireview_invitereminder_id` int(11) NOT NULL AUTO_INCREMENT,
  `cireview_invite_id` int(11) NOT NULL,
  `reminder` tinyint(4) NOT NULL,
  `date_added` datetime NOT NULL,
  PRIMARY KEY (`cireview_invitereminder_id`),
  KEY `cireview_invite_id` (`cireview_invite_id`)
) ENGINE=MyISAM DEFAULT CHARSET=utf8;

--
-- Dumping data for table `oc_cireview_invitereminder`
--


--
-- Table structure for table `oc_cireview_rating`
--

CREATE TABLE `oc_cireview_rating` (
  `cireview_rating_id` int(11) NOT NULL AUTO_INCREMENT,
  `cireview_id` int(11) NOT NULL,
  `review_id` int(11) NOT NULL,
  `product_id` int(11) NOT NULL,
  `ciratingtype_id` int(11) NOT NULL,
  `ciratingtype_name` text NOT NULL,
  `rating` int(11) NOT NULL,
  `status` int(11) NOT NULL,
  PRIMARY KEY (`cireview_rating_id`,`cireview_id`,`review_id`,`product_id`),
  KEY `ciratingtype_id` (`ciratingtype_id`)
) ENGINE=MyISAM DEFAULT CHARSET=utf8;

--
-- Dumping data for table `oc_cireview_rating`
--


--
-- Table structure for table `oc_cireview_verify`
--

CREATE TABLE `oc_cireview_verify` (
  `cireview_verify_id` int(11) NOT NULL AUTO_INCREMENT,
  `order_id` int(11) NOT NULL,
  `order_product_id` int(11) NOT NULL,
  `product_id` int(11) NOT NULL,
  `store_id` int(11) NOT NULL,
  `customer_id` int(11) NOT NULL,
  `review` tinyint(4) NOT NULL,
  `review_id` int(11) NOT NULL,
  `cireview_id` int(11) NOT NULL,
  `status` int(11) NOT NULL,
  `date_added` datetime NOT NULL,
  `date_modified` datetime NOT NULL,
  PRIMARY KEY (`cireview_verify_id`),
  KEY `order_id` (`order_id`),
  KEY `order_product_id` (`order_product_id`),
  KEY `product_id` (`product_id`),
  KEY `store_id` (`store_id`),
  KEY `customer_id` (`customer_id`),
  KEY `review_id` (`review_id`),
  KEY `cireview_id` (`cireview_id`)
) ENGINE=MyISAM DEFAULT CHARSET=utf8;

--
-- Dumping data for table `oc_cireview_verify`
--


--
-- Table structure for table `oc_cireview_vote`
--

CREATE TABLE `oc_cireview_vote` (
  `cireview_vote_id` int(11) NOT NULL AUTO_INCREMENT,
  `cireview_id` int(11) NOT NULL,
  `review_id` int(11) NOT NULL,
  `product_id` int(11) NOT NULL,
  `customer_id` int(11) NOT NULL,
  `author` varchar(255) NOT NULL,
  `vote` varchar(10) NOT NULL COMMENT 'UP,DOWN',
  `status` int(11) NOT NULL,
  `session_id` varchar(255) NOT NULL,
  `date_added` datetime NOT NULL,
  `date_modified` datetime NOT NULL,
  PRIMARY KEY (`cireview_vote_id`),
  KEY `cireview_id` (`cireview_id`),
  KEY `review_id` (`review_id`),
  KEY `product_id` (`product_id`),
  KEY `customer_id` (`customer_id`),
  KEY `session_id` (`session_id`)
) ENGINE=MyISAM DEFAULT CHARSET=utf8;

--
-- Dumping data for table `oc_cireview_vote`
--


--
-- Table structure for table `oc_country`
--

CREATE TABLE `oc_country` (
  `country_id` int(11) NOT NULL AUTO_INCREMENT,
  `name` varchar(128) NOT NULL,
  `iso_code_2` varchar(2) NOT NULL,
  `iso_code_3` varchar(3) NOT NULL,
  `address_format` text NOT NULL,
  `postcode_required` tinyint(1) NOT NULL,
  `status` tinyint(1) NOT NULL DEFAULT '1',
  PRIMARY KEY (`country_id`)
) ENGINE=MyISAM AUTO_INCREMENT=258 DEFAULT CHARSET=utf8;

--
-- Dumping data for table `oc_country`
--

INSERT INTO `oc_country` VALUES (1,'Afghanistan','AF','AFG','',0,1),(2,'Albania','AL','ALB','',0,1),(3,'Algeria','DZ','DZA','',0,1),(4,'American Samoa','AS','ASM','',0,1),(5,'Andorra','AD','AND','',0,1),(6,'Angola','AO','AGO','',0,1),(7,'Anguilla','AI','AIA','',0,1),(8,'Antarctica','AQ','ATA','',0,1),(9,'Antigua and Barbuda','AG','ATG','',0,1),(10,'Argentina','AR','ARG','',0,1),(11,'Armenia','AM','ARM','',0,1),(12,'Aruba','AW','ABW','',0,1),(13,'Australia','AU','AUS','',0,1),(14,'Austria','AT','AUT','',0,1),(15,'Azerbaijan','AZ','AZE','',0,1),(16,'Bahamas','BS','BHS','',0,1),(17,'Bahrain','BH','BHR','',0,1),(18,'Bangladesh','BD','BGD','',0,1),(19,'Barbados','BB','BRB','',0,1),(20,'Belarus','BY','BLR','',0,1),(21,'Belgium','BE','BEL','{firstname} {lastname}\r\n{company}\r\n{address_1}\r\n{address_2}\r\n{postcode} {city}\r\n{country}',0,1),(22,'Belize','BZ','BLZ','',0,1),(23,'Benin','BJ','BEN','',0,1),(24,'Bermuda','BM','BMU','',0,1),(25,'Bhutan','BT','BTN','',0,1),(26,'Bolivia','BO','BOL','',0,1),(27,'Bosnia and Herzegovina','BA','BIH','',0,1),(28,'Botswana','BW','BWA','',0,1),(29,'Bouvet Island','BV','BVT','',0,1),(30,'Brazil','BR','BRA','',0,1),(31,'British Indian Ocean Territory','IO','IOT','',0,1),(32,'Brunei Darussalam','BN','BRN','',0,1),(33,'Bulgaria','BG','BGR','',0,1),(34,'Burkina Faso','BF','BFA','',0,1),(35,'Burundi','BI','BDI','',0,1),(36,'Cambodia','KH','KHM','',0,1),(37,'Cameroon','CM','CMR','',0,1),(38,'Canada','CA','CAN','',0,1),(39,'Cape Verde','CV','CPV','',0,1),(40,'Cayman Islands','KY','CYM','',0,1),(41,'Central African Republic','CF','CAF','',0,1),(42,'Chad','TD','TCD','',0,1),(43,'Chile','CL','CHL','',0,1),(44,'China','CN','CHN','',0,1),(45,'Christmas Island','CX','CXR','',0,1),(46,'Cocos (Keeling) Islands','CC','CCK','',0,1),(47,'Colombia','CO','COL','',0,1),(48,'Comoros','KM','COM','',0,1),(49,'Congo','CG','COG','',0,1),(50,'Cook Islands','CK','COK','',0,1),(51,'Costa Rica','CR','CRI','',0,1),(52,'Cote D\'Ivoire','CI','CIV','',0,1),(53,'Croatia','HR','HRV','',0,1),(54,'Cuba','CU','CUB','',0,1),(55,'Cyprus','CY','CYP','',0,1),(56,'Czech Republic','CZ','CZE','',0,1),(57,'Denmark','DK','DNK','',0,1),(58,'Djibouti','DJ','DJI','',0,1),(59,'Dominica','DM','DMA','',0,1),(60,'Dominican Republic','DO','DOM','',0,1),(61,'East Timor','TL','TLS','',0,1),(62,'Ecuador','EC','ECU','',0,1),(63,'Egypt','EG','EGY','',0,1),(64,'El Salvador','SV','SLV','',0,1),(65,'Equatorial Guinea','GQ','GNQ','',0,1),(66,'Eritrea','ER','ERI','',0,1),(67,'Estonia','EE','EST','',0,1),(68,'Ethiopia','ET','ETH','',0,1),(69,'Falkland Islands (Malvinas)','FK','FLK','',0,1),(70,'Faroe Islands','FO','FRO','',0,1),(71,'Fiji','FJ','FJI','',0,1),(72,'Finland','FI','FIN','',0,1),(74,'France, Metropolitan','FR','FRA','{firstname} {lastname}\r\n{company}\r\n{address_1}\r\n{address_2}\r\n{postcode} {city}\r\n{country}',1,1),(75,'French Guiana','GF','GUF','',0,1),(76,'French Polynesia','PF','PYF','',0,1),(77,'French Southern Territories','TF','ATF','',0,1),(78,'Gabon','GA','GAB','',0,1),(79,'Gambia','GM','GMB','',0,1),(80,'Georgia','GE','GEO','',0,1),(81,'Germany','DE','DEU','{company}\r\n{firstname} {lastname}\r\n{address_1}\r\n{address_2}\r\n{postcode} {city}\r\n{country}',1,1),(82,'Ghana','GH','GHA','',0,1),(83,'Gibraltar','GI','GIB','',0,1),(84,'Greece','GR','GRC','',0,1),(85,'Greenland','GL','GRL','',0,1),(86,'Grenada','GD','GRD','',0,1),(87,'Guadeloupe','GP','GLP','',0,1),(88,'Guam','GU','GUM','',0,1),(89,'Guatemala','GT','GTM','',0,1),(90,'Guinea','GN','GIN','',0,1),(91,'Guinea-Bissau','GW','GNB','',0,1),(92,'Guyana','GY','GUY','',0,1),(93,'Haiti','HT','HTI','',0,1),(94,'Heard and Mc Donald Islands','HM','HMD','',0,1),(95,'Honduras','HN','HND','',0,1),(96,'Hong Kong','HK','HKG','',0,1),(97,'Hungary','HU','HUN','',0,1),(98,'Iceland','IS','ISL','',0,1),(99,'India','IN','IND','',0,1),(100,'Indonesia','ID','IDN','',0,1),(101,'Iran (Islamic Republic of)','IR','IRN','',0,1),(102,'Iraq','IQ','IRQ','',0,1),(103,'Ireland','IE','IRL','',0,1),(104,'Israel','IL','ISR','',0,1),(105,'Italy','IT','ITA','',0,1),(106,'Jamaica','JM','JAM','',0,1),(107,'Japan','JP','JPN','',0,1),(108,'Jordan','JO','JOR','',0,1),(109,'Kazakhstan','KZ','KAZ','',0,1),(110,'Kenya','KE','KEN','',0,1),(111,'Kiribati','KI','KIR','',0,1),(112,'North Korea','KP','PRK','',0,1),(113,'South Korea','KR','KOR','',0,1),(114,'Kuwait','KW','KWT','',0,1),(115,'Kyrgyzstan','KG','KGZ','',0,1),(116,'Lao People\'s Democratic Republic','LA','LAO','',0,1),(117,'Latvia','LV','LVA','',0,1),(118,'Lebanon','LB','LBN','',0,1),(119,'Lesotho','LS','LSO','',0,1),(120,'Liberia','LR','LBR','',0,1),(121,'Libyan Arab Jamahiriya','LY','LBY','',0,1),(122,'Liechtenstein','LI','LIE','',0,1),(123,'Lithuania','LT','LTU','',0,1),(124,'Luxembourg','LU','LUX','',0,1),(125,'Macau','MO','MAC','',0,1),(126,'FYROM','MK','MKD','',0,1),(127,'Madagascar','MG','MDG','',0,1),(128,'Malawi','MW','MWI','',0,1),(129,'Malaysia','MY','MYS','',0,1),(130,'Maldives','MV','MDV','',0,1),(131,'Mali','ML','MLI','',0,1),(132,'Malta','MT','MLT','',0,1),(133,'Marshall Islands','MH','MHL','',0,1),(134,'Martinique','MQ','MTQ','',0,1),(135,'Mauritania','MR','MRT','',0,1),(136,'Mauritius','MU','MUS','',0,1),(137,'Mayotte','YT','MYT','',0,1),(138,'Mexico','MX','MEX','',0,1),(139,'Micronesia, Federated States of','FM','FSM','',0,1),(140,'Moldova, Republic of','MD','MDA','',0,1),(141,'Monaco','MC','MCO','',0,1),(142,'Mongolia','MN','MNG','',0,1),(143,'Montserrat','MS','MSR','',0,1),(144,'Morocco','MA','MAR','',0,1),(145,'Mozambique','MZ','MOZ','',0,1),(146,'Myanmar','MM','MMR','',0,1),(147,'Namibia','NA','NAM','',0,1),(148,'Nauru','NR','NRU','',0,1),(149,'Nepal','NP','NPL','',0,1),(150,'Netherlands','NL','NLD','',0,1),(151,'Netherlands Antilles','AN','ANT','',0,1),(152,'New Caledonia','NC','NCL','',0,1),(153,'New Zealand','NZ','NZL','',0,1),(154,'Nicaragua','NI','NIC','',0,1),(155,'Niger','NE','NER','',0,1),(156,'Nigeria','NG','NGA','',0,1),(157,'Niue','NU','NIU','',0,1),(158,'Norfolk Island','NF','NFK','',0,1),(159,'Northern Mariana Islands','MP','MNP','',0,1),(160,'Norway','NO','NOR','',0,1),(161,'Oman','OM','OMN','',0,1),(162,'Pakistan','PK','PAK','',0,1),(163,'Palau','PW','PLW','',0,1),(164,'Panama','PA','PAN','',0,1),(165,'Papua New Guinea','PG','PNG','',0,1),(166,'Paraguay','PY','PRY','',0,1),(167,'Peru','PE','PER','',0,1),(168,'Philippines','PH','PHL','',0,1),(169,'Pitcairn','PN','PCN','',0,1),(170,'Poland','PL','POL','',0,1),(171,'Portugal','PT','PRT','',0,1),(172,'Puerto Rico','PR','PRI','',0,1),(173,'Qatar','QA','QAT','',0,1),(174,'Reunion','RE','REU','',0,1),(175,'Romania','RO','ROM','',0,1),(176,'Russian Federation','RU','RUS','',0,1),(177,'Rwanda','RW','RWA','',0,1),(178,'Saint Kitts and Nevis','KN','KNA','',0,1),(179,'Saint Lucia','LC','LCA','',0,1),(180,'Saint Vincent and the Grenadines','VC','VCT','',0,1),(181,'Samoa','WS','WSM','',0,1),(182,'San Marino','SM','SMR','',0,1),(183,'Sao Tome and Principe','ST','STP','',0,1),(184,'Saudi Arabia','SA','SAU','',0,1),(185,'Senegal','SN','SEN','',0,1),(186,'Seychelles','SC','SYC','',0,1),(187,'Sierra Leone','SL','SLE','',0,1),(188,'Singapore','SG','SGP','',0,1),(189,'Slovak Republic','SK','SVK','{firstname} {lastname}\r\n{company}\r\n{address_1}\r\n{address_2}\r\n{city} {postcode}\r\n{zone}\r\n{country}',0,1),(190,'Slovenia','SI','SVN','',0,1),(191,'Solomon Islands','SB','SLB','',0,1),(192,'Somalia','SO','SOM','',0,1),(193,'South Africa','ZA','ZAF','',0,1),(194,'South Georgia &amp; South Sandwich Islands','GS','SGS','',0,1),(195,'Spain','ES','ESP','',0,1),(196,'Sri Lanka','LK','LKA','',0,1),(197,'St. Helena','SH','SHN','',0,1),(198,'St. Pierre and Miquelon','PM','SPM','',0,1),(199,'Sudan','SD','SDN','',0,1),(200,'Suriname','SR','SUR','',0,1),(201,'Svalbard and Jan Mayen Islands','SJ','SJM','',0,1),(202,'Swaziland','SZ','SWZ','',0,1),(203,'Sweden','SE','SWE','{company}\r\n{firstname} {lastname}\r\n{address_1}\r\n{address_2}\r\n{postcode} {city}\r\n{country}',1,1),(204,'Switzerland','CH','CHE','',0,1),(205,'Syrian Arab Republic','SY','SYR','',0,1),(206,'Taiwan','TW','TWN','',0,1),(207,'Tajikistan','TJ','TJK','',0,1),(208,'Tanzania, United Republic of','TZ','TZA','',0,1),(209,'Thailand','TH','THA','',0,1),(210,'Togo','TG','TGO','',0,1),(211,'Tokelau','TK','TKL','',0,1),(212,'Tonga','TO','TON','',0,1),(213,'Trinidad and Tobago','TT','TTO','',0,1),(214,'Tunisia','TN','TUN','',0,1),(215,'Turkey','TR','TUR','',0,1),(216,'Turkmenistan','TM','TKM','',0,1),(217,'Turks and Caicos Islands','TC','TCA','',0,1),(218,'Tuvalu','TV','TUV','',0,1),(219,'Uganda','UG','UGA','',0,1),(220,'Ukraine','UA','UKR','',0,1),(221,'United Arab Emirates','AE','ARE','',0,1),(222,'United Kingdom','GB','GBR','',1,1),(223,'United States','US','USA','{firstname} {lastname}\r\n{company}\r\n{address_1}\r\n{address_2}\r\n{city}, {zone} {postcode}\r\n{country}',0,1),(224,'United States Minor Outlying Islands','UM','UMI','',0,1),(225,'Uruguay','UY','URY','',0,1),(226,'Uzbekistan','UZ','UZB','',0,1),(227,'Vanuatu','VU','VUT','',0,1),(228,'Vatican City State (Holy See)','VA','VAT','',0,1),(229,'Venezuela','VE','VEN','',0,1),(230,'Viet Nam','VN','VNM','',0,1),(231,'Virgin Islands (British)','VG','VGB','',0,1),(232,'Virgin Islands (U.S.)','VI','VIR','',0,1),(233,'Wallis and Futuna Islands','WF','WLF','',0,1),(234,'Western Sahara','EH','ESH','',0,1),(235,'Yemen','YE','YEM','',0,1),(237,'Democratic Republic of Congo','CD','COD','',0,1),(238,'Zambia','ZM','ZMB','',0,1),(239,'Zimbabwe','ZW','ZWE','',0,1),(242,'Montenegro','ME','MNE','',0,1),(243,'Serbia','RS','SRB','',0,1),(244,'Aaland Islands','AX','ALA','',0,1),(245,'Bonaire, Sint Eustatius and Saba','BQ','BES','',0,1),(246,'Curacao','CW','CUW','',0,1),(247,'Palestinian Territory, Occupied','PS','PSE','',0,1),(248,'South Sudan','SS','SSD','',0,1),(249,'St. Barthelemy','BL','BLM','',0,1),(250,'St. Martin (French part)','MF','MAF','',0,1),(251,'Canary Islands','IC','ICA','',0,1),(252,'Ascension Island (British)','AC','ASC','',0,1),(253,'Kosovo, Republic of','XK','UNK','',0,1),(254,'Isle of Man','IM','IMN','',0,1),(255,'Tristan da Cunha','TA','SHN','',0,1),(256,'Guernsey','GG','GGY','',0,1),(257,'Jersey','JE','JEY','',0,1);

--
-- Table structure for table `oc_coupon`
--

CREATE TABLE `oc_coupon` (
  `coupon_id` int(11) NOT NULL AUTO_INCREMENT,
  `name` varchar(128) NOT NULL,
  `code` varchar(20) NOT NULL,
  `type` char(1) NOT NULL,
  `discount` decimal(15,4) NOT NULL,
  `logged` tinyint(1) NOT NULL,
  `shipping` tinyint(1) NOT NULL,
  `total` decimal(15,4) NOT NULL,
  `date_start` date NOT NULL DEFAULT '0000-00-00',
  `date_end` date NOT NULL DEFAULT '0000-00-00',
  `uses_total` int(11) NOT NULL,
  `uses_customer` varchar(11) NOT NULL,
  `status` tinyint(1) NOT NULL,
  `date_added` datetime NOT NULL,
  PRIMARY KEY (`coupon_id`)
) ENGINE=MyISAM AUTO_INCREMENT=8 DEFAULT CHARSET=utf8;

--
-- Dumping data for table `oc_coupon`
--

INSERT INTO `oc_coupon` VALUES (4,'-10% Discount','2222','P',10.0000,0,0,0.0000,'2014-01-01','2020-01-01',10,'10',0,'2009-01-27 13:55:03'),(5,'Free Shipping','3333','P',0.0000,0,1,100.0000,'2014-01-01','2014-02-01',10,'10',0,'2009-03-14 21:13:53'),(6,'-10.00 Discount','1111','F',10.0000,0,0,10.0000,'2014-01-01','2020-01-01',100000,'10000',0,'2009-03-14 21:15:18'),(7,'10%off','femvia10%off','P',10.0000,0,1,50.0000,'2022-06-11','0000-00-00',1,'1',1,'2022-06-11 07:36:43');

--
-- Table structure for table `oc_coupon_category`
--

CREATE TABLE `oc_coupon_category` (
  `coupon_id` int(11) NOT NULL,
  `category_id` int(11) NOT NULL,
  PRIMARY KEY (`coupon_id`,`category_id`)
) ENGINE=MyISAM DEFAULT CHARSET=utf8;

--
-- Dumping data for table `oc_coupon_category`
--


--
-- Table structure for table `oc_coupon_history`
--

CREATE TABLE `oc_coupon_history` (
  `coupon_history_id` int(11) NOT NULL AUTO_INCREMENT,
  `coupon_id` int(11) NOT NULL,
  `order_id` int(11) NOT NULL,
  `customer_id` int(11) NOT NULL,
  `amount` decimal(15,4) NOT NULL,
  `date_added` datetime NOT NULL,
  PRIMARY KEY (`coupon_history_id`),
  KEY `coupon_id` (`coupon_id`),
  KEY `order_id` (`order_id`),
  KEY `customer_id` (`customer_id`)
) ENGINE=MyISAM DEFAULT CHARSET=utf8;

--
-- Dumping data for table `oc_coupon_history`
--


--
-- Table structure for table `oc_coupon_product`
--

CREATE TABLE `oc_coupon_product` (
  `coupon_product_id` int(11) NOT NULL AUTO_INCREMENT,
  `coupon_id` int(11) NOT NULL,
  `product_id` int(11) NOT NULL,
  PRIMARY KEY (`coupon_product_id`),
  KEY `coupon_id` (`coupon_id`),
  KEY `product_id` (`product_id`)
) ENGINE=MyISAM DEFAULT CHARSET=utf8;

--
-- Dumping data for table `oc_coupon_product`
--


--
-- Table structure for table `oc_currency`
--

CREATE TABLE `oc_currency` (
  `currency_id` int(11) NOT NULL AUTO_INCREMENT,
  `title` varchar(32) NOT NULL,
  `code` varchar(3) NOT NULL,
  `symbol_left` varchar(12) NOT NULL,
  `symbol_right` varchar(12) NOT NULL,
  `decimal_place` char(1) NOT NULL,
  `value` double(15,8) NOT NULL,
  `status` tinyint(1) NOT NULL,
  `date_modified` datetime NOT NULL,
  PRIMARY KEY (`currency_id`)
) ENGINE=MyISAM AUTO_INCREMENT=4 DEFAULT CHARSET=utf8;

--
-- Dumping data for table `oc_currency`
--

INSERT INTO `oc_currency` VALUES (1,'Pound Sterling','GBP','£','','2',0.61250001,1,'2014-09-25 14:40:00'),(2,'US Dollar','USD','$','','2',1.00000000,1,'2022-06-12 03:54:53'),(3,'Euro','EUR','','€','2',0.78460002,1,'2014-09-25 14:40:00');

--
-- Table structure for table `oc_custom_field`
--

CREATE TABLE `oc_custom_field` (
  `custom_field_id` int(11) NOT NULL AUTO_INCREMENT,
  `type` varchar(32) NOT NULL,
  `value` text NOT NULL,
  `validation` varchar(255) NOT NULL,
  `location` varchar(10) NOT NULL,
  `status` tinyint(1) NOT NULL,
  `sort_order` int(3) NOT NULL,
  PRIMARY KEY (`custom_field_id`)
) ENGINE=MyISAM DEFAULT CHARSET=utf8;

--
-- Dumping data for table `oc_custom_field`
--


--
-- Table structure for table `oc_custom_field_customer_group`
--

CREATE TABLE `oc_custom_field_customer_group` (
  `custom_field_id` int(11) NOT NULL,
  `customer_group_id` int(11) NOT NULL,
  `required` tinyint(1) NOT NULL,
  PRIMARY KEY (`custom_field_id`,`customer_group_id`)
) ENGINE=MyISAM DEFAULT CHARSET=utf8;

--
-- Dumping data for table `oc_custom_field_customer_group`
--


--
-- Table structure for table `oc_custom_field_description`
--

CREATE TABLE `oc_custom_field_description` (
  `custom_field_id` int(11) NOT NULL,
  `language_id` int(11) NOT NULL,
  `name` varchar(128) NOT NULL,
  PRIMARY KEY (`custom_field_id`,`language_id`)
) ENGINE=MyISAM DEFAULT CHARSET=utf8;

--
-- Dumping data for table `oc_custom_field_description`
--


--
-- Table structure for table `oc_custom_field_value`
--

CREATE TABLE `oc_custom_field_value` (
  `custom_field_value_id` int(11) NOT NULL AUTO_INCREMENT,
  `custom_field_id` int(11) NOT NULL,
  `sort_order` int(3) NOT NULL,
  PRIMARY KEY (`custom_field_value_id`),
  KEY `custom_field_id` (`custom_field_id`)
) ENGINE=MyISAM DEFAULT CHARSET=utf8;

--
-- Dumping data for table `oc_custom_field_value`
--


--
-- Table structure for table `oc_custom_field_value_description`
--

CREATE TABLE `oc_custom_field_value_description` (
  `custom_field_value_id` int(11) NOT NULL,
  `language_id` int(11) NOT NULL,
  `custom_field_id` int(11) NOT NULL,
  `name` varchar(128) NOT NULL,
  PRIMARY KEY (`custom_field_value_id`,`language_id`),
  KEY `custom_field_id` (`custom_field_id`)
) ENGINE=MyISAM DEFAULT CHARSET=utf8;

--
-- Dumping data for table `oc_custom_field_value_description`
--


--
-- Table structure for table `oc_customer`
--

CREATE TABLE `oc_customer` (
  `customer_id` int(11) NOT NULL AUTO_INCREMENT,
  `customer_group_id` int(11) NOT NULL,
  `store_id` int(11) NOT NULL DEFAULT '0',
  `language_id` int(11) NOT NULL,
  `firstname` varchar(32) NOT NULL,
  `lastname` varchar(32) NOT NULL,
  `email` varchar(96) NOT NULL,
  `telephone` varchar(32) NOT NULL,
  `fax` varchar(32) NOT NULL,
  `password` varchar(40) NOT NULL,
  `salt` varchar(9) NOT NULL,
  `cart` text,
  `wishlist` text,
  `newsletter` tinyint(1) NOT NULL DEFAULT '0',
  `address_id` int(11) NOT NULL DEFAULT '0',
  `custom_field` text NOT NULL,
  `ip` varchar(40) NOT NULL,
  `status` tinyint(1) NOT NULL,
  `safe` tinyint(1) NOT NULL,
  `token` text NOT NULL,
  `code` varchar(40) NOT NULL,
  `date_added` datetime NOT NULL,
  PRIMARY KEY (`customer_id`),
  KEY `customer_group_id` (`customer_group_id`),
  KEY `store_id` (`store_id`),
  KEY `language_id` (`language_id`),
  KEY `address_id` (`address_id`)
) ENGINE=MyISAM AUTO_INCREMENT=3 DEFAULT CHARSET=utf8;

--
-- Dumping data for table `oc_customer`
--

INSERT INTO `oc_customer` VALUES (1,1,0,1,'li','yuping','storeshoppe.com@gmail.com','','','3991abe9ee5133d9d1f1717dbb3fff4b8e35b948','Xe4sD1AyR',NULL,NULL,0,0,'','94.177.118.137',1,0,'','','2022-06-06 13:53:52'),(2,1,0,1,'kenny','li','liyuping1984@gmail.com','','','87fcdf221eb0f647351e9578249c9815a9ea77e6','rVrqzvO6f',NULL,NULL,0,0,'','94.177.118.49',1,0,'','','2022-06-10 01:06:12');

--
-- Table structure for table `oc_customer_activity`
--

CREATE TABLE `oc_customer_activity` (
  `customer_activity_id` int(11) NOT NULL AUTO_INCREMENT,
  `customer_id` int(11) NOT NULL,
  `key` varchar(64) NOT NULL,
  `data` text NOT NULL,
  `ip` varchar(40) NOT NULL,
  `date_added` datetime NOT NULL,
  PRIMARY KEY (`customer_activity_id`),
  KEY `customer_id` (`customer_id`)
) ENGINE=MyISAM DEFAULT CHARSET=utf8;

--
-- Dumping data for table `oc_customer_activity`
--


--
-- Table structure for table `oc_customer_affiliate`
--

CREATE TABLE `oc_customer_affiliate` (
  `customer_id` int(11) NOT NULL,
  `company` varchar(40) NOT NULL,
  `website` varchar(255) NOT NULL,
  `tracking` varchar(64) NOT NULL,
  `commission` decimal(4,2) NOT NULL DEFAULT '0.00',
  `tax` varchar(64) NOT NULL,
  `payment` varchar(6) NOT NULL,
  `cheque` varchar(100) NOT NULL,
  `paypal` varchar(64) NOT NULL,
  `bank_name` varchar(64) NOT NULL,
  `bank_branch_number` varchar(64) NOT NULL,
  `bank_swift_code` varchar(64) NOT NULL,
  `bank_account_name` varchar(64) NOT NULL,
  `bank_account_number` varchar(64) NOT NULL,
  `custom_field` text NOT NULL,
  `status` tinyint(1) NOT NULL,
  `date_added` datetime NOT NULL,
  PRIMARY KEY (`customer_id`)
) ENGINE=MyISAM DEFAULT CHARSET=utf8;

--
-- Dumping data for table `oc_customer_affiliate`
--


--
-- Table structure for table `oc_customer_approval`
--

CREATE TABLE `oc_customer_approval` (
  `customer_approval_id` int(11) NOT NULL AUTO_INCREMENT,
  `customer_id` int(11) NOT NULL,
  `type` varchar(9) NOT NULL,
  `date_added` datetime NOT NULL,
  PRIMARY KEY (`customer_approval_id`),
  KEY `customer_id` (`customer_id`)
) ENGINE=MyISAM DEFAULT CHARSET=utf8;

--
-- Dumping data for table `oc_customer_approval`
--


--
-- Table structure for table `oc_customer_group`
--

CREATE TABLE `oc_customer_group` (
  `customer_group_id` int(11) NOT NULL AUTO_INCREMENT,
  `approval` int(1) NOT NULL,
  `sort_order` int(3) NOT NULL,
  PRIMARY KEY (`customer_group_id`)
) ENGINE=MyISAM AUTO_INCREMENT=2 DEFAULT CHARSET=utf8;

--
-- Dumping data for table `oc_customer_group`
--

INSERT INTO `oc_customer_group` VALUES (1,0,1);

--
-- Table structure for table `oc_customer_group_description`
--

CREATE TABLE `oc_customer_group_description` (
  `customer_group_id` int(11) NOT NULL,
  `language_id` int(11) NOT NULL,
  `name` varchar(32) NOT NULL,
  `description` text NOT NULL,
  PRIMARY KEY (`customer_group_id`,`language_id`)
) ENGINE=MyISAM DEFAULT CHARSET=utf8;

--
-- Dumping data for table `oc_customer_group_description`
--

INSERT INTO `oc_customer_group_description` VALUES (1,1,'Default','test');

--
-- Table structure for table `oc_customer_history`
--

CREATE TABLE `oc_customer_history` (
  `customer_history_id` int(11) NOT NULL AUTO_INCREMENT,
  `customer_id` int(11) NOT NULL,
  `comment` text NOT NULL,
  `date_added` datetime NOT NULL,
  PRIMARY KEY (`customer_history_id`),
  KEY `customer_id` (`customer_id`)
) ENGINE=MyISAM DEFAULT CHARSET=utf8;

--
-- Dumping data for table `oc_customer_history`
--


--
-- Table structure for table `oc_customer_ip`
--

CREATE TABLE `oc_customer_ip` (
  `customer_ip_id` int(11) NOT NULL AUTO_INCREMENT,
  `customer_id` int(11) NOT NULL,
  `ip` varchar(40) NOT NULL,
  `date_added` datetime NOT NULL,
  PRIMARY KEY (`customer_ip_id`),
  KEY `ip` (`ip`),
  KEY `customer_id` (`customer_id`)
) ENGINE=MyISAM AUTO_INCREMENT=4 DEFAULT CHARSET=utf8;

--
-- Dumping data for table `oc_customer_ip`
--

INSERT INTO `oc_customer_ip` VALUES (1,1,'94.177.118.137','2022-06-06 13:53:52'),(2,2,'94.177.118.51','2022-06-10 01:06:13'),(3,2,'94.177.118.49','2022-06-10 11:36:08');

--
-- Table structure for table `oc_customer_login`
--

CREATE TABLE `oc_customer_login` (
  `customer_login_id` int(11) NOT NULL AUTO_INCREMENT,
  `email` varchar(96) NOT NULL,
  `ip` varchar(40) NOT NULL,
  `total` int(4) NOT NULL,
  `date_added` datetime NOT NULL,
  `date_modified` datetime NOT NULL,
  PRIMARY KEY (`customer_login_id`),
  KEY `email` (`email`),
  KEY `ip` (`ip`)
) ENGINE=MyISAM AUTO_INCREMENT=2 DEFAULT CHARSET=utf8;

--
-- Dumping data for table `oc_customer_login`
--


--
-- Table structure for table `oc_customer_online`
--

CREATE TABLE `oc_customer_online` (
  `ip` varchar(40) NOT NULL,
  `customer_id` int(11) NOT NULL,
  `url` text NOT NULL,
  `referer` text NOT NULL,
  `date_added` datetime NOT NULL,
  PRIMARY KEY (`ip`),
  KEY `customer_id` (`customer_id`)
) ENGINE=MyISAM DEFAULT CHARSET=utf8;

--
-- Dumping data for table `oc_customer_online`
--


--
-- Table structure for table `oc_customer_reward`
--

CREATE TABLE `oc_customer_reward` (
  `customer_reward_id` int(11) NOT NULL AUTO_INCREMENT,
  `customer_id` int(11) NOT NULL DEFAULT '0',
  `order_id` int(11) NOT NULL DEFAULT '0',
  `description` text NOT NULL,
  `points` int(8) NOT NULL DEFAULT '0',
  `date_added` datetime NOT NULL,
  PRIMARY KEY (`customer_reward_id`),
  KEY `customer_id` (`customer_id`),
  KEY `order_id` (`order_id`)
) ENGINE=MyISAM DEFAULT CHARSET=utf8;

--
-- Dumping data for table `oc_customer_reward`
--


--
-- Table structure for table `oc_customer_search`
--

CREATE TABLE `oc_customer_search` (
  `customer_search_id` int(11) NOT NULL AUTO_INCREMENT,
  `store_id` int(11) NOT NULL,
  `language_id` int(11) NOT NULL,
  `customer_id` int(11) NOT NULL,
  `keyword` varchar(255) NOT NULL,
  `category_id` int(11) DEFAULT NULL,
  `sub_category` tinyint(1) NOT NULL,
  `description` tinyint(1) NOT NULL,
  `products` int(11) NOT NULL,
  `ip` varchar(40) NOT NULL,
  `date_added` datetime NOT NULL,
  PRIMARY KEY (`customer_search_id`),
  KEY `store_id` (`store_id`),
  KEY `language_id` (`language_id`),
  KEY `customer_id` (`customer_id`),
  KEY `category_id` (`category_id`)
) ENGINE=MyISAM DEFAULT CHARSET=utf8;

--
-- Dumping data for table `oc_customer_search`
--


--
-- Table structure for table `oc_customer_transaction`
--

CREATE TABLE `oc_customer_transaction` (
  `customer_transaction_id` int(11) NOT NULL AUTO_INCREMENT,
  `customer_id` int(11) NOT NULL,
  `order_id` int(11) NOT NULL,
  `description` text NOT NULL,
  `amount` decimal(15,4) NOT NULL,
  `date_added` datetime NOT NULL,
  PRIMARY KEY (`customer_transaction_id`),
  KEY `customer_id` (`customer_id`),
  KEY `order_id` (`order_id`)
) ENGINE=MyISAM DEFAULT CHARSET=utf8;

--
-- Dumping data for table `oc_customer_transaction`
--


--
-- Table structure for table `oc_customer_wishlist`
--

CREATE TABLE `oc_customer_wishlist` (
  `customer_id` int(11) NOT NULL,
  `product_id` int(11) NOT NULL,
  `date_added` datetime NOT NULL,
  PRIMARY KEY (`customer_id`,`product_id`)
) ENGINE=MyISAM DEFAULT CHARSET=utf8;

--
-- Dumping data for table `oc_customer_wishlist`
--


--
-- Table structure for table `oc_download`
--

CREATE TABLE `oc_download` (
  `download_id` int(11) NOT NULL AUTO_INCREMENT,
  `filename` varchar(160) NOT NULL,
  `mask` varchar(128) NOT NULL,
  `date_added` datetime NOT NULL,
  PRIMARY KEY (`download_id`)
) ENGINE=MyISAM DEFAULT CHARSET=utf8;

--
-- Dumping data for table `oc_download`
--


--
-- Table structure for table `oc_download_description`
--

CREATE TABLE `oc_download_description` (
  `download_id` int(11) NOT NULL,
  `language_id` int(11) NOT NULL,
  `name` varchar(64) NOT NULL,
  PRIMARY KEY (`download_id`,`language_id`)
) ENGINE=MyISAM DEFAULT CHARSET=utf8;

--
-- Dumping data for table `oc_download_description`
--


--
-- Table structure for table `oc_event`
--

CREATE TABLE `oc_event` (
  `event_id` int(11) NOT NULL AUTO_INCREMENT,
  `code` varchar(64) NOT NULL,
  `trigger` text NOT NULL,
  `action` text NOT NULL,
  `status` tinyint(1) NOT NULL,
  `sort_order` int(3) NOT NULL,
  PRIMARY KEY (`event_id`)
) ENGINE=MyISAM AUTO_INCREMENT=48 DEFAULT CHARSET=utf8;

--
-- Dumping data for table `oc_event`
--

INSERT INTO `oc_event` VALUES (1,'activity_customer_add','catalog/model/account/customer/addCustomer/after','event/activity/addCustomer',1,0),(2,'activity_customer_edit','catalog/model/account/customer/editCustomer/after','event/activity/editCustomer',1,0),(3,'activity_customer_password','catalog/model/account/customer/editPassword/after','event/activity/editPassword',1,0),(4,'activity_customer_forgotten','catalog/model/account/customer/editCode/after','event/activity/forgotten',1,0),(5,'activity_transaction','catalog/model/account/customer/addTransaction/after','event/activity/addTransaction',1,0),(6,'activity_customer_login','catalog/model/account/customer/deleteLoginAttempts/after','event/activity/login',1,0),(7,'activity_address_add','catalog/model/account/address/addAddress/after','event/activity/addAddress',1,0),(8,'activity_address_edit','catalog/model/account/address/editAddress/after','event/activity/editAddress',1,0),(9,'activity_address_delete','catalog/model/account/address/deleteAddress/after','event/activity/deleteAddress',1,0),(10,'activity_affiliate_add','catalog/model/account/customer/addAffiliate/after','event/activity/addAffiliate',1,0),(11,'activity_affiliate_edit','catalog/model/account/customer/editAffiliate/after','event/activity/editAffiliate',1,0),(12,'activity_order_add','catalog/model/checkout/order/addOrderHistory/before','event/activity/addOrderHistory',1,0),(13,'activity_return_add','catalog/model/account/return/addReturn/after','event/activity/addReturn',1,0),(14,'mail_transaction','catalog/model/account/customer/addTransaction/after','mail/transaction',1,0),(15,'mail_forgotten','catalog/model/account/customer/editCode/after','mail/forgotten',1,0),(16,'mail_customer_add','catalog/model/account/customer/addCustomer/after','mail/register',1,0),(17,'mail_customer_alert','catalog/model/account/customer/addCustomer/after','mail/register/alert',1,0),(18,'mail_affiliate_add','catalog/model/account/customer/addAffiliate/after','mail/affiliate',1,0),(19,'mail_affiliate_alert','catalog/model/account/customer/addAffiliate/after','mail/affiliate/alert',1,0),(20,'mail_voucher','catalog/model/checkout/order/addOrderHistory/after','extension/total/voucher/send',1,0),(21,'mail_order_add','catalog/model/checkout/order/addOrderHistory/before','mail/order',1,0),(22,'mail_order_alert','catalog/model/checkout/order/addOrderHistory/before','mail/order/alert',1,0),(23,'statistics_review_add','catalog/model/catalog/review/addReview/after','event/statistics/addReview',1,0),(24,'statistics_return_add','catalog/model/account/return/addReturn/after','event/statistics/addReturn',1,0),(25,'statistics_order_history','catalog/model/checkout/order/addOrderHistory/after','event/statistics/addOrderHistory',1,0),(26,'admin_mail_affiliate_approve','admin/model/customer/customer_approval/approveAffiliate/after','mail/affiliate/approve',1,0),(27,'admin_mail_affiliate_deny','admin/model/customer/customer_approval/denyAffiliate/after','mail/affiliate/deny',1,0),(28,'admin_mail_customer_approve','admin/model/customer/customer_approval/approveCustomer/after','mail/customer/approve',1,0),(29,'admin_mail_customer_deny','admin/model/customer/customer_approval/denyCustomer/after','mail/customer/deny',1,0),(30,'admin_mail_reward','admin/model/customer/customer/addReward/after','mail/reward',1,0),(31,'admin_mail_transaction','admin/model/customer/customer/addTransaction/after','mail/transaction',1,0),(32,'admin_mail_return','admin/model/sale/return/addReturnHistory/after','mail/return',1,0),(33,'admin_mail_forgotten','admin/model/user/user/editCode/after','mail/forgotten',1,0),(34,'advertise_google','admin/model/catalog/product/deleteProduct/after','extension/advertise/google/deleteProduct',1,0),(35,'advertise_google','admin/model/catalog/product/copyProduct/after','extension/advertise/google/copyProduct',1,0),(36,'advertise_google','admin/view/common/column_left/before','extension/advertise/google/admin_link',1,0),(37,'advertise_google','admin/model/catalog/product/addProduct/after','extension/advertise/google/addProduct',1,0),(38,'advertise_google','catalog/controller/checkout/success/before','extension/advertise/google/before_checkout_success',1,0),(39,'advertise_google','catalog/view/common/header/after','extension/advertise/google/google_global_site_tag',1,0),(40,'advertise_google','catalog/view/common/success/after','extension/advertise/google/google_dynamic_remarketing_purchase',1,0),(41,'advertise_google','catalog/view/product/product/after','extension/advertise/google/google_dynamic_remarketing_product',1,0),(42,'advertise_google','catalog/view/product/search/after','extension/advertise/google/google_dynamic_remarketing_searchresults',1,0),(43,'advertise_google','catalog/view/product/category/after','extension/advertise/google/google_dynamic_remarketing_category',1,0),(44,'advertise_google','catalog/view/common/home/after','extension/advertise/google/google_dynamic_remarketing_home',1,0),(45,'advertise_google','catalog/view/checkout/cart/after','extension/advertise/google/google_dynamic_remarketing_cart',1,0),(46,'module_quickcheckout','catalog/controller/checkout/checkout/before','extension/quickcheckout/checkout/eventPreControllerCheckoutCheckout',1,0),(47,'module_quickcheckout','catalog/controller/checkout/success/before','extension/quickcheckout/checkout/eventPreControllerCheckoutSuccess',1,0);

--
-- Table structure for table `oc_extension`
--

CREATE TABLE `oc_extension` (
  `extension_id` int(11) NOT NULL AUTO_INCREMENT,
  `type` varchar(32) NOT NULL,
  `code` varchar(32) NOT NULL,
  PRIMARY KEY (`extension_id`)
) ENGINE=MyISAM AUTO_INCREMENT=50 DEFAULT CHARSET=utf8;

--
-- Dumping data for table `oc_extension`
--

INSERT INTO `oc_extension` VALUES (48,'module','paypal_smart_button'),(2,'total','shipping'),(3,'total','sub_total'),(4,'total','tax'),(5,'total','total'),(6,'module','banner'),(7,'module','carousel'),(8,'total','credit'),(46,'shipping','free'),(10,'total','handling'),(11,'total','low_order_fee'),(12,'total','coupon'),(13,'module','category'),(14,'module','account'),(15,'total','reward'),(16,'total','voucher'),(47,'payment','pp_express'),(18,'module','featured'),(19,'module','slideshow'),(20,'theme','default'),(21,'dashboard','activity'),(22,'dashboard','sale'),(23,'dashboard','recent'),(24,'dashboard','order'),(25,'dashboard','online'),(26,'dashboard','map'),(27,'dashboard','customer'),(28,'dashboard','chart'),(29,'report','sale_coupon'),(31,'report','customer_search'),(32,'report','customer_transaction'),(33,'report','product_purchased'),(34,'report','product_viewed'),(35,'report','sale_return'),(36,'report','sale_order'),(37,'report','sale_shipping'),(38,'report','sale_tax'),(39,'report','customer_activity'),(40,'report','customer_order'),(41,'report','customer_reward'),(42,'advertise','google'),(43,'theme','journal3'),(45,'module','tmdsociallogin'),(49,'module','quickcheckout');

--
-- Table structure for table `oc_extension_install`
--

CREATE TABLE `oc_extension_install` (
  `extension_install_id` int(11) NOT NULL AUTO_INCREMENT,
  `extension_download_id` int(11) NOT NULL,
  `filename` varchar(255) NOT NULL,
  `date_added` datetime NOT NULL,
  PRIMARY KEY (`extension_install_id`),
  KEY `extension_download_id` (`extension_download_id`)
) ENGINE=MyISAM AUTO_INCREMENT=12 DEFAULT CHARSET=utf8;

--
-- Dumping data for table `oc_extension_install`
--

INSERT INTO `oc_extension_install` VALUES (1,0,'j3-path.ocmod.zip','2022-06-03 07:14:31'),(2,0,'fixoc3installer.ocmod.zip','2022-06-03 07:16:02'),(3,0,'j3-path.ocmod.zip','2022-06-03 07:16:21'),(4,0,'seo_package.ocmod.zip','2022-06-03 07:17:17'),(5,0,'cireviewpro2022.ocmod.zip','2022-06-03 07:17:37'),(6,0,'ciadvancedoptions.ocmod.zip','2022-06-03 07:17:50'),(7,0,'cireviewpro2022.ocmod.zip','2022-06-03 07:47:47'),(8,0,'tmdsociallogin3.x.x.ocmod.zip','2022-06-06 05:11:08'),(9,0,'quick-checkout-3.ocmod.zip','2022-06-10 01:02:31'),(10,0,'opencartseopackprov9.91OC3.x.ocmod.zip','2022-06-10 08:44:57'),(11,0,'opencartseopackprov9.91OC3.x.ocmod.zip','2022-06-10 14:11:14');

--
-- Table structure for table `oc_extension_path`
--

CREATE TABLE `oc_extension_path` (
  `extension_path_id` int(11) NOT NULL AUTO_INCREMENT,
  `extension_install_id` int(11) NOT NULL,
  `path` varchar(255) NOT NULL,
  `date_added` datetime NOT NULL,
  PRIMARY KEY (`extension_path_id`),
  KEY `extension_install_id` (`extension_install_id`)
) ENGINE=MyISAM AUTO_INCREMENT=1241 DEFAULT CHARSET=utf8;

--
-- Dumping data for table `oc_extension_path`
--

INSERT INTO `oc_extension_path` VALUES (1,3,'admin/license.php','2022-06-03 07:16:22'),(2,3,'admin/view/javascript/journal3/dist/journal.js','2022-06-03 07:16:22'),(3,4,'sitemap_cli.php','2022-06-03 07:17:18'),(4,4,'system/seo_package.ocmod.xml','2022-06-03 07:17:18'),(5,4,'admin/controller/feed','2022-06-03 07:17:18'),(6,4,'admin/controller/module','2022-06-03 07:17:18'),(7,4,'admin/language/english','2022-06-03 07:17:18'),(8,4,'admin/view/advanced_sitemap','2022-06-03 07:17:18'),(9,4,'admin/view/seo_package','2022-06-03 07:17:18'),(10,4,'catalog/controller/feed','2022-06-03 07:17:18'),(11,4,'catalog/controller/geekodev','2022-06-03 07:17:18'),(12,4,'system/library/gkd_urlify.php','2022-06-03 07:17:18'),(13,4,'system/library/multilingual_seo.php','2022-06-03 07:17:18'),(14,4,'system/library/powercache.php','2022-06-03 07:17:18'),(15,4,'admin/controller/feed/advanced_sitemap.php','2022-06-03 07:17:18'),(16,4,'admin/controller/module/complete_seo.php','2022-06-03 07:17:18'),(17,4,'admin/language/english/feed','2022-06-03 07:17:18'),(18,4,'admin/language/english/module','2022-06-03 07:17:18'),(19,4,'admin/model/catalog/seo_package.php','2022-06-03 07:17:18'),(20,4,'admin/model/setting/friendlyurls.php','2022-06-03 07:17:18'),(21,4,'admin/model/tool/gkd_lib.php','2022-06-03 07:17:18'),(22,4,'admin/model/tool/path_manager.php','2022-06-03 07:17:18'),(23,4,'admin/model/tool/seo_package.php','2022-06-03 07:17:18'),(24,4,'admin/model/tool/seo_package_editor.php','2022-06-03 07:17:18'),(25,4,'admin/view/advanced_sitemap/awesome','2022-06-03 07:17:18'),(26,4,'admin/view/advanced_sitemap/bootstrap-theme.min.css','2022-06-03 07:17:18'),(27,4,'admin/view/advanced_sitemap/bootstrap.min.css','2022-06-03 07:17:18'),(28,4,'admin/view/advanced_sitemap/bootstrap.min.js','2022-06-03 07:17:18'),(29,4,'admin/view/advanced_sitemap/img','2022-06-03 07:17:18'),(30,4,'admin/view/advanced_sitemap/itoggle.js','2022-06-03 07:17:18'),(31,4,'admin/view/advanced_sitemap/select2.min.css','2022-06-03 07:17:18'),(32,4,'admin/view/advanced_sitemap/select2.min.js','2022-06-03 07:17:18'),(33,4,'admin/view/advanced_sitemap/style.css','2022-06-03 07:17:18'),(34,4,'admin/view/seo_package/awesome','2022-06-03 07:17:18'),(35,4,'admin/view/seo_package/bootstrap.min.css','2022-06-03 07:17:18'),(36,4,'admin/view/seo_package/bootstrap.min.js','2022-06-03 07:17:18'),(37,4,'admin/view/seo_package/gkd-script.js','2022-06-03 07:17:18'),(38,4,'admin/view/seo_package/gkd-theme.css','2022-06-03 07:17:18'),(39,4,'admin/view/seo_package/img','2022-06-03 07:17:18'),(40,4,'admin/view/seo_package/itoggle.js','2022-06-03 07:17:18'),(41,4,'admin/view/seo_package/jquery-editable.css','2022-06-03 07:17:18'),(42,4,'admin/view/seo_package/jquery-editable.min.js','2022-06-03 07:17:18'),(43,4,'admin/view/seo_package/jquery-migrate.js','2022-06-03 07:17:18'),(44,4,'admin/view/seo_package/jquery.dataTables.css','2022-06-03 07:17:18'),(45,4,'admin/view/seo_package/jquery.dataTables.min.css','2022-06-03 07:17:18'),(46,4,'admin/view/seo_package/jquery.dataTables.min.js','2022-06-03 07:17:18'),(47,4,'admin/view/seo_package/jquery.min.js','2022-06-03 07:17:18'),(48,4,'admin/view/seo_package/prettyCheckable.css','2022-06-03 07:17:18'),(49,4,'admin/view/seo_package/prettyCheckable.js','2022-06-03 07:17:18'),(50,4,'admin/view/seo_package/radial-meter.css','2022-06-03 07:17:18'),(51,4,'admin/view/seo_package/rainbow.github.css','2022-06-03 07:17:18'),(52,4,'admin/view/seo_package/rainbow.min.js','2022-06-03 07:17:18'),(53,4,'admin/view/seo_package/select2.min.css','2022-06-03 07:17:18'),(54,4,'admin/view/seo_package/select2.min.js','2022-06-03 07:17:18'),(55,4,'admin/view/seo_package/style.css','2022-06-03 07:17:18'),(56,4,'admin/view/seo_package/toggler.js','2022-06-03 07:17:18'),(57,4,'admin/view/template/feed','2022-06-03 07:17:18'),(58,4,'admin/view/template/module','2022-06-03 07:17:18'),(59,4,'catalog/controller/feed/advanced_sitemap.php','2022-06-03 07:17:18'),(60,4,'catalog/controller/geekodev/analytics.php','2022-06-03 07:17:18'),(61,4,'catalog/model/tool/path_manager.php','2022-06-03 07:17:18'),(62,4,'catalog/model/tool/seo_package.php','2022-06-03 07:17:18'),(63,4,'catalog/view/javascript/gkdAnalytics.js','2022-06-03 07:17:18'),(64,4,'catalog/view/javascript/gkdAnalyticsGa.js','2022-06-03 07:17:18'),(65,4,'catalog/view/javascript/gkdAnalyticsGtm.js','2022-06-03 07:17:18'),(66,4,'admin/language/english/feed/advanced_sitemap.php','2022-06-03 07:17:18'),(67,4,'admin/language/english/module/complete_seo.php','2022-06-03 07:17:18'),(68,4,'admin/view/advanced_sitemap/awesome/css','2022-06-03 07:17:18'),(69,4,'admin/view/advanced_sitemap/awesome/fonts','2022-06-03 07:17:18'),(70,4,'admin/view/advanced_sitemap/img/barcode.png','2022-06-03 07:17:18'),(71,4,'admin/view/advanced_sitemap/img/itoggle.png','2022-06-03 07:17:18'),(72,4,'admin/view/advanced_sitemap/img/loader.gif','2022-06-03 07:17:18'),(73,4,'admin/view/advanced_sitemap/img/spinner.gif','2022-06-03 07:17:18'),(74,4,'admin/view/advanced_sitemap/img/update.png','2022-06-03 07:17:18'),(75,4,'admin/view/seo_package/awesome/css','2022-06-03 07:17:18'),(76,4,'admin/view/seo_package/awesome/fonts','2022-06-03 07:17:18'),(77,4,'admin/view/seo_package/img/bigloader.gif','2022-06-03 07:17:18'),(78,4,'admin/view/seo_package/img/clear.png','2022-06-03 07:17:18'),(79,4,'admin/view/seo_package/img/directory.png','2022-06-03 07:17:18'),(80,4,'admin/view/seo_package/img/folder_open.png','2022-06-03 07:17:18'),(81,4,'admin/view/seo_package/img/fullscreen.png','2022-06-03 07:17:18'),(82,4,'admin/view/seo_package/img/help','2022-06-03 07:17:18'),(83,4,'admin/view/seo_package/img/icon-big.png','2022-06-03 07:17:18'),(84,4,'admin/view/seo_package/img/icon.png','2022-06-03 07:17:18'),(85,4,'admin/view/seo_package/img/itoggle.png','2022-06-03 07:17:18'),(86,4,'admin/view/seo_package/img/loading.gif','2022-06-03 07:17:18'),(87,4,'admin/view/seo_package/img/logo1.gif','2022-06-03 07:17:18'),(88,4,'admin/view/seo_package/img/pdf.png','2022-06-03 07:17:18'),(89,4,'admin/view/seo_package/img/prettyCheckable.png','2022-06-03 07:17:18'),(90,4,'admin/view/seo_package/img/save.png','2022-06-03 07:17:18'),(91,4,'admin/view/seo_package/img/simulation.png','2022-06-03 07:17:18'),(92,4,'admin/view/seo_package/img/sort_asc.png','2022-06-03 07:17:18'),(93,4,'admin/view/seo_package/img/sort_asc_disabled.png','2022-06-03 07:17:18'),(94,4,'admin/view/seo_package/img/sort_both.png','2022-06-03 07:17:18'),(95,4,'admin/view/seo_package/img/sort_desc.png','2022-06-03 07:17:18'),(96,4,'admin/view/seo_package/img/sort_desc_disabled.png','2022-06-03 07:17:18'),(97,4,'admin/view/seo_package/img/spinner.gif','2022-06-03 07:17:18'),(98,4,'admin/view/seo_package/img/star.png','2022-06-03 07:17:18'),(99,4,'admin/view/seo_package/img/toggle.png','2022-06-03 07:17:18'),(100,4,'admin/view/template/catalog/seo_manufacturer_form.tpl','2022-06-03 07:17:18'),(101,4,'admin/view/template/feed/advanced_sitemap.tpl','2022-06-03 07:17:18'),(102,4,'admin/view/template/module/complete_seo.tpl','2022-06-03 07:17:18'),(103,4,'admin/view/template/module/complete_seo_inc.tpl','2022-06-03 07:17:18'),(104,4,'admin/view/template/tool/gkd_license.tpl','2022-06-03 07:17:18'),(105,4,'admin/language/en-gb/extension/feed/advanced_sitemap.php','2022-06-03 07:17:18'),(106,4,'admin/language/en-gb/extension/module/complete_seo.php','2022-06-03 07:17:18'),(107,4,'admin/view/advanced_sitemap/awesome/css/font-awesome.min.css','2022-06-03 07:17:18'),(108,4,'admin/view/advanced_sitemap/awesome/fonts/FontAwesome.otf','2022-06-03 07:17:18'),(109,4,'admin/view/advanced_sitemap/awesome/fonts/fontawesome-webfont.eot','2022-06-03 07:17:18'),(110,4,'admin/view/advanced_sitemap/awesome/fonts/fontawesome-webfont.svg','2022-06-03 07:17:18'),(111,4,'admin/view/advanced_sitemap/awesome/fonts/fontawesome-webfont.ttf','2022-06-03 07:17:18'),(112,4,'admin/view/advanced_sitemap/awesome/fonts/fontawesome-webfont.woff','2022-06-03 07:17:18'),(113,4,'admin/view/seo_package/awesome/css/font-awesome.min.css','2022-06-03 07:17:18'),(114,4,'admin/view/seo_package/awesome/fonts/FontAwesome.otf','2022-06-03 07:17:18'),(115,4,'admin/view/seo_package/awesome/fonts/fontawesome-webfont.eot','2022-06-03 07:17:18'),(116,4,'admin/view/seo_package/awesome/fonts/fontawesome-webfont.svg','2022-06-03 07:17:18'),(117,4,'admin/view/seo_package/awesome/fonts/fontawesome-webfont.ttf','2022-06-03 07:17:18'),(118,4,'admin/view/seo_package/awesome/fonts/fontawesome-webfont.woff','2022-06-03 07:17:18'),(119,4,'admin/view/seo_package/img/help/analytics_1.png','2022-06-03 07:17:18'),(120,4,'admin/view/seo_package/img/help/analytics_2.png','2022-06-03 07:17:18'),(121,4,'admin/view/seo_package/img/help/analytics_verif.png','2022-06-03 07:17:18'),(122,4,'admin/view/seo_package/img/help/app-type_website.gif','2022-06-03 07:17:18'),(123,4,'admin/view/seo_package/img/help/btn_plus.png','2022-06-03 07:17:18'),(124,4,'admin/view/seo_package/img/help/create-new-app.gif','2022-06-03 07:17:18'),(125,4,'admin/view/seo_package/img/help/dialog_new-app.gif','2022-06-03 07:17:18'),(126,4,'admin/view/seo_package/img/help/gg_analytics.png','2022-06-03 07:17:18'),(127,4,'admin/view/seo_package/img/help/headers-last-modified.png','2022-06-03 07:17:18'),(128,4,'admin/view/seo_package/img/help/meta_title_desc.png','2022-06-03 07:17:18'),(129,4,'admin/view/seo_package/img/help/microdata-product.jpg','2022-06-03 07:17:18'),(130,4,'admin/view/seo_package/img/help/new-app_captcha.gif','2022-06-03 07:17:18'),(131,4,'admin/view/seo_package/img/help/not_found.png','2022-06-03 07:17:18'),(132,4,'admin/view/seo_package/img/help/permission.jpg','2022-06-03 07:17:18'),(133,4,'admin/view/seo_package/img/help/settings_app-id.gif','2022-06-03 07:17:18'),(134,4,'catalog/view/theme/default/template/module','2022-06-03 07:17:18'),(135,4,'catalog/view/theme/default/template/common/csp_search.tpl','2022-06-03 07:17:18'),(136,4,'catalog/view/theme/default/template/common/csp_search.twig','2022-06-03 07:17:18'),(137,4,'catalog/view/theme/default/template/module/advanced_sitemap.tpl','2022-06-03 07:17:18'),(138,4,'catalog/view/theme/default/template/module/advanced_sitemap.twig','2022-06-03 07:17:18'),(139,4,'catalog/view/theme/default/template/module/advanced_sitemap_grid.tpl','2022-06-03 07:17:18'),(140,4,'catalog/view/theme/default/template/module/advanced_sitemap_grid.twig','2022-06-03 07:17:18'),(141,4,'catalog/view/theme/default/template/module/seopackage_rich_snippet.tpl','2022-06-03 07:17:18'),(142,5,'admin/controller/cireviewpro','2022-06-03 07:17:39'),(143,5,'admin/model/cireviewpro','2022-06-03 07:17:39'),(144,5,'catalog/controller/cireviewpro','2022-06-03 07:17:39'),(145,5,'catalog/language/english','2022-06-03 07:17:39'),(146,5,'catalog/model/cireviewpro','2022-06-03 07:17:39'),(147,5,'system/library/cireviewpro','2022-06-03 07:17:39'),(148,5,'admin/controller/cireviewpro/ciabreason.php','2022-06-03 07:17:39'),(149,5,'admin/controller/cireviewpro/ciratingtype.php','2022-06-03 07:17:39'),(150,5,'admin/controller/cireviewpro/cireviewpro.php','2022-06-03 07:17:39'),(151,5,'admin/controller/cireviewpro/cireviewpro_cron.php','2022-06-03 07:17:39'),(152,5,'admin/controller/cireviewpro/cireviewpro_cronlog.php','2022-06-03 07:17:39'),(153,5,'admin/controller/cireviewpro/cireviewpro_invite.php','2022-06-03 07:17:39'),(154,5,'admin/controller/cireviewpro/cireviewpro_invitelog.php','2022-06-03 07:17:39'),(155,5,'admin/controller/cireviewpro/cireviews.php','2022-06-03 07:17:39'),(156,5,'admin/language/en-gb/cireviewpro','2022-06-03 07:17:39'),(157,5,'admin/language/english/cireviewpro','2022-06-03 07:17:39'),(158,5,'admin/model/cireviewpro/ciabreason.php','2022-06-03 07:17:39'),(159,5,'admin/model/cireviewpro/ciratingtype.php','2022-06-03 07:17:39'),(160,5,'admin/model/cireviewpro/cireviewpro_invitelog.php','2022-06-03 07:17:39'),(161,5,'admin/model/cireviewpro/cireviews.php','2022-06-03 07:17:39'),(162,5,'admin/view/javascript/cireviewpro','2022-06-03 07:17:39'),(163,5,'admin/view/stylesheet/cireviewpro','2022-06-03 07:17:39'),(164,5,'admin/view/template/cireviewpro','2022-06-03 07:17:39'),(165,5,'catalog/controller/cireviewpro/cireview.php','2022-06-03 07:17:39'),(166,5,'catalog/controller/cireviewpro/cireviewcron.php','2022-06-03 07:17:39'),(167,5,'catalog/controller/cireviewpro/cireviews.php','2022-06-03 07:17:39'),(168,5,'catalog/language/en-gb/cireviewpro','2022-06-03 07:17:39'),(169,5,'catalog/language/english/cireviewpro','2022-06-03 07:17:39'),(170,5,'catalog/model/cireviewpro/cireview.php','2022-06-03 07:17:39'),(171,5,'catalog/view/javascript/cireviewpro','2022-06-03 07:17:39'),(172,5,'system/library/cireviewpro/cireviewpro_admin.php','2022-06-03 07:17:39'),(173,5,'system/library/cireviewpro/simple_html_dom.php','2022-06-03 07:17:39'),(174,5,'system/library/cireviewpro/simple_html_dom.php-new','2022-06-03 07:17:39'),(175,5,'admin/controller/extension/module/cireviewlatest.php','2022-06-03 07:17:39'),(176,5,'admin/language/en-gb/cireviewpro/ciabreason.php','2022-06-03 07:17:39'),(177,5,'admin/language/en-gb/cireviewpro/ciratingtype.php','2022-06-03 07:17:39'),(178,5,'admin/language/en-gb/cireviewpro/cireviewadmin.php','2022-06-03 07:17:39'),(179,5,'admin/language/en-gb/cireviewpro/cireviewcron.php','2022-06-03 07:17:39'),(180,5,'admin/language/en-gb/cireviewpro/cireviewpro.php','2022-06-03 07:17:39'),(181,5,'admin/language/en-gb/cireviewpro/cireviewpro_cron.php','2022-06-03 07:17:39'),(182,5,'admin/language/en-gb/cireviewpro/cireviewpro_cronlog.php','2022-06-03 07:17:39'),(183,5,'admin/language/en-gb/cireviewpro/cireviewpro_invite.php','2022-06-03 07:17:39'),(184,5,'admin/language/en-gb/cireviewpro/cireviewpro_invitelog.php','2022-06-03 07:17:39'),(185,5,'admin/language/en-gb/cireviewpro/cireviewpro_menu.php','2022-06-03 07:17:39'),(186,5,'admin/language/en-gb/cireviewpro/cireviews.php','2022-06-03 07:17:39'),(187,5,'admin/language/en-gb/cireviewpro/cireviews_language.php','2022-06-03 07:17:39'),(188,5,'admin/language/english/cireviewpro/ciabreason.php','2022-06-03 07:17:39'),(189,5,'admin/language/english/cireviewpro/ciratingtype.php','2022-06-03 07:17:39'),(190,5,'admin/language/english/cireviewpro/cireviewadmin.php','2022-06-03 07:17:39'),(191,5,'admin/language/english/cireviewpro/cireviewcron.php','2022-06-03 07:17:39'),(192,5,'admin/language/english/cireviewpro/cireviewpro.php','2022-06-03 07:17:39'),(193,5,'admin/language/english/cireviewpro/cireviewpro_cron.php','2022-06-03 07:17:39'),(194,5,'admin/language/english/cireviewpro/cireviewpro_cronlog.php','2022-06-03 07:17:39'),(195,5,'admin/language/english/cireviewpro/cireviewpro_invite.php','2022-06-03 07:17:39'),(196,5,'admin/language/english/cireviewpro/cireviewpro_invitelog.php','2022-06-03 07:17:39'),(197,5,'admin/language/english/cireviewpro/cireviewpro_menu.php','2022-06-03 07:17:39'),(198,5,'admin/language/english/cireviewpro/cireviews.php','2022-06-03 07:17:39'),(199,5,'admin/view/javascript/cireviewpro/bstoggle','2022-06-03 07:17:39'),(200,5,'admin/view/javascript/cireviewpro/colorpicker','2022-06-03 07:17:39'),(201,5,'admin/view/javascript/cireviewpro/magnific','2022-06-03 07:17:39'),(202,5,'admin/view/stylesheet/cireviewpro/cireview.css','2022-06-03 07:17:39'),(203,5,'admin/view/template/cireviewpro/ciabreason_form.tpl','2022-06-03 07:17:39'),(204,5,'admin/view/template/cireviewpro/ciabreason_list.tpl','2022-06-03 07:17:39'),(205,5,'admin/view/template/cireviewpro/ciratingtype_form.tpl','2022-06-03 07:17:39'),(206,5,'admin/view/template/cireviewpro/ciratingtype_list.tpl','2022-06-03 07:17:39'),(207,5,'admin/view/template/cireviewpro/cireviewpro.tpl','2022-06-03 07:17:39'),(208,5,'admin/view/template/cireviewpro/cireviewpro_cron.tpl','2022-06-03 07:17:39'),(209,5,'admin/view/template/cireviewpro/cireviewpro_cronlog.tpl','2022-06-03 07:17:39'),(210,5,'admin/view/template/cireviewpro/cireviewpro_invite.tpl','2022-06-03 07:17:39'),(211,5,'admin/view/template/cireviewpro/cireviewpro_invitelog_form.tpl','2022-06-03 07:17:39'),(212,5,'admin/view/template/cireviewpro/cireviewpro_invitelog_list.tpl','2022-06-03 07:17:39'),(213,5,'admin/view/template/cireviewpro/cireviews_form.tpl','2022-06-03 07:17:39'),(214,5,'admin/view/template/cireviewpro/cireviews_list.tpl','2022-06-03 07:17:39'),(215,5,'admin/view/template/cireviewpro/quick_updaterating_html.tpl','2022-06-03 07:17:39'),(216,5,'catalog/controller/extension/module/cireviewlatest.php','2022-06-03 07:17:39'),(217,5,'catalog/language/en-gb/cireviewpro/cireview.php','2022-06-03 07:17:39'),(218,5,'catalog/language/en-gb/cireviewpro/cireviewcron.php','2022-06-03 07:17:39'),(219,5,'catalog/language/en-gb/cireviewpro/cireviews.php','2022-06-03 07:17:39'),(220,5,'catalog/language/english/cireviewpro/cireview.php','2022-06-03 07:17:39'),(221,5,'catalog/language/english/cireviewpro/cireviewcron.php','2022-06-03 07:17:39'),(222,5,'catalog/language/english/cireviewpro/cireviews.php','2022-06-03 07:17:39'),(223,5,'catalog/view/javascript/cireviewpro/rating','2022-06-03 07:17:39'),(224,5,'admin/language/en-gb/extension/module/cireviewlatest.php','2022-06-03 07:17:39'),(225,5,'admin/view/javascript/cireviewpro/bstoggle/css','2022-06-03 07:17:39'),(226,5,'admin/view/javascript/cireviewpro/bstoggle/js','2022-06-03 07:17:39'),(227,5,'admin/view/javascript/cireviewpro/colorpicker/css','2022-06-03 07:17:39'),(228,5,'admin/view/javascript/cireviewpro/colorpicker/img','2022-06-03 07:17:39'),(229,5,'admin/view/javascript/cireviewpro/colorpicker/js','2022-06-03 07:17:39'),(230,5,'admin/view/javascript/cireviewpro/magnific/jquery.magnific-popup.js','2022-06-03 07:17:39'),(231,5,'admin/view/javascript/cireviewpro/magnific/jquery.magnific-popup.min.js','2022-06-03 07:17:39'),(232,5,'admin/view/javascript/cireviewpro/magnific/magnific-popup.css','2022-06-03 07:17:39'),(233,5,'admin/view/template/extension/module/cireviewlatest.twig','2022-06-03 07:17:39'),(234,5,'catalog/language/en-gb/extension/module/cireviewlatest.php','2022-06-03 07:17:39'),(235,5,'catalog/view/javascript/cireviewpro/rating/bootstrap-rating-input.js','2022-06-03 07:17:39'),(236,5,'catalog/view/theme/default/stylesheet/cireviewpro','2022-06-03 07:17:39'),(237,5,'catalog/view/theme/default/template/cireviewpro','2022-06-03 07:17:39'),(238,5,'admin/view/javascript/cireviewpro/bstoggle/css/bootstrap-toggle.min.css','2022-06-03 07:17:39'),(239,5,'admin/view/javascript/cireviewpro/bstoggle/js/bootstrap-toggle.min.js','2022-06-03 07:17:39'),(240,5,'admin/view/javascript/cireviewpro/colorpicker/css/bootstrap-colorpicker.css','2022-06-03 07:17:39'),(241,5,'admin/view/javascript/cireviewpro/colorpicker/css/bootstrap-colorpicker.css.map','2022-06-03 07:17:39'),(242,5,'admin/view/javascript/cireviewpro/colorpicker/css/bootstrap-colorpicker.min.css','2022-06-03 07:17:39'),(243,5,'admin/view/javascript/cireviewpro/colorpicker/css/bootstrap-colorpicker.min.css.map','2022-06-03 07:17:39'),(244,5,'admin/view/javascript/cireviewpro/colorpicker/img/bootstrap-colorpicker','2022-06-03 07:17:39'),(245,5,'admin/view/javascript/cireviewpro/colorpicker/js/bootstrap-colorpicker.js','2022-06-03 07:17:39'),(246,5,'admin/view/javascript/cireviewpro/colorpicker/js/bootstrap-colorpicker.min.js','2022-06-03 07:17:39'),(247,5,'catalog/view/theme/default/stylesheet/cireviewpro/cireview.css','2022-06-03 07:17:39'),(248,5,'catalog/view/theme/default/template/cireviewpro/cireview.tpl','2022-06-03 07:17:39'),(249,5,'catalog/view/theme/default/template/cireviewpro/cireview.twig','2022-06-03 07:17:39'),(250,5,'catalog/view/theme/default/template/cireviewpro/cireview_aggerate.tpl','2022-06-03 07:17:39'),(251,5,'catalog/view/theme/default/template/cireviewpro/cireview_aggerate.twig','2022-06-03 07:17:39'),(252,5,'catalog/view/theme/default/template/cireviewpro/cireview_gallery.tpl','2022-06-03 07:17:39'),(253,5,'catalog/view/theme/default/template/cireviewpro/cireview_gallery.twig','2022-06-03 07:17:39'),(254,5,'catalog/view/theme/default/template/cireviewpro/cireview_graph.tpl','2022-06-03 07:17:39'),(255,5,'catalog/view/theme/default/template/cireviewpro/cireview_graph.twig','2022-06-03 07:17:39'),(256,5,'catalog/view/theme/default/template/cireviewpro/cireview_posneg.tpl','2022-06-03 07:17:39'),(257,5,'catalog/view/theme/default/template/cireviewpro/cireview_posneg.twig','2022-06-03 07:17:39'),(258,5,'catalog/view/theme/default/template/cireviewpro/cireview_stars.tpl','2022-06-03 07:17:39'),(259,5,'catalog/view/theme/default/template/cireviewpro/cireview_stars.twig','2022-06-03 07:17:39'),(260,5,'catalog/view/theme/default/template/cireviewpro/cireview_top.tpl','2022-06-03 07:17:39'),(261,5,'catalog/view/theme/default/template/cireviewpro/cireview_top.twig','2022-06-03 07:17:39'),(262,5,'catalog/view/theme/default/template/cireviewpro/cireviews_page.tpl','2022-06-03 07:17:39'),(263,5,'catalog/view/theme/default/template/cireviewpro/cireviews_page.twig','2022-06-03 07:17:39'),(264,5,'catalog/view/theme/default/template/cireviewpro/cireviews_page_grid.tpl','2022-06-03 07:17:39'),(265,5,'catalog/view/theme/default/template/cireviewpro/cireviews_page_grid.twig','2022-06-03 07:17:39'),(266,5,'catalog/view/theme/default/template/cireviewpro/cireviews_page_list.tpl','2022-06-03 07:17:39'),(267,5,'catalog/view/theme/default/template/cireviewpro/cireviews_page_list.twig','2022-06-03 07:17:39'),(268,5,'catalog/view/theme/default/template/cireviewpro/cireviews_product_tab.tpl','2022-06-03 07:17:39'),(269,5,'catalog/view/theme/default/template/cireviewpro/cireviews_product_tab.twig','2022-06-03 07:17:39'),(270,5,'admin/view/javascript/cireviewpro/colorpicker/img/bootstrap-colorpicker/alpha-horizontal.png','2022-06-03 07:17:39'),(271,5,'admin/view/javascript/cireviewpro/colorpicker/img/bootstrap-colorpicker/alpha.png','2022-06-03 07:17:39'),(272,5,'admin/view/javascript/cireviewpro/colorpicker/img/bootstrap-colorpicker/hue-horizontal.png','2022-06-03 07:17:39'),(273,5,'admin/view/javascript/cireviewpro/colorpicker/img/bootstrap-colorpicker/hue.png','2022-06-03 07:17:39'),(274,5,'admin/view/javascript/cireviewpro/colorpicker/img/bootstrap-colorpicker/saturation.png','2022-06-03 07:17:39'),(275,5,'catalog/view/theme/default/template/extension/module/cireviewlatest.twig','2022-06-03 07:17:39'),(276,5,'catalog/view/theme/default/template/extension/module/cireviewlatest_grid.twig','2022-06-03 07:17:39'),(277,5,'catalog/view/theme/default/template/extension/module/cireviewlatest_list.twig','2022-06-03 07:17:39'),(278,6,'admin/controller/extension/ciadvancedoptions.php','2022-06-03 07:17:51'),(279,6,'admin/model/extension/ciadvancedoptions.php','2022-06-03 07:17:51'),(280,6,'catalog/view/javascript/ciopimage.js','2022-06-03 07:17:51'),(281,6,'admin/language/en-gb/extension/ciadvancedoptions.php','2022-06-03 07:17:51'),(282,6,'admin/language/en-gb/extension/ciadvancedoptions_menu.php','2022-06-03 07:17:51'),(283,6,'admin/view/template/extension/ciadvancedoptions.twig','2022-06-03 07:17:51'),(284,6,'catalog/language/en-gb/product/cioption.php','2022-06-03 07:17:51'),(285,7,'admin/controller/cireviewpro/ciabreason.php','2022-06-03 07:47:48'),(286,7,'admin/controller/cireviewpro/ciratingtype.php','2022-06-03 07:47:48'),(287,7,'admin/controller/cireviewpro/cireviewpro.php','2022-06-03 07:47:48'),(288,7,'admin/controller/cireviewpro/cireviewpro_cron.php','2022-06-03 07:47:48'),(289,7,'admin/controller/cireviewpro/cireviewpro_cronlog.php','2022-06-03 07:47:48'),(290,7,'admin/controller/cireviewpro/cireviewpro_invite.php','2022-06-03 07:47:48'),(291,7,'admin/controller/cireviewpro/cireviewpro_invitelog.php','2022-06-03 07:47:48'),(292,7,'admin/controller/cireviewpro/cireviews.php','2022-06-03 07:47:48'),(293,7,'admin/model/cireviewpro/ciabreason.php','2022-06-03 07:47:48'),(294,7,'admin/model/cireviewpro/ciratingtype.php','2022-06-03 07:47:48'),(295,7,'admin/model/cireviewpro/cireviewpro_invitelog.php','2022-06-03 07:47:48'),(296,7,'admin/model/cireviewpro/cireviews.php','2022-06-03 07:47:48'),(297,7,'catalog/controller/cireviewpro/cireview.php','2022-06-03 07:47:48'),(298,7,'catalog/controller/cireviewpro/cireviewcron.php','2022-06-03 07:47:48'),(299,7,'catalog/controller/cireviewpro/cireviews.php','2022-06-03 07:47:48'),(300,7,'catalog/model/cireviewpro/cireview.php','2022-06-03 07:47:48'),(301,7,'system/library/cireviewpro/cireviewpro_admin.php','2022-06-03 07:47:48'),(302,7,'system/library/cireviewpro/simple_html_dom.php','2022-06-03 07:47:48'),(303,7,'system/library/cireviewpro/simple_html_dom.php-new','2022-06-03 07:47:48'),(304,7,'admin/controller/extension/module/cireviewlatest.php','2022-06-03 07:47:48'),(305,7,'admin/language/en-gb/cireviewpro/ciabreason.php','2022-06-03 07:47:48'),(306,7,'admin/language/en-gb/cireviewpro/ciratingtype.php','2022-06-03 07:47:48'),(307,7,'admin/language/en-gb/cireviewpro/cireviewadmin.php','2022-06-03 07:47:48'),(308,7,'admin/language/en-gb/cireviewpro/cireviewcron.php','2022-06-03 07:47:48'),(309,7,'admin/language/en-gb/cireviewpro/cireviewpro.php','2022-06-03 07:47:48'),(310,7,'admin/language/en-gb/cireviewpro/cireviewpro_cron.php','2022-06-03 07:47:48'),(311,7,'admin/language/en-gb/cireviewpro/cireviewpro_cronlog.php','2022-06-03 07:47:48'),(312,7,'admin/language/en-gb/cireviewpro/cireviewpro_invite.php','2022-06-03 07:47:48'),(313,7,'admin/language/en-gb/cireviewpro/cireviewpro_invitelog.php','2022-06-03 07:47:48'),(314,7,'admin/language/en-gb/cireviewpro/cireviewpro_menu.php','2022-06-03 07:47:48'),(315,7,'admin/language/en-gb/cireviewpro/cireviews.php','2022-06-03 07:47:48'),(316,7,'admin/language/en-gb/cireviewpro/cireviews_language.php','2022-06-03 07:47:48'),(317,7,'admin/language/english/cireviewpro/ciabreason.php','2022-06-03 07:47:48'),(318,7,'admin/language/english/cireviewpro/ciratingtype.php','2022-06-03 07:47:48'),(319,7,'admin/language/english/cireviewpro/cireviewadmin.php','2022-06-03 07:47:48'),(320,7,'admin/language/english/cireviewpro/cireviewcron.php','2022-06-03 07:47:48'),(321,7,'admin/language/english/cireviewpro/cireviewpro.php','2022-06-03 07:47:48'),(322,7,'admin/language/english/cireviewpro/cireviewpro_cron.php','2022-06-03 07:47:48'),(323,7,'admin/language/english/cireviewpro/cireviewpro_cronlog.php','2022-06-03 07:47:48'),(324,7,'admin/language/english/cireviewpro/cireviewpro_invite.php','2022-06-03 07:47:48'),(325,7,'admin/language/english/cireviewpro/cireviewpro_invitelog.php','2022-06-03 07:47:48'),(326,7,'admin/language/english/cireviewpro/cireviewpro_menu.php','2022-06-03 07:47:48'),(327,7,'admin/language/english/cireviewpro/cireviews.php','2022-06-03 07:47:48'),(328,7,'admin/view/stylesheet/cireviewpro/cireview.css','2022-06-03 07:47:48'),(329,7,'admin/view/template/cireviewpro/ciabreason_form.tpl','2022-06-03 07:47:48'),(330,7,'admin/view/template/cireviewpro/ciabreason_list.tpl','2022-06-03 07:47:48'),(331,7,'admin/view/template/cireviewpro/ciratingtype_form.tpl','2022-06-03 07:47:48'),(332,7,'admin/view/template/cireviewpro/ciratingtype_list.tpl','2022-06-03 07:47:48'),(333,7,'admin/view/template/cireviewpro/cireviewpro.tpl','2022-06-03 07:47:48'),(334,7,'admin/view/template/cireviewpro/cireviewpro_cron.tpl','2022-06-03 07:47:48'),(335,7,'admin/view/template/cireviewpro/cireviewpro_cronlog.tpl','2022-06-03 07:47:48'),(336,7,'admin/view/template/cireviewpro/cireviewpro_invite.tpl','2022-06-03 07:47:48'),(337,7,'admin/view/template/cireviewpro/cireviewpro_invitelog_form.tpl','2022-06-03 07:47:48'),(338,7,'admin/view/template/cireviewpro/cireviewpro_invitelog_list.tpl','2022-06-03 07:47:48'),(339,7,'admin/view/template/cireviewpro/cireviews_form.tpl','2022-06-03 07:47:48'),(340,7,'admin/view/template/cireviewpro/cireviews_list.tpl','2022-06-03 07:47:48'),(341,7,'admin/view/template/cireviewpro/quick_updaterating_html.tpl','2022-06-03 07:47:48'),(342,7,'catalog/controller/extension/module/cireviewlatest.php','2022-06-03 07:47:48'),(343,7,'catalog/language/en-gb/cireviewpro/cireview.php','2022-06-03 07:47:48'),(344,7,'catalog/language/en-gb/cireviewpro/cireviewcron.php','2022-06-03 07:47:48'),(345,7,'catalog/language/en-gb/cireviewpro/cireviews.php','2022-06-03 07:47:48'),(346,7,'catalog/language/english/cireviewpro/cireview.php','2022-06-03 07:47:48'),(347,7,'catalog/language/english/cireviewpro/cireviewcron.php','2022-06-03 07:47:48'),(348,7,'catalog/language/english/cireviewpro/cireviews.php','2022-06-03 07:47:48'),(349,7,'admin/language/en-gb/extension/module/cireviewlatest.php','2022-06-03 07:47:48'),(350,7,'admin/view/javascript/cireviewpro/magnific/jquery.magnific-popup.js','2022-06-03 07:47:48'),(351,7,'admin/view/javascript/cireviewpro/magnific/jquery.magnific-popup.min.js','2022-06-03 07:47:48'),(352,7,'admin/view/javascript/cireviewpro/magnific/magnific-popup.css','2022-06-03 07:47:48'),(353,7,'admin/view/template/extension/module/cireviewlatest.twig','2022-06-03 07:47:48'),(354,7,'catalog/language/en-gb/extension/module/cireviewlatest.php','2022-06-03 07:47:48'),(355,7,'catalog/view/javascript/cireviewpro/rating/bootstrap-rating-input.js','2022-06-03 07:47:48'),(356,7,'admin/view/javascript/cireviewpro/bstoggle/css/bootstrap-toggle.min.css','2022-06-03 07:47:48'),(357,7,'admin/view/javascript/cireviewpro/bstoggle/js/bootstrap-toggle.min.js','2022-06-03 07:47:48'),(358,7,'admin/view/javascript/cireviewpro/colorpicker/css/bootstrap-colorpicker.css','2022-06-03 07:47:48'),(359,7,'admin/view/javascript/cireviewpro/colorpicker/css/bootstrap-colorpicker.css.map','2022-06-03 07:47:48'),(360,7,'admin/view/javascript/cireviewpro/colorpicker/css/bootstrap-colorpicker.min.css','2022-06-03 07:47:48'),(361,7,'admin/view/javascript/cireviewpro/colorpicker/css/bootstrap-colorpicker.min.css.map','2022-06-03 07:47:48'),(362,7,'admin/view/javascript/cireviewpro/colorpicker/js/bootstrap-colorpicker.js','2022-06-03 07:47:48'),(363,7,'admin/view/javascript/cireviewpro/colorpicker/js/bootstrap-colorpicker.min.js','2022-06-03 07:47:48'),(364,7,'catalog/view/theme/default/stylesheet/cireviewpro/cireview.css','2022-06-03 07:47:48'),(365,7,'catalog/view/theme/default/template/cireviewpro/cireview.tpl','2022-06-03 07:47:48'),(366,7,'catalog/view/theme/default/template/cireviewpro/cireview.twig','2022-06-03 07:47:48'),(367,7,'catalog/view/theme/default/template/cireviewpro/cireview_aggerate.tpl','2022-06-03 07:47:48'),(368,7,'catalog/view/theme/default/template/cireviewpro/cireview_aggerate.twig','2022-06-03 07:47:48'),(369,7,'catalog/view/theme/default/template/cireviewpro/cireview_gallery.tpl','2022-06-03 07:47:48'),(370,7,'catalog/view/theme/default/template/cireviewpro/cireview_gallery.twig','2022-06-03 07:47:48'),(371,7,'catalog/view/theme/default/template/cireviewpro/cireview_graph.tpl','2022-06-03 07:47:48'),(372,7,'catalog/view/theme/default/template/cireviewpro/cireview_graph.twig','2022-06-03 07:47:48'),(373,7,'catalog/view/theme/default/template/cireviewpro/cireview_posneg.tpl','2022-06-03 07:47:48'),(374,7,'catalog/view/theme/default/template/cireviewpro/cireview_posneg.twig','2022-06-03 07:47:48'),(375,7,'catalog/view/theme/default/template/cireviewpro/cireview_stars.tpl','2022-06-03 07:47:48'),(376,7,'catalog/view/theme/default/template/cireviewpro/cireview_stars.twig','2022-06-03 07:47:48'),(377,7,'catalog/view/theme/default/template/cireviewpro/cireview_top.tpl','2022-06-03 07:47:48'),(378,7,'catalog/view/theme/default/template/cireviewpro/cireview_top.twig','2022-06-03 07:47:48'),(379,7,'catalog/view/theme/default/template/cireviewpro/cireviews_page.tpl','2022-06-03 07:47:48'),(380,7,'catalog/view/theme/default/template/cireviewpro/cireviews_page.twig','2022-06-03 07:47:48'),(381,7,'catalog/view/theme/default/template/cireviewpro/cireviews_page_grid.tpl','2022-06-03 07:47:48'),(382,7,'catalog/view/theme/default/template/cireviewpro/cireviews_page_grid.twig','2022-06-03 07:47:48'),(383,7,'catalog/view/theme/default/template/cireviewpro/cireviews_page_list.tpl','2022-06-03 07:47:48'),(384,7,'catalog/view/theme/default/template/cireviewpro/cireviews_page_list.twig','2022-06-03 07:47:48'),(385,7,'catalog/view/theme/default/template/cireviewpro/cireviews_product_tab.tpl','2022-06-03 07:47:48'),(386,7,'catalog/view/theme/default/template/cireviewpro/cireviews_product_tab.twig','2022-06-03 07:47:48'),(387,7,'admin/view/javascript/cireviewpro/colorpicker/img/bootstrap-colorpicker/alpha-horizontal.png','2022-06-03 07:47:48'),(388,7,'admin/view/javascript/cireviewpro/colorpicker/img/bootstrap-colorpicker/alpha.png','2022-06-03 07:47:48'),(389,7,'admin/view/javascript/cireviewpro/colorpicker/img/bootstrap-colorpicker/hue-horizontal.png','2022-06-03 07:47:48'),(390,7,'admin/view/javascript/cireviewpro/colorpicker/img/bootstrap-colorpicker/hue.png','2022-06-03 07:47:48'),(391,7,'admin/view/javascript/cireviewpro/colorpicker/img/bootstrap-colorpicker/saturation.png','2022-06-03 07:47:48'),(392,7,'catalog/view/theme/default/template/extension/module/cireviewlatest.twig','2022-06-03 07:47:48'),(393,7,'catalog/view/theme/default/template/extension/module/cireviewlatest_grid.twig','2022-06-03 07:47:48'),(394,7,'catalog/view/theme/default/template/extension/module/cireviewlatest_list.twig','2022-06-03 07:47:48'),(395,8,'image/catalog/sociallogin','2022-06-06 05:11:09'),(396,8,'system/library/tmdsocial','2022-06-06 05:11:09'),(397,8,'catalog/controller/extension/column_login.php','2022-06-06 05:11:09'),(398,8,'image/catalog/sociallogin/Thumbs.db','2022-06-06 05:11:09'),(399,8,'image/catalog/sociallogin/fb.png','2022-06-06 05:11:09'),(400,8,'image/catalog/sociallogin/google.png','2022-06-06 05:11:09'),(401,8,'image/catalog/sociallogin/linkedin.png','2022-06-06 05:11:09'),(402,8,'image/catalog/sociallogin/twitter.png','2022-06-06 05:11:09'),(403,8,'system/library/tmdsocial/fb','2022-06-06 05:11:09'),(404,8,'system/library/tmdsocial/linkedIn','2022-06-06 05:11:09'),(405,8,'system/library/tmdsocial/src','2022-06-06 05:11:09'),(406,8,'system/library/tmdsocial/twitter','2022-06-06 05:11:09'),(407,8,'admin/controller/extension/module/tmdsociallogin.php','2022-06-06 05:11:09'),(408,8,'catalog/controller/extension/module/tmdsociallogin.php','2022-06-06 05:11:09'),(409,8,'system/library/tmdsocial/fb/Authentication','2022-06-06 05:11:09'),(410,8,'system/library/tmdsocial/fb/Exceptions','2022-06-06 05:11:09'),(411,8,'system/library/tmdsocial/fb/Facebook.php','2022-06-06 05:11:09'),(412,8,'system/library/tmdsocial/fb/FacebookApp.php','2022-06-06 05:11:09'),(413,8,'system/library/tmdsocial/fb/FacebookBatchRequest.php','2022-06-06 05:11:09'),(414,8,'system/library/tmdsocial/fb/FacebookBatchResponse.php','2022-06-06 05:11:09'),(415,8,'system/library/tmdsocial/fb/FacebookClient.php','2022-06-06 05:11:09'),(416,8,'system/library/tmdsocial/fb/FacebookRequest.php','2022-06-06 05:11:09'),(417,8,'system/library/tmdsocial/fb/FacebookResponse.php','2022-06-06 05:11:09'),(418,8,'system/library/tmdsocial/fb/FileUpload','2022-06-06 05:11:09'),(419,8,'system/library/tmdsocial/fb/GraphNodes','2022-06-06 05:11:09'),(420,8,'system/library/tmdsocial/fb/Helpers','2022-06-06 05:11:09'),(421,8,'system/library/tmdsocial/fb/Http','2022-06-06 05:11:09'),(422,8,'system/library/tmdsocial/fb/HttpClients','2022-06-06 05:11:09'),(423,8,'system/library/tmdsocial/fb/PersistentData','2022-06-06 05:11:09'),(424,8,'system/library/tmdsocial/fb/PseudoRandomString','2022-06-06 05:11:09'),(425,8,'system/library/tmdsocial/fb/SignedRequest.php','2022-06-06 05:11:09'),(426,8,'system/library/tmdsocial/fb/Url','2022-06-06 05:11:09'),(427,8,'system/library/tmdsocial/fb/autoload.php','2022-06-06 05:11:09'),(428,8,'system/library/tmdsocial/fb/polyfills.php','2022-06-06 05:11:09'),(429,8,'system/library/tmdsocial/linkedIn/http.php','2022-06-06 05:11:09'),(430,8,'system/library/tmdsocial/linkedIn/oauth_client.php','2022-06-06 05:11:09'),(431,8,'system/library/tmdsocial/linkedIn/oauth_configuration.json','2022-06-06 05:11:09'),(432,8,'system/library/tmdsocial/src/Google_Client.php','2022-06-06 05:11:09'),(433,8,'system/library/tmdsocial/src/auth','2022-06-06 05:11:09'),(434,8,'system/library/tmdsocial/src/cache','2022-06-06 05:11:09'),(435,8,'system/library/tmdsocial/src/config.php','2022-06-06 05:11:09'),(436,8,'system/library/tmdsocial/src/contrib','2022-06-06 05:11:09'),(437,8,'system/library/tmdsocial/src/external','2022-06-06 05:11:09'),(438,8,'system/library/tmdsocial/src/io','2022-06-06 05:11:09'),(439,8,'system/library/tmdsocial/src/service','2022-06-06 05:11:09'),(440,8,'system/library/tmdsocial/twitter/autoload.php','2022-06-06 05:11:09'),(441,8,'system/library/tmdsocial/twitter/src','2022-06-06 05:11:09'),(442,8,'admin/language/en-gb/extension/module/tmdsociallogin.php','2022-06-06 05:11:09'),(443,8,'admin/view/template/extension/module/tmdsociallogin.twig','2022-06-06 05:11:09'),(444,8,'catalog/language/en-gb/extension/module/tmdsociallogin.php','2022-06-06 05:11:09'),(445,8,'system/library/tmdsocial/fb/Authentication/AccessToken.php','2022-06-06 05:11:09'),(446,8,'system/library/tmdsocial/fb/Authentication/AccessTokenMetadata.php','2022-06-06 05:11:09'),(447,8,'system/library/tmdsocial/fb/Authentication/OAuth2Client.php','2022-06-06 05:11:09'),(448,8,'system/library/tmdsocial/fb/Exceptions/FacebookAuthenticationException.php','2022-06-06 05:11:09'),(449,8,'system/library/tmdsocial/fb/Exceptions/FacebookAuthorizationException.php','2022-06-06 05:11:09'),(450,8,'system/library/tmdsocial/fb/Exceptions/FacebookClientException.php','2022-06-06 05:11:09'),(451,8,'system/library/tmdsocial/fb/Exceptions/FacebookOtherException.php','2022-06-06 05:11:09'),(452,8,'system/library/tmdsocial/fb/Exceptions/FacebookResponseException.php','2022-06-06 05:11:09'),(453,8,'system/library/tmdsocial/fb/Exceptions/FacebookResumableUploadException.php','2022-06-06 05:11:09'),(454,8,'system/library/tmdsocial/fb/Exceptions/FacebookSDKException.php','2022-06-06 05:11:09'),(455,8,'system/library/tmdsocial/fb/Exceptions/FacebookServerException.php','2022-06-06 05:11:09'),(456,8,'system/library/tmdsocial/fb/Exceptions/FacebookThrottleException.php','2022-06-06 05:11:09'),(457,8,'system/library/tmdsocial/fb/FileUpload/FacebookFile.php','2022-06-06 05:11:09'),(458,8,'system/library/tmdsocial/fb/FileUpload/FacebookResumableUploader.php','2022-06-06 05:11:09'),(459,8,'system/library/tmdsocial/fb/FileUpload/FacebookTransferChunk.php','2022-06-06 05:11:09'),(460,8,'system/library/tmdsocial/fb/FileUpload/FacebookVideo.php','2022-06-06 05:11:09'),(461,8,'system/library/tmdsocial/fb/FileUpload/Mimetypes.php','2022-06-06 05:11:09'),(462,8,'system/library/tmdsocial/fb/GraphNodes/Birthday.php','2022-06-06 05:11:09'),(463,8,'system/library/tmdsocial/fb/GraphNodes/Collection.php','2022-06-06 05:11:09'),(464,8,'system/library/tmdsocial/fb/GraphNodes/GraphAchievement.php','2022-06-06 05:11:09'),(465,8,'system/library/tmdsocial/fb/GraphNodes/GraphAlbum.php','2022-06-06 05:11:09'),(466,8,'system/library/tmdsocial/fb/GraphNodes/GraphApplication.php','2022-06-06 05:11:09'),(467,8,'system/library/tmdsocial/fb/GraphNodes/GraphCoverPhoto.php','2022-06-06 05:11:09'),(468,8,'system/library/tmdsocial/fb/GraphNodes/GraphEdge.php','2022-06-06 05:11:09'),(469,8,'system/library/tmdsocial/fb/GraphNodes/GraphEvent.php','2022-06-06 05:11:09'),(470,8,'system/library/tmdsocial/fb/GraphNodes/GraphGroup.php','2022-06-06 05:11:09'),(471,8,'system/library/tmdsocial/fb/GraphNodes/GraphList.php','2022-06-06 05:11:09'),(472,8,'system/library/tmdsocial/fb/GraphNodes/GraphLocation.php','2022-06-06 05:11:09'),(473,8,'system/library/tmdsocial/fb/GraphNodes/GraphNode.php','2022-06-06 05:11:09'),(474,8,'system/library/tmdsocial/fb/GraphNodes/GraphNodeFactory.php','2022-06-06 05:11:09'),(475,8,'system/library/tmdsocial/fb/GraphNodes/GraphObject.php','2022-06-06 05:11:09'),(476,8,'system/library/tmdsocial/fb/GraphNodes/GraphObjectFactory.php','2022-06-06 05:11:09'),(477,8,'system/library/tmdsocial/fb/GraphNodes/GraphPage.php','2022-06-06 05:11:09'),(478,8,'system/library/tmdsocial/fb/GraphNodes/GraphPicture.php','2022-06-06 05:11:09'),(479,8,'system/library/tmdsocial/fb/GraphNodes/GraphSessionInfo.php','2022-06-06 05:11:09'),(480,8,'system/library/tmdsocial/fb/GraphNodes/GraphUser.php','2022-06-06 05:11:09'),(481,8,'system/library/tmdsocial/fb/Helpers/FacebookCanvasHelper.php','2022-06-06 05:11:09'),(482,8,'system/library/tmdsocial/fb/Helpers/FacebookJavaScriptHelper.php','2022-06-06 05:11:09'),(483,8,'system/library/tmdsocial/fb/Helpers/FacebookPageTabHelper.php','2022-06-06 05:11:09'),(484,8,'system/library/tmdsocial/fb/Helpers/FacebookRedirectLoginHelper.php','2022-06-06 05:11:09'),(485,8,'system/library/tmdsocial/fb/Helpers/FacebookSignedRequestFromInputHelper.php','2022-06-06 05:11:09'),(486,8,'system/library/tmdsocial/fb/Http/GraphRawResponse.php','2022-06-06 05:11:09'),(487,8,'system/library/tmdsocial/fb/Http/RequestBodyInterface.php','2022-06-06 05:11:09'),(488,8,'system/library/tmdsocial/fb/Http/RequestBodyMultipart.php','2022-06-06 05:11:09'),(489,8,'system/library/tmdsocial/fb/Http/RequestBodyUrlEncoded.php','2022-06-06 05:11:09'),(490,8,'system/library/tmdsocial/fb/HttpClients/FacebookCurl.php','2022-06-06 05:11:09'),(491,8,'system/library/tmdsocial/fb/HttpClients/FacebookCurlHttpClient.php','2022-06-06 05:11:09'),(492,8,'system/library/tmdsocial/fb/HttpClients/FacebookGuzzleHttpClient.php','2022-06-06 05:11:09'),(493,8,'system/library/tmdsocial/fb/HttpClients/FacebookHttpClientInterface.php','2022-06-06 05:11:09'),(494,8,'system/library/tmdsocial/fb/HttpClients/FacebookStream.php','2022-06-06 05:11:09'),(495,8,'system/library/tmdsocial/fb/HttpClients/FacebookStreamHttpClient.php','2022-06-06 05:11:09'),(496,8,'system/library/tmdsocial/fb/HttpClients/HttpClientsFactory.php','2022-06-06 05:11:09'),(497,8,'system/library/tmdsocial/fb/HttpClients/certs','2022-06-06 05:11:09'),(498,8,'system/library/tmdsocial/fb/PersistentData/FacebookMemoryPersistentDataHandler.php','2022-06-06 05:11:09'),(499,8,'system/library/tmdsocial/fb/PersistentData/FacebookSessionPersistentDataHandler.php','2022-06-06 05:11:09'),(500,8,'system/library/tmdsocial/fb/PersistentData/PersistentDataFactory.php','2022-06-06 05:11:09'),(501,8,'system/library/tmdsocial/fb/PersistentData/PersistentDataInterface.php','2022-06-06 05:11:09'),(502,8,'system/library/tmdsocial/fb/PseudoRandomString/McryptPseudoRandomStringGenerator.php','2022-06-06 05:11:09'),(503,8,'system/library/tmdsocial/fb/PseudoRandomString/OpenSslPseudoRandomStringGenerator.php','2022-06-06 05:11:09'),(504,8,'system/library/tmdsocial/fb/PseudoRandomString/PseudoRandomStringGeneratorFactory.php','2022-06-06 05:11:09'),(505,8,'system/library/tmdsocial/fb/PseudoRandomString/PseudoRandomStringGeneratorInterface.php','2022-06-06 05:11:09'),(506,8,'system/library/tmdsocial/fb/PseudoRandomString/PseudoRandomStringGeneratorTrait.php','2022-06-06 05:11:09'),(507,8,'system/library/tmdsocial/fb/PseudoRandomString/RandomBytesPseudoRandomStringGenerator.php','2022-06-06 05:11:09'),(508,8,'system/library/tmdsocial/fb/PseudoRandomString/UrandomPseudoRandomStringGenerator.php','2022-06-06 05:11:09'),(509,8,'system/library/tmdsocial/fb/Url/FacebookUrlDetectionHandler.php','2022-06-06 05:11:09'),(510,8,'system/library/tmdsocial/fb/Url/FacebookUrlManipulator.php','2022-06-06 05:11:09'),(511,8,'system/library/tmdsocial/fb/Url/UrlDetectionInterface.php','2022-06-06 05:11:09'),(512,8,'system/library/tmdsocial/src/auth/Google_AssertionCredentials.php','2022-06-06 05:11:09'),(513,8,'system/library/tmdsocial/src/auth/Google_Auth.php','2022-06-06 05:11:09'),(514,8,'system/library/tmdsocial/src/auth/Google_AuthNone.php','2022-06-06 05:11:09'),(515,8,'system/library/tmdsocial/src/auth/Google_LoginTicket.php','2022-06-06 05:11:09'),(516,8,'system/library/tmdsocial/src/auth/Google_OAuth2.php','2022-06-06 05:11:09'),(517,8,'system/library/tmdsocial/src/auth/Google_P12Signer.php','2022-06-06 05:11:09'),(518,8,'system/library/tmdsocial/src/auth/Google_PemVerifier.php','2022-06-06 05:11:09'),(519,8,'system/library/tmdsocial/src/auth/Google_Signer.php','2022-06-06 05:11:09'),(520,8,'system/library/tmdsocial/src/auth/Google_Verifier.php','2022-06-06 05:11:09'),(521,8,'system/library/tmdsocial/src/cache/Google_ApcCache.php','2022-06-06 05:11:09'),(522,8,'system/library/tmdsocial/src/cache/Google_Cache.php','2022-06-06 05:11:09'),(523,8,'system/library/tmdsocial/src/cache/Google_FileCache.php','2022-06-06 05:11:09'),(524,8,'system/library/tmdsocial/src/cache/Google_MemcacheCache.php','2022-06-06 05:11:09'),(525,8,'system/library/tmdsocial/src/contrib/Google_AdexchangebuyerService.php','2022-06-06 05:11:09'),(526,8,'system/library/tmdsocial/src/contrib/Google_AdsenseService.php','2022-06-06 05:11:09'),(527,8,'system/library/tmdsocial/src/contrib/Google_AdsensehostService.php','2022-06-06 05:11:09'),(528,8,'system/library/tmdsocial/src/contrib/Google_AnalyticsService.php','2022-06-06 05:11:09'),(529,8,'system/library/tmdsocial/src/contrib/Google_BigqueryService.php','2022-06-06 05:11:09'),(530,8,'system/library/tmdsocial/src/contrib/Google_BloggerService.php','2022-06-06 05:11:09'),(531,8,'system/library/tmdsocial/src/contrib/Google_BooksService.php','2022-06-06 05:11:09'),(532,8,'system/library/tmdsocial/src/contrib/Google_CalendarService.php','2022-06-06 05:11:09'),(533,8,'system/library/tmdsocial/src/contrib/Google_ComputeService.php','2022-06-06 05:11:09'),(534,8,'system/library/tmdsocial/src/contrib/Google_CustomsearchService.php','2022-06-06 05:11:09'),(535,8,'system/library/tmdsocial/src/contrib/Google_DriveService.php','2022-06-06 05:11:09'),(536,8,'system/library/tmdsocial/src/contrib/Google_FreebaseService.php','2022-06-06 05:11:09'),(537,8,'system/library/tmdsocial/src/contrib/Google_FusiontablesService.php','2022-06-06 05:11:09'),(538,8,'system/library/tmdsocial/src/contrib/Google_GanService.php','2022-06-06 05:11:09'),(539,8,'system/library/tmdsocial/src/contrib/Google_LatitudeService.php','2022-06-06 05:11:09'),(540,8,'system/library/tmdsocial/src/contrib/Google_LicensingService.php','2022-06-06 05:11:09'),(541,8,'system/library/tmdsocial/src/contrib/Google_ModeratorService.php','2022-06-06 05:11:09'),(542,8,'system/library/tmdsocial/src/contrib/Google_Oauth2Service.php','2022-06-06 05:11:09'),(543,8,'system/library/tmdsocial/src/contrib/Google_OrkutService.php','2022-06-06 05:11:09'),(544,8,'system/library/tmdsocial/src/contrib/Google_PagespeedonlineService.php','2022-06-06 05:11:09'),(545,8,'system/library/tmdsocial/src/contrib/Google_PlusMomentsService.php','2022-06-06 05:11:09'),(546,8,'system/library/tmdsocial/src/contrib/Google_PlusService.php','2022-06-06 05:11:09'),(547,8,'system/library/tmdsocial/src/contrib/Google_PredictionService.php','2022-06-06 05:11:09'),(548,8,'system/library/tmdsocial/src/contrib/Google_ShoppingService.php','2022-06-06 05:11:09'),(549,8,'system/library/tmdsocial/src/contrib/Google_SiteVerificationService.php','2022-06-06 05:11:09'),(550,8,'system/library/tmdsocial/src/contrib/Google_StorageService.php','2022-06-06 05:11:09'),(551,8,'system/library/tmdsocial/src/contrib/Google_TaskqueueService.php','2022-06-06 05:11:09'),(552,8,'system/library/tmdsocial/src/contrib/Google_TasksService.php','2022-06-06 05:11:09'),(553,8,'system/library/tmdsocial/src/contrib/Google_TranslateService.php','2022-06-06 05:11:09'),(554,8,'system/library/tmdsocial/src/contrib/Google_UrlshortenerService.php','2022-06-06 05:11:09'),(555,8,'system/library/tmdsocial/src/contrib/Google_WebfontsService.php','2022-06-06 05:11:09'),(556,8,'system/library/tmdsocial/src/contrib/Google_YoutubeService.php','2022-06-06 05:11:09'),(557,8,'system/library/tmdsocial/src/external/URITemplateParser.php','2022-06-06 05:11:09'),(558,8,'system/library/tmdsocial/src/io/Google_CacheParser.php','2022-06-06 05:11:09'),(559,8,'system/library/tmdsocial/src/io/Google_CurlIO.php','2022-06-06 05:11:09'),(560,8,'system/library/tmdsocial/src/io/Google_HttpRequest.php','2022-06-06 05:11:09'),(561,8,'system/library/tmdsocial/src/io/Google_IO.php','2022-06-06 05:11:09'),(562,8,'system/library/tmdsocial/src/io/Google_REST.php','2022-06-06 05:11:09'),(563,8,'system/library/tmdsocial/src/io/cacerts.pem','2022-06-06 05:11:09'),(564,8,'system/library/tmdsocial/src/service/Google_BatchRequest.php','2022-06-06 05:11:09'),(565,8,'system/library/tmdsocial/src/service/Google_MediaFileUpload.php','2022-06-06 05:11:09'),(566,8,'system/library/tmdsocial/src/service/Google_Model.php','2022-06-06 05:11:09'),(567,8,'system/library/tmdsocial/src/service/Google_Service.php','2022-06-06 05:11:09'),(568,8,'system/library/tmdsocial/src/service/Google_ServiceResource.php','2022-06-06 05:11:09'),(569,8,'system/library/tmdsocial/src/service/Google_Utils.php','2022-06-06 05:11:09'),(570,8,'system/library/tmdsocial/twitter/src/Config.php','2022-06-06 05:11:09'),(571,8,'system/library/tmdsocial/twitter/src/Consumer.php','2022-06-06 05:11:09'),(572,8,'system/library/tmdsocial/twitter/src/HmacSha1.php','2022-06-06 05:11:09'),(573,8,'system/library/tmdsocial/twitter/src/Request.php','2022-06-06 05:11:09'),(574,8,'system/library/tmdsocial/twitter/src/Response.php','2022-06-06 05:11:09'),(575,8,'system/library/tmdsocial/twitter/src/SignatureMethod.php','2022-06-06 05:11:09'),(576,8,'system/library/tmdsocial/twitter/src/Token.php','2022-06-06 05:11:09'),(577,8,'system/library/tmdsocial/twitter/src/TwitterOAuth.php','2022-06-06 05:11:09'),(578,8,'system/library/tmdsocial/twitter/src/TwitterOAuthException.php','2022-06-06 05:11:09'),(579,8,'system/library/tmdsocial/twitter/src/Util','2022-06-06 05:11:09'),(580,8,'system/library/tmdsocial/twitter/src/Util.php','2022-06-06 05:11:09'),(581,8,'system/library/tmdsocial/twitter/src/cacert.pem','2022-06-06 05:11:09'),(582,8,'catalog/view/theme/default/template/extension/column_login.twig','2022-06-06 05:11:09'),(583,8,'system/library/tmdsocial/fb/HttpClients/certs/DigiCertHighAssuranceEVRootCA.pem','2022-06-06 05:11:09'),(584,8,'system/library/tmdsocial/twitter/src/Util/JsonDecoder.php','2022-06-06 05:11:09'),(585,8,'catalog/view/theme/default/template/extension/module/tmdsociallogin.twig','2022-06-06 05:11:09'),(586,9,'system/library/equotix','2022-06-10 01:02:33'),(587,9,'catalog/controller/extension/quickcheckout','2022-06-10 01:02:33'),(588,9,'system/library/equotix/quickcheckout','2022-06-10 01:02:33'),(589,9,'admin/controller/extension/module/quickcheckout.php','2022-06-10 01:02:33'),(590,9,'catalog/controller/extension/quickcheckout/cart.php','2022-06-10 01:02:33'),(591,9,'catalog/controller/extension/quickcheckout/checkout.php','2022-06-10 01:02:33'),(592,9,'catalog/controller/extension/quickcheckout/confirm.php','2022-06-10 01:02:33'),(593,9,'catalog/controller/extension/quickcheckout/guest.php','2022-06-10 01:02:33'),(594,9,'catalog/controller/extension/quickcheckout/guest_shipping.php','2022-06-10 01:02:33'),(595,9,'catalog/controller/extension/quickcheckout/login.php','2022-06-10 01:02:33'),(596,9,'catalog/controller/extension/quickcheckout/payment_address.php','2022-06-10 01:02:33'),(597,9,'catalog/controller/extension/quickcheckout/payment_method.php','2022-06-10 01:02:33'),(598,9,'catalog/controller/extension/quickcheckout/register.php','2022-06-10 01:02:33'),(599,9,'catalog/controller/extension/quickcheckout/shipping_address.php','2022-06-10 01:02:33'),(600,9,'catalog/controller/extension/quickcheckout/shipping_method.php','2022-06-10 01:02:33'),(601,9,'catalog/controller/extension/quickcheckout/terms.php','2022-06-10 01:02:33'),(602,9,'catalog/controller/extension/quickcheckout/voucher.php','2022-06-10 01:02:33'),(603,9,'catalog/language/en-gb/extension/quickcheckout','2022-06-10 01:02:33'),(604,9,'catalog/view/javascript/jquery/quickcheckout','2022-06-10 01:02:33'),(605,9,'system/library/equotix/quickcheckout/bootstrap','2022-06-10 01:02:33'),(606,9,'system/library/equotix/quickcheckout/css','2022-06-10 01:02:33'),(607,9,'system/library/equotix/quickcheckout/equotix.php','2022-06-10 01:02:33'),(608,9,'system/library/equotix/quickcheckout/fontawesome','2022-06-10 01:02:33'),(609,9,'system/library/equotix/quickcheckout/js','2022-06-10 01:02:33'),(610,9,'admin/language/en-gb/extension/module/quickcheckout.php','2022-06-10 01:02:33'),(611,9,'admin/view/template/extension/module/quickcheckout.twig','2022-06-10 01:02:33'),(612,9,'catalog/language/en-gb/extension/quickcheckout/checkout.php','2022-06-10 01:02:33'),(613,9,'catalog/view/javascript/jquery/quickcheckout/bootstrap-datetimepicker.min.css','2022-06-10 01:02:33'),(614,9,'catalog/view/javascript/jquery/quickcheckout/bootstrap-datetimepicker.min.js','2022-06-10 01:02:33'),(615,9,'catalog/view/javascript/jquery/quickcheckout/quickcheckout.block.js','2022-06-10 01:02:33'),(616,9,'catalog/view/javascript/jquery/quickcheckout/quickcheckout.countdown.js','2022-06-10 01:02:33'),(617,9,'catalog/view/javascript/jquery/quickcheckout/quickcheckout.js','2022-06-10 01:02:33'),(618,9,'catalog/view/theme/default/image/payment','2022-06-10 01:02:33'),(619,9,'catalog/view/theme/default/stylesheet/quickcheckout.css','2022-06-10 01:02:33'),(620,9,'catalog/view/theme/default/stylesheet/quickcheckout_mobile.css','2022-06-10 01:02:33'),(621,9,'catalog/view/theme/default/stylesheet/quickcheckout_one.css','2022-06-10 01:02:33'),(622,9,'catalog/view/theme/default/stylesheet/quickcheckout_three.css','2022-06-10 01:02:33'),(623,9,'catalog/view/theme/default/stylesheet/quickcheckout_two.css','2022-06-10 01:02:33'),(624,9,'system/library/equotix/quickcheckout/bootstrap/css','2022-06-10 01:02:33'),(625,9,'system/library/equotix/quickcheckout/bootstrap/fonts','2022-06-10 01:02:33'),(626,9,'system/library/equotix/quickcheckout/bootstrap/js','2022-06-10 01:02:33'),(627,9,'system/library/equotix/quickcheckout/css/equotix.css','2022-06-10 01:02:33'),(628,9,'system/library/equotix/quickcheckout/fontawesome/css','2022-06-10 01:02:33'),(629,9,'system/library/equotix/quickcheckout/fontawesome/fonts','2022-06-10 01:02:33'),(630,9,'system/library/equotix/quickcheckout/js/equotix.js','2022-06-10 01:02:33'),(631,9,'system/library/equotix/quickcheckout/js/jquery-1.11.3.min.js','2022-06-10 01:02:33'),(632,9,'system/library/equotix/quickcheckout/js/jquery-migrate-1.2.1.min.js','2022-06-10 01:02:33'),(633,9,'catalog/view/theme/default/image/payment/cod.png','2022-06-10 01:02:33'),(634,9,'catalog/view/theme/default/image/payment/klarna.png','2022-06-10 01:02:33'),(635,9,'catalog/view/theme/default/image/payment/moneybookers.png','2022-06-10 01:02:33'),(636,9,'catalog/view/theme/default/image/payment/nochex.png','2022-06-10 01:02:33'),(637,9,'catalog/view/theme/default/image/payment/paypoint.png','2022-06-10 01:02:33'),(638,9,'catalog/view/theme/default/image/payment/pp_pro.png','2022-06-10 01:02:33'),(639,9,'catalog/view/theme/default/image/payment/pp_pro_uk.png','2022-06-10 01:02:33'),(640,9,'catalog/view/theme/default/image/payment/pp_standard.png','2022-06-10 01:02:33'),(641,9,'catalog/view/theme/default/image/payment/sagepay_direct.png','2022-06-10 01:02:33'),(642,9,'catalog/view/theme/default/image/payment/twocheckout.png','2022-06-10 01:02:33'),(643,9,'catalog/view/theme/default/image/payment/web_payment_software.png','2022-06-10 01:02:33'),(644,9,'catalog/view/theme/default/template/extension/quickcheckout','2022-06-10 01:02:33'),(645,9,'system/library/equotix/quickcheckout/bootstrap/css/bootstrap.min.css','2022-06-10 01:02:33'),(646,9,'system/library/equotix/quickcheckout/bootstrap/fonts/glyphicons-halflings-regular.eot','2022-06-10 01:02:33'),(647,9,'system/library/equotix/quickcheckout/bootstrap/fonts/glyphicons-halflings-regular.svg','2022-06-10 01:02:33'),(648,9,'system/library/equotix/quickcheckout/bootstrap/fonts/glyphicons-halflings-regular.ttf','2022-06-10 01:02:33'),(649,9,'system/library/equotix/quickcheckout/bootstrap/fonts/glyphicons-halflings-regular.woff','2022-06-10 01:02:33'),(650,9,'system/library/equotix/quickcheckout/bootstrap/fonts/glyphicons-halflings-regular.woff2','2022-06-10 01:02:33'),(651,9,'system/library/equotix/quickcheckout/bootstrap/js/bootstrap.min.js','2022-06-10 01:02:33'),(652,9,'system/library/equotix/quickcheckout/fontawesome/css/font-awesome.min.css','2022-06-10 01:02:33'),(653,9,'system/library/equotix/quickcheckout/fontawesome/fonts/FontAwesome.otf','2022-06-10 01:02:33'),(654,9,'system/library/equotix/quickcheckout/fontawesome/fonts/fontawesome-webfont.eot','2022-06-10 01:02:33'),(655,9,'system/library/equotix/quickcheckout/fontawesome/fonts/fontawesome-webfont.svg','2022-06-10 01:02:33'),(656,9,'system/library/equotix/quickcheckout/fontawesome/fonts/fontawesome-webfont.ttf','2022-06-10 01:02:33'),(657,9,'system/library/equotix/quickcheckout/fontawesome/fonts/fontawesome-webfont.woff','2022-06-10 01:02:33'),(658,9,'system/library/equotix/quickcheckout/fontawesome/fonts/fontawesome-webfont.woff2','2022-06-10 01:02:33'),(659,9,'catalog/view/theme/default/template/extension/quickcheckout/cart.twig','2022-06-10 01:02:33'),(660,9,'catalog/view/theme/default/template/extension/quickcheckout/checkout.twig','2022-06-10 01:02:33'),(661,9,'catalog/view/theme/default/template/extension/quickcheckout/confirm.twig','2022-06-10 01:02:33'),(662,9,'catalog/view/theme/default/template/extension/quickcheckout/guest.twig','2022-06-10 01:02:33'),(663,9,'catalog/view/theme/default/template/extension/quickcheckout/guest_shipping.twig','2022-06-10 01:02:33'),(664,9,'catalog/view/theme/default/template/extension/quickcheckout/login.twig','2022-06-10 01:02:33'),(665,9,'catalog/view/theme/default/template/extension/quickcheckout/payment_address.twig','2022-06-10 01:02:33'),(666,9,'catalog/view/theme/default/template/extension/quickcheckout/payment_method.twig','2022-06-10 01:02:33'),(667,9,'catalog/view/theme/default/template/extension/quickcheckout/register.twig','2022-06-10 01:02:33'),(668,9,'catalog/view/theme/default/template/extension/quickcheckout/shipping_address.twig','2022-06-10 01:02:33'),(669,9,'catalog/view/theme/default/template/extension/quickcheckout/shipping_method.twig','2022-06-10 01:02:33'),(670,9,'catalog/view/theme/default/template/extension/quickcheckout/terms.twig','2022-06-10 01:02:33'),(671,9,'catalog/view/theme/default/template/extension/quickcheckout/voucher.twig','2022-06-10 01:02:33'),(672,10,'admin/model/extension/extension','2022-06-10 08:44:58'),(673,10,'admin/view/image/background.png','2022-06-10 08:44:58'),(674,10,'admin/view/image/box.png','2022-06-10 08:44:58'),(675,10,'admin/view/image/module.png','2022-06-10 08:44:58'),(676,10,'admin/view/image/product.png','2022-06-10 08:44:58'),(677,10,'admin/view/image/review.png','2022-06-10 08:44:58'),(678,10,'admin/view/image/success.png','2022-06-10 08:44:58'),(679,10,'admin/view/image/warning.png','2022-06-10 08:44:58'),(680,10,'admin/view/javascript/progressbar.js','2022-06-10 08:44:58'),(681,10,'admin/view/javascript/tableedit.js','2022-06-10 08:44:58'),(682,10,'admin/view/stylesheet/edit.png','2022-06-10 08:44:58'),(683,10,'admin/view/stylesheet/load.gif','2022-06-10 08:44:58'),(684,10,'admin/view/stylesheet/stylesheet2.css','2022-06-10 08:44:58'),(685,10,'admin/view/stylesheet/tableedit.css','2022-06-10 08:44:58'),(686,10,'catalog/view/javascript/images','2022-06-10 08:44:58'),(687,10,'catalog/view/javascript/jquery.cluetip.css','2022-06-10 08:44:58'),(688,10,'catalog/view/javascript/jquery.cluetip.js','2022-06-10 08:44:58'),(689,10,'admin/controller/extension/extension/autolinks.php','2022-06-10 08:44:58'),(690,10,'admin/controller/extension/extension/bot_report.php','2022-06-10 08:44:58'),(691,10,'admin/controller/extension/extension/canonicals.php','2022-06-10 08:44:58'),(692,10,'admin/controller/extension/extension/clickfix.php','2022-06-10 08:44:58'),(693,10,'admin/controller/extension/extension/custom_alt_generator.php','2022-06-10 08:44:58'),(694,10,'admin/controller/extension/extension/custom_h1_generator.php','2022-06-10 08:44:58'),(695,10,'admin/controller/extension/extension/custom_h2_generator.php','2022-06-10 08:44:58'),(696,10,'admin/controller/extension/extension/custom_imgtitle_generator.php','2022-06-10 08:44:58'),(697,10,'admin/controller/extension/extension/custom_title_generator.php','2022-06-10 08:44:58'),(698,10,'admin/controller/extension/extension/extendedseo.php','2022-06-10 08:44:58'),(699,10,'admin/controller/extension/extension/keywords_generator.php','2022-06-10 08:44:58'),(700,10,'admin/controller/extension/extension/l.php','2022-06-10 08:44:58'),(701,10,'admin/controller/extension/extension/meta_description_generator.php','2022-06-10 08:44:58'),(702,10,'admin/controller/extension/extension/mlseo.php','2022-06-10 08:44:58'),(703,10,'admin/controller/extension/extension/not_found_report.php','2022-06-10 08:44:58'),(704,10,'admin/controller/extension/extension/redirect.php','2022-06-10 08:44:58'),(705,10,'admin/controller/extension/extension/rename_files.php','2022-06-10 08:44:58'),(706,10,'admin/controller/extension/extension/richsnippets.php','2022-06-10 08:44:58'),(707,10,'admin/controller/extension/extension/rp_generator.php','2022-06-10 08:44:58'),(708,10,'admin/controller/extension/extension/seoedit.php','2022-06-10 08:44:58'),(709,10,'admin/controller/extension/extension/seoeditor.php','2022-06-10 08:44:58'),(710,10,'admin/controller/extension/extension/seoimages.php','2022-06-10 08:44:58'),(711,10,'admin/controller/extension/extension/seopack.php','2022-06-10 08:44:58'),(712,10,'admin/controller/extension/extension/seopagination.php','2022-06-10 08:44:58'),(713,10,'admin/controller/extension/extension/seoreplacer.php','2022-06-10 08:44:58'),(714,10,'admin/controller/extension/extension/seoreport.php','2022-06-10 08:44:58'),(715,10,'admin/controller/extension/extension/table_edit_ajax.php','2022-06-10 08:44:58'),(716,10,'admin/controller/extension/extension/tag_generator.php','2022-06-10 08:44:58'),(717,10,'admin/model/extension/extension/bot_report.php','2022-06-10 08:44:58'),(718,10,'admin/model/extension/extension/not_found_report.php','2022-06-10 08:44:58'),(719,10,'admin/model/extension/extension/redirect.php','2022-06-10 08:44:58'),(720,10,'admin/model/extension/extension/seoeditor.php','2022-06-10 08:44:58'),(721,10,'admin/model/extension/extension/seoreport.php','2022-06-10 08:44:58'),(722,10,'admin/model/extension/extension/trans_db','2022-06-10 08:44:58'),(723,10,'catalog/controller/extension/feed/google_sitemap_extra.php','2022-06-10 08:44:58'),(724,10,'catalog/view/javascript/images/arrowdown.gif','2022-06-10 08:44:58'),(725,10,'catalog/view/javascript/images/arrowleft.gif','2022-06-10 08:44:58'),(726,10,'catalog/view/javascript/images/arrowright.gif','2022-06-10 08:44:58'),(727,10,'catalog/view/javascript/images/arrowup.gif','2022-06-10 08:44:58'),(728,10,'catalog/view/javascript/images/bl.gif','2022-06-10 08:44:58'),(729,10,'catalog/view/javascript/images/bl.png','2022-06-10 08:44:58'),(730,10,'catalog/view/javascript/images/br.gif','2022-06-10 08:44:58'),(731,10,'catalog/view/javascript/images/br.png','2022-06-10 08:44:58'),(732,10,'catalog/view/javascript/images/darrowdown.gif','2022-06-10 08:44:58'),(733,10,'catalog/view/javascript/images/darrowleft.gif','2022-06-10 08:44:58'),(734,10,'catalog/view/javascript/images/darrowright.gif','2022-06-10 08:44:58'),(735,10,'catalog/view/javascript/images/darrowup.gif','2022-06-10 08:44:58'),(736,10,'catalog/view/javascript/images/itunes.png','2022-06-10 08:44:58'),(737,10,'catalog/view/javascript/images/rarrowdown.gif','2022-06-10 08:44:58'),(738,10,'catalog/view/javascript/images/rarrowleft.gif','2022-06-10 08:44:58'),(739,10,'catalog/view/javascript/images/rarrowright.gif','2022-06-10 08:44:58'),(740,10,'catalog/view/javascript/images/rarrowup.gif','2022-06-10 08:44:58'),(741,10,'catalog/view/javascript/images/tl.gif','2022-06-10 08:44:58'),(742,10,'catalog/view/javascript/images/tl.png','2022-06-10 08:44:58'),(743,10,'catalog/view/javascript/images/tr.gif','2022-06-10 08:44:58'),(744,10,'catalog/view/javascript/images/tr.png','2022-06-10 08:44:58'),(745,10,'catalog/view/javascript/images/wait.gif','2022-06-10 08:44:58'),(746,10,'admin/language/en-gb/extension/extension/autolinks.php','2022-06-10 08:44:58'),(747,10,'admin/language/en-gb/extension/extension/bot_report.php','2022-06-10 08:44:58'),(748,10,'admin/language/en-gb/extension/extension/canonicals.php','2022-06-10 08:44:58'),(749,10,'admin/language/en-gb/extension/extension/clickfix.php','2022-06-10 08:44:58'),(750,10,'admin/language/en-gb/extension/extension/extendedseo.php','2022-06-10 08:44:58'),(751,10,'admin/language/en-gb/extension/extension/l.php','2022-06-10 08:44:58'),(752,10,'admin/language/en-gb/extension/extension/mlseo.php','2022-06-10 08:44:58'),(753,10,'admin/language/en-gb/extension/extension/not_found_report.php','2022-06-10 08:44:58'),(754,10,'admin/language/en-gb/extension/extension/redirect.php','2022-06-10 08:44:58'),(755,10,'admin/language/en-gb/extension/extension/richsnippets.php','2022-06-10 08:44:58'),(756,10,'admin/language/en-gb/extension/extension/seoeditor.php','2022-06-10 08:44:58'),(757,10,'admin/language/en-gb/extension/extension/seoimages.php','2022-06-10 08:44:58'),(758,10,'admin/language/en-gb/extension/extension/seopack.php','2022-06-10 08:44:58'),(759,10,'admin/language/en-gb/extension/extension/seopagination.php','2022-06-10 08:44:58'),(760,10,'admin/language/en-gb/extension/extension/seoreplacer.php','2022-06-10 08:44:58'),(761,10,'admin/language/en-gb/extension/extension/seoreport.php','2022-06-10 08:44:58'),(762,10,'admin/model/extension/extension/trans_db/x00.php','2022-06-10 08:44:58'),(763,10,'admin/model/extension/extension/trans_db/x01.php','2022-06-10 08:44:58'),(764,10,'admin/model/extension/extension/trans_db/x02.php','2022-06-10 08:44:58'),(765,10,'admin/model/extension/extension/trans_db/x03.php','2022-06-10 08:44:58'),(766,10,'admin/model/extension/extension/trans_db/x04.php','2022-06-10 08:44:58'),(767,10,'admin/model/extension/extension/trans_db/x05.php','2022-06-10 08:44:58'),(768,10,'admin/model/extension/extension/trans_db/x06.php','2022-06-10 08:44:58'),(769,10,'admin/model/extension/extension/trans_db/x07.php','2022-06-10 08:44:58'),(770,10,'admin/model/extension/extension/trans_db/x09.php','2022-06-10 08:44:58'),(771,10,'admin/model/extension/extension/trans_db/x0a.php','2022-06-10 08:44:58'),(772,10,'admin/model/extension/extension/trans_db/x0b.php','2022-06-10 08:44:58'),(773,10,'admin/model/extension/extension/trans_db/x0c.php','2022-06-10 08:44:58'),(774,10,'admin/model/extension/extension/trans_db/x0d.php','2022-06-10 08:44:58'),(775,10,'admin/model/extension/extension/trans_db/x0e.php','2022-06-10 08:44:58'),(776,10,'admin/model/extension/extension/trans_db/x0f.php','2022-06-10 08:44:58'),(777,10,'admin/model/extension/extension/trans_db/x10.php','2022-06-10 08:44:58'),(778,10,'admin/model/extension/extension/trans_db/x11.php','2022-06-10 08:44:58'),(779,10,'admin/model/extension/extension/trans_db/x12.php','2022-06-10 08:44:58'),(780,10,'admin/model/extension/extension/trans_db/x13.php','2022-06-10 08:44:58'),(781,10,'admin/model/extension/extension/trans_db/x14.php','2022-06-10 08:44:58'),(782,10,'admin/model/extension/extension/trans_db/x15.php','2022-06-10 08:44:58'),(783,10,'admin/model/extension/extension/trans_db/x16.php','2022-06-10 08:44:58'),(784,10,'admin/model/extension/extension/trans_db/x17.php','2022-06-10 08:44:58'),(785,10,'admin/model/extension/extension/trans_db/x18.php','2022-06-10 08:44:58'),(786,10,'admin/model/extension/extension/trans_db/x1e.php','2022-06-10 08:44:58'),(787,10,'admin/model/extension/extension/trans_db/x1f.php','2022-06-10 08:44:58'),(788,10,'admin/model/extension/extension/trans_db/x20.php','2022-06-10 08:44:58'),(789,10,'admin/model/extension/extension/trans_db/x21.php','2022-06-10 08:44:58'),(790,10,'admin/model/extension/extension/trans_db/x22.php','2022-06-10 08:44:58'),(791,10,'admin/model/extension/extension/trans_db/x23.php','2022-06-10 08:44:58'),(792,10,'admin/model/extension/extension/trans_db/x24.php','2022-06-10 08:44:58'),(793,10,'admin/model/extension/extension/trans_db/x25.php','2022-06-10 08:44:58'),(794,10,'admin/model/extension/extension/trans_db/x26.php','2022-06-10 08:44:58'),(795,10,'admin/model/extension/extension/trans_db/x27.php','2022-06-10 08:44:58'),(796,10,'admin/model/extension/extension/trans_db/x28.php','2022-06-10 08:44:58'),(797,10,'admin/model/extension/extension/trans_db/x2e.php','2022-06-10 08:44:58'),(798,10,'admin/model/extension/extension/trans_db/x2f.php','2022-06-10 08:44:58'),(799,10,'admin/model/extension/extension/trans_db/x30.php','2022-06-10 08:44:58'),(800,10,'admin/model/extension/extension/trans_db/x31.php','2022-06-10 08:44:58'),(801,10,'admin/model/extension/extension/trans_db/x32.php','2022-06-10 08:44:58'),(802,10,'admin/model/extension/extension/trans_db/x33.php','2022-06-10 08:44:58'),(803,10,'admin/model/extension/extension/trans_db/x4d.php','2022-06-10 08:44:58'),(804,10,'admin/model/extension/extension/trans_db/x4e.php','2022-06-10 08:44:58'),(805,10,'admin/model/extension/extension/trans_db/x4f.php','2022-06-10 08:44:58'),(806,10,'admin/model/extension/extension/trans_db/x50.php','2022-06-10 08:44:58'),(807,10,'admin/model/extension/extension/trans_db/x51.php','2022-06-10 08:44:58'),(808,10,'admin/model/extension/extension/trans_db/x52.php','2022-06-10 08:44:58'),(809,10,'admin/model/extension/extension/trans_db/x53.php','2022-06-10 08:44:58'),(810,10,'admin/model/extension/extension/trans_db/x54.php','2022-06-10 08:44:58'),(811,10,'admin/model/extension/extension/trans_db/x55.php','2022-06-10 08:44:58'),(812,10,'admin/model/extension/extension/trans_db/x56.php','2022-06-10 08:44:58'),(813,10,'admin/model/extension/extension/trans_db/x57.php','2022-06-10 08:44:58'),(814,10,'admin/model/extension/extension/trans_db/x58.php','2022-06-10 08:44:58'),(815,10,'admin/model/extension/extension/trans_db/x59.php','2022-06-10 08:44:58'),(816,10,'admin/model/extension/extension/trans_db/x5a.php','2022-06-10 08:44:58'),(817,10,'admin/model/extension/extension/trans_db/x5b.php','2022-06-10 08:44:58'),(818,10,'admin/model/extension/extension/trans_db/x5c.php','2022-06-10 08:44:58'),(819,10,'admin/model/extension/extension/trans_db/x5d.php','2022-06-10 08:44:58'),(820,10,'admin/model/extension/extension/trans_db/x5e.php','2022-06-10 08:44:58'),(821,10,'admin/model/extension/extension/trans_db/x5f.php','2022-06-10 08:44:58'),(822,10,'admin/model/extension/extension/trans_db/x60.php','2022-06-10 08:44:58'),(823,10,'admin/model/extension/extension/trans_db/x61.php','2022-06-10 08:44:58'),(824,10,'admin/model/extension/extension/trans_db/x62.php','2022-06-10 08:44:58'),(825,10,'admin/model/extension/extension/trans_db/x63.php','2022-06-10 08:44:58'),(826,10,'admin/model/extension/extension/trans_db/x64.php','2022-06-10 08:44:58'),(827,10,'admin/model/extension/extension/trans_db/x65.php','2022-06-10 08:44:58'),(828,10,'admin/model/extension/extension/trans_db/x66.php','2022-06-10 08:44:58'),(829,10,'admin/model/extension/extension/trans_db/x67.php','2022-06-10 08:44:58'),(830,10,'admin/model/extension/extension/trans_db/x68.php','2022-06-10 08:44:58'),(831,10,'admin/model/extension/extension/trans_db/x69.php','2022-06-10 08:44:58'),(832,10,'admin/model/extension/extension/trans_db/x6a.php','2022-06-10 08:44:58'),(833,10,'admin/model/extension/extension/trans_db/x6b.php','2022-06-10 08:44:58'),(834,10,'admin/model/extension/extension/trans_db/x6c.php','2022-06-10 08:44:58'),(835,10,'admin/model/extension/extension/trans_db/x6d.php','2022-06-10 08:44:58'),(836,10,'admin/model/extension/extension/trans_db/x6e.php','2022-06-10 08:44:58'),(837,10,'admin/model/extension/extension/trans_db/x6f.php','2022-06-10 08:44:58'),(838,10,'admin/model/extension/extension/trans_db/x70.php','2022-06-10 08:44:58'),(839,10,'admin/model/extension/extension/trans_db/x71.php','2022-06-10 08:44:58'),(840,10,'admin/model/extension/extension/trans_db/x72.php','2022-06-10 08:44:58'),(841,10,'admin/model/extension/extension/trans_db/x73.php','2022-06-10 08:44:58'),(842,10,'admin/model/extension/extension/trans_db/x74.php','2022-06-10 08:44:58'),(843,10,'admin/model/extension/extension/trans_db/x75.php','2022-06-10 08:44:58'),(844,10,'admin/model/extension/extension/trans_db/x76.php','2022-06-10 08:44:58'),(845,10,'admin/model/extension/extension/trans_db/x77.php','2022-06-10 08:44:58'),(846,10,'admin/model/extension/extension/trans_db/x78.php','2022-06-10 08:44:58'),(847,10,'admin/model/extension/extension/trans_db/x79.php','2022-06-10 08:44:58'),(848,10,'admin/model/extension/extension/trans_db/x7a.php','2022-06-10 08:44:58'),(849,10,'admin/model/extension/extension/trans_db/x7b.php','2022-06-10 08:44:58'),(850,10,'admin/model/extension/extension/trans_db/x7c.php','2022-06-10 08:44:58'),(851,10,'admin/model/extension/extension/trans_db/x7d.php','2022-06-10 08:44:58'),(852,10,'admin/model/extension/extension/trans_db/x7e.php','2022-06-10 08:44:58'),(853,10,'admin/model/extension/extension/trans_db/x7f.php','2022-06-10 08:44:58'),(854,10,'admin/model/extension/extension/trans_db/x80.php','2022-06-10 08:44:58'),(855,10,'admin/model/extension/extension/trans_db/x81.php','2022-06-10 08:44:58'),(856,10,'admin/model/extension/extension/trans_db/x82.php','2022-06-10 08:44:58'),(857,10,'admin/model/extension/extension/trans_db/x83.php','2022-06-10 08:44:58'),(858,10,'admin/model/extension/extension/trans_db/x84.php','2022-06-10 08:44:58'),(859,10,'admin/model/extension/extension/trans_db/x85.php','2022-06-10 08:44:58'),(860,10,'admin/model/extension/extension/trans_db/x86.php','2022-06-10 08:44:58'),(861,10,'admin/model/extension/extension/trans_db/x87.php','2022-06-10 08:44:58'),(862,10,'admin/model/extension/extension/trans_db/x88.php','2022-06-10 08:44:58'),(863,10,'admin/model/extension/extension/trans_db/x89.php','2022-06-10 08:44:58'),(864,10,'admin/model/extension/extension/trans_db/x8a.php','2022-06-10 08:44:58'),(865,10,'admin/model/extension/extension/trans_db/x8b.php','2022-06-10 08:44:58'),(866,10,'admin/model/extension/extension/trans_db/x8c.php','2022-06-10 08:44:58'),(867,10,'admin/model/extension/extension/trans_db/x8d.php','2022-06-10 08:44:58'),(868,10,'admin/model/extension/extension/trans_db/x8e.php','2022-06-10 08:44:58'),(869,10,'admin/model/extension/extension/trans_db/x8f.php','2022-06-10 08:44:58'),(870,10,'admin/model/extension/extension/trans_db/x90.php','2022-06-10 08:44:58'),(871,10,'admin/model/extension/extension/trans_db/x91.php','2022-06-10 08:44:58'),(872,10,'admin/model/extension/extension/trans_db/x92.php','2022-06-10 08:44:58'),(873,10,'admin/model/extension/extension/trans_db/x93.php','2022-06-10 08:44:58'),(874,10,'admin/model/extension/extension/trans_db/x94.php','2022-06-10 08:44:58'),(875,10,'admin/model/extension/extension/trans_db/x95.php','2022-06-10 08:44:58'),(876,10,'admin/model/extension/extension/trans_db/x96.php','2022-06-10 08:44:58'),(877,10,'admin/model/extension/extension/trans_db/x97.php','2022-06-10 08:44:58'),(878,10,'admin/model/extension/extension/trans_db/x98.php','2022-06-10 08:44:58'),(879,10,'admin/model/extension/extension/trans_db/x99.php','2022-06-10 08:44:58'),(880,10,'admin/model/extension/extension/trans_db/x9a.php','2022-06-10 08:44:58'),(881,10,'admin/model/extension/extension/trans_db/x9b.php','2022-06-10 08:44:58'),(882,10,'admin/model/extension/extension/trans_db/x9c.php','2022-06-10 08:44:58'),(883,10,'admin/model/extension/extension/trans_db/x9d.php','2022-06-10 08:44:58'),(884,10,'admin/model/extension/extension/trans_db/x9e.php','2022-06-10 08:44:58'),(885,10,'admin/model/extension/extension/trans_db/x9f.php','2022-06-10 08:44:58'),(886,10,'admin/model/extension/extension/trans_db/xa0.php','2022-06-10 08:44:58'),(887,10,'admin/model/extension/extension/trans_db/xa1.php','2022-06-10 08:44:58'),(888,10,'admin/model/extension/extension/trans_db/xa2.php','2022-06-10 08:44:58'),(889,10,'admin/model/extension/extension/trans_db/xa3.php','2022-06-10 08:44:58'),(890,10,'admin/model/extension/extension/trans_db/xa4.php','2022-06-10 08:44:58'),(891,10,'admin/model/extension/extension/trans_db/xac.php','2022-06-10 08:44:58'),(892,10,'admin/model/extension/extension/trans_db/xad.php','2022-06-10 08:44:58'),(893,10,'admin/model/extension/extension/trans_db/xae.php','2022-06-10 08:44:58'),(894,10,'admin/model/extension/extension/trans_db/xaf.php','2022-06-10 08:44:58'),(895,10,'admin/model/extension/extension/trans_db/xb0.php','2022-06-10 08:44:58'),(896,10,'admin/model/extension/extension/trans_db/xb1.php','2022-06-10 08:44:58'),(897,10,'admin/model/extension/extension/trans_db/xb2.php','2022-06-10 08:44:58'),(898,10,'admin/model/extension/extension/trans_db/xb3.php','2022-06-10 08:44:58'),(899,10,'admin/model/extension/extension/trans_db/xb4.php','2022-06-10 08:44:58'),(900,10,'admin/model/extension/extension/trans_db/xb5.php','2022-06-10 08:44:58'),(901,10,'admin/model/extension/extension/trans_db/xb6.php','2022-06-10 08:44:58'),(902,10,'admin/model/extension/extension/trans_db/xb7.php','2022-06-10 08:44:58'),(903,10,'admin/model/extension/extension/trans_db/xb8.php','2022-06-10 08:44:58'),(904,10,'admin/model/extension/extension/trans_db/xb9.php','2022-06-10 08:44:58'),(905,10,'admin/model/extension/extension/trans_db/xba.php','2022-06-10 08:44:58'),(906,10,'admin/model/extension/extension/trans_db/xbb.php','2022-06-10 08:44:58'),(907,10,'admin/model/extension/extension/trans_db/xbc.php','2022-06-10 08:44:58'),(908,10,'admin/model/extension/extension/trans_db/xbd.php','2022-06-10 08:44:58'),(909,10,'admin/model/extension/extension/trans_db/xbe.php','2022-06-10 08:44:58'),(910,10,'admin/model/extension/extension/trans_db/xbf.php','2022-06-10 08:44:58'),(911,10,'admin/model/extension/extension/trans_db/xc0.php','2022-06-10 08:44:58'),(912,10,'admin/model/extension/extension/trans_db/xc1.php','2022-06-10 08:44:58'),(913,10,'admin/model/extension/extension/trans_db/xc2.php','2022-06-10 08:44:58'),(914,10,'admin/model/extension/extension/trans_db/xc3.php','2022-06-10 08:44:58'),(915,10,'admin/model/extension/extension/trans_db/xc4.php','2022-06-10 08:44:58'),(916,10,'admin/model/extension/extension/trans_db/xc5.php','2022-06-10 08:44:58'),(917,10,'admin/model/extension/extension/trans_db/xc6.php','2022-06-10 08:44:58'),(918,10,'admin/model/extension/extension/trans_db/xc7.php','2022-06-10 08:44:58'),(919,10,'admin/model/extension/extension/trans_db/xc8.php','2022-06-10 08:44:58'),(920,10,'admin/model/extension/extension/trans_db/xc9.php','2022-06-10 08:44:58'),(921,10,'admin/model/extension/extension/trans_db/xca.php','2022-06-10 08:44:58'),(922,10,'admin/model/extension/extension/trans_db/xcb.php','2022-06-10 08:44:58'),(923,10,'admin/model/extension/extension/trans_db/xcc.php','2022-06-10 08:44:58'),(924,10,'admin/model/extension/extension/trans_db/xcd.php','2022-06-10 08:44:58'),(925,10,'admin/model/extension/extension/trans_db/xce.php','2022-06-10 08:44:58'),(926,10,'admin/model/extension/extension/trans_db/xcf.php','2022-06-10 08:44:58'),(927,10,'admin/model/extension/extension/trans_db/xd0.php','2022-06-10 08:44:58'),(928,10,'admin/model/extension/extension/trans_db/xd1.php','2022-06-10 08:44:58'),(929,10,'admin/model/extension/extension/trans_db/xd2.php','2022-06-10 08:44:58'),(930,10,'admin/model/extension/extension/trans_db/xd3.php','2022-06-10 08:44:58'),(931,10,'admin/model/extension/extension/trans_db/xd4.php','2022-06-10 08:44:58'),(932,10,'admin/model/extension/extension/trans_db/xd5.php','2022-06-10 08:44:58'),(933,10,'admin/model/extension/extension/trans_db/xd6.php','2022-06-10 08:44:58'),(934,10,'admin/model/extension/extension/trans_db/xd7.php','2022-06-10 08:44:58'),(935,10,'admin/model/extension/extension/trans_db/xf9.php','2022-06-10 08:44:58'),(936,10,'admin/model/extension/extension/trans_db/xfa.php','2022-06-10 08:44:58'),(937,10,'admin/model/extension/extension/trans_db/xfb.php','2022-06-10 08:44:58'),(938,10,'admin/model/extension/extension/trans_db/xfc.php','2022-06-10 08:44:58'),(939,10,'admin/model/extension/extension/trans_db/xfd.php','2022-06-10 08:44:58'),(940,10,'admin/model/extension/extension/trans_db/xfe.php','2022-06-10 08:44:58'),(941,10,'admin/model/extension/extension/trans_db/xff.php','2022-06-10 08:44:58'),(942,10,'admin/view/template/extension/extension/autolinks.twig','2022-06-10 08:44:58'),(943,10,'admin/view/template/extension/extension/bot_report.twig','2022-06-10 08:44:58'),(944,10,'admin/view/template/extension/extension/canonicals.twig','2022-06-10 08:44:58'),(945,10,'admin/view/template/extension/extension/clickfix.twig','2022-06-10 08:44:58'),(946,10,'admin/view/template/extension/extension/extendedseo.twig','2022-06-10 08:44:58'),(947,10,'admin/view/template/extension/extension/l.twig','2022-06-10 08:44:58'),(948,10,'admin/view/template/extension/extension/mlseo.twig','2022-06-10 08:44:58'),(949,10,'admin/view/template/extension/extension/not_found_report.twig','2022-06-10 08:44:58'),(950,10,'admin/view/template/extension/extension/redirect.twig','2022-06-10 08:44:58'),(951,10,'admin/view/template/extension/extension/richsnippets.twig','2022-06-10 08:44:58'),(952,10,'admin/view/template/extension/extension/seoeditor.twig','2022-06-10 08:44:58'),(953,10,'admin/view/template/extension/extension/seoimages.twig','2022-06-10 08:44:58'),(954,10,'admin/view/template/extension/extension/seopack.twig','2022-06-10 08:44:58'),(955,10,'admin/view/template/extension/extension/seopagination.twig','2022-06-10 08:44:58'),(956,10,'admin/view/template/extension/extension/seoreplacer.twig','2022-06-10 08:44:58'),(957,10,'admin/view/template/extension/extension/seoreport.twig','2022-06-10 08:44:58'),(958,11,'admin/view/image/background.png','2022-06-10 14:11:15'),(959,11,'admin/view/image/box.png','2022-06-10 14:11:15'),(960,11,'admin/view/image/module.png','2022-06-10 14:11:15'),(961,11,'admin/view/image/product.png','2022-06-10 14:11:15'),(962,11,'admin/view/image/review.png','2022-06-10 14:11:15'),(963,11,'admin/view/image/success.png','2022-06-10 14:11:15'),(964,11,'admin/view/image/warning.png','2022-06-10 14:11:15'),(965,11,'admin/view/javascript/progressbar.js','2022-06-10 14:11:15'),(966,11,'admin/view/javascript/tableedit.js','2022-06-10 14:11:15'),(967,11,'admin/view/stylesheet/edit.png','2022-06-10 14:11:15'),(968,11,'admin/view/stylesheet/load.gif','2022-06-10 14:11:15'),(969,11,'admin/view/stylesheet/stylesheet2.css','2022-06-10 14:11:15'),(970,11,'admin/view/stylesheet/tableedit.css','2022-06-10 14:11:15'),(971,11,'catalog/view/javascript/jquery.cluetip.css','2022-06-10 14:11:15'),(972,11,'catalog/view/javascript/jquery.cluetip.js','2022-06-10 14:11:15'),(973,11,'admin/controller/extension/extension/autolinks.php','2022-06-10 14:11:15'),(974,11,'admin/controller/extension/extension/bot_report.php','2022-06-10 14:11:15'),(975,11,'admin/controller/extension/extension/canonicals.php','2022-06-10 14:11:15'),(976,11,'admin/controller/extension/extension/clickfix.php','2022-06-10 14:11:15'),(977,11,'admin/controller/extension/extension/custom_alt_generator.php','2022-06-10 14:11:15'),(978,11,'admin/controller/extension/extension/custom_h1_generator.php','2022-06-10 14:11:15'),(979,11,'admin/controller/extension/extension/custom_h2_generator.php','2022-06-10 14:11:15'),(980,11,'admin/controller/extension/extension/custom_imgtitle_generator.php','2022-06-10 14:11:15'),(981,11,'admin/controller/extension/extension/custom_title_generator.php','2022-06-10 14:11:15'),(982,11,'admin/controller/extension/extension/extendedseo.php','2022-06-10 14:11:15'),(983,11,'admin/controller/extension/extension/keywords_generator.php','2022-06-10 14:11:15'),(984,11,'admin/controller/extension/extension/l.php','2022-06-10 14:11:15'),(985,11,'admin/controller/extension/extension/meta_description_generator.php','2022-06-10 14:11:15'),(986,11,'admin/controller/extension/extension/mlseo.php','2022-06-10 14:11:15'),(987,11,'admin/controller/extension/extension/not_found_report.php','2022-06-10 14:11:15'),(988,11,'admin/controller/extension/extension/redirect.php','2022-06-10 14:11:15'),(989,11,'admin/controller/extension/extension/rename_files.php','2022-06-10 14:11:15'),(990,11,'admin/controller/extension/extension/richsnippets.php','2022-06-10 14:11:15'),(991,11,'admin/controller/extension/extension/rp_generator.php','2022-06-10 14:11:15'),(992,11,'admin/controller/extension/extension/seoedit.php','2022-06-10 14:11:15'),(993,11,'admin/controller/extension/extension/seoeditor.php','2022-06-10 14:11:15'),(994,11,'admin/controller/extension/extension/seoimages.php','2022-06-10 14:11:15'),(995,11,'admin/controller/extension/extension/seopack.php','2022-06-10 14:11:15'),(996,11,'admin/controller/extension/extension/seopagination.php','2022-06-10 14:11:15'),(997,11,'admin/controller/extension/extension/seoreplacer.php','2022-06-10 14:11:15'),(998,11,'admin/controller/extension/extension/seoreport.php','2022-06-10 14:11:15'),(999,11,'admin/controller/extension/extension/table_edit_ajax.php','2022-06-10 14:11:15'),(1000,11,'admin/controller/extension/extension/tag_generator.php','2022-06-10 14:11:15'),(1001,11,'admin/model/extension/extension/bot_report.php','2022-06-10 14:11:15'),(1002,11,'admin/model/extension/extension/not_found_report.php','2022-06-10 14:11:15'),(1003,11,'admin/model/extension/extension/redirect.php','2022-06-10 14:11:15'),(1004,11,'admin/model/extension/extension/seoeditor.php','2022-06-10 14:11:15'),(1005,11,'admin/model/extension/extension/seoreport.php','2022-06-10 14:11:15'),(1006,11,'catalog/controller/extension/feed/google_sitemap_extra.php','2022-06-10 14:11:15'),(1007,11,'catalog/view/javascript/images/arrowdown.gif','2022-06-10 14:11:15'),(1008,11,'catalog/view/javascript/images/arrowleft.gif','2022-06-10 14:11:15'),(1009,11,'catalog/view/javascript/images/arrowright.gif','2022-06-10 14:11:15'),(1010,11,'catalog/view/javascript/images/arrowup.gif','2022-06-10 14:11:15'),(1011,11,'catalog/view/javascript/images/bl.gif','2022-06-10 14:11:15'),(1012,11,'catalog/view/javascript/images/bl.png','2022-06-10 14:11:15'),(1013,11,'catalog/view/javascript/images/br.gif','2022-06-10 14:11:15'),(1014,11,'catalog/view/javascript/images/br.png','2022-06-10 14:11:15'),(1015,11,'catalog/view/javascript/images/darrowdown.gif','2022-06-10 14:11:15'),(1016,11,'catalog/view/javascript/images/darrowleft.gif','2022-06-10 14:11:15'),(1017,11,'catalog/view/javascript/images/darrowright.gif','2022-06-10 14:11:15'),(1018,11,'catalog/view/javascript/images/darrowup.gif','2022-06-10 14:11:15'),(1019,11,'catalog/view/javascript/images/itunes.png','2022-06-10 14:11:15'),(1020,11,'catalog/view/javascript/images/rarrowdown.gif','2022-06-10 14:11:15'),(1021,11,'catalog/view/javascript/images/rarrowleft.gif','2022-06-10 14:11:15'),(1022,11,'catalog/view/javascript/images/rarrowright.gif','2022-06-10 14:11:15'),(1023,11,'catalog/view/javascript/images/rarrowup.gif','2022-06-10 14:11:15'),(1024,11,'catalog/view/javascript/images/tl.gif','2022-06-10 14:11:15'),(1025,11,'catalog/view/javascript/images/tl.png','2022-06-10 14:11:15'),(1026,11,'catalog/view/javascript/images/tr.gif','2022-06-10 14:11:15'),(1027,11,'catalog/view/javascript/images/tr.png','2022-06-10 14:11:15'),(1028,11,'catalog/view/javascript/images/wait.gif','2022-06-10 14:11:15'),(1029,11,'admin/language/en-gb/extension/extension/autolinks.php','2022-06-10 14:11:15'),(1030,11,'admin/language/en-gb/extension/extension/bot_report.php','2022-06-10 14:11:15'),(1031,11,'admin/language/en-gb/extension/extension/canonicals.php','2022-06-10 14:11:15'),(1032,11,'admin/language/en-gb/extension/extension/clickfix.php','2022-06-10 14:11:15'),(1033,11,'admin/language/en-gb/extension/extension/extendedseo.php','2022-06-10 14:11:15'),(1034,11,'admin/language/en-gb/extension/extension/l.php','2022-06-10 14:11:15'),(1035,11,'admin/language/en-gb/extension/extension/mlseo.php','2022-06-10 14:11:15'),(1036,11,'admin/language/en-gb/extension/extension/not_found_report.php','2022-06-10 14:11:15'),(1037,11,'admin/language/en-gb/extension/extension/redirect.php','2022-06-10 14:11:15'),(1038,11,'admin/language/en-gb/extension/extension/richsnippets.php','2022-06-10 14:11:15'),(1039,11,'admin/language/en-gb/extension/extension/seoeditor.php','2022-06-10 14:11:15'),(1040,11,'admin/language/en-gb/extension/extension/seoimages.php','2022-06-10 14:11:15'),(1041,11,'admin/language/en-gb/extension/extension/seopack.php','2022-06-10 14:11:15'),(1042,11,'admin/language/en-gb/extension/extension/seopagination.php','2022-06-10 14:11:15'),(1043,11,'admin/language/en-gb/extension/extension/seoreplacer.php','2022-06-10 14:11:15'),(1044,11,'admin/language/en-gb/extension/extension/seoreport.php','2022-06-10 14:11:15'),(1045,11,'admin/model/extension/extension/trans_db/x00.php','2022-06-10 14:11:15'),(1046,11,'admin/model/extension/extension/trans_db/x01.php','2022-06-10 14:11:15'),(1047,11,'admin/model/extension/extension/trans_db/x02.php','2022-06-10 14:11:15'),(1048,11,'admin/model/extension/extension/trans_db/x03.php','2022-06-10 14:11:15'),(1049,11,'admin/model/extension/extension/trans_db/x04.php','2022-06-10 14:11:15'),(1050,11,'admin/model/extension/extension/trans_db/x05.php','2022-06-10 14:11:15'),(1051,11,'admin/model/extension/extension/trans_db/x06.php','2022-06-10 14:11:15'),(1052,11,'admin/model/extension/extension/trans_db/x07.php','2022-06-10 14:11:15'),(1053,11,'admin/model/extension/extension/trans_db/x09.php','2022-06-10 14:11:15'),(1054,11,'admin/model/extension/extension/trans_db/x0a.php','2022-06-10 14:11:15'),(1055,11,'admin/model/extension/extension/trans_db/x0b.php','2022-06-10 14:11:15'),(1056,11,'admin/model/extension/extension/trans_db/x0c.php','2022-06-10 14:11:15'),(1057,11,'admin/model/extension/extension/trans_db/x0d.php','2022-06-10 14:11:15'),(1058,11,'admin/model/extension/extension/trans_db/x0e.php','2022-06-10 14:11:15'),(1059,11,'admin/model/extension/extension/trans_db/x0f.php','2022-06-10 14:11:15'),(1060,11,'admin/model/extension/extension/trans_db/x10.php','2022-06-10 14:11:15'),(1061,11,'admin/model/extension/extension/trans_db/x11.php','2022-06-10 14:11:15'),(1062,11,'admin/model/extension/extension/trans_db/x12.php','2022-06-10 14:11:15'),(1063,11,'admin/model/extension/extension/trans_db/x13.php','2022-06-10 14:11:15'),(1064,11,'admin/model/extension/extension/trans_db/x14.php','2022-06-10 14:11:15'),(1065,11,'admin/model/extension/extension/trans_db/x15.php','2022-06-10 14:11:15'),(1066,11,'admin/model/extension/extension/trans_db/x16.php','2022-06-10 14:11:15'),(1067,11,'admin/model/extension/extension/trans_db/x17.php','2022-06-10 14:11:15'),(1068,11,'admin/model/extension/extension/trans_db/x18.php','2022-06-10 14:11:15'),(1069,11,'admin/model/extension/extension/trans_db/x1e.php','2022-06-10 14:11:15'),(1070,11,'admin/model/extension/extension/trans_db/x1f.php','2022-06-10 14:11:15'),(1071,11,'admin/model/extension/extension/trans_db/x20.php','2022-06-10 14:11:15'),(1072,11,'admin/model/extension/extension/trans_db/x21.php','2022-06-10 14:11:15'),(1073,11,'admin/model/extension/extension/trans_db/x22.php','2022-06-10 14:11:15'),(1074,11,'admin/model/extension/extension/trans_db/x23.php','2022-06-10 14:11:15'),(1075,11,'admin/model/extension/extension/trans_db/x24.php','2022-06-10 14:11:15'),(1076,11,'admin/model/extension/extension/trans_db/x25.php','2022-06-10 14:11:15'),(1077,11,'admin/model/extension/extension/trans_db/x26.php','2022-06-10 14:11:15'),(1078,11,'admin/model/extension/extension/trans_db/x27.php','2022-06-10 14:11:15'),(1079,11,'admin/model/extension/extension/trans_db/x28.php','2022-06-10 14:11:15'),(1080,11,'admin/model/extension/extension/trans_db/x2e.php','2022-06-10 14:11:15'),(1081,11,'admin/model/extension/extension/trans_db/x2f.php','2022-06-10 14:11:15'),(1082,11,'admin/model/extension/extension/trans_db/x30.php','2022-06-10 14:11:15'),(1083,11,'admin/model/extension/extension/trans_db/x31.php','2022-06-10 14:11:15'),(1084,11,'admin/model/extension/extension/trans_db/x32.php','2022-06-10 14:11:15'),(1085,11,'admin/model/extension/extension/trans_db/x33.php','2022-06-10 14:11:15'),(1086,11,'admin/model/extension/extension/trans_db/x4d.php','2022-06-10 14:11:15'),(1087,11,'admin/model/extension/extension/trans_db/x4e.php','2022-06-10 14:11:15'),(1088,11,'admin/model/extension/extension/trans_db/x4f.php','2022-06-10 14:11:15'),(1089,11,'admin/model/extension/extension/trans_db/x50.php','2022-06-10 14:11:15'),(1090,11,'admin/model/extension/extension/trans_db/x51.php','2022-06-10 14:11:15'),(1091,11,'admin/model/extension/extension/trans_db/x52.php','2022-06-10 14:11:15'),(1092,11,'admin/model/extension/extension/trans_db/x53.php','2022-06-10 14:11:15'),(1093,11,'admin/model/extension/extension/trans_db/x54.php','2022-06-10 14:11:15'),(1094,11,'admin/model/extension/extension/trans_db/x55.php','2022-06-10 14:11:15'),(1095,11,'admin/model/extension/extension/trans_db/x56.php','2022-06-10 14:11:15'),(1096,11,'admin/model/extension/extension/trans_db/x57.php','2022-06-10 14:11:15'),(1097,11,'admin/model/extension/extension/trans_db/x58.php','2022-06-10 14:11:15'),(1098,11,'admin/model/extension/extension/trans_db/x59.php','2022-06-10 14:11:15'),(1099,11,'admin/model/extension/extension/trans_db/x5a.php','2022-06-10 14:11:15'),(1100,11,'admin/model/extension/extension/trans_db/x5b.php','2022-06-10 14:11:15'),(1101,11,'admin/model/extension/extension/trans_db/x5c.php','2022-06-10 14:11:15'),(1102,11,'admin/model/extension/extension/trans_db/x5d.php','2022-06-10 14:11:15'),(1103,11,'admin/model/extension/extension/trans_db/x5e.php','2022-06-10 14:11:15'),(1104,11,'admin/model/extension/extension/trans_db/x5f.php','2022-06-10 14:11:15'),(1105,11,'admin/model/extension/extension/trans_db/x60.php','2022-06-10 14:11:15'),(1106,11,'admin/model/extension/extension/trans_db/x61.php','2022-06-10 14:11:15'),(1107,11,'admin/model/extension/extension/trans_db/x62.php','2022-06-10 14:11:15'),(1108,11,'admin/model/extension/extension/trans_db/x63.php','2022-06-10 14:11:15'),(1109,11,'admin/model/extension/extension/trans_db/x64.php','2022-06-10 14:11:15'),(1110,11,'admin/model/extension/extension/trans_db/x65.php','2022-06-10 14:11:15'),(1111,11,'admin/model/extension/extension/trans_db/x66.php','2022-06-10 14:11:15'),(1112,11,'admin/model/extension/extension/trans_db/x67.php','2022-06-10 14:11:15'),(1113,11,'admin/model/extension/extension/trans_db/x68.php','2022-06-10 14:11:15'),(1114,11,'admin/model/extension/extension/trans_db/x69.php','2022-06-10 14:11:15'),(1115,11,'admin/model/extension/extension/trans_db/x6a.php','2022-06-10 14:11:15'),(1116,11,'admin/model/extension/extension/trans_db/x6b.php','2022-06-10 14:11:15'),(1117,11,'admin/model/extension/extension/trans_db/x6c.php','2022-06-10 14:11:15'),(1118,11,'admin/model/extension/extension/trans_db/x6d.php','2022-06-10 14:11:15'),(1119,11,'admin/model/extension/extension/trans_db/x6e.php','2022-06-10 14:11:15'),(1120,11,'admin/model/extension/extension/trans_db/x6f.php','2022-06-10 14:11:15'),(1121,11,'admin/model/extension/extension/trans_db/x70.php','2022-06-10 14:11:15'),(1122,11,'admin/model/extension/extension/trans_db/x71.php','2022-06-10 14:11:15'),(1123,11,'admin/model/extension/extension/trans_db/x72.php','2022-06-10 14:11:15'),(1124,11,'admin/model/extension/extension/trans_db/x73.php','2022-06-10 14:11:15'),(1125,11,'admin/model/extension/extension/trans_db/x74.php','2022-06-10 14:11:15'),(1126,11,'admin/model/extension/extension/trans_db/x75.php','2022-06-10 14:11:15'),(1127,11,'admin/model/extension/extension/trans_db/x76.php','2022-06-10 14:11:15'),(1128,11,'admin/model/extension/extension/trans_db/x77.php','2022-06-10 14:11:15'),(1129,11,'admin/model/extension/extension/trans_db/x78.php','2022-06-10 14:11:15'),(1130,11,'admin/model/extension/extension/trans_db/x79.php','2022-06-10 14:11:15'),(1131,11,'admin/model/extension/extension/trans_db/x7a.php','2022-06-10 14:11:15'),(1132,11,'admin/model/extension/extension/trans_db/x7b.php','2022-06-10 14:11:15'),(1133,11,'admin/model/extension/extension/trans_db/x7c.php','2022-06-10 14:11:15'),(1134,11,'admin/model/extension/extension/trans_db/x7d.php','2022-06-10 14:11:15'),(1135,11,'admin/model/extension/extension/trans_db/x7e.php','2022-06-10 14:11:15'),(1136,11,'admin/model/extension/extension/trans_db/x7f.php','2022-06-10 14:11:15'),(1137,11,'admin/model/extension/extension/trans_db/x80.php','2022-06-10 14:11:15'),(1138,11,'admin/model/extension/extension/trans_db/x81.php','2022-06-10 14:11:15'),(1139,11,'admin/model/extension/extension/trans_db/x82.php','2022-06-10 14:11:15'),(1140,11,'admin/model/extension/extension/trans_db/x83.php','2022-06-10 14:11:15'),(1141,11,'admin/model/extension/extension/trans_db/x84.php','2022-06-10 14:11:15'),(1142,11,'admin/model/extension/extension/trans_db/x85.php','2022-06-10 14:11:15'),(1143,11,'admin/model/extension/extension/trans_db/x86.php','2022-06-10 14:11:15'),(1144,11,'admin/model/extension/extension/trans_db/x87.php','2022-06-10 14:11:15'),(1145,11,'admin/model/extension/extension/trans_db/x88.php','2022-06-10 14:11:15'),(1146,11,'admin/model/extension/extension/trans_db/x89.php','2022-06-10 14:11:15'),(1147,11,'admin/model/extension/extension/trans_db/x8a.php','2022-06-10 14:11:15'),(1148,11,'admin/model/extension/extension/trans_db/x8b.php','2022-06-10 14:11:15'),(1149,11,'admin/model/extension/extension/trans_db/x8c.php','2022-06-10 14:11:15'),(1150,11,'admin/model/extension/extension/trans_db/x8d.php','2022-06-10 14:11:15'),(1151,11,'admin/model/extension/extension/trans_db/x8e.php','2022-06-10 14:11:15'),(1152,11,'admin/model/extension/extension/trans_db/x8f.php','2022-06-10 14:11:15'),(1153,11,'admin/model/extension/extension/trans_db/x90.php','2022-06-10 14:11:15'),(1154,11,'admin/model/extension/extension/trans_db/x91.php','2022-06-10 14:11:15'),(1155,11,'admin/model/extension/extension/trans_db/x92.php','2022-06-10 14:11:15'),(1156,11,'admin/model/extension/extension/trans_db/x93.php','2022-06-10 14:11:15'),(1157,11,'admin/model/extension/extension/trans_db/x94.php','2022-06-10 14:11:15'),(1158,11,'admin/model/extension/extension/trans_db/x95.php','2022-06-10 14:11:15'),(1159,11,'admin/model/extension/extension/trans_db/x96.php','2022-06-10 14:11:15'),(1160,11,'admin/model/extension/extension/trans_db/x97.php','2022-06-10 14:11:15'),(1161,11,'admin/model/extension/extension/trans_db/x98.php','2022-06-10 14:11:15'),(1162,11,'admin/model/extension/extension/trans_db/x99.php','2022-06-10 14:11:15'),(1163,11,'admin/model/extension/extension/trans_db/x9a.php','2022-06-10 14:11:15'),(1164,11,'admin/model/extension/extension/trans_db/x9b.php','2022-06-10 14:11:15'),(1165,11,'admin/model/extension/extension/trans_db/x9c.php','2022-06-10 14:11:15'),(1166,11,'admin/model/extension/extension/trans_db/x9d.php','2022-06-10 14:11:15'),(1167,11,'admin/model/extension/extension/trans_db/x9e.php','2022-06-10 14:11:15'),(1168,11,'admin/model/extension/extension/trans_db/x9f.php','2022-06-10 14:11:15'),(1169,11,'admin/model/extension/extension/trans_db/xa0.php','2022-06-10 14:11:15'),(1170,11,'admin/model/extension/extension/trans_db/xa1.php','2022-06-10 14:11:15'),(1171,11,'admin/model/extension/extension/trans_db/xa2.php','2022-06-10 14:11:15'),(1172,11,'admin/model/extension/extension/trans_db/xa3.php','2022-06-10 14:11:15'),(1173,11,'admin/model/extension/extension/trans_db/xa4.php','2022-06-10 14:11:15'),(1174,11,'admin/model/extension/extension/trans_db/xac.php','2022-06-10 14:11:15'),(1175,11,'admin/model/extension/extension/trans_db/xad.php','2022-06-10 14:11:15'),(1176,11,'admin/model/extension/extension/trans_db/xae.php','2022-06-10 14:11:15'),(1177,11,'admin/model/extension/extension/trans_db/xaf.php','2022-06-10 14:11:15'),(1178,11,'admin/model/extension/extension/trans_db/xb0.php','2022-06-10 14:11:15'),(1179,11,'admin/model/extension/extension/trans_db/xb1.php','2022-06-10 14:11:15'),(1180,11,'admin/model/extension/extension/trans_db/xb2.php','2022-06-10 14:11:15'),(1181,11,'admin/model/extension/extension/trans_db/xb3.php','2022-06-10 14:11:15'),(1182,11,'admin/model/extension/extension/trans_db/xb4.php','2022-06-10 14:11:15'),(1183,11,'admin/model/extension/extension/trans_db/xb5.php','2022-06-10 14:11:15'),(1184,11,'admin/model/extension/extension/trans_db/xb6.php','2022-06-10 14:11:15'),(1185,11,'admin/model/extension/extension/trans_db/xb7.php','2022-06-10 14:11:15'),(1186,11,'admin/model/extension/extension/trans_db/xb8.php','2022-06-10 14:11:15'),(1187,11,'admin/model/extension/extension/trans_db/xb9.php','2022-06-10 14:11:15'),(1188,11,'admin/model/extension/extension/trans_db/xba.php','2022-06-10 14:11:15'),(1189,11,'admin/model/extension/extension/trans_db/xbb.php','2022-06-10 14:11:15'),(1190,11,'admin/model/extension/extension/trans_db/xbc.php','2022-06-10 14:11:15'),(1191,11,'admin/model/extension/extension/trans_db/xbd.php','2022-06-10 14:11:15'),(1192,11,'admin/model/extension/extension/trans_db/xbe.php','2022-06-10 14:11:15'),(1193,11,'admin/model/extension/extension/trans_db/xbf.php','2022-06-10 14:11:15'),(1194,11,'admin/model/extension/extension/trans_db/xc0.php','2022-06-10 14:11:15'),(1195,11,'admin/model/extension/extension/trans_db/xc1.php','2022-06-10 14:11:15'),(1196,11,'admin/model/extension/extension/trans_db/xc2.php','2022-06-10 14:11:15'),(1197,11,'admin/model/extension/extension/trans_db/xc3.php','2022-06-10 14:11:15'),(1198,11,'admin/model/extension/extension/trans_db/xc4.php','2022-06-10 14:11:15'),(1199,11,'admin/model/extension/extension/trans_db/xc5.php','2022-06-10 14:11:15'),(1200,11,'admin/model/extension/extension/trans_db/xc6.php','2022-06-10 14:11:15'),(1201,11,'admin/model/extension/extension/trans_db/xc7.php','2022-06-10 14:11:15'),(1202,11,'admin/model/extension/extension/trans_db/xc8.php','2022-06-10 14:11:15'),(1203,11,'admin/model/extension/extension/trans_db/xc9.php','2022-06-10 14:11:15'),(1204,11,'admin/model/extension/extension/trans_db/xca.php','2022-06-10 14:11:15'),(1205,11,'admin/model/extension/extension/trans_db/xcb.php','2022-06-10 14:11:15'),(1206,11,'admin/model/extension/extension/trans_db/xcc.php','2022-06-10 14:11:15'),(1207,11,'admin/model/extension/extension/trans_db/xcd.php','2022-06-10 14:11:15'),(1208,11,'admin/model/extension/extension/trans_db/xce.php','2022-06-10 14:11:15'),(1209,11,'admin/model/extension/extension/trans_db/xcf.php','2022-06-10 14:11:15'),(1210,11,'admin/model/extension/extension/trans_db/xd0.php','2022-06-10 14:11:15'),(1211,11,'admin/model/extension/extension/trans_db/xd1.php','2022-06-10 14:11:15'),(1212,11,'admin/model/extension/extension/trans_db/xd2.php','2022-06-10 14:11:15'),(1213,11,'admin/model/extension/extension/trans_db/xd3.php','2022-06-10 14:11:15'),(1214,11,'admin/model/extension/extension/trans_db/xd4.php','2022-06-10 14:11:15'),(1215,11,'admin/model/extension/extension/trans_db/xd5.php','2022-06-10 14:11:15'),(1216,11,'admin/model/extension/extension/trans_db/xd6.php','2022-06-10 14:11:15'),(1217,11,'admin/model/extension/extension/trans_db/xd7.php','2022-06-10 14:11:15'),(1218,11,'admin/model/extension/extension/trans_db/xf9.php','2022-06-10 14:11:15'),(1219,11,'admin/model/extension/extension/trans_db/xfa.php','2022-06-10 14:11:15'),(1220,11,'admin/model/extension/extension/trans_db/xfb.php','2022-06-10 14:11:15'),(1221,11,'admin/model/extension/extension/trans_db/xfc.php','2022-06-10 14:11:15'),(1222,11,'admin/model/extension/extension/trans_db/xfd.php','2022-06-10 14:11:15'),(1223,11,'admin/model/extension/extension/trans_db/xfe.php','2022-06-10 14:11:15'),(1224,11,'admin/model/extension/extension/trans_db/xff.php','2022-06-10 14:11:15'),(1225,11,'admin/view/template/extension/extension/autolinks.twig','2022-06-10 14:11:15'),(1226,11,'admin/view/template/extension/extension/bot_report.twig','2022-06-10 14:11:15'),(1227,11,'admin/view/template/extension/extension/canonicals.twig','2022-06-10 14:11:15'),(1228,11,'admin/view/template/extension/extension/clickfix.twig','2022-06-10 14:11:15'),(1229,11,'admin/view/template/extension/extension/extendedseo.twig','2022-06-10 14:11:15'),(1230,11,'admin/view/template/extension/extension/l.twig','2022-06-10 14:11:15'),(1231,11,'admin/view/template/extension/extension/mlseo.twig','2022-06-10 14:11:15'),(1232,11,'admin/view/template/extension/extension/not_found_report.twig','2022-06-10 14:11:15'),(1233,11,'admin/view/template/extension/extension/redirect.twig','2022-06-10 14:11:15'),(1234,11,'admin/view/template/extension/extension/richsnippets.twig','2022-06-10 14:11:15'),(1235,11,'admin/view/template/extension/extension/seoeditor.twig','2022-06-10 14:11:15'),(1236,11,'admin/view/template/extension/extension/seoimages.twig','2022-06-10 14:11:15'),(1237,11,'admin/view/template/extension/extension/seopack.twig','2022-06-10 14:11:15'),(1238,11,'admin/view/template/extension/extension/seopagination.twig','2022-06-10 14:11:15'),(1239,11,'admin/view/template/extension/extension/seoreplacer.twig','2022-06-10 14:11:15'),(1240,11,'admin/view/template/extension/extension/seoreport.twig','2022-06-10 14:11:15');

--
-- Table structure for table `oc_filter`
--

CREATE TABLE `oc_filter` (
  `filter_id` int(11) NOT NULL AUTO_INCREMENT,
  `filter_group_id` int(11) NOT NULL,
  `sort_order` int(3) NOT NULL,
  PRIMARY KEY (`filter_id`),
  KEY `filter_group_id` (`filter_group_id`)
) ENGINE=MyISAM DEFAULT CHARSET=utf8;

--
-- Dumping data for table `oc_filter`
--


--
-- Table structure for table `oc_filter_description`
--

CREATE TABLE `oc_filter_description` (
  `filter_id` int(11) NOT NULL,
  `language_id` int(11) NOT NULL,
  `filter_group_id` int(11) NOT NULL,
  `name` varchar(64) NOT NULL,
  PRIMARY KEY (`filter_id`,`language_id`),
  KEY `filter_group_id` (`filter_group_id`)
) ENGINE=MyISAM DEFAULT CHARSET=utf8;

--
-- Dumping data for table `oc_filter_description`
--


--
-- Table structure for table `oc_filter_group`
--

CREATE TABLE `oc_filter_group` (
  `filter_group_id` int(11) NOT NULL AUTO_INCREMENT,
  `sort_order` int(3) NOT NULL,
  PRIMARY KEY (`filter_group_id`)
) ENGINE=MyISAM DEFAULT CHARSET=utf8;

--
-- Dumping data for table `oc_filter_group`
--


--
-- Table structure for table `oc_filter_group_description`
--

CREATE TABLE `oc_filter_group_description` (
  `filter_group_id` int(11) NOT NULL,
  `language_id` int(11) NOT NULL,
  `name` varchar(64) NOT NULL,
  PRIMARY KEY (`filter_group_id`,`language_id`)
) ENGINE=MyISAM DEFAULT CHARSET=utf8;

--
-- Dumping data for table `oc_filter_group_description`
--


--
-- Table structure for table `oc_geo_zone`
--

CREATE TABLE `oc_geo_zone` (
  `geo_zone_id` int(11) NOT NULL AUTO_INCREMENT,
  `name` varchar(32) NOT NULL,
  `description` varchar(255) NOT NULL,
  `date_added` datetime NOT NULL,
  `date_modified` datetime NOT NULL,
  PRIMARY KEY (`geo_zone_id`)
) ENGINE=MyISAM AUTO_INCREMENT=5 DEFAULT CHARSET=utf8;

--
-- Dumping data for table `oc_geo_zone`
--

INSERT INTO `oc_geo_zone` VALUES (3,'UK VAT Zone','UK VAT','2009-01-06 23:26:25','2010-02-26 22:33:24'),(4,'UK Shipping','UK Shipping Zones','2009-06-23 01:14:53','2010-12-15 15:18:13');

--
-- Table structure for table `oc_googleshopping_category`
--

CREATE TABLE `oc_googleshopping_category` (
  `google_product_category` varchar(10) NOT NULL,
  `store_id` int(11) NOT NULL DEFAULT '0',
  `category_id` int(11) NOT NULL,
  PRIMARY KEY (`google_product_category`,`store_id`),
  KEY `category_id_store_id` (`category_id`,`store_id`)
) ENGINE=MyISAM DEFAULT CHARSET=utf8;

--
-- Dumping data for table `oc_googleshopping_category`
--


--
-- Table structure for table `oc_googleshopping_product`
--

CREATE TABLE `oc_googleshopping_product` (
  `product_advertise_google_id` int(11) unsigned NOT NULL AUTO_INCREMENT,
  `product_id` int(11) DEFAULT NULL,
  `store_id` int(11) NOT NULL DEFAULT '0',
  `has_issues` tinyint(1) DEFAULT NULL,
  `destination_status` enum('pending','approved','disapproved') NOT NULL DEFAULT 'pending',
  `impressions` int(11) NOT NULL DEFAULT '0',
  `clicks` int(11) NOT NULL DEFAULT '0',
  `conversions` int(11) NOT NULL DEFAULT '0',
  `cost` decimal(15,4) NOT NULL DEFAULT '0.0000',
  `conversion_value` decimal(15,4) NOT NULL DEFAULT '0.0000',
  `google_product_category` varchar(10) DEFAULT NULL,
  `condition` enum('new','refurbished','used') DEFAULT NULL,
  `adult` tinyint(1) DEFAULT NULL,
  `multipack` int(11) DEFAULT NULL,
  `is_bundle` tinyint(1) DEFAULT NULL,
  `age_group` enum('newborn','infant','toddler','kids','adult') DEFAULT NULL,
  `color` int(11) DEFAULT NULL,
  `gender` enum('male','female','unisex') DEFAULT NULL,
  `size_type` enum('regular','petite','plus','big and tall','maternity') DEFAULT NULL,
  `size_system` enum('AU','BR','CN','DE','EU','FR','IT','JP','MEX','UK','US') DEFAULT NULL,
  `size` int(11) DEFAULT NULL,
  `is_modified` tinyint(1) NOT NULL DEFAULT '0',
  PRIMARY KEY (`product_advertise_google_id`),
  UNIQUE KEY `product_id_store_id` (`product_id`,`store_id`)
) ENGINE=MyISAM AUTO_INCREMENT=6 DEFAULT CHARSET=utf8;

--
-- Dumping data for table `oc_googleshopping_product`
--

INSERT INTO `oc_googleshopping_product` VALUES (1,50,0,NULL,'pending',0,0,0,0.0000,0.0000,NULL,NULL,NULL,NULL,NULL,NULL,NULL,NULL,NULL,NULL,NULL,0),(2,51,0,NULL,'pending',0,0,0,0.0000,0.0000,NULL,NULL,NULL,NULL,NULL,NULL,NULL,NULL,NULL,NULL,NULL,0),(3,52,0,NULL,'pending',0,0,0,0.0000,0.0000,NULL,NULL,NULL,NULL,NULL,NULL,NULL,NULL,NULL,NULL,NULL,0),(4,53,0,NULL,'pending',0,0,0,0.0000,0.0000,NULL,NULL,NULL,NULL,NULL,NULL,NULL,NULL,NULL,NULL,NULL,0),(5,54,0,NULL,'pending',0,0,0,0.0000,0.0000,NULL,NULL,NULL,NULL,NULL,NULL,NULL,NULL,NULL,NULL,NULL,0);

--
-- Table structure for table `oc_googleshopping_product_status`
--

CREATE TABLE `oc_googleshopping_product_status` (
  `product_id` int(11) NOT NULL DEFAULT '0',
  `store_id` int(11) NOT NULL DEFAULT '0',
  `product_variation_id` varchar(64) NOT NULL DEFAULT '',
  `destination_statuses` text NOT NULL,
  `data_quality_issues` text NOT NULL,
  `item_level_issues` text NOT NULL,
  `google_expiration_date` int(11) NOT NULL DEFAULT '0',
  PRIMARY KEY (`product_id`,`store_id`,`product_variation_id`)
) ENGINE=MyISAM DEFAULT CHARSET=utf8;

--
-- Dumping data for table `oc_googleshopping_product_status`
--


--
