--
-- Host: localhost    Database: femvia
-- ------------------------------------------------------


--
-- Table structure for table `oc_404s_report`
--

CREATE TABLE `oc_404s_report` (
  `link` varchar(321) COLLATE utf8_bin NOT NULL,
  `date` datetime NOT NULL
) ENGINE=MyISAM DEFAULT CHARSET=utf8 COLLATE=utf8_bin;

--
-- Dumping data for table `oc_404s_report`
--

INSERT INTO `oc_404s_report` VALUES ('wp-includes/wlwmanifest.xml','2022-06-10 10:23:11'),('blog/wp-includes/wlwmanifest.xml','2022-06-10 10:23:11'),('web/wp-includes/wlwmanifest.xml','2022-06-10 10:23:12'),('wordpress/wp-includes/wlwmanifest.xml','2022-06-10 10:23:12'),('website/wp-includes/wlwmanifest.xml','2022-06-10 10:23:12'),('wp/wp-includes/wlwmanifest.xml','2022-06-10 10:23:12'),('news/wp-includes/wlwmanifest.xml','2022-06-10 10:23:13'),('2018/wp-includes/wlwmanifest.xml','2022-06-10 10:23:13'),('2019/wp-includes/wlwmanifest.xml','2022-06-10 10:23:13'),('shop/wp-includes/wlwmanifest.xml','2022-06-10 10:23:13'),('wp1/wp-includes/wlwmanifest.xml','2022-06-10 10:23:14'),('test/wp-includes/wlwmanifest.xml','2022-06-10 10:23:14'),('media/wp-includes/wlwmanifest.xml','2022-06-10 10:23:14'),('wp2/wp-includes/wlwmanifest.xml','2022-06-10 10:23:15'),('site/wp-includes/wlwmanifest.xml','2022-06-10 10:23:15'),('cms/wp-includes/wlwmanifest.xml','2022-06-10 10:23:15'),('sito/wp-includes/wlwmanifest.xml','2022-06-10 10:23:15'),('common/GetResponseStr','2022-06-10 11:24:28'),('common/GetResponseStr','2022-06-10 11:26:17'),('.well-known/acme-challenge/Z2F-1fc4MOLz32haKOQDsJ0uH-tSN8YBYv8J3usFIsY','2022-06-10 12:05:34'),('.well-known/acme-challenge/Z2F-1fc4MOLz32haKOQDsJ0uH-tSN8YBYv8J3usFIsY','2022-06-10 12:05:34'),('delivery-information','2022-06-10 12:32:16'),('adminfemvia/','2022-06-10 14:10:43'),('wp-includes/ID3/license.txt','2022-06-10 15:21:08'),('feed/','2022-06-10 15:21:08'),('blog/wp-includes/wlwmanifest.xml','2022-06-10 15:21:09'),('web/wp-includes/wlwmanifest.xml','2022-06-10 15:21:09'),('wordpress/wp-includes/wlwmanifest.xml','2022-06-10 15:21:09'),('wp/wp-includes/wlwmanifest.xml','2022-06-10 15:21:09'),('2020/wp-includes/wlwmanifest.xml','2022-06-10 15:21:10'),('2019/wp-includes/wlwmanifest.xml','2022-06-10 15:21:10'),('2021/wp-includes/wlwmanifest.xml','2022-06-10 15:21:10'),('shop/wp-includes/wlwmanifest.xml','2022-06-10 15:21:10'),('wp1/wp-includes/wlwmanifest.xml','2022-06-10 15:21:11'),('test/wp-includes/wlwmanifest.xml','2022-06-10 15:21:11'),('site/wp-includes/wlwmanifest.xml','2022-06-10 15:21:11'),('cms/wp-includes/wlwmanifest.xml','2022-06-10 15:21:12'),('.env','2022-06-10 17:31:54'),('.env','2022-06-10 17:31:56'),('wp-includes/wlwmanifest.xml','2022-06-10 18:35:20'),('blog/wp-includes/wlwmanifest.xml','2022-06-10 18:35:23'),('web/wp-includes/wlwmanifest.xml','2022-06-10 18:35:24'),('wordpress/wp-includes/wlwmanifest.xml','2022-06-10 18:35:25'),('website/wp-includes/wlwmanifest.xml','2022-06-10 18:35:26'),('wp/wp-includes/wlwmanifest.xml','2022-06-10 18:35:27'),('news/wp-includes/wlwmanifest.xml','2022-06-10 18:35:28'),('2018/wp-includes/wlwmanifest.xml','2022-06-10 18:35:29'),('2019/wp-includes/wlwmanifest.xml','2022-06-10 18:35:30'),('shop/wp-includes/wlwmanifest.xml','2022-06-10 18:35:31'),('wp1/wp-includes/wlwmanifest.xml','2022-06-10 18:35:32'),('test/wp-includes/wlwmanifest.xml','2022-06-10 18:35:33'),('media/wp-includes/wlwmanifest.xml','2022-06-10 18:35:34'),('wp2/wp-includes/wlwmanifest.xml','2022-06-10 18:35:35'),('site/wp-includes/wlwmanifest.xml','2022-06-10 18:35:35'),('cms/wp-includes/wlwmanifest.xml','2022-06-10 18:35:36'),('sito/wp-includes/wlwmanifest.xml','2022-06-10 18:35:37'),('.git/config','2022-06-11 00:03:39'),('wp-includes/wlwmanifest.xml','2022-06-11 03:03:15'),('blog/wp-includes/wlwmanifest.xml','2022-06-11 03:03:15'),('web/wp-includes/wlwmanifest.xml','2022-06-11 03:03:15'),('wordpress/wp-includes/wlwmanifest.xml','2022-06-11 03:03:15'),('website/wp-includes/wlwmanifest.xml','2022-06-11 03:03:15'),('wp/wp-includes/wlwmanifest.xml','2022-06-11 03:03:15'),('news/wp-includes/wlwmanifest.xml','2022-06-11 03:03:16'),('2020/wp-includes/wlwmanifest.xml','2022-06-11 03:03:16'),('2019/wp-includes/wlwmanifest.xml','2022-06-11 03:03:16'),('shop/wp-includes/wlwmanifest.xml','2022-06-11 03:03:16'),('wp1/wp-includes/wlwmanifest.xml','2022-06-11 03:03:16'),('test/wp-includes/wlwmanifest.xml','2022-06-11 03:03:16'),('wp2/wp-includes/wlwmanifest.xml','2022-06-11 03:03:16'),('site/wp-includes/wlwmanifest.xml','2022-06-11 03:03:16'),('cms/wp-includes/wlwmanifest.xml','2022-06-11 03:03:16'),('sito/wp-includes/wlwmanifest.xml','2022-06-11 03:03:17'),('wp-includes/ID3/license.txt','2022-06-11 04:02:53'),('feed/','2022-06-11 04:02:53'),('blog/wp-includes/wlwmanifest.xml','2022-06-11 04:02:54'),('web/wp-includes/wlwmanifest.xml','2022-06-11 04:02:54'),('wordpress/wp-includes/wlwmanifest.xml','2022-06-11 04:02:54'),('wp/wp-includes/wlwmanifest.xml','2022-06-11 04:02:54'),('2020/wp-includes/wlwmanifest.xml','2022-06-11 04:02:55'),('2019/wp-includes/wlwmanifest.xml','2022-06-11 04:02:55'),('2021/wp-includes/wlwmanifest.xml','2022-06-11 04:02:55'),('shop/wp-includes/wlwmanifest.xml','2022-06-11 04:02:55'),('wp1/wp-includes/wlwmanifest.xml','2022-06-11 04:02:55'),('test/wp-includes/wlwmanifest.xml','2022-06-11 04:02:56'),('site/wp-includes/wlwmanifest.xml','2022-06-11 04:02:56'),('cms/wp-includes/wlwmanifest.xml','2022-06-11 04:02:56'),('wp-includes/wlwmanifest.xml','2022-06-11 04:44:28'),('blog/wp-includes/wlwmanifest.xml','2022-06-11 04:44:28'),('web/wp-includes/wlwmanifest.xml','2022-06-11 04:44:29'),('wordpress/wp-includes/wlwmanifest.xml','2022-06-11 04:44:29'),('website/wp-includes/wlwmanifest.xml','2022-06-11 04:44:29'),('wp/wp-includes/wlwmanifest.xml','2022-06-11 04:44:29'),('news/wp-includes/wlwmanifest.xml','2022-06-11 04:44:30'),('2015/wp-includes/wlwmanifest.xml','2022-06-11 04:44:30'),('2016/wp-includes/wlwmanifest.xml','2022-06-11 04:44:30'),('2017/wp-includes/wlwmanifest.xml','2022-06-11 04:44:30'),('2018/wp-includes/wlwmanifest.xml','2022-06-11 04:44:31'),('shop/wp-includes/wlwmanifest.xml','2022-06-11 04:44:31'),('wp1/wp-includes/wlwmanifest.xml','2022-06-11 04:44:31'),('test/wp-includes/wlwmanifest.xml','2022-06-11 04:44:31'),('media/wp-includes/wlwmanifest.xml','2022-06-11 04:44:31'),('wp2/wp-includes/wlwmanifest.xml','2022-06-11 04:44:32'),('site/wp-includes/wlwmanifest.xml','2022-06-11 04:44:32'),('cms/wp-includes/wlwmanifest.xml','2022-06-11 04:44:32'),('sito/wp-includes/wlwmanifest.xml','2022-06-11 04:44:32'),('wp-includes/wlwmanifest.xml','2022-06-11 05:04:26'),('blog/wp-includes/wlwmanifest.xml','2022-06-11 05:04:27'),('web/wp-includes/wlwmanifest.xml','2022-06-11 05:04:27'),('wordpress/wp-includes/wlwmanifest.xml','2022-06-11 05:04:27'),('website/wp-includes/wlwmanifest.xml','2022-06-11 05:04:28'),('wp/wp-includes/wlwmanifest.xml','2022-06-11 05:04:28'),('news/wp-includes/wlwmanifest.xml','2022-06-11 05:04:28'),('2018/wp-includes/wlwmanifest.xml','2022-06-11 05:04:28'),('2019/wp-includes/wlwmanifest.xml','2022-06-11 05:04:29'),('shop/wp-includes/wlwmanifest.xml','2022-06-11 05:04:29'),('wp1/wp-includes/wlwmanifest.xml','2022-06-11 05:04:29'),('test/wp-includes/wlwmanifest.xml','2022-06-11 05:04:29'),('media/wp-includes/wlwmanifest.xml','2022-06-11 05:04:30'),('wp2/wp-includes/wlwmanifest.xml','2022-06-11 05:04:30'),('site/wp-includes/wlwmanifest.xml','2022-06-11 05:04:30'),('cms/wp-includes/wlwmanifest.xml','2022-06-11 05:04:31'),('sito/wp-includes/wlwmanifest.xml','2022-06-11 05:04:31'),('wp-includes/wlwmanifest.xml','2022-06-11 08:20:22'),('blog/wp-includes/wlwmanifest.xml','2022-06-11 08:20:22'),('web/wp-includes/wlwmanifest.xml','2022-06-11 08:20:23'),('wordpress/wp-includes/wlwmanifest.xml','2022-06-11 08:20:23'),('website/wp-includes/wlwmanifest.xml','2022-06-11 08:20:23'),('wp/wp-includes/wlwmanifest.xml','2022-06-11 08:20:23'),('news/wp-includes/wlwmanifest.xml','2022-06-11 08:20:24'),('2018/wp-includes/wlwmanifest.xml','2022-06-11 08:20:24'),('2019/wp-includes/wlwmanifest.xml','2022-06-11 08:20:24'),('shop/wp-includes/wlwmanifest.xml','2022-06-11 08:20:25'),('wp1/wp-includes/wlwmanifest.xml','2022-06-11 08:20:25'),('test/wp-includes/wlwmanifest.xml','2022-06-11 08:20:25'),('media/wp-includes/wlwmanifest.xml','2022-06-11 08:20:25'),('wp2/wp-includes/wlwmanifest.xml','2022-06-11 08:20:26'),('site/wp-includes/wlwmanifest.xml','2022-06-11 08:20:26'),('cms/wp-includes/wlwmanifest.xml','2022-06-11 08:20:26'),('sito/wp-includes/wlwmanifest.xml','2022-06-11 08:20:26'),('wp-includes/wlwmanifest.xml','2022-06-11 11:09:17'),('blog/wp-includes/wlwmanifest.xml','2022-06-11 11:09:18'),('web/wp-includes/wlwmanifest.xml','2022-06-11 11:09:18'),('wordpress/wp-includes/wlwmanifest.xml','2022-06-11 11:09:19'),('website/wp-includes/wlwmanifest.xml','2022-06-11 11:09:19'),('wp/wp-includes/wlwmanifest.xml','2022-06-11 11:09:19'),('news/wp-includes/wlwmanifest.xml','2022-06-11 11:09:20'),('2018/wp-includes/wlwmanifest.xml','2022-06-11 11:09:20'),('2019/wp-includes/wlwmanifest.xml','2022-06-11 11:09:20'),('shop/wp-includes/wlwmanifest.xml','2022-06-11 11:09:20'),('wp1/wp-includes/wlwmanifest.xml','2022-06-11 11:09:21'),('test/wp-includes/wlwmanifest.xml','2022-06-11 11:09:21'),('media/wp-includes/wlwmanifest.xml','2022-06-11 11:09:21'),('wp2/wp-includes/wlwmanifest.xml','2022-06-11 11:09:22'),('site/wp-includes/wlwmanifest.xml','2022-06-11 11:09:22'),('cms/wp-includes/wlwmanifest.xml','2022-06-11 11:09:22'),('sito/wp-includes/wlwmanifest.xml','2022-06-11 11:09:23'),('.well-known/security.txt','2022-06-11 11:51:46'),('.well-known/acme-challenge/p-9CEAM7VeqWfj5DYUNZzyEJgaQWdB2BLB3kyRUvU4U','2022-06-11 12:02:24'),('.well-known/acme-challenge/p-9CEAM7VeqWfj5DYUNZzyEJgaQWdB2BLB3kyRUvU4U','2022-06-11 12:02:24'),('xy/','2022-06-11 12:34:21'),('im/','2022-06-11 12:34:21'),('h5/','2022-06-11 12:34:21'),('h5/','2022-06-11 12:34:22'),('h5','2022-06-11 12:34:22'),('m/','2022-06-11 12:34:22'),('wap','2022-06-11 12:34:22'),('h5/','2022-06-11 12:34:22'),('mobile/login.html','2022-06-11 12:34:26'),('wap/','2022-06-11 12:34:28'),('homes/','2022-06-11 12:34:28'),('im/h5/','2022-06-11 12:34:29'),('m/','2022-06-11 12:34:34'),('site/info','2022-06-11 12:34:41'),('home/help','2022-06-11 12:34:43'),('index/user/get_server_info','2022-06-11 12:34:56'),('wp-includes/wlwmanifest.xml','2022-06-11 13:45:08'),('blog/wp-includes/wlwmanifest.xml','2022-06-11 13:45:09'),('web/wp-includes/wlwmanifest.xml','2022-06-11 13:45:09'),('wordpress/wp-includes/wlwmanifest.xml','2022-06-11 13:45:09'),('website/wp-includes/wlwmanifest.xml','2022-06-11 13:45:10'),('wp/wp-includes/wlwmanifest.xml','2022-06-11 13:45:10'),('news/wp-includes/wlwmanifest.xml','2022-06-11 13:45:10'),('2020/wp-includes/wlwmanifest.xml','2022-06-11 13:45:10'),('2019/wp-includes/wlwmanifest.xml','2022-06-11 13:45:11'),('shop/wp-includes/wlwmanifest.xml','2022-06-11 13:45:11'),('wp1/wp-includes/wlwmanifest.xml','2022-06-11 13:45:11'),('test/wp-includes/wlwmanifest.xml','2022-06-11 13:45:11'),('wp2/wp-includes/wlwmanifest.xml','2022-06-11 13:45:12'),('site/wp-includes/wlwmanifest.xml','2022-06-11 13:45:12'),('cms/wp-includes/wlwmanifest.xml','2022-06-11 13:45:12'),('sito/wp-includes/wlwmanifest.xml','2022-06-11 13:45:12'),('wp-includes/wlwmanifest.xml','2022-06-11 14:30:50'),('blog/wp-includes/wlwmanifest.xml','2022-06-11 14:30:51'),('web/wp-includes/wlwmanifest.xml','2022-06-11 14:30:52'),('wordpress/wp-includes/wlwmanifest.xml','2022-06-11 14:30:52'),('website/wp-includes/wlwmanifest.xml','2022-06-11 14:30:53'),('wp/wp-includes/wlwmanifest.xml','2022-06-11 14:30:53'),('news/wp-includes/wlwmanifest.xml','2022-06-11 14:30:53'),('wp1/wp-includes/wlwmanifest.xml','2022-06-11 14:30:54'),('test/wp-includes/wlwmanifest.xml','2022-06-11 14:30:54'),('wp2/wp-includes/wlwmanifest.xml','2022-06-11 14:30:55'),('site/wp-includes/wlwmanifest.xml','2022-06-11 14:30:55'),('cms/wp-includes/wlwmanifest.xml','2022-06-11 14:30:55'),('sito/wp-includes/wlwmanifest.xml','2022-06-11 14:30:56'),('feed/','2022-06-11 15:04:42'),('wp-json/wp/v2/users/','2022-06-11 15:04:43'),('wp-json/oembed/1.0/embed','2022-06-11 15:04:43'),('.well-known/acme-challenge/20QTKwk85dDAHYh96xWoFe94R5Vxoj2v_sxZ8ITaVFA','2022-06-12 00:04:10'),('.well-known/acme-challenge/20QTKwk85dDAHYh96xWoFe94R5Vxoj2v_sxZ8ITaVFA','2022-06-12 00:04:10'),('wp-includes/wlwmanifest.xml','2022-06-12 00:21:12'),('blog/wp-includes/wlwmanifest.xml','2022-06-12 00:21:12'),('web/wp-includes/wlwmanifest.xml','2022-06-12 00:21:13'),('wordpress/wp-includes/wlwmanifest.xml','2022-06-12 00:21:13'),('website/wp-includes/wlwmanifest.xml','2022-06-12 00:21:13'),('wp/wp-includes/wlwmanifest.xml','2022-06-12 00:21:13'),('news/wp-includes/wlwmanifest.xml','2022-06-12 00:21:13'),('2018/wp-includes/wlwmanifest.xml','2022-06-12 00:21:13'),('2019/wp-includes/wlwmanifest.xml','2022-06-12 00:21:14'),('shop/wp-includes/wlwmanifest.xml','2022-06-12 00:21:14'),('wp1/wp-includes/wlwmanifest.xml','2022-06-12 00:21:14'),('test/wp-includes/wlwmanifest.xml','2022-06-12 00:21:14'),('media/wp-includes/wlwmanifest.xml','2022-06-12 00:21:14'),('wp2/wp-includes/wlwmanifest.xml','2022-06-12 00:21:14'),('site/wp-includes/wlwmanifest.xml','2022-06-12 00:21:15'),('cms/wp-includes/wlwmanifest.xml','2022-06-12 00:21:15'),('sito/wp-includes/wlwmanifest.xml','2022-06-12 00:21:15'),('wp-includes/wlwmanifest.xml','2022-06-12 01:56:08'),('blog/wp-includes/wlwmanifest.xml','2022-06-12 01:56:09'),('web/wp-includes/wlwmanifest.xml','2022-06-12 01:56:10'),('wordpress/wp-includes/wlwmanifest.xml','2022-06-12 01:56:10'),('website/wp-includes/wlwmanifest.xml','2022-06-12 01:56:10'),('wp/wp-includes/wlwmanifest.xml','2022-06-12 01:56:11'),('news/wp-includes/wlwmanifest.xml','2022-06-12 01:56:11'),('2018/wp-includes/wlwmanifest.xml','2022-06-12 01:56:11'),('2019/wp-includes/wlwmanifest.xml','2022-06-12 01:56:12'),('shop/wp-includes/wlwmanifest.xml','2022-06-12 01:56:12'),('wp1/wp-includes/wlwmanifest.xml','2022-06-12 01:56:12'),('test/wp-includes/wlwmanifest.xml','2022-06-12 01:56:13'),('media/wp-includes/wlwmanifest.xml','2022-06-12 01:56:13'),('wp2/wp-includes/wlwmanifest.xml','2022-06-12 01:56:14'),('site/wp-includes/wlwmanifest.xml','2022-06-12 01:56:14'),('cms/wp-includes/wlwmanifest.xml','2022-06-12 01:56:14'),('sito/wp-includes/wlwmanifest.xml','2022-06-12 01:56:15'),('wp-includes/wlwmanifest.xml','2022-06-12 09:23:21'),('blog/wp-includes/wlwmanifest.xml','2022-06-12 09:23:22'),('web/wp-includes/wlwmanifest.xml','2022-06-12 09:23:23'),('wordpress/wp-includes/wlwmanifest.xml','2022-06-12 09:23:23'),('website/wp-includes/wlwmanifest.xml','2022-06-12 09:23:24'),('wp/wp-includes/wlwmanifest.xml','2022-06-12 09:23:24'),('news/wp-includes/wlwmanifest.xml','2022-06-12 09:23:24'),('2018/wp-includes/wlwmanifest.xml','2022-06-12 09:23:25'),('2019/wp-includes/wlwmanifest.xml','2022-06-12 09:23:25'),('shop/wp-includes/wlwmanifest.xml','2022-06-12 09:23:26'),('wp1/wp-includes/wlwmanifest.xml','2022-06-12 09:23:26'),('test/wp-includes/wlwmanifest.xml','2022-06-12 09:23:27'),('media/wp-includes/wlwmanifest.xml','2022-06-12 09:23:27'),('wp2/wp-includes/wlwmanifest.xml','2022-06-12 09:23:28'),('site/wp-includes/wlwmanifest.xml','2022-06-12 09:23:28'),('cms/wp-includes/wlwmanifest.xml','2022-06-12 09:23:28'),('sito/wp-includes/wlwmanifest.xml','2022-06-12 09:23:29'),('.well-known/acme-challenge/rJn1uA2IU_qK-q1Oi57EIIOy7XEY27-7hl4brKPt6rM','2022-06-12 12:01:03'),('wp-includes/wlwmanifest.xml','2022-06-12 16:32:07'),('blog/wp-includes/wlwmanifest.xml','2022-06-12 16:32:08'),('web/wp-includes/wlwmanifest.xml','2022-06-12 16:32:09'),('wordpress/wp-includes/wlwmanifest.xml','2022-06-12 16:32:10'),('website/wp-includes/wlwmanifest.xml','2022-06-12 16:32:11'),('wp/wp-includes/wlwmanifest.xml','2022-06-12 16:32:11'),('news/wp-includes/wlwmanifest.xml','2022-06-12 16:32:12'),('wp1/wp-includes/wlwmanifest.xml','2022-06-12 16:32:13'),('test/wp-includes/wlwmanifest.xml','2022-06-12 16:32:13'),('wp2/wp-includes/wlwmanifest.xml','2022-06-12 16:32:14'),('site/wp-includes/wlwmanifest.xml','2022-06-12 16:32:15'),('cms/wp-includes/wlwmanifest.xml','2022-06-12 16:32:16'),('sito/wp-includes/wlwmanifest.xml','2022-06-12 16:32:16'),('wp-includes/wlwmanifest.xml','2022-06-12 19:32:29'),('blog/wp-includes/wlwmanifest.xml','2022-06-12 19:32:30'),('web/wp-includes/wlwmanifest.xml','2022-06-12 19:32:31'),('wordpress/wp-includes/wlwmanifest.xml','2022-06-12 19:32:31'),('website/wp-includes/wlwmanifest.xml','2022-06-12 19:32:32'),('wp/wp-includes/wlwmanifest.xml','2022-06-12 19:32:32'),('news/wp-includes/wlwmanifest.xml','2022-06-12 19:32:32'),('2018/wp-includes/wlwmanifest.xml','2022-06-12 19:32:33'),('2019/wp-includes/wlwmanifest.xml','2022-06-12 19:32:33'),('shop/wp-includes/wlwmanifest.xml','2022-06-12 19:32:34'),('wp1/wp-includes/wlwmanifest.xml','2022-06-12 19:32:34'),('test/wp-includes/wlwmanifest.xml','2022-06-12 19:32:34'),('media/wp-includes/wlwmanifest.xml','2022-06-12 19:32:35'),('wp2/wp-includes/wlwmanifest.xml','2022-06-12 19:32:35'),('site/wp-includes/wlwmanifest.xml','2022-06-12 19:32:36'),('cms/wp-includes/wlwmanifest.xml','2022-06-12 19:32:36'),('sito/wp-includes/wlwmanifest.xml','2022-06-12 19:32:37'),('wp-includes/wlwmanifest.xml','2022-06-12 20:14:24'),('blog/wp-includes/wlwmanifest.xml','2022-06-12 20:14:26'),('web/wp-includes/wlwmanifest.xml','2022-06-12 20:14:27'),('wordpress/wp-includes/wlwmanifest.xml','2022-06-12 20:14:27'),('website/wp-includes/wlwmanifest.xml','2022-06-12 20:14:28'),('wp/wp-includes/wlwmanifest.xml','2022-06-12 20:14:28'),('news/wp-includes/wlwmanifest.xml','2022-06-12 20:14:29'),('2015/wp-includes/wlwmanifest.xml','2022-06-12 20:14:29'),('2016/wp-includes/wlwmanifest.xml','2022-06-12 20:14:29'),('2017/wp-includes/wlwmanifest.xml','2022-06-12 20:14:30'),('2018/wp-includes/wlwmanifest.xml','2022-06-12 20:14:30'),('shop/wp-includes/wlwmanifest.xml','2022-06-12 20:14:31'),('wp1/wp-includes/wlwmanifest.xml','2022-06-12 20:14:32'),('test/wp-includes/wlwmanifest.xml','2022-06-12 20:14:32'),('media/wp-includes/wlwmanifest.xml','2022-06-12 20:14:33'),('wp2/wp-includes/wlwmanifest.xml','2022-06-12 20:14:34'),('site/wp-includes/wlwmanifest.xml','2022-06-12 20:14:34'),('cms/wp-includes/wlwmanifest.xml','2022-06-12 20:14:35'),('sito/wp-includes/wlwmanifest.xml','2022-06-12 20:14:35'),('blog/the-ultimate-guide-to-choosing-the-right-laptop-battery.html','2022-06-13 03:27:10'),('wp-includes/wlwmanifest.xml','2022-06-13 08:00:14'),('blog/wp-includes/wlwmanifest.xml','2022-06-13 08:00:15'),('web/wp-includes/wlwmanifest.xml','2022-06-13 08:00:15'),('wordpress/wp-includes/wlwmanifest.xml','2022-06-13 08:00:15'),('website/wp-includes/wlwmanifest.xml','2022-06-13 08:00:15'),('wp/wp-includes/wlwmanifest.xml','2022-06-13 08:00:16'),('news/wp-includes/wlwmanifest.xml','2022-06-13 08:00:16'),('2018/wp-includes/wlwmanifest.xml','2022-06-13 08:00:16'),('2019/wp-includes/wlwmanifest.xml','2022-06-13 08:00:17'),('shop/wp-includes/wlwmanifest.xml','2022-06-13 08:00:17'),('wp1/wp-includes/wlwmanifest.xml','2022-06-13 08:00:17'),('test/wp-includes/wlwmanifest.xml','2022-06-13 08:00:18'),('media/wp-includes/wlwmanifest.xml','2022-06-13 08:00:18'),('wp2/wp-includes/wlwmanifest.xml','2022-06-13 08:00:18'),('site/wp-includes/wlwmanifest.xml','2022-06-13 08:00:18'),('cms/wp-includes/wlwmanifest.xml','2022-06-13 08:00:19'),('sito/wp-includes/wlwmanifest.xml','2022-06-13 08:00:19'),('wp-includes/wlwmanifest.xml','2022-06-13 08:23:35'),('blog/wp-includes/wlwmanifest.xml','2022-06-13 08:23:36'),('web/wp-includes/wlwmanifest.xml','2022-06-13 08:23:36'),('wordpress/wp-includes/wlwmanifest.xml','2022-06-13 08:23:36'),('website/wp-includes/wlwmanifest.xml','2022-06-13 08:23:37'),('wp/wp-includes/wlwmanifest.xml','2022-06-13 08:23:37'),('news/wp-includes/wlwmanifest.xml','2022-06-13 08:23:37'),('2020/wp-includes/wlwmanifest.xml','2022-06-13 08:23:38'),('2019/wp-includes/wlwmanifest.xml','2022-06-13 08:23:38'),('shop/wp-includes/wlwmanifest.xml','2022-06-13 08:23:38'),('wp1/wp-includes/wlwmanifest.xml','2022-06-13 08:23:39'),('test/wp-includes/wlwmanifest.xml','2022-06-13 08:23:39'),('wp2/wp-includes/wlwmanifest.xml','2022-06-13 08:23:39'),('site/wp-includes/wlwmanifest.xml','2022-06-13 08:23:40'),('cms/wp-includes/wlwmanifest.xml','2022-06-13 08:23:40'),('sito/wp-includes/wlwmanifest.xml','2022-06-13 08:23:40'),('wp-includes/wlwmanifest.xml','2022-06-13 08:49:26'),('blog/wp-includes/wlwmanifest.xml','2022-06-13 08:49:27'),('web/wp-includes/wlwmanifest.xml','2022-06-13 08:49:27'),('wordpress/wp-includes/wlwmanifest.xml','2022-06-13 08:49:27'),('website/wp-includes/wlwmanifest.xml','2022-06-13 08:49:27'),('wp/wp-includes/wlwmanifest.xml','2022-06-13 08:49:27'),('news/wp-includes/wlwmanifest.xml','2022-06-13 08:49:28'),('2018/wp-includes/wlwmanifest.xml','2022-06-13 08:49:28'),('2019/wp-includes/wlwmanifest.xml','2022-06-13 08:49:28'),('shop/wp-includes/wlwmanifest.xml','2022-06-13 08:49:28'),('wp1/wp-includes/wlwmanifest.xml','2022-06-13 08:49:28'),('test/wp-includes/wlwmanifest.xml','2022-06-13 08:49:28'),('media/wp-includes/wlwmanifest.xml','2022-06-13 08:49:29'),('wp2/wp-includes/wlwmanifest.xml','2022-06-13 08:49:29'),('site/wp-includes/wlwmanifest.xml','2022-06-13 08:49:29'),('cms/wp-includes/wlwmanifest.xml','2022-06-13 08:49:29'),('sito/wp-includes/wlwmanifest.xml','2022-06-13 08:49:29'),('.env','2022-06-13 12:01:37'),('te03xl-hstnn-ub7a-battery-for-hp-pavilion-15-bc427ur-bc302nm.html','2022-06-13 13:14:59'),('.env','2022-06-13 14:18:31'),('common/GetResponseStr','2022-06-13 20:35:57'),('wp-includes/wlwmanifest.xml','2022-06-14 00:43:53'),('blog/wp-includes/wlwmanifest.xml','2022-06-14 00:43:54'),('web/wp-includes/wlwmanifest.xml','2022-06-14 00:43:54'),('wordpress/wp-includes/wlwmanifest.xml','2022-06-14 00:43:55'),('website/wp-includes/wlwmanifest.xml','2022-06-14 00:43:55'),('wp/wp-includes/wlwmanifest.xml','2022-06-14 00:43:55'),('news/wp-includes/wlwmanifest.xml','2022-06-14 00:43:56'),('2020/wp-includes/wlwmanifest.xml','2022-06-14 00:43:56'),('2019/wp-includes/wlwmanifest.xml','2022-06-14 00:43:56'),('shop/wp-includes/wlwmanifest.xml','2022-06-14 00:43:57'),('wp1/wp-includes/wlwmanifest.xml','2022-06-14 00:43:57'),('test/wp-includes/wlwmanifest.xml','2022-06-14 00:43:57'),('wp2/wp-includes/wlwmanifest.xml','2022-06-14 00:43:58'),('site/wp-includes/wlwmanifest.xml','2022-06-14 00:43:58'),('cms/wp-includes/wlwmanifest.xml','2022-06-14 00:43:58'),('sito/wp-includes/wlwmanifest.xml','2022-06-14 00:43:59'),('wp-includes/wlwmanifest.xml','2022-06-14 05:33:26'),('blog/wp-includes/wlwmanifest.xml','2022-06-14 05:33:27'),('web/wp-includes/wlwmanifest.xml','2022-06-14 05:33:28'),('wordpress/wp-includes/wlwmanifest.xml','2022-06-14 05:33:28'),('website/wp-includes/wlwmanifest.xml','2022-06-14 05:33:28'),('wp/wp-includes/wlwmanifest.xml','2022-06-14 05:33:29'),('news/wp-includes/wlwmanifest.xml','2022-06-14 05:33:29'),('2020/wp-includes/wlwmanifest.xml','2022-06-14 05:33:29'),('2019/wp-includes/wlwmanifest.xml','2022-06-14 05:33:30'),('shop/wp-includes/wlwmanifest.xml','2022-06-14 05:33:30'),('wp1/wp-includes/wlwmanifest.xml','2022-06-14 05:33:30'),('test/wp-includes/wlwmanifest.xml','2022-06-14 05:33:31'),('wp2/wp-includes/wlwmanifest.xml','2022-06-14 05:33:31'),('site/wp-includes/wlwmanifest.xml','2022-06-14 05:33:31'),('cms/wp-includes/wlwmanifest.xml','2022-06-14 05:33:31'),('sito/wp-includes/wlwmanifest.xml','2022-06-14 05:33:32'),('wp-includes/wlwmanifest.xml','2022-06-14 07:04:41'),('blog/wp-includes/wlwmanifest.xml','2022-06-14 07:04:42'),('web/wp-includes/wlwmanifest.xml','2022-06-14 07:04:42'),('wordpress/wp-includes/wlwmanifest.xml','2022-06-14 07:04:43'),('website/wp-includes/wlwmanifest.xml','2022-06-14 07:04:43'),('wp/wp-includes/wlwmanifest.xml','2022-06-14 07:04:43'),('news/wp-includes/wlwmanifest.xml','2022-06-14 07:04:44'),('2018/wp-includes/wlwmanifest.xml','2022-06-14 07:04:44'),('2019/wp-includes/wlwmanifest.xml','2022-06-14 07:04:45'),('shop/wp-includes/wlwmanifest.xml','2022-06-14 07:04:45'),('wp1/wp-includes/wlwmanifest.xml','2022-06-14 07:04:45'),('test/wp-includes/wlwmanifest.xml','2022-06-14 07:04:46'),('media/wp-includes/wlwmanifest.xml','2022-06-14 07:04:46'),('wp2/wp-includes/wlwmanifest.xml','2022-06-14 07:04:47'),('site/wp-includes/wlwmanifest.xml','2022-06-14 07:04:47'),('cms/wp-includes/wlwmanifest.xml','2022-06-14 07:04:48'),('sito/wp-includes/wlwmanifest.xml','2022-06-14 07:04:48'),('_profiler/empty/search/results','2022-06-14 07:23:16'),('wp-includes/wlwmanifest.xml','2022-06-14 08:03:51'),('blog/wp-includes/wlwmanifest.xml','2022-06-14 08:03:52'),('web/wp-includes/wlwmanifest.xml','2022-06-14 08:03:53'),('wordpress/wp-includes/wlwmanifest.xml','2022-06-14 08:03:53'),('website/wp-includes/wlwmanifest.xml','2022-06-14 08:03:53'),('wp/wp-includes/wlwmanifest.xml','2022-06-14 08:03:54'),('news/wp-includes/wlwmanifest.xml','2022-06-14 08:03:54'),('2018/wp-includes/wlwmanifest.xml','2022-06-14 08:03:54'),('2019/wp-includes/wlwmanifest.xml','2022-06-14 08:03:55'),('shop/wp-includes/wlwmanifest.xml','2022-06-14 08:03:55'),('wp1/wp-includes/wlwmanifest.xml','2022-06-14 08:03:55'),('test/wp-includes/wlwmanifest.xml','2022-06-14 08:03:56'),('media/wp-includes/wlwmanifest.xml','2022-06-14 08:03:56'),('wp2/wp-includes/wlwmanifest.xml','2022-06-14 08:03:56'),('site/wp-includes/wlwmanifest.xml','2022-06-14 08:03:57'),('cms/wp-includes/wlwmanifest.xml','2022-06-14 08:03:57'),('sito/wp-includes/wlwmanifest.xml','2022-06-14 08:03:57'),('.well-known/acme-challenge/zL2tvjpMjOu_ggKkSm6uItEIpoxW1oxxmO5MtXxEEBY','2022-06-14 12:07:11'),('.well-known/acme-challenge/zL2tvjpMjOu_ggKkSm6uItEIpoxW1oxxmO5MtXxEEBY','2022-06-14 12:07:11'),('wp-includes/wlwmanifest.xml','2022-06-14 14:58:36'),('blog/wp-includes/wlwmanifest.xml','2022-06-14 14:58:37'),('web/wp-includes/wlwmanifest.xml','2022-06-14 14:58:38'),('wordpress/wp-includes/wlwmanifest.xml','2022-06-14 14:58:38'),('website/wp-includes/wlwmanifest.xml','2022-06-14 14:58:38'),('wp/wp-includes/wlwmanifest.xml','2022-06-14 14:58:38'),('news/wp-includes/wlwmanifest.xml','2022-06-14 14:58:39'),('2018/wp-includes/wlwmanifest.xml','2022-06-14 14:58:39'),('2019/wp-includes/wlwmanifest.xml','2022-06-14 14:58:39'),('shop/wp-includes/wlwmanifest.xml','2022-06-14 14:58:40'),('wp1/wp-includes/wlwmanifest.xml','2022-06-14 14:58:40'),('test/wp-includes/wlwmanifest.xml','2022-06-14 14:58:40'),('media/wp-includes/wlwmanifest.xml','2022-06-14 14:58:41'),('wp2/wp-includes/wlwmanifest.xml','2022-06-14 14:58:41'),('site/wp-includes/wlwmanifest.xml','2022-06-14 14:58:41'),('cms/wp-includes/wlwmanifest.xml','2022-06-14 14:58:41'),('sito/wp-includes/wlwmanifest.xml','2022-06-14 14:58:42'),('wp-includes/wlwmanifest.xml','2022-06-14 17:33:41'),('blog/wp-includes/wlwmanifest.xml','2022-06-14 17:33:42'),('web/wp-includes/wlwmanifest.xml','2022-06-14 17:33:42'),('wordpress/wp-includes/wlwmanifest.xml','2022-06-14 17:33:43'),('website/wp-includes/wlwmanifest.xml','2022-06-14 17:33:43'),('wp/wp-includes/wlwmanifest.xml','2022-06-14 17:33:43'),('news/wp-includes/wlwmanifest.xml','2022-06-14 17:33:44'),('2018/wp-includes/wlwmanifest.xml','2022-06-14 17:33:44'),('2019/wp-includes/wlwmanifest.xml','2022-06-14 17:33:44'),('shop/wp-includes/wlwmanifest.xml','2022-06-14 17:33:44'),('wp1/wp-includes/wlwmanifest.xml','2022-06-14 17:33:45'),('test/wp-includes/wlwmanifest.xml','2022-06-14 17:33:45'),('media/wp-includes/wlwmanifest.xml','2022-06-14 17:33:45'),('wp2/wp-includes/wlwmanifest.xml','2022-06-14 17:33:45'),('site/wp-includes/wlwmanifest.xml','2022-06-14 17:33:46'),('cms/wp-includes/wlwmanifest.xml','2022-06-14 17:33:46'),('sito/wp-includes/wlwmanifest.xml','2022-06-14 17:33:46'),('.well-known/acme-challenge/CjEuf3hpb2Zyk__zuXWE8_oQFpqcrrlEtupQ70XLJs8','2022-06-15 00:07:04'),('wp-includes/wlwmanifest.xml','2022-06-15 04:21:16'),('blog/wp-includes/wlwmanifest.xml','2022-06-15 04:21:17'),('web/wp-includes/wlwmanifest.xml','2022-06-15 04:21:18'),('wordpress/wp-includes/wlwmanifest.xml','2022-06-15 04:21:18'),('website/wp-includes/wlwmanifest.xml','2022-06-15 04:21:18'),('wp/wp-includes/wlwmanifest.xml','2022-06-15 04:21:19'),('news/wp-includes/wlwmanifest.xml','2022-06-15 04:21:19'),('2018/wp-includes/wlwmanifest.xml','2022-06-15 04:21:20'),('2019/wp-includes/wlwmanifest.xml','2022-06-15 04:21:20'),('shop/wp-includes/wlwmanifest.xml','2022-06-15 04:21:21'),('wp1/wp-includes/wlwmanifest.xml','2022-06-15 04:21:21'),('test/wp-includes/wlwmanifest.xml','2022-06-15 04:21:21'),('media/wp-includes/wlwmanifest.xml','2022-06-15 04:21:22'),('wp2/wp-includes/wlwmanifest.xml','2022-06-15 04:21:22'),('site/wp-includes/wlwmanifest.xml','2022-06-15 04:21:22'),('cms/wp-includes/wlwmanifest.xml','2022-06-15 04:21:23'),('sito/wp-includes/wlwmanifest.xml','2022-06-15 04:21:23'),('wp-includes/wlwmanifest.xml','2022-06-15 05:35:43'),('blog/wp-includes/wlwmanifest.xml','2022-06-15 05:35:44'),('web/wp-includes/wlwmanifest.xml','2022-06-15 05:35:45'),('wordpress/wp-includes/wlwmanifest.xml','2022-06-15 05:35:45'),('website/wp-includes/wlwmanifest.xml','2022-06-15 05:35:46'),('wp/wp-includes/wlwmanifest.xml','2022-06-15 05:35:46'),('news/wp-includes/wlwmanifest.xml','2022-06-15 05:35:46'),('2018/wp-includes/wlwmanifest.xml','2022-06-15 05:35:47'),('2019/wp-includes/wlwmanifest.xml','2022-06-15 05:35:47'),('shop/wp-includes/wlwmanifest.xml','2022-06-15 05:35:48'),('wp1/wp-includes/wlwmanifest.xml','2022-06-15 05:35:48'),('test/wp-includes/wlwmanifest.xml','2022-06-15 05:35:48'),('media/wp-includes/wlwmanifest.xml','2022-06-15 05:35:49'),('wp2/wp-includes/wlwmanifest.xml','2022-06-15 05:35:49'),('site/wp-includes/wlwmanifest.xml','2022-06-15 05:35:50'),('cms/wp-includes/wlwmanifest.xml','2022-06-15 05:35:50'),('sito/wp-includes/wlwmanifest.xml','2022-06-15 05:35:50'),('wp-includes/wlwmanifest.xml','2022-06-15 11:21:58'),('blog/wp-includes/wlwmanifest.xml','2022-06-15 11:21:59'),('web/wp-includes/wlwmanifest.xml','2022-06-15 11:21:59'),('wordpress/wp-includes/wlwmanifest.xml','2022-06-15 11:22:00'),('website/wp-includes/wlwmanifest.xml','2022-06-15 11:22:00'),('wp/wp-includes/wlwmanifest.xml','2022-06-15 11:22:00'),('news/wp-includes/wlwmanifest.xml','2022-06-15 11:22:01'),('2020/wp-includes/wlwmanifest.xml','2022-06-15 11:22:01'),('2019/wp-includes/wlwmanifest.xml','2022-06-15 11:22:01'),('shop/wp-includes/wlwmanifest.xml','2022-06-15 11:22:02'),('wp1/wp-includes/wlwmanifest.xml','2022-06-15 11:22:03'),('test/wp-includes/wlwmanifest.xml','2022-06-15 11:22:03'),('wp2/wp-includes/wlwmanifest.xml','2022-06-15 11:22:03'),('site/wp-includes/wlwmanifest.xml','2022-06-15 11:22:04'),('cms/wp-includes/wlwmanifest.xml','2022-06-15 11:22:04'),('sito/wp-includes/wlwmanifest.xml','2022-06-15 11:22:04'),('.well-known/acme-challenge/vW7Jb0W71t6b0-6-f3g-8r-GH31G4rO4MlYLiqwAqX4','2022-06-15 12:06:49'),('.well-known/acme-challenge/3LJVatW2WJQwYXmioRw8dZhSC4BOJxzM50kS5_GeaBI','2022-06-16 00:03:13'),('.well-known/acme-challenge/3LJVatW2WJQwYXmioRw8dZhSC4BOJxzM50kS5_GeaBI','2022-06-16 00:03:13'),('.well-known/acme-challenge/3LJVatW2WJQwYXmioRw8dZhSC4BOJxzM50kS5_GeaBI','2022-06-16 00:03:13'),('blog/6-top-apps-to-let-your-kids-to-use-for-safe-chat.html','2022-06-16 00:14:54'),('wp-includes/wlwmanifest.xml','2022-06-16 01:43:59'),('blog/wp-includes/wlwmanifest.xml','2022-06-16 01:44:07'),('web/wp-includes/wlwmanifest.xml','2022-06-16 01:44:11'),('wordpress/wp-includes/wlwmanifest.xml','2022-06-16 01:44:24'),('website/wp-includes/wlwmanifest.xml','2022-06-16 01:44:28'),('wp/wp-includes/wlwmanifest.xml','2022-06-16 01:44:31'),('news/wp-includes/wlwmanifest.xml','2022-06-16 01:44:33'),('2018/wp-includes/wlwmanifest.xml','2022-06-16 01:44:35'),('2019/wp-includes/wlwmanifest.xml','2022-06-16 01:44:36'),('shop/wp-includes/wlwmanifest.xml','2022-06-16 01:44:38'),('wp1/wp-includes/wlwmanifest.xml','2022-06-16 01:44:40'),('test/wp-includes/wlwmanifest.xml','2022-06-16 01:44:42'),('media/wp-includes/wlwmanifest.xml','2022-06-16 01:44:45'),('wp2/wp-includes/wlwmanifest.xml','2022-06-16 01:44:46'),('site/wp-includes/wlwmanifest.xml','2022-06-16 01:44:48'),('cms/wp-includes/wlwmanifest.xml','2022-06-16 01:44:49'),('sito/wp-includes/wlwmanifest.xml','2022-06-16 01:44:51'),('wp-includes/wlwmanifest.xml','2022-06-16 03:50:21'),('blog/wp-includes/wlwmanifest.xml','2022-06-16 03:50:21'),('web/wp-includes/wlwmanifest.xml','2022-06-16 03:50:22'),('wordpress/wp-includes/wlwmanifest.xml','2022-06-16 03:50:22'),('website/wp-includes/wlwmanifest.xml','2022-06-16 03:50:22'),('wp/wp-includes/wlwmanifest.xml','2022-06-16 03:50:22'),('news/wp-includes/wlwmanifest.xml','2022-06-16 03:50:22'),('wp1/wp-includes/wlwmanifest.xml','2022-06-16 03:50:22'),('test/wp-includes/wlwmanifest.xml','2022-06-16 03:50:23'),('wp2/wp-includes/wlwmanifest.xml','2022-06-16 03:50:23'),('site/wp-includes/wlwmanifest.xml','2022-06-16 03:50:23'),('cms/wp-includes/wlwmanifest.xml','2022-06-16 03:50:23'),('sito/wp-includes/wlwmanifest.xml','2022-06-16 03:50:23'),('wp-includes/ID3/license.txt','2022-06-16 04:38:51'),('feed/','2022-06-16 04:38:51'),('blog/wp-includes/wlwmanifest.xml','2022-06-16 10:42:18'),('web/wp-includes/wlwmanifest.xml','2022-06-16 10:42:20'),('wordpress/wp-includes/wlwmanifest.xml','2022-06-16 10:42:24'),('website/wp-includes/wlwmanifest.xml','2022-06-16 10:42:24'),('wp/wp-includes/wlwmanifest.xml','2022-06-16 10:42:25'),('news/wp-includes/wlwmanifest.xml','2022-06-16 10:42:25'),('2018/wp-includes/wlwmanifest.xml','2022-06-16 10:42:26'),('2019/wp-includes/wlwmanifest.xml','2022-06-16 10:42:26'),('shop/wp-includes/wlwmanifest.xml','2022-06-16 10:42:26'),('wp1/wp-includes/wlwmanifest.xml','2022-06-16 10:42:26'),('test/wp-includes/wlwmanifest.xml','2022-06-16 10:42:27'),('media/wp-includes/wlwmanifest.xml','2022-06-16 10:42:27'),('wp2/wp-includes/wlwmanifest.xml','2022-06-16 10:42:27'),('site/wp-includes/wlwmanifest.xml','2022-06-16 10:42:28'),('cms/wp-includes/wlwmanifest.xml','2022-06-16 10:42:28'),('sito/wp-includes/wlwmanifest.xml','2022-06-16 10:42:28'),('.env','2022-06-16 14:06:28'),('_profiler/phpinfo','2022-06-16 14:06:31'),('wp-includes/wlwmanifest.xml','2022-06-16 14:22:37'),('blog/wp-includes/wlwmanifest.xml','2022-06-16 14:23:58'),('web/wp-includes/wlwmanifest.xml','2022-06-16 14:24:29'),('wordpress/wp-includes/wlwmanifest.xml','2022-06-16 14:24:45'),('website/wp-includes/wlwmanifest.xml','2022-06-16 14:25:05'),('wp/wp-includes/wlwmanifest.xml','2022-06-16 14:25:24'),('news/wp-includes/wlwmanifest.xml','2022-06-16 14:25:42'),('2018/wp-includes/wlwmanifest.xml','2022-06-16 14:26:05'),('2019/wp-includes/wlwmanifest.xml','2022-06-16 14:26:41'),('shop/wp-includes/wlwmanifest.xml','2022-06-16 14:26:56'),('wp1/wp-includes/wlwmanifest.xml','2022-06-16 14:27:20'),('test/wp-includes/wlwmanifest.xml','2022-06-16 14:27:35'),('media/wp-includes/wlwmanifest.xml','2022-06-16 14:28:05'),('wp2/wp-includes/wlwmanifest.xml','2022-06-16 14:28:49'),('site/wp-includes/wlwmanifest.xml','2022-06-16 14:29:24'),('cms/wp-includes/wlwmanifest.xml','2022-06-16 14:29:42'),('sito/wp-includes/wlwmanifest.xml','2022-06-16 14:29:53'),('feed/','2022-06-16 17:12:32'),('blog/wp-includes/wlwmanifest.xml','2022-06-16 17:12:33'),('web/wp-includes/wlwmanifest.xml','2022-06-16 17:12:34'),('wordpress/wp-includes/wlwmanifest.xml','2022-06-16 17:12:34'),('website/wp-includes/wlwmanifest.xml','2022-06-16 17:12:34'),('wp/wp-includes/wlwmanifest.xml','2022-06-16 17:12:35'),('news/wp-includes/wlwmanifest.xml','2022-06-16 17:12:35'),('2020/wp-includes/wlwmanifest.xml','2022-06-16 17:12:35'),('2021/wp-includes/wlwmanifest.xml','2022-06-16 17:12:35'),('shop/wp-includes/wlwmanifest.xml','2022-06-16 17:12:36'),('wp1/wp-includes/wlwmanifest.xml','2022-06-16 17:12:36'),('test/wp-includes/wlwmanifest.xml','2022-06-16 17:12:36'),('wp2/wp-includes/wlwmanifest.xml','2022-06-16 17:12:37'),('site/wp-includes/wlwmanifest.xml','2022-06-16 17:12:37'),('cms/wp-includes/wlwmanifest.xml','2022-06-16 17:12:37'),('sito/wp-includes/wlwmanifest.xml','2022-06-16 17:12:38'),('wp-includes/wlwmanifest.xml','2022-06-16 17:41:30'),('blog/wp-includes/wlwmanifest.xml','2022-06-16 17:41:31'),('web/wp-includes/wlwmanifest.xml','2022-06-16 17:41:32'),('wordpress/wp-includes/wlwmanifest.xml','2022-06-16 17:41:32'),('website/wp-includes/wlwmanifest.xml','2022-06-16 17:41:32'),('wp/wp-includes/wlwmanifest.xml','2022-06-16 17:41:33'),('news/wp-includes/wlwmanifest.xml','2022-06-16 17:41:33'),('2018/wp-includes/wlwmanifest.xml','2022-06-16 17:41:33'),('2019/wp-includes/wlwmanifest.xml','2022-06-16 17:41:34'),('shop/wp-includes/wlwmanifest.xml','2022-06-16 17:41:34'),('wp1/wp-includes/wlwmanifest.xml','2022-06-16 17:41:35'),('test/wp-includes/wlwmanifest.xml','2022-06-16 17:41:35'),('media/wp-includes/wlwmanifest.xml','2022-06-16 17:41:35'),('wp2/wp-includes/wlwmanifest.xml','2022-06-16 17:41:36'),('site/wp-includes/wlwmanifest.xml','2022-06-16 17:41:36'),('cms/wp-includes/wlwmanifest.xml','2022-06-16 17:41:36'),('sito/wp-includes/wlwmanifest.xml','2022-06-16 17:41:37'),('.well-known/acme-challenge/dXOe9Czun6Qck8e5cg8bDEIMpPIUyUgbu_YgoIqEMHk','2022-06-17 00:05:57'),('.well-known/acme-challenge/dXOe9Czun6Qck8e5cg8bDEIMpPIUyUgbu_YgoIqEMHk','2022-06-17 00:05:57'),('.well-known/acme-challenge/dXOe9Czun6Qck8e5cg8bDEIMpPIUyUgbu_YgoIqEMHk','2022-06-17 00:05:58'),('administrator/language/en-GB/en-GB.xml','2022-06-17 05:33:22'),('wp-includes/ID3/license.txt','2022-06-17 05:33:23'),('plugins/system/debug/debug.xml','2022-06-17 05:33:25'),('ALFA_DATA/alfacgiapi/perl.alfa','2022-06-17 06:31:11'),('alfacgiapi/perl.alfa','2022-06-17 06:31:13'),('wp-content/plugins/apikey/apikey.php.suspected','2022-06-17 06:31:14'),('plugins/content/apismtp/apismtp.php.suspected','2022-06-17 06:31:14'),('common/GetResponseStr','2022-06-17 06:37:52'),('common/GetResponseStr','2022-06-17 06:38:28'),('wp-includes/wlwmanifest.xml','2022-06-17 12:31:37'),('blog/wp-includes/wlwmanifest.xml','2022-06-17 12:31:38'),('web/wp-includes/wlwmanifest.xml','2022-06-17 12:31:38'),('wordpress/wp-includes/wlwmanifest.xml','2022-06-17 12:31:39'),('website/wp-includes/wlwmanifest.xml','2022-06-17 12:31:39'),('wp/wp-includes/wlwmanifest.xml','2022-06-17 12:31:40'),('news/wp-includes/wlwmanifest.xml','2022-06-17 12:31:40'),('2020/wp-includes/wlwmanifest.xml','2022-06-17 12:31:40'),('2019/wp-includes/wlwmanifest.xml','2022-06-17 12:31:41'),('shop/wp-includes/wlwmanifest.xml','2022-06-17 12:31:41'),('wp1/wp-includes/wlwmanifest.xml','2022-06-17 12:31:41'),('test/wp-includes/wlwmanifest.xml','2022-06-17 12:31:42'),('wp2/wp-includes/wlwmanifest.xml','2022-06-17 12:31:42'),('site/wp-includes/wlwmanifest.xml','2022-06-17 12:31:43'),('cms/wp-includes/wlwmanifest.xml','2022-06-17 12:31:43'),('sito/wp-includes/wlwmanifest.xml','2022-06-17 12:31:44'),('.env','2022-06-17 13:14:08'),('.env','2022-06-17 13:20:51'),('.env','2022-06-17 13:51:10'),('wp-includes/wlwmanifest.xml','2022-06-17 14:30:15'),('blog/wp-includes/wlwmanifest.xml','2022-06-17 14:30:15'),('web/wp-includes/wlwmanifest.xml','2022-06-17 14:30:16'),('wordpress/wp-includes/wlwmanifest.xml','2022-06-17 14:30:16'),('website/wp-includes/wlwmanifest.xml','2022-06-17 14:30:16'),('wp/wp-includes/wlwmanifest.xml','2022-06-17 14:30:17'),('news/wp-includes/wlwmanifest.xml','2022-06-17 14:30:17'),('2020/wp-includes/wlwmanifest.xml','2022-06-17 14:30:17'),('2019/wp-includes/wlwmanifest.xml','2022-06-17 14:30:17'),('shop/wp-includes/wlwmanifest.xml','2022-06-17 14:30:18'),('wp1/wp-includes/wlwmanifest.xml','2022-06-17 14:30:18'),('test/wp-includes/wlwmanifest.xml','2022-06-17 14:30:18'),('wp2/wp-includes/wlwmanifest.xml','2022-06-17 14:30:18'),('site/wp-includes/wlwmanifest.xml','2022-06-17 14:30:19'),('cms/wp-includes/wlwmanifest.xml','2022-06-17 14:30:19'),('sito/wp-includes/wlwmanifest.xml','2022-06-17 14:30:19'),('wp-includes/wlwmanifest.xml','2022-06-17 15:35:16'),('blog/wp-includes/wlwmanifest.xml','2022-06-17 15:35:17'),('web/wp-includes/wlwmanifest.xml','2022-06-17 15:35:17'),('wordpress/wp-includes/wlwmanifest.xml','2022-06-17 15:35:18'),('website/wp-includes/wlwmanifest.xml','2022-06-17 15:35:18'),('wp/wp-includes/wlwmanifest.xml','2022-06-17 15:35:18'),('news/wp-includes/wlwmanifest.xml','2022-06-17 15:35:19'),('2018/wp-includes/wlwmanifest.xml','2022-06-17 15:35:19'),('2019/wp-includes/wlwmanifest.xml','2022-06-17 15:35:19'),('shop/wp-includes/wlwmanifest.xml','2022-06-17 15:35:20'),('wp1/wp-includes/wlwmanifest.xml','2022-06-17 15:35:20'),('test/wp-includes/wlwmanifest.xml','2022-06-17 15:35:20'),('media/wp-includes/wlwmanifest.xml','2022-06-17 15:35:21'),('wp2/wp-includes/wlwmanifest.xml','2022-06-17 15:35:21'),('site/wp-includes/wlwmanifest.xml','2022-06-17 15:35:21'),('cms/wp-includes/wlwmanifest.xml','2022-06-17 15:35:22'),('sito/wp-includes/wlwmanifest.xml','2022-06-17 15:35:22'),('blog/wp-includes/wlwmanifest.xml','2022-06-17 17:08:23'),('web/wp-includes/wlwmanifest.xml','2022-06-17 17:10:03'),('wordpress/wp-includes/wlwmanifest.xml','2022-06-17 17:11:50'),('website/wp-includes/wlwmanifest.xml','2022-06-17 17:13:22'),('wp/wp-includes/wlwmanifest.xml','2022-06-17 17:15:00'),('news/wp-includes/wlwmanifest.xml','2022-06-17 17:16:47'),('2020/wp-includes/wlwmanifest.xml','2022-06-17 17:18:36'),('2019/wp-includes/wlwmanifest.xml','2022-06-17 17:20:11'),('shop/wp-includes/wlwmanifest.xml','2022-06-17 17:21:39'),('wp1/wp-includes/wlwmanifest.xml','2022-06-17 17:23:32'),('test/wp-includes/wlwmanifest.xml','2022-06-17 17:25:27'),('wp2/wp-includes/wlwmanifest.xml','2022-06-17 17:27:05'),('site/wp-includes/wlwmanifest.xml','2022-06-17 17:28:59'),('cms/wp-includes/wlwmanifest.xml','2022-06-17 17:30:37'),('sito/wp-includes/wlwmanifest.xml','2022-06-17 17:33:12'),('.env','2022-06-17 21:53:31'),('_profiler/phpinfo','2022-06-17 21:53:35'),('wp-includes/ID3/license.txt','2022-06-18 01:33:40'),('feed/','2022-06-18 01:33:41'),('wp-includes/wlwmanifest.xml','2022-06-18 02:55:34'),('blog/wp-includes/wlwmanifest.xml','2022-06-18 02:55:35'),('web/wp-includes/wlwmanifest.xml','2022-06-18 02:55:35'),('wordpress/wp-includes/wlwmanifest.xml','2022-06-18 02:55:35'),('website/wp-includes/wlwmanifest.xml','2022-06-18 02:55:36'),('wp/wp-includes/wlwmanifest.xml','2022-06-18 02:55:36'),('news/wp-includes/wlwmanifest.xml','2022-06-18 02:55:37'),('2018/wp-includes/wlwmanifest.xml','2022-06-18 02:55:37'),('2019/wp-includes/wlwmanifest.xml','2022-06-18 02:55:37'),('shop/wp-includes/wlwmanifest.xml','2022-06-18 02:55:38'),('wp1/wp-includes/wlwmanifest.xml','2022-06-18 02:55:38'),('test/wp-includes/wlwmanifest.xml','2022-06-18 02:55:39'),('media/wp-includes/wlwmanifest.xml','2022-06-18 02:55:39'),('wp2/wp-includes/wlwmanifest.xml','2022-06-18 02:55:39'),('site/wp-includes/wlwmanifest.xml','2022-06-18 02:55:40'),('cms/wp-includes/wlwmanifest.xml','2022-06-18 02:55:40'),('sito/wp-includes/wlwmanifest.xml','2022-06-18 02:55:41'),('admin','2022-06-18 03:32:33'),('admin/login','2022-06-18 03:32:47'),('wp-includes/wlwmanifest.xml','2022-06-18 03:57:39'),('blog/wp-includes/wlwmanifest.xml','2022-06-18 03:57:40'),('web/wp-includes/wlwmanifest.xml','2022-06-18 03:57:41'),('wordpress/wp-includes/wlwmanifest.xml','2022-06-18 03:57:41'),('website/wp-includes/wlwmanifest.xml','2022-06-18 03:57:41'),('wp/wp-includes/wlwmanifest.xml','2022-06-18 03:57:41'),('news/wp-includes/wlwmanifest.xml','2022-06-18 03:57:42'),('2018/wp-includes/wlwmanifest.xml','2022-06-18 03:57:42'),('2019/wp-includes/wlwmanifest.xml','2022-06-18 03:57:42'),('shop/wp-includes/wlwmanifest.xml','2022-06-18 03:57:43'),('wp1/wp-includes/wlwmanifest.xml','2022-06-18 03:57:43'),('test/wp-includes/wlwmanifest.xml','2022-06-18 03:57:43'),('media/wp-includes/wlwmanifest.xml','2022-06-18 03:57:44'),('wp2/wp-includes/wlwmanifest.xml','2022-06-18 03:57:44'),('site/wp-includes/wlwmanifest.xml','2022-06-18 03:57:44'),('cms/wp-includes/wlwmanifest.xml','2022-06-18 03:57:45'),('sito/wp-includes/wlwmanifest.xml','2022-06-18 03:57:45'),('wp-includes/wlwmanifest.xml','2022-06-18 06:53:40'),('blog/wp-includes/wlwmanifest.xml','2022-06-18 06:53:41'),('web/wp-includes/wlwmanifest.xml','2022-06-18 06:53:41'),('wordpress/wp-includes/wlwmanifest.xml','2022-06-18 06:53:41'),('website/wp-includes/wlwmanifest.xml','2022-06-18 06:53:42'),('wp/wp-includes/wlwmanifest.xml','2022-06-18 06:53:42'),('news/wp-includes/wlwmanifest.xml','2022-06-18 06:53:43'),('2018/wp-includes/wlwmanifest.xml','2022-06-18 06:53:43'),('2019/wp-includes/wlwmanifest.xml','2022-06-18 06:53:43'),('shop/wp-includes/wlwmanifest.xml','2022-06-18 06:53:44'),('wp1/wp-includes/wlwmanifest.xml','2022-06-18 06:53:44'),('test/wp-includes/wlwmanifest.xml','2022-06-18 06:53:44'),('media/wp-includes/wlwmanifest.xml','2022-06-18 06:53:45'),('wp2/wp-includes/wlwmanifest.xml','2022-06-18 06:53:45'),('site/wp-includes/wlwmanifest.xml','2022-06-18 06:53:46'),('cms/wp-includes/wlwmanifest.xml','2022-06-18 06:53:46'),('sito/wp-includes/wlwmanifest.xml','2022-06-18 06:53:46'),('wp-includes/wlwmanifest.xml','2022-06-18 07:53:47'),('blog/wp-includes/wlwmanifest.xml','2022-06-18 07:54:25'),('web/wp-includes/wlwmanifest.xml','2022-06-18 07:54:44'),('wordpress/wp-includes/wlwmanifest.xml','2022-06-18 07:55:05'),('website/wp-includes/wlwmanifest.xml','2022-06-18 07:55:34'),('wp/wp-includes/wlwmanifest.xml','2022-06-18 07:55:52'),('news/wp-includes/wlwmanifest.xml','2022-06-18 07:56:02'),('2018/wp-includes/wlwmanifest.xml','2022-06-18 07:56:16'),('2019/wp-includes/wlwmanifest.xml','2022-06-18 07:56:41'),('shop/wp-includes/wlwmanifest.xml','2022-06-18 07:56:57'),('wp1/wp-includes/wlwmanifest.xml','2022-06-18 07:57:15'),('test/wp-includes/wlwmanifest.xml','2022-06-18 07:57:31'),('media/wp-includes/wlwmanifest.xml','2022-06-18 07:57:46'),('wp2/wp-includes/wlwmanifest.xml','2022-06-18 07:57:56'),('site/wp-includes/wlwmanifest.xml','2022-06-18 07:58:12'),('cms/wp-includes/wlwmanifest.xml','2022-06-18 07:58:33'),('sito/wp-includes/wlwmanifest.xml','2022-06-18 07:58:48'),('wp-includes/wlwmanifest.xml','2022-06-18 10:59:54'),('blog/wp-includes/wlwmanifest.xml','2022-06-18 11:00:20'),('web/wp-includes/wlwmanifest.xml','2022-06-18 11:00:34'),('wordpress/wp-includes/wlwmanifest.xml','2022-06-18 11:00:47'),('website/wp-includes/wlwmanifest.xml','2022-06-18 11:00:56'),('wp/wp-includes/wlwmanifest.xml','2022-06-18 11:01:07'),('news/wp-includes/wlwmanifest.xml','2022-06-18 11:01:20'),('2018/wp-includes/wlwmanifest.xml','2022-06-18 11:01:29'),('2019/wp-includes/wlwmanifest.xml','2022-06-18 11:01:42'),('shop/wp-includes/wlwmanifest.xml','2022-06-18 11:01:51'),('wp1/wp-includes/wlwmanifest.xml','2022-06-18 11:01:59'),('test/wp-includes/wlwmanifest.xml','2022-06-18 11:02:09'),('media/wp-includes/wlwmanifest.xml','2022-06-18 11:02:21'),('wp2/wp-includes/wlwmanifest.xml','2022-06-18 11:02:36'),('site/wp-includes/wlwmanifest.xml','2022-06-18 11:02:48'),('cms/wp-includes/wlwmanifest.xml','2022-06-18 11:03:04'),('sito/wp-includes/wlwmanifest.xml','2022-06-18 11:03:16'),('blog/reasons-why-you-should-give-silk-clothing-a-chance.html','2022-06-18 11:48:21'),('.env','2022-06-18 12:07:43'),('feed/','2022-06-18 12:44:30'),('wp-json/wp/v2/users/','2022-06-18 12:44:31'),('wp-json/oembed/1.0/embed','2022-06-18 12:44:31'),('laptop-batteries.html','2022-06-18 20:45:21'),('wp-includes/wlwmanifest.xml','2022-06-19 09:35:29'),('blog/wp-includes/wlwmanifest.xml','2022-06-19 09:35:30'),('web/wp-includes/wlwmanifest.xml','2022-06-19 09:35:30'),('wordpress/wp-includes/wlwmanifest.xml','2022-06-19 09:35:30'),('website/wp-includes/wlwmanifest.xml','2022-06-19 09:35:31'),('wp/wp-includes/wlwmanifest.xml','2022-06-19 09:35:31'),('news/wp-includes/wlwmanifest.xml','2022-06-19 09:35:31'),('2020/wp-includes/wlwmanifest.xml','2022-06-19 09:35:32'),('2019/wp-includes/wlwmanifest.xml','2022-06-19 09:35:32'),('shop/wp-includes/wlwmanifest.xml','2022-06-19 09:35:32'),('wp1/wp-includes/wlwmanifest.xml','2022-06-19 09:35:33'),('test/wp-includes/wlwmanifest.xml','2022-06-19 09:35:33'),('wp2/wp-includes/wlwmanifest.xml','2022-06-19 09:35:33'),('site/wp-includes/wlwmanifest.xml','2022-06-19 09:35:34'),('cms/wp-includes/wlwmanifest.xml','2022-06-19 09:35:34'),('sito/wp-includes/wlwmanifest.xml','2022-06-19 09:35:34'),('wp-includes/wlwmanifest.xml','2022-06-19 10:59:32'),('blog/wp-includes/wlwmanifest.xml','2022-06-19 10:59:33'),('web/wp-includes/wlwmanifest.xml','2022-06-19 10:59:34'),('wordpress/wp-includes/wlwmanifest.xml','2022-06-19 10:59:34'),('website/wp-includes/wlwmanifest.xml','2022-06-19 10:59:35'),('wp/wp-includes/wlwmanifest.xml','2022-06-19 10:59:35'),('news/wp-includes/wlwmanifest.xml','2022-06-19 10:59:35'),('2020/wp-includes/wlwmanifest.xml','2022-06-19 10:59:36'),('2019/wp-includes/wlwmanifest.xml','2022-06-19 10:59:36'),('shop/wp-includes/wlwmanifest.xml','2022-06-19 10:59:37'),('wp1/wp-includes/wlwmanifest.xml','2022-06-19 10:59:37'),('test/wp-includes/wlwmanifest.xml','2022-06-19 10:59:38'),('wp2/wp-includes/wlwmanifest.xml','2022-06-19 10:59:38'),('site/wp-includes/wlwmanifest.xml','2022-06-19 10:59:38'),('cms/wp-includes/wlwmanifest.xml','2022-06-19 10:59:39'),('sito/wp-includes/wlwmanifest.xml','2022-06-19 10:59:39'),('.DS_Store','2022-06-19 12:09:47'),('s/3133392e3138302e3137342e313937/_/;/META-INF/maven/com.atlassian.jira/jira-webapp-dist/pom.properties','2022-06-19 12:09:47'),('ecp/Current/exporttool/microsoft.exchange.ediscovery.exporttool.application','2022-06-19 12:09:47'),('server-status','2022-06-19 12:09:47'),('.env','2022-06-19 12:09:47'),('.git/config','2022-06-19 12:09:47'),('telescope/requests','2022-06-19 12:09:47'),('login.action','2022-06-19 12:09:48'),('wp-includes/wlwmanifest.xml','2022-06-19 12:41:54'),('blog/wp-includes/wlwmanifest.xml','2022-06-19 12:41:55'),('web/wp-includes/wlwmanifest.xml','2022-06-19 12:41:55'),('wordpress/wp-includes/wlwmanifest.xml','2022-06-19 12:41:55'),('website/wp-includes/wlwmanifest.xml','2022-06-19 12:41:55'),('wp/wp-includes/wlwmanifest.xml','2022-06-19 12:41:56'),('news/wp-includes/wlwmanifest.xml','2022-06-19 12:41:56'),('2020/wp-includes/wlwmanifest.xml','2022-06-19 12:41:56'),('2019/wp-includes/wlwmanifest.xml','2022-06-19 12:41:57'),('shop/wp-includes/wlwmanifest.xml','2022-06-19 12:41:57'),('wp1/wp-includes/wlwmanifest.xml','2022-06-19 12:41:57'),('test/wp-includes/wlwmanifest.xml','2022-06-19 12:41:57'),('wp2/wp-includes/wlwmanifest.xml','2022-06-19 12:41:58'),('site/wp-includes/wlwmanifest.xml','2022-06-19 12:41:58'),('cms/wp-includes/wlwmanifest.xml','2022-06-19 12:41:58'),('sito/wp-includes/wlwmanifest.xml','2022-06-19 12:41:58'),('wp-includes/ID3/license.txt','2022-06-19 13:50:06'),('feed/','2022-06-19 13:50:07'),('wp-includes/wlwmanifest.xml','2022-06-19 14:04:06'),('blog/wp-includes/wlwmanifest.xml','2022-06-19 14:04:07'),('web/wp-includes/wlwmanifest.xml','2022-06-19 14:04:08'),('wordpress/wp-includes/wlwmanifest.xml','2022-06-19 14:04:08'),('website/wp-includes/wlwmanifest.xml','2022-06-19 14:04:09'),('wp/wp-includes/wlwmanifest.xml','2022-06-19 14:04:09'),('news/wp-includes/wlwmanifest.xml','2022-06-19 14:04:09'),('2018/wp-includes/wlwmanifest.xml','2022-06-19 14:04:10'),('2019/wp-includes/wlwmanifest.xml','2022-06-19 14:04:10'),('shop/wp-includes/wlwmanifest.xml','2022-06-19 14:04:10'),('wp1/wp-includes/wlwmanifest.xml','2022-06-19 14:04:10'),('test/wp-includes/wlwmanifest.xml','2022-06-19 14:04:11'),('media/wp-includes/wlwmanifest.xml','2022-06-19 14:04:11'),('wp2/wp-includes/wlwmanifest.xml','2022-06-19 14:04:12'),('site/wp-includes/wlwmanifest.xml','2022-06-19 14:04:12'),('cms/wp-includes/wlwmanifest.xml','2022-06-19 14:04:12'),('sito/wp-includes/wlwmanifest.xml','2022-06-19 14:04:12'),('.env','2022-06-19 17:01:49'),('_profiler/phpinfo','2022-06-19 17:01:53'),('wp-includes/wlwmanifest.xml','2022-06-19 17:09:37'),('blog/wp-includes/wlwmanifest.xml','2022-06-19 17:09:37'),('web/wp-includes/wlwmanifest.xml','2022-06-19 17:09:37'),('wordpress/wp-includes/wlwmanifest.xml','2022-06-19 17:09:37'),('website/wp-includes/wlwmanifest.xml','2022-06-19 17:09:37'),('wp/wp-includes/wlwmanifest.xml','2022-06-19 17:09:38'),('news/wp-includes/wlwmanifest.xml','2022-06-19 17:09:38'),('2020/wp-includes/wlwmanifest.xml','2022-06-19 17:09:38'),('2019/wp-includes/wlwmanifest.xml','2022-06-19 17:09:38'),('shop/wp-includes/wlwmanifest.xml','2022-06-19 17:09:38'),('wp1/wp-includes/wlwmanifest.xml','2022-06-19 17:09:38'),('test/wp-includes/wlwmanifest.xml','2022-06-19 17:09:39'),('wp2/wp-includes/wlwmanifest.xml','2022-06-19 17:09:39'),('site/wp-includes/wlwmanifest.xml','2022-06-19 17:09:39'),('cms/wp-includes/wlwmanifest.xml','2022-06-19 17:09:39'),('sito/wp-includes/wlwmanifest.xml','2022-06-19 17:09:39'),('wp-includes/ID3/license.txt','2022-06-19 22:47:23'),('feed/','2022-06-19 22:47:24'),('.well-known/security.txt','2022-06-19 23:43:20'),('wp-includes/wlwmanifest.xml','2022-06-20 03:30:02'),('blog/wp-includes/wlwmanifest.xml','2022-06-20 03:30:03'),('web/wp-includes/wlwmanifest.xml','2022-06-20 03:30:03'),('wordpress/wp-includes/wlwmanifest.xml','2022-06-20 03:30:04'),('website/wp-includes/wlwmanifest.xml','2022-06-20 03:30:04'),('wp/wp-includes/wlwmanifest.xml','2022-06-20 03:30:05'),('news/wp-includes/wlwmanifest.xml','2022-06-20 03:30:05'),('2018/wp-includes/wlwmanifest.xml','2022-06-20 03:30:05'),('2019/wp-includes/wlwmanifest.xml','2022-06-20 03:30:06'),('shop/wp-includes/wlwmanifest.xml','2022-06-20 03:30:06'),('wp1/wp-includes/wlwmanifest.xml','2022-06-20 03:30:07'),('test/wp-includes/wlwmanifest.xml','2022-06-20 03:30:07'),('media/wp-includes/wlwmanifest.xml','2022-06-20 03:30:07'),('wp2/wp-includes/wlwmanifest.xml','2022-06-20 03:30:08'),('site/wp-includes/wlwmanifest.xml','2022-06-20 03:30:08'),('cms/wp-includes/wlwmanifest.xml','2022-06-20 03:30:08'),('sito/wp-includes/wlwmanifest.xml','2022-06-20 03:30:09'),('wp-includes/wlwmanifest.xml','2022-06-20 06:48:04'),('blog/wp-includes/wlwmanifest.xml','2022-06-20 06:48:06'),('web/wp-includes/wlwmanifest.xml','2022-06-20 06:48:06'),('wordpress/wp-includes/wlwmanifest.xml','2022-06-20 06:48:07'),('website/wp-includes/wlwmanifest.xml','2022-06-20 06:48:08'),('wp/wp-includes/wlwmanifest.xml','2022-06-20 06:48:09'),('news/wp-includes/wlwmanifest.xml','2022-06-20 06:48:10'),('2020/wp-includes/wlwmanifest.xml','2022-06-20 06:48:10'),('2019/wp-includes/wlwmanifest.xml','2022-06-20 06:48:11'),('shop/wp-includes/wlwmanifest.xml','2022-06-20 06:48:12'),('wp1/wp-includes/wlwmanifest.xml','2022-06-20 06:48:12'),('test/wp-includes/wlwmanifest.xml','2022-06-20 06:48:13'),('wp2/wp-includes/wlwmanifest.xml','2022-06-20 06:48:14'),('site/wp-includes/wlwmanifest.xml','2022-06-20 06:48:14'),('cms/wp-includes/wlwmanifest.xml','2022-06-20 06:48:15'),('sito/wp-includes/wlwmanifest.xml','2022-06-20 06:48:16'),('wp-includes/wlwmanifest.xml','2022-06-20 07:32:03'),('blog/wp-includes/wlwmanifest.xml','2022-06-20 07:32:03'),('web/wp-includes/wlwmanifest.xml','2022-06-20 07:32:04'),('wordpress/wp-includes/wlwmanifest.xml','2022-06-20 07:32:04'),('website/wp-includes/wlwmanifest.xml','2022-06-20 07:32:04'),('wp/wp-includes/wlwmanifest.xml','2022-06-20 07:32:04'),('news/wp-includes/wlwmanifest.xml','2022-06-20 07:32:04'),('2020/wp-includes/wlwmanifest.xml','2022-06-20 07:32:05'),('2019/wp-includes/wlwmanifest.xml','2022-06-20 07:32:05'),('shop/wp-includes/wlwmanifest.xml','2022-06-20 07:32:05'),('wp1/wp-includes/wlwmanifest.xml','2022-06-20 07:32:05'),('test/wp-includes/wlwmanifest.xml','2022-06-20 07:32:05'),('wp2/wp-includes/wlwmanifest.xml','2022-06-20 07:32:06'),('site/wp-includes/wlwmanifest.xml','2022-06-20 07:32:06'),('cms/wp-includes/wlwmanifest.xml','2022-06-20 07:32:06'),('sito/wp-includes/wlwmanifest.xml','2022-06-20 07:32:06'),('.well-known/acme-challenge/mAS4Y8y7CQPs0bniMMeIwxBrQYXItZ5gIeawV5s0mA8','2022-06-20 12:05:17'),('wp-includes/wlwmanifest.xml','2022-06-20 12:40:19'),('blog/wp-includes/wlwmanifest.xml','2022-06-20 12:40:19'),('web/wp-includes/wlwmanifest.xml','2022-06-20 12:40:20'),('wordpress/wp-includes/wlwmanifest.xml','2022-06-20 12:40:20'),('website/wp-includes/wlwmanifest.xml','2022-06-20 12:40:21'),('wp/wp-includes/wlwmanifest.xml','2022-06-20 12:40:21'),('news/wp-includes/wlwmanifest.xml','2022-06-20 12:40:21'),('2018/wp-includes/wlwmanifest.xml','2022-06-20 12:40:22'),('2019/wp-includes/wlwmanifest.xml','2022-06-20 12:40:22'),('shop/wp-includes/wlwmanifest.xml','2022-06-20 12:40:23'),('wp1/wp-includes/wlwmanifest.xml','2022-06-20 12:40:23'),('test/wp-includes/wlwmanifest.xml','2022-06-20 12:40:23'),('media/wp-includes/wlwmanifest.xml','2022-06-20 12:40:24'),('wp2/wp-includes/wlwmanifest.xml','2022-06-20 12:40:24'),('site/wp-includes/wlwmanifest.xml','2022-06-20 12:40:25'),('cms/wp-includes/wlwmanifest.xml','2022-06-20 12:40:25'),('sito/wp-includes/wlwmanifest.xml','2022-06-20 12:40:25'),('terms-conditions.html','2022-06-20 13:58:31'),('wp-includes/wlwmanifest.xml','2022-06-20 17:31:35'),('blog/wp-includes/wlwmanifest.xml','2022-06-20 17:31:45'),('web/wp-includes/wlwmanifest.xml','2022-06-20 17:31:48'),('wordpress/wp-includes/wlwmanifest.xml','2022-06-20 17:31:50'),('website/wp-includes/wlwmanifest.xml','2022-06-20 17:31:52'),('wp/wp-includes/wlwmanifest.xml','2022-06-20 17:31:54'),('news/wp-includes/wlwmanifest.xml','2022-06-20 17:31:59'),('2018/wp-includes/wlwmanifest.xml','2022-06-20 17:32:04'),('2019/wp-includes/wlwmanifest.xml','2022-06-20 17:32:10'),('shop/wp-includes/wlwmanifest.xml','2022-06-20 17:32:13'),('wp1/wp-includes/wlwmanifest.xml','2022-06-20 17:32:15'),('test/wp-includes/wlwmanifest.xml','2022-06-20 17:32:18'),('media/wp-includes/wlwmanifest.xml','2022-06-20 17:32:22'),('wp2/wp-includes/wlwmanifest.xml','2022-06-20 17:32:25'),('site/wp-includes/wlwmanifest.xml','2022-06-20 17:32:27'),('cms/wp-includes/wlwmanifest.xml','2022-06-20 17:32:29'),('sito/wp-includes/wlwmanifest.xml','2022-06-20 17:32:32'),('common/GetResponseStr','2022-06-20 18:26:13'),('common/GetResponseStr','2022-06-20 18:26:22'),('wp-includes/wlwmanifest.xml','2022-06-20 20:48:52'),('blog/wp-includes/wlwmanifest.xml','2022-06-20 20:48:53'),('web/wp-includes/wlwmanifest.xml','2022-06-20 20:48:53'),('wordpress/wp-includes/wlwmanifest.xml','2022-06-20 20:48:53'),('website/wp-includes/wlwmanifest.xml','2022-06-20 20:48:53'),('wp/wp-includes/wlwmanifest.xml','2022-06-20 20:48:53'),('news/wp-includes/wlwmanifest.xml','2022-06-20 20:48:53'),('2020/wp-includes/wlwmanifest.xml','2022-06-20 20:48:54'),('2019/wp-includes/wlwmanifest.xml','2022-06-20 20:48:54'),('shop/wp-includes/wlwmanifest.xml','2022-06-20 20:48:54'),('wp1/wp-includes/wlwmanifest.xml','2022-06-20 20:48:54'),('test/wp-includes/wlwmanifest.xml','2022-06-20 20:48:54'),('wp2/wp-includes/wlwmanifest.xml','2022-06-20 20:48:54'),('site/wp-includes/wlwmanifest.xml','2022-06-20 20:48:55'),('cms/wp-includes/wlwmanifest.xml','2022-06-20 20:48:55'),('sito/wp-includes/wlwmanifest.xml','2022-06-20 20:48:55'),('.well-known/acme-challenge/qAYNMDPspl0lbMapLzVVnAF7LRkmAcPhv7sPqfUKCQE','2022-06-21 00:06:38'),('wp-includes/wlwmanifest.xml','2022-06-21 00:16:01'),('blog/wp-includes/wlwmanifest.xml','2022-06-21 00:16:01'),('web/wp-includes/wlwmanifest.xml','2022-06-21 00:16:01'),('wordpress/wp-includes/wlwmanifest.xml','2022-06-21 00:16:02'),('website/wp-includes/wlwmanifest.xml','2022-06-21 00:16:02'),('wp/wp-includes/wlwmanifest.xml','2022-06-21 00:16:02'),('news/wp-includes/wlwmanifest.xml','2022-06-21 00:16:02'),('2018/wp-includes/wlwmanifest.xml','2022-06-21 00:16:03'),('2019/wp-includes/wlwmanifest.xml','2022-06-21 00:16:03'),('shop/wp-includes/wlwmanifest.xml','2022-06-21 00:16:03'),('wp1/wp-includes/wlwmanifest.xml','2022-06-21 00:16:03'),('test/wp-includes/wlwmanifest.xml','2022-06-21 00:16:04'),('media/wp-includes/wlwmanifest.xml','2022-06-21 00:16:04'),('wp2/wp-includes/wlwmanifest.xml','2022-06-21 00:16:04'),('site/wp-includes/wlwmanifest.xml','2022-06-21 00:16:04'),('cms/wp-includes/wlwmanifest.xml','2022-06-21 00:16:05'),('sito/wp-includes/wlwmanifest.xml','2022-06-21 00:16:05'),('wp-includes/ID3/license.txt','2022-06-21 02:22:45'),('feed/','2022-06-21 02:22:47'),('xs/17/17452/','2022-06-21 04:18:31'),('xs/17/17452/','2022-06-21 04:19:42'),('wp-includes/wlwmanifest.xml','2022-06-21 05:39:19'),('blog/wp-includes/wlwmanifest.xml','2022-06-21 05:39:19'),('web/wp-includes/wlwmanifest.xml','2022-06-21 05:39:19'),('wordpress/wp-includes/wlwmanifest.xml','2022-06-21 05:39:20'),('website/wp-includes/wlwmanifest.xml','2022-06-21 05:39:20'),('wp/wp-includes/wlwmanifest.xml','2022-06-21 05:39:20'),('news/wp-includes/wlwmanifest.xml','2022-06-21 05:39:20'),('2018/wp-includes/wlwmanifest.xml','2022-06-21 05:39:20'),('2019/wp-includes/wlwmanifest.xml','2022-06-21 05:39:21'),('shop/wp-includes/wlwmanifest.xml','2022-06-21 05:39:21'),('wp1/wp-includes/wlwmanifest.xml','2022-06-21 05:39:21'),('test/wp-includes/wlwmanifest.xml','2022-06-21 05:39:21'),('media/wp-includes/wlwmanifest.xml','2022-06-21 05:39:21'),('wp2/wp-includes/wlwmanifest.xml','2022-06-21 05:39:21'),('site/wp-includes/wlwmanifest.xml','2022-06-21 05:39:22'),('cms/wp-includes/wlwmanifest.xml','2022-06-21 05:39:22'),('sito/wp-includes/wlwmanifest.xml','2022-06-21 05:39:22'),('wp-includes/wlwmanifest.xml','2022-06-21 12:34:57'),('blog/wp-includes/wlwmanifest.xml','2022-06-21 12:34:59'),('web/wp-includes/wlwmanifest.xml','2022-06-21 12:34:59'),('wordpress/wp-includes/wlwmanifest.xml','2022-06-21 12:34:59'),('website/wp-includes/wlwmanifest.xml','2022-06-21 12:34:59'),('wp/wp-includes/wlwmanifest.xml','2022-06-21 12:35:00'),('news/wp-includes/wlwmanifest.xml','2022-06-21 12:35:00'),('2018/wp-includes/wlwmanifest.xml','2022-06-21 12:35:00'),('2019/wp-includes/wlwmanifest.xml','2022-06-21 12:35:01'),('shop/wp-includes/wlwmanifest.xml','2022-06-21 12:35:01'),('wp1/wp-includes/wlwmanifest.xml','2022-06-21 12:35:01'),('test/wp-includes/wlwmanifest.xml','2022-06-21 12:35:02'),('media/wp-includes/wlwmanifest.xml','2022-06-21 12:35:02'),('wp2/wp-includes/wlwmanifest.xml','2022-06-21 12:35:02'),('site/wp-includes/wlwmanifest.xml','2022-06-21 12:35:03'),('cms/wp-includes/wlwmanifest.xml','2022-06-21 12:35:03'),('sito/wp-includes/wlwmanifest.xml','2022-06-21 12:35:03'),('wp-includes/ID3/license.txt','2022-06-21 18:49:29'),('feed/','2022-06-21 18:49:30'),('wp-includes/wlwmanifest.xml','2022-06-21 20:41:57'),('blog/wp-includes/wlwmanifest.xml','2022-06-21 20:41:58'),('web/wp-includes/wlwmanifest.xml','2022-06-21 20:41:59'),('wordpress/wp-includes/wlwmanifest.xml','2022-06-21 20:41:59'),('website/wp-includes/wlwmanifest.xml','2022-06-21 20:41:59'),('wp/wp-includes/wlwmanifest.xml','2022-06-21 20:42:00'),('news/wp-includes/wlwmanifest.xml','2022-06-21 20:42:00'),('2018/wp-includes/wlwmanifest.xml','2022-06-21 20:42:00'),('2019/wp-includes/wlwmanifest.xml','2022-06-21 20:42:01'),('shop/wp-includes/wlwmanifest.xml','2022-06-21 20:42:01'),('wp1/wp-includes/wlwmanifest.xml','2022-06-21 20:42:01'),('test/wp-includes/wlwmanifest.xml','2022-06-21 20:42:02'),('media/wp-includes/wlwmanifest.xml','2022-06-21 20:42:02'),('wp2/wp-includes/wlwmanifest.xml','2022-06-21 20:42:03'),('site/wp-includes/wlwmanifest.xml','2022-06-21 20:42:03'),('cms/wp-includes/wlwmanifest.xml','2022-06-21 20:42:03'),('sito/wp-includes/wlwmanifest.xml','2022-06-21 20:42:04'),('wp-includes/wlwmanifest.xml','2022-06-21 21:18:59'),('blog/wp-includes/wlwmanifest.xml','2022-06-21 21:19:00'),('web/wp-includes/wlwmanifest.xml','2022-06-21 21:19:00'),('wordpress/wp-includes/wlwmanifest.xml','2022-06-21 21:19:01'),('website/wp-includes/wlwmanifest.xml','2022-06-21 21:19:01'),('wp/wp-includes/wlwmanifest.xml','2022-06-21 21:19:01'),('news/wp-includes/wlwmanifest.xml','2022-06-21 21:19:02'),('2018/wp-includes/wlwmanifest.xml','2022-06-21 21:19:02'),('2019/wp-includes/wlwmanifest.xml','2022-06-21 21:19:02'),('shop/wp-includes/wlwmanifest.xml','2022-06-21 21:19:03'),('wp1/wp-includes/wlwmanifest.xml','2022-06-21 21:19:03'),('test/wp-includes/wlwmanifest.xml','2022-06-21 21:19:03'),('media/wp-includes/wlwmanifest.xml','2022-06-21 21:19:04'),('wp2/wp-includes/wlwmanifest.xml','2022-06-21 21:19:04'),('site/wp-includes/wlwmanifest.xml','2022-06-21 21:19:04'),('cms/wp-includes/wlwmanifest.xml','2022-06-21 21:19:05'),('sito/wp-includes/wlwmanifest.xml','2022-06-21 21:19:05'),('wp-includes/ID3/license.txt','2022-06-22 01:34:05'),('feed/','2022-06-22 01:34:06'),('wp-includes/wlwmanifest.xml','2022-06-22 09:28:11'),('blog/wp-includes/wlwmanifest.xml','2022-06-22 09:28:12'),('web/wp-includes/wlwmanifest.xml','2022-06-22 09:28:12'),('wordpress/wp-includes/wlwmanifest.xml','2022-06-22 09:28:13'),('website/wp-includes/wlwmanifest.xml','2022-06-22 09:28:13'),('wp/wp-includes/wlwmanifest.xml','2022-06-22 09:28:13'),('news/wp-includes/wlwmanifest.xml','2022-06-22 09:28:13'),('2020/wp-includes/wlwmanifest.xml','2022-06-22 09:28:13'),('2019/wp-includes/wlwmanifest.xml','2022-06-22 09:28:14'),('shop/wp-includes/wlwmanifest.xml','2022-06-22 09:28:14'),('wp1/wp-includes/wlwmanifest.xml','2022-06-22 09:28:14'),('test/wp-includes/wlwmanifest.xml','2022-06-22 09:28:15'),('wp2/wp-includes/wlwmanifest.xml','2022-06-22 09:28:15'),('site/wp-includes/wlwmanifest.xml','2022-06-22 09:28:15'),('cms/wp-includes/wlwmanifest.xml','2022-06-22 09:28:15'),('sito/wp-includes/wlwmanifest.xml','2022-06-22 09:28:16'),('wp-includes/wlwmanifest.xml','2022-06-22 09:30:55'),('blog/wp-includes/wlwmanifest.xml','2022-06-22 09:31:32'),('web/wp-includes/wlwmanifest.xml','2022-06-22 09:31:45'),('wordpress/wp-includes/wlwmanifest.xml','2022-06-22 09:31:57'),('website/wp-includes/wlwmanifest.xml','2022-06-22 09:32:10'),('wp/wp-includes/wlwmanifest.xml','2022-06-22 09:32:23'),('news/wp-includes/wlwmanifest.xml','2022-06-22 09:32:37'),('2020/wp-includes/wlwmanifest.xml','2022-06-22 09:33:01'),('2019/wp-includes/wlwmanifest.xml','2022-06-22 09:33:30'),('shop/wp-includes/wlwmanifest.xml','2022-06-22 09:33:39'),('wp1/wp-includes/wlwmanifest.xml','2022-06-22 09:34:05'),('test/wp-includes/wlwmanifest.xml','2022-06-22 09:34:09'),('wp2/wp-includes/wlwmanifest.xml','2022-06-22 09:34:14'),('site/wp-includes/wlwmanifest.xml','2022-06-22 09:34:28'),('cms/wp-includes/wlwmanifest.xml','2022-06-22 09:34:32'),('sito/wp-includes/wlwmanifest.xml','2022-06-22 09:34:35'),('.git/config','2022-06-22 12:02:48'),('wp-includes/wlwmanifest.xml','2022-06-22 13:07:18'),('blog/wp-includes/wlwmanifest.xml','2022-06-22 13:07:19'),('web/wp-includes/wlwmanifest.xml','2022-06-22 13:07:19'),('wordpress/wp-includes/wlwmanifest.xml','2022-06-22 13:07:19'),('website/wp-includes/wlwmanifest.xml','2022-06-22 13:07:19'),('wp/wp-includes/wlwmanifest.xml','2022-06-22 13:07:19'),('news/wp-includes/wlwmanifest.xml','2022-06-22 13:07:20'),('2020/wp-includes/wlwmanifest.xml','2022-06-22 13:07:20'),('2019/wp-includes/wlwmanifest.xml','2022-06-22 13:07:20'),('shop/wp-includes/wlwmanifest.xml','2022-06-22 13:07:20'),('wp1/wp-includes/wlwmanifest.xml','2022-06-22 13:07:20'),('test/wp-includes/wlwmanifest.xml','2022-06-22 13:07:20'),('wp2/wp-includes/wlwmanifest.xml','2022-06-22 13:07:21'),('site/wp-includes/wlwmanifest.xml','2022-06-22 13:07:21'),('cms/wp-includes/wlwmanifest.xml','2022-06-22 13:07:21'),('sito/wp-includes/wlwmanifest.xml','2022-06-22 13:07:21'),('wp-includes/wlwmanifest.xml','2022-06-22 13:21:50'),('blog/wp-includes/wlwmanifest.xml','2022-06-22 13:21:51'),('web/wp-includes/wlwmanifest.xml','2022-06-22 13:21:51'),('wordpress/wp-includes/wlwmanifest.xml','2022-06-22 13:21:51'),('website/wp-includes/wlwmanifest.xml','2022-06-22 13:21:52'),('wp/wp-includes/wlwmanifest.xml','2022-06-22 13:21:52'),('news/wp-includes/wlwmanifest.xml','2022-06-22 13:21:52'),('2020/wp-includes/wlwmanifest.xml','2022-06-22 13:21:52'),('2019/wp-includes/wlwmanifest.xml','2022-06-22 13:21:53'),('shop/wp-includes/wlwmanifest.xml','2022-06-22 13:21:53'),('wp1/wp-includes/wlwmanifest.xml','2022-06-22 13:21:53'),('test/wp-includes/wlwmanifest.xml','2022-06-22 13:21:53'),('wp2/wp-includes/wlwmanifest.xml','2022-06-22 13:21:54'),('site/wp-includes/wlwmanifest.xml','2022-06-22 13:21:54'),('cms/wp-includes/wlwmanifest.xml','2022-06-22 13:21:54'),('sito/wp-includes/wlwmanifest.xml','2022-06-22 13:21:55'),('wp-includes/wlwmanifest.xml','2022-06-22 15:01:22'),('blog/wp-includes/wlwmanifest.xml','2022-06-22 15:01:23'),('web/wp-includes/wlwmanifest.xml','2022-06-22 15:01:23'),('wordpress/wp-includes/wlwmanifest.xml','2022-06-22 15:01:23'),('website/wp-includes/wlwmanifest.xml','2022-06-22 15:01:23'),('wp/wp-includes/wlwmanifest.xml','2022-06-22 15:01:23'),('news/wp-includes/wlwmanifest.xml','2022-06-22 15:01:24'),('2018/wp-includes/wlwmanifest.xml','2022-06-22 15:01:24'),('2019/wp-includes/wlwmanifest.xml','2022-06-22 15:01:24'),('shop/wp-includes/wlwmanifest.xml','2022-06-22 15:01:24'),('wp1/wp-includes/wlwmanifest.xml','2022-06-22 15:01:24'),('test/wp-includes/wlwmanifest.xml','2022-06-22 15:01:25'),('media/wp-includes/wlwmanifest.xml','2022-06-22 15:01:25'),('wp2/wp-includes/wlwmanifest.xml','2022-06-22 15:01:25'),('site/wp-includes/wlwmanifest.xml','2022-06-22 15:01:25'),('cms/wp-includes/wlwmanifest.xml','2022-06-22 15:01:25'),('sito/wp-includes/wlwmanifest.xml','2022-06-22 15:01:25'),('wp-includes/wlwmanifest.xml','2022-06-22 18:24:55'),('blog/wp-includes/wlwmanifest.xml','2022-06-22 18:24:59'),('web/wp-includes/wlwmanifest.xml','2022-06-22 18:25:10'),('wordpress/wp-includes/wlwmanifest.xml','2022-06-22 18:25:22'),('website/wp-includes/wlwmanifest.xml','2022-06-22 18:25:30'),('wp/wp-includes/wlwmanifest.xml','2022-06-22 18:25:49'),('news/wp-includes/wlwmanifest.xml','2022-06-22 18:25:55'),('2018/wp-includes/wlwmanifest.xml','2022-06-22 18:26:03'),('2019/wp-includes/wlwmanifest.xml','2022-06-22 18:26:15'),('shop/wp-includes/wlwmanifest.xml','2022-06-22 18:26:38'),('wp1/wp-includes/wlwmanifest.xml','2022-06-22 18:27:09'),('test/wp-includes/wlwmanifest.xml','2022-06-22 18:27:27'),('media/wp-includes/wlwmanifest.xml','2022-06-22 18:27:39'),('wp2/wp-includes/wlwmanifest.xml','2022-06-22 18:27:48'),('cms/wp-includes/wlwmanifest.xml','2022-06-22 18:28:03'),('sito/wp-includes/wlwmanifest.xml','2022-06-22 18:28:09'),('wp-includes/wlwmanifest.xml','2022-06-22 19:05:03'),('blog/wp-includes/wlwmanifest.xml','2022-06-22 19:05:04'),('web/wp-includes/wlwmanifest.xml','2022-06-22 19:05:05'),('wordpress/wp-includes/wlwmanifest.xml','2022-06-22 19:05:05'),('website/wp-includes/wlwmanifest.xml','2022-06-22 19:05:05'),('wp/wp-includes/wlwmanifest.xml','2022-06-22 19:05:06'),('news/wp-includes/wlwmanifest.xml','2022-06-22 19:05:06'),('2018/wp-includes/wlwmanifest.xml','2022-06-22 19:05:07'),('2019/wp-includes/wlwmanifest.xml','2022-06-22 19:05:07'),('shop/wp-includes/wlwmanifest.xml','2022-06-22 19:05:07'),('wp1/wp-includes/wlwmanifest.xml','2022-06-22 19:05:08'),('test/wp-includes/wlwmanifest.xml','2022-06-22 19:05:08'),('media/wp-includes/wlwmanifest.xml','2022-06-22 19:05:08'),('wp2/wp-includes/wlwmanifest.xml','2022-06-22 19:05:09'),('site/wp-includes/wlwmanifest.xml','2022-06-22 19:05:09'),('cms/wp-includes/wlwmanifest.xml','2022-06-22 19:05:10'),('sito/wp-includes/wlwmanifest.xml','2022-06-22 19:05:10'),('wp-includes/wlwmanifest.xml','2022-06-22 19:09:42'),('blog/wp-includes/wlwmanifest.xml','2022-06-22 19:09:42'),('web/wp-includes/wlwmanifest.xml','2022-06-22 19:09:42'),('wordpress/wp-includes/wlwmanifest.xml','2022-06-22 19:09:43'),('website/wp-includes/wlwmanifest.xml','2022-06-22 19:09:43'),('wp/wp-includes/wlwmanifest.xml','2022-06-22 19:09:43'),('news/wp-includes/wlwmanifest.xml','2022-06-22 19:09:43'),('2018/wp-includes/wlwmanifest.xml','2022-06-22 19:09:43'),('2019/wp-includes/wlwmanifest.xml','2022-06-22 19:09:43'),('shop/wp-includes/wlwmanifest.xml','2022-06-22 19:09:43'),('wp1/wp-includes/wlwmanifest.xml','2022-06-22 19:09:44'),('test/wp-includes/wlwmanifest.xml','2022-06-22 19:09:44'),('media/wp-includes/wlwmanifest.xml','2022-06-22 19:09:44'),('wp2/wp-includes/wlwmanifest.xml','2022-06-22 19:09:44'),('site/wp-includes/wlwmanifest.xml','2022-06-22 19:09:44'),('cms/wp-includes/wlwmanifest.xml','2022-06-22 19:09:44'),('sito/wp-includes/wlwmanifest.xml','2022-06-22 19:09:45'),('javascript:open_register_popup()','2022-06-22 21:46:09'),('javascript:open_popup(22)','2022-06-22 21:47:09'),('wp-includes/ID3/license.txt','2022-06-23 01:31:13'),('feed/','2022-06-23 01:31:17'),('wp-includes/ID3/license.txt','2022-06-23 03:37:24'),('feed/','2022-06-23 03:37:25'),('.env','2022-06-23 06:36:52'),('wp-includes/ID3/license.txt','2022-06-23 08:59:28'),('feed/','2022-06-23 08:59:30'),('wp-includes/wlwmanifest.xml','2022-06-23 14:47:34'),('blog/wp-includes/wlwmanifest.xml','2022-06-23 14:47:35'),('web/wp-includes/wlwmanifest.xml','2022-06-23 14:47:36'),('wordpress/wp-includes/wlwmanifest.xml','2022-06-23 14:47:36'),('website/wp-includes/wlwmanifest.xml','2022-06-23 14:47:36'),('wp/wp-includes/wlwmanifest.xml','2022-06-23 14:47:37'),('news/wp-includes/wlwmanifest.xml','2022-06-23 14:47:37'),('2020/wp-includes/wlwmanifest.xml','2022-06-23 14:47:37'),('2019/wp-includes/wlwmanifest.xml','2022-06-23 14:47:38'),('shop/wp-includes/wlwmanifest.xml','2022-06-23 14:47:38'),('wp1/wp-includes/wlwmanifest.xml','2022-06-23 14:47:38'),('test/wp-includes/wlwmanifest.xml','2022-06-23 14:47:39'),('wp2/wp-includes/wlwmanifest.xml','2022-06-23 14:47:39'),('site/wp-includes/wlwmanifest.xml','2022-06-23 14:47:39'),('cms/wp-includes/wlwmanifest.xml','2022-06-23 14:47:39'),('sito/wp-includes/wlwmanifest.xml','2022-06-23 14:47:40'),('wp-includes/wlwmanifest.xml','2022-06-23 21:21:07'),('blog/wp-includes/wlwmanifest.xml','2022-06-23 21:21:09'),('web/wp-includes/wlwmanifest.xml','2022-06-23 21:21:09'),('wordpress/wp-includes/wlwmanifest.xml','2022-06-23 21:21:10'),('website/wp-includes/wlwmanifest.xml','2022-06-23 21:21:10'),('wp/wp-includes/wlwmanifest.xml','2022-06-23 21:21:11'),('news/wp-includes/wlwmanifest.xml','2022-06-23 21:21:11'),('2018/wp-includes/wlwmanifest.xml','2022-06-23 21:21:12'),('2019/wp-includes/wlwmanifest.xml','2022-06-23 21:21:12'),('shop/wp-includes/wlwmanifest.xml','2022-06-23 21:21:13'),('wp1/wp-includes/wlwmanifest.xml','2022-06-23 21:21:13'),('test/wp-includes/wlwmanifest.xml','2022-06-23 21:21:14'),('media/wp-includes/wlwmanifest.xml','2022-06-23 21:21:14'),('wp2/wp-includes/wlwmanifest.xml','2022-06-23 21:21:15'),('site/wp-includes/wlwmanifest.xml','2022-06-23 21:21:15'),('cms/wp-includes/wlwmanifest.xml','2022-06-23 21:21:16'),('sito/wp-includes/wlwmanifest.xml','2022-06-23 21:21:16'),('wp-includes/ID3/license.txt','2022-06-24 01:12:52'),('feed/','2022-06-24 01:12:53'),('wp-includes/wlwmanifest.xml','2022-06-24 05:03:13'),('blog/wp-includes/wlwmanifest.xml','2022-06-24 05:03:22'),('web/wp-includes/wlwmanifest.xml','2022-06-24 05:03:24'),('wordpress/wp-includes/wlwmanifest.xml','2022-06-24 05:03:26'),('website/wp-includes/wlwmanifest.xml','2022-06-24 05:03:28'),('wp/wp-includes/wlwmanifest.xml','2022-06-24 05:03:29'),('news/wp-includes/wlwmanifest.xml','2022-06-24 05:03:30'),('2018/wp-includes/wlwmanifest.xml','2022-06-24 05:03:31'),('2019/wp-includes/wlwmanifest.xml','2022-06-24 05:03:32'),('shop/wp-includes/wlwmanifest.xml','2022-06-24 05:03:33'),('wp1/wp-includes/wlwmanifest.xml','2022-06-24 05:03:34'),('test/wp-includes/wlwmanifest.xml','2022-06-24 05:03:35'),('media/wp-includes/wlwmanifest.xml','2022-06-24 05:03:36'),('wp2/wp-includes/wlwmanifest.xml','2022-06-24 05:03:36'),('site/wp-includes/wlwmanifest.xml','2022-06-24 05:03:37'),('cms/wp-includes/wlwmanifest.xml','2022-06-24 05:03:38'),('sito/wp-includes/wlwmanifest.xml','2022-06-24 05:03:39'),('wp-includes/wlwmanifest.xml','2022-06-24 06:54:42'),('blog/wp-includes/wlwmanifest.xml','2022-06-24 06:54:43'),('web/wp-includes/wlwmanifest.xml','2022-06-24 06:54:43'),('wordpress/wp-includes/wlwmanifest.xml','2022-06-24 06:54:44'),('website/wp-includes/wlwmanifest.xml','2022-06-24 06:54:44'),('wp/wp-includes/wlwmanifest.xml','2022-06-24 06:54:44'),('news/wp-includes/wlwmanifest.xml','2022-06-24 06:54:45'),('2018/wp-includes/wlwmanifest.xml','2022-06-24 06:54:45'),('2019/wp-includes/wlwmanifest.xml','2022-06-24 06:54:45'),('shop/wp-includes/wlwmanifest.xml','2022-06-24 06:54:46'),('wp1/wp-includes/wlwmanifest.xml','2022-06-24 06:54:46'),('test/wp-includes/wlwmanifest.xml','2022-06-24 06:54:46'),('media/wp-includes/wlwmanifest.xml','2022-06-24 06:54:46'),('wp2/wp-includes/wlwmanifest.xml','2022-06-24 06:54:47'),('site/wp-includes/wlwmanifest.xml','2022-06-24 06:54:47'),('cms/wp-includes/wlwmanifest.xml','2022-06-24 06:54:47'),('sito/wp-includes/wlwmanifest.xml','2022-06-24 06:54:48'),('common/GetResponseStr','2022-06-24 07:09:08'),('common/GetResponseStr','2022-06-24 07:09:36'),('.well-known/acme-challenge/Nl1LXVfvYnXLo__qknn1zdV8zd0T97C0A0GQkuSsyQ0','2022-06-24 12:04:53'),('.well-known/acme-challenge/Nl1LXVfvYnXLo__qknn1zdV8zd0T97C0A0GQkuSsyQ0','2022-06-24 12:04:54'),('.well-known/acme-challenge/Nl1LXVfvYnXLo__qknn1zdV8zd0T97C0A0GQkuSsyQ0','2022-06-24 12:04:54'),('.well-known/acme-challenge/Nl1LXVfvYnXLo__qknn1zdV8zd0T97C0A0GQkuSsyQ0','2022-06-24 12:04:54'),('.git/config','2022-06-24 12:59:29'),('wp-includes/wlwmanifest.xml','2022-06-24 14:19:51'),('blog/wp-includes/wlwmanifest.xml','2022-06-24 14:19:51'),('web/wp-includes/wlwmanifest.xml','2022-06-24 14:19:51'),('wordpress/wp-includes/wlwmanifest.xml','2022-06-24 14:19:52'),('website/wp-includes/wlwmanifest.xml','2022-06-24 14:19:52'),('wp/wp-includes/wlwmanifest.xml','2022-06-24 14:19:52'),('news/wp-includes/wlwmanifest.xml','2022-06-24 14:19:52'),('2018/wp-includes/wlwmanifest.xml','2022-06-24 14:19:52'),('2019/wp-includes/wlwmanifest.xml','2022-06-24 14:19:52'),('shop/wp-includes/wlwmanifest.xml','2022-06-24 14:19:53'),('wp1/wp-includes/wlwmanifest.xml','2022-06-24 14:19:53'),('test/wp-includes/wlwmanifest.xml','2022-06-24 14:19:53'),('media/wp-includes/wlwmanifest.xml','2022-06-24 14:19:53'),('wp2/wp-includes/wlwmanifest.xml','2022-06-24 14:19:53'),('site/wp-includes/wlwmanifest.xml','2022-06-24 14:19:53'),('cms/wp-includes/wlwmanifest.xml','2022-06-24 14:19:54'),('sito/wp-includes/wlwmanifest.xml','2022-06-24 14:19:54'),('.env','2022-06-24 18:40:40'),('wp-includes/wlwmanifest.xml','2022-06-24 20:49:46'),('blog/wp-includes/wlwmanifest.xml','2022-06-24 20:49:47'),('web/wp-includes/wlwmanifest.xml','2022-06-24 20:49:47'),('wordpress/wp-includes/wlwmanifest.xml','2022-06-24 20:49:48'),('website/wp-includes/wlwmanifest.xml','2022-06-24 20:49:48'),('wp/wp-includes/wlwmanifest.xml','2022-06-24 20:49:48'),('news/wp-includes/wlwmanifest.xml','2022-06-24 20:49:48'),('2020/wp-includes/wlwmanifest.xml','2022-06-24 20:49:49'),('2019/wp-includes/wlwmanifest.xml','2022-06-24 20:49:49'),('shop/wp-includes/wlwmanifest.xml','2022-06-24 20:49:49'),('wp1/wp-includes/wlwmanifest.xml','2022-06-24 20:49:49'),('test/wp-includes/wlwmanifest.xml','2022-06-24 20:49:49'),('wp2/wp-includes/wlwmanifest.xml','2022-06-24 20:49:50'),('site/wp-includes/wlwmanifest.xml','2022-06-24 20:49:50'),('cms/wp-includes/wlwmanifest.xml','2022-06-24 20:49:50'),('sito/wp-includes/wlwmanifest.xml','2022-06-24 20:49:50'),('.git/HEAD','2022-06-24 23:59:06'),('wp-includes/wlwmanifest.xml','2022-06-25 00:15:02'),('blog/wp-includes/wlwmanifest.xml','2022-06-25 00:15:06'),('web/wp-includes/wlwmanifest.xml','2022-06-25 00:15:08'),('wordpress/wp-includes/wlwmanifest.xml','2022-06-25 00:15:10'),('website/wp-includes/wlwmanifest.xml','2022-06-25 00:15:12'),('wp/wp-includes/wlwmanifest.xml','2022-06-25 00:15:14'),('news/wp-includes/wlwmanifest.xml','2022-06-25 00:15:18'),('2018/wp-includes/wlwmanifest.xml','2022-06-25 00:15:20'),('2019/wp-includes/wlwmanifest.xml','2022-06-25 00:15:23'),('shop/wp-includes/wlwmanifest.xml','2022-06-25 00:15:24'),('wp1/wp-includes/wlwmanifest.xml','2022-06-25 00:15:26'),('test/wp-includes/wlwmanifest.xml','2022-06-25 00:15:27'),('media/wp-includes/wlwmanifest.xml','2022-06-25 00:15:29'),('wp2/wp-includes/wlwmanifest.xml','2022-06-25 00:15:31'),('site/wp-includes/wlwmanifest.xml','2022-06-25 00:15:33'),('cms/wp-includes/wlwmanifest.xml','2022-06-25 00:15:34'),('sito/wp-includes/wlwmanifest.xml','2022-06-25 00:15:36'),('wp-includes/ID3/license.txt','2022-06-25 01:56:19'),('feed/','2022-06-25 01:56:20'),('.env','2022-06-25 02:54:57'),('wp-includes/wlwmanifest.xml','2022-06-25 06:20:09'),('blog/wp-includes/wlwmanifest.xml','2022-06-25 06:20:13'),('web/wp-includes/wlwmanifest.xml','2022-06-25 06:20:16'),('wordpress/wp-includes/wlwmanifest.xml','2022-06-25 06:20:18'),('website/wp-includes/wlwmanifest.xml','2022-06-25 06:20:19'),('wp/wp-includes/wlwmanifest.xml','2022-06-25 06:20:21'),('news/wp-includes/wlwmanifest.xml','2022-06-25 06:20:22'),('2020/wp-includes/wlwmanifest.xml','2022-06-25 06:20:24'),('2019/wp-includes/wlwmanifest.xml','2022-06-25 06:20:25'),('shop/wp-includes/wlwmanifest.xml','2022-06-25 06:20:26'),('wp1/wp-includes/wlwmanifest.xml','2022-06-25 06:20:27'),('test/wp-includes/wlwmanifest.xml','2022-06-25 06:20:28'),('wp2/wp-includes/wlwmanifest.xml','2022-06-25 06:20:29'),('site/wp-includes/wlwmanifest.xml','2022-06-25 06:20:30'),('cms/wp-includes/wlwmanifest.xml','2022-06-25 06:20:31'),('sito/wp-includes/wlwmanifest.xml','2022-06-25 06:20:32'),('wp-includes/wlwmanifest.xml','2022-06-25 07:39:50'),('blog/wp-includes/wlwmanifest.xml','2022-06-25 07:39:50'),('web/wp-includes/wlwmanifest.xml','2022-06-25 07:39:51'),('wordpress/wp-includes/wlwmanifest.xml','2022-06-25 07:39:51'),('website/wp-includes/wlwmanifest.xml','2022-06-25 07:39:51'),('wp/wp-includes/wlwmanifest.xml','2022-06-25 07:39:52'),('news/wp-includes/wlwmanifest.xml','2022-06-25 07:39:52'),('wp1/wp-includes/wlwmanifest.xml','2022-06-25 07:39:52'),('test/wp-includes/wlwmanifest.xml','2022-06-25 07:39:52'),('wp2/wp-includes/wlwmanifest.xml','2022-06-25 07:39:53'),('site/wp-includes/wlwmanifest.xml','2022-06-25 07:39:53'),('cms/wp-includes/wlwmanifest.xml','2022-06-25 07:39:53'),('sito/wp-includes/wlwmanifest.xml','2022-06-25 07:39:53'),('wp-includes/wlwmanifest.xml','2022-06-25 08:04:24'),('blog/wp-includes/wlwmanifest.xml','2022-06-25 08:04:25'),('web/wp-includes/wlwmanifest.xml','2022-06-25 08:04:26'),('wordpress/wp-includes/wlwmanifest.xml','2022-06-25 08:04:26'),('website/wp-includes/wlwmanifest.xml','2022-06-25 08:04:26'),('wp/wp-includes/wlwmanifest.xml','2022-06-25 08:04:27'),('news/wp-includes/wlwmanifest.xml','2022-06-25 08:04:27'),('2018/wp-includes/wlwmanifest.xml','2022-06-25 08:04:27'),('2019/wp-includes/wlwmanifest.xml','2022-06-25 08:04:28'),('shop/wp-includes/wlwmanifest.xml','2022-06-25 08:04:28'),('wp1/wp-includes/wlwmanifest.xml','2022-06-25 08:04:29'),('test/wp-includes/wlwmanifest.xml','2022-06-25 08:04:29'),('media/wp-includes/wlwmanifest.xml','2022-06-25 08:04:29'),('wp2/wp-includes/wlwmanifest.xml','2022-06-25 08:04:30'),('site/wp-includes/wlwmanifest.xml','2022-06-25 08:04:30'),('cms/wp-includes/wlwmanifest.xml','2022-06-25 08:04:31'),('sito/wp-includes/wlwmanifest.xml','2022-06-25 08:04:31'),('wp-includes/wlwmanifest.xml','2022-06-25 11:23:44'),('blog/wp-includes/wlwmanifest.xml','2022-06-25 11:23:45'),('web/wp-includes/wlwmanifest.xml','2022-06-25 11:23:45'),('wordpress/wp-includes/wlwmanifest.xml','2022-06-25 11:23:46'),('website/wp-includes/wlwmanifest.xml','2022-06-25 11:23:46'),('wp/wp-includes/wlwmanifest.xml','2022-06-25 11:23:47'),('news/wp-includes/wlwmanifest.xml','2022-06-25 11:23:47'),('2018/wp-includes/wlwmanifest.xml','2022-06-25 11:23:47'),('2019/wp-includes/wlwmanifest.xml','2022-06-25 11:23:48'),('shop/wp-includes/wlwmanifest.xml','2022-06-25 11:23:48'),('wp1/wp-includes/wlwmanifest.xml','2022-06-25 11:23:48'),('test/wp-includes/wlwmanifest.xml','2022-06-25 11:23:49'),('media/wp-includes/wlwmanifest.xml','2022-06-25 11:23:49'),('wp2/wp-includes/wlwmanifest.xml','2022-06-25 11:23:49'),('site/wp-includes/wlwmanifest.xml','2022-06-25 11:23:50'),('cms/wp-includes/wlwmanifest.xml','2022-06-25 11:23:50'),('sito/wp-includes/wlwmanifest.xml','2022-06-25 11:23:50'),('.git/config','2022-06-25 12:04:41'),('wp-includes/wlwmanifest.xml','2022-06-25 16:14:45'),('blog/wp-includes/wlwmanifest.xml','2022-06-25 16:14:46'),('web/wp-includes/wlwmanifest.xml','2022-06-25 16:14:46'),('wordpress/wp-includes/wlwmanifest.xml','2022-06-25 16:14:47'),('website/wp-includes/wlwmanifest.xml','2022-06-25 16:14:47'),('wp/wp-includes/wlwmanifest.xml','2022-06-25 16:14:48'),('news/wp-includes/wlwmanifest.xml','2022-06-25 16:14:48'),('wp1/wp-includes/wlwmanifest.xml','2022-06-25 16:14:48'),('test/wp-includes/wlwmanifest.xml','2022-06-25 16:14:48'),('wp2/wp-includes/wlwmanifest.xml','2022-06-25 16:14:49'),('site/wp-includes/wlwmanifest.xml','2022-06-25 16:14:49'),('cms/wp-includes/wlwmanifest.xml','2022-06-25 16:14:49'),('sito/wp-includes/wlwmanifest.xml','2022-06-25 16:14:50'),('wp-includes/wlwmanifest.xml','2022-06-25 18:07:38'),('blog/wp-includes/wlwmanifest.xml','2022-06-25 18:07:39'),('web/wp-includes/wlwmanifest.xml','2022-06-25 18:07:39'),('wordpress/wp-includes/wlwmanifest.xml','2022-06-25 18:07:40'),('website/wp-includes/wlwmanifest.xml','2022-06-25 18:07:40'),('wp/wp-includes/wlwmanifest.xml','2022-06-25 18:07:40'),('news/wp-includes/wlwmanifest.xml','2022-06-25 18:07:41'),('wp1/wp-includes/wlwmanifest.xml','2022-06-25 18:07:41'),('test/wp-includes/wlwmanifest.xml','2022-06-25 18:07:42'),('wp2/wp-includes/wlwmanifest.xml','2022-06-25 18:07:42'),('site/wp-includes/wlwmanifest.xml','2022-06-25 18:07:42'),('cms/wp-includes/wlwmanifest.xml','2022-06-25 18:07:42'),('sito/wp-includes/wlwmanifest.xml','2022-06-25 18:07:43'),('wp-includes/wlwmanifest.xml','2022-06-26 05:05:11'),('blog/wp-includes/wlwmanifest.xml','2022-06-26 05:05:12'),('web/wp-includes/wlwmanifest.xml','2022-06-26 05:05:12'),('wordpress/wp-includes/wlwmanifest.xml','2022-06-26 05:05:13'),('website/wp-includes/wlwmanifest.xml','2022-06-26 05:05:13'),('wp/wp-includes/wlwmanifest.xml','2022-06-26 05:05:13'),('news/wp-includes/wlwmanifest.xml','2022-06-26 05:05:14'),('2018/wp-includes/wlwmanifest.xml','2022-06-26 05:05:14'),('2019/wp-includes/wlwmanifest.xml','2022-06-26 05:05:15'),('shop/wp-includes/wlwmanifest.xml','2022-06-26 05:05:15'),('wp1/wp-includes/wlwmanifest.xml','2022-06-26 05:05:15'),('test/wp-includes/wlwmanifest.xml','2022-06-26 05:05:16'),('media/wp-includes/wlwmanifest.xml','2022-06-26 05:05:16'),('wp2/wp-includes/wlwmanifest.xml','2022-06-26 05:05:16'),('site/wp-includes/wlwmanifest.xml','2022-06-26 05:05:17'),('cms/wp-includes/wlwmanifest.xml','2022-06-26 05:05:17'),('sito/wp-includes/wlwmanifest.xml','2022-06-26 05:05:18'),('wp-includes/wlwmanifest.xml','2022-06-26 05:14:06'),('blog/wp-includes/wlwmanifest.xml','2022-06-26 05:14:08'),('web/wp-includes/wlwmanifest.xml','2022-06-26 05:14:08'),('wordpress/wp-includes/wlwmanifest.xml','2022-06-26 05:14:09'),('website/wp-includes/wlwmanifest.xml','2022-06-26 05:14:09'),('wp/wp-includes/wlwmanifest.xml','2022-06-26 05:14:10'),('news/wp-includes/wlwmanifest.xml','2022-06-26 05:14:10'),('2018/wp-includes/wlwmanifest.xml','2022-06-26 05:14:11'),('2019/wp-includes/wlwmanifest.xml','2022-06-26 05:14:11'),('shop/wp-includes/wlwmanifest.xml','2022-06-26 05:14:12'),('wp1/wp-includes/wlwmanifest.xml','2022-06-26 05:14:12'),('test/wp-includes/wlwmanifest.xml','2022-06-26 05:14:12'),('media/wp-includes/wlwmanifest.xml','2022-06-26 05:14:13'),('wp2/wp-includes/wlwmanifest.xml','2022-06-26 05:14:13'),('site/wp-includes/wlwmanifest.xml','2022-06-26 05:14:14'),('cms/wp-includes/wlwmanifest.xml','2022-06-26 05:14:14'),('sito/wp-includes/wlwmanifest.xml','2022-06-26 05:14:15'),('feed/','2022-06-26 11:51:29'),('wp-json/wp/v2/users/','2022-06-26 11:51:30'),('wp-json/oembed/1.0/embed','2022-06-26 11:51:30'),('.git/config','2022-06-26 15:36:41'),('wp-includes/wlwmanifest.xml','2022-06-26 18:21:32'),('blog/wp-includes/wlwmanifest.xml','2022-06-26 18:21:33'),('web/wp-includes/wlwmanifest.xml','2022-06-26 18:21:36'),('wordpress/wp-includes/wlwmanifest.xml','2022-06-26 18:21:36'),('website/wp-includes/wlwmanifest.xml','2022-06-26 18:21:36'),('wp/wp-includes/wlwmanifest.xml','2022-06-26 18:21:36'),('news/wp-includes/wlwmanifest.xml','2022-06-26 18:21:37'),('2018/wp-includes/wlwmanifest.xml','2022-06-26 18:21:37'),('2019/wp-includes/wlwmanifest.xml','2022-06-26 18:21:37'),('shop/wp-includes/wlwmanifest.xml','2022-06-26 18:21:37'),('wp1/wp-includes/wlwmanifest.xml','2022-06-26 18:21:38'),('test/wp-includes/wlwmanifest.xml','2022-06-26 18:21:38'),('media/wp-includes/wlwmanifest.xml','2022-06-26 18:21:38'),('wp2/wp-includes/wlwmanifest.xml','2022-06-26 18:21:40'),('site/wp-includes/wlwmanifest.xml','2022-06-26 18:21:40'),('cms/wp-includes/wlwmanifest.xml','2022-06-26 18:21:40'),('sito/wp-includes/wlwmanifest.xml','2022-06-26 18:21:41'),('.well-known/acme-challenge/8xMus_RfnKKIKVBVa3DMAQfMvSFI1yNLKhSTsX4iQp4','2022-06-27 00:01:23'),('.well-known/acme-challenge/8xMus_RfnKKIKVBVa3DMAQfMvSFI1yNLKhSTsX4iQp4','2022-06-27 00:01:23'),('.well-known/acme-challenge/8xMus_RfnKKIKVBVa3DMAQfMvSFI1yNLKhSTsX4iQp4','2022-06-27 00:01:23'),('.well-known/acme-challenge/8xMus_RfnKKIKVBVa3DMAQfMvSFI1yNLKhSTsX4iQp4','2022-06-27 00:01:23'),('.git/config','2022-06-27 00:29:14'),('wp-includes/ID3/license.txt','2022-06-27 05:03:07'),('feed/','2022-06-27 05:03:08'),('wp-includes/wlwmanifest.xml','2022-06-27 07:20:14'),('blog/wp-includes/wlwmanifest.xml','2022-06-27 07:20:15'),('web/wp-includes/wlwmanifest.xml','2022-06-27 07:20:15'),('wordpress/wp-includes/wlwmanifest.xml','2022-06-27 07:20:16'),('website/wp-includes/wlwmanifest.xml','2022-06-27 07:20:16'),('wp/wp-includes/wlwmanifest.xml','2022-06-27 07:20:16'),('news/wp-includes/wlwmanifest.xml','2022-06-27 07:20:16'),('2020/wp-includes/wlwmanifest.xml','2022-06-27 07:20:16'),('2019/wp-includes/wlwmanifest.xml','2022-06-27 07:20:17'),('shop/wp-includes/wlwmanifest.xml','2022-06-27 07:20:17'),('wp1/wp-includes/wlwmanifest.xml','2022-06-27 07:20:17'),('test/wp-includes/wlwmanifest.xml','2022-06-27 07:20:17'),('wp2/wp-includes/wlwmanifest.xml','2022-06-27 07:20:18'),('site/wp-includes/wlwmanifest.xml','2022-06-27 07:20:18'),('cms/wp-includes/wlwmanifest.xml','2022-06-27 07:20:18'),('sito/wp-includes/wlwmanifest.xml','2022-06-27 07:20:18'),('wp-includes/wlwmanifest.xml','2022-06-27 07:34:54'),('blog/wp-includes/wlwmanifest.xml','2022-06-27 07:34:56'),('web/wp-includes/wlwmanifest.xml','2022-06-27 07:34:56'),('wordpress/wp-includes/wlwmanifest.xml','2022-06-27 07:34:56'),('website/wp-includes/wlwmanifest.xml','2022-06-27 07:34:57'),('wp/wp-includes/wlwmanifest.xml','2022-06-27 07:34:57'),('news/wp-includes/wlwmanifest.xml','2022-06-27 07:34:58'),('2020/wp-includes/wlwmanifest.xml','2022-06-27 07:34:58'),('2019/wp-includes/wlwmanifest.xml','2022-06-27 07:34:58'),('shop/wp-includes/wlwmanifest.xml','2022-06-27 07:34:59'),('wp1/wp-includes/wlwmanifest.xml','2022-06-27 07:34:59'),('test/wp-includes/wlwmanifest.xml','2022-06-27 07:35:00'),('wp2/wp-includes/wlwmanifest.xml','2022-06-27 07:35:00'),('site/wp-includes/wlwmanifest.xml','2022-06-27 07:35:00'),('cms/wp-includes/wlwmanifest.xml','2022-06-27 07:35:01'),('sito/wp-includes/wlwmanifest.xml','2022-06-27 07:35:01'),('.well-known/acme-challenge/3B89aQC0wCPwJSOxW9EDYcq1Lfg0kXBRAZPCHR1gRDU','2022-06-27 12:06:37'),('.well-known/acme-challenge/3B89aQC0wCPwJSOxW9EDYcq1Lfg0kXBRAZPCHR1gRDU','2022-06-27 12:06:38'),('.well-known/acme-challenge/3B89aQC0wCPwJSOxW9EDYcq1Lfg0kXBRAZPCHR1gRDU','2022-06-27 12:06:38'),('.well-known/acme-challenge/3B89aQC0wCPwJSOxW9EDYcq1Lfg0kXBRAZPCHR1gRDU','2022-06-27 12:06:38'),('common/GetResponseStr','2022-06-27 23:38:34'),('.git/config','2022-06-28 00:04:09'),('wp-includes/ID3/license.txt','2022-06-28 00:52:45'),('feed/','2022-06-28 00:52:48'),('wp-includes/wlwmanifest.xml','2022-06-28 00:59:54'),('blog/wp-includes/wlwmanifest.xml','2022-06-28 00:59:56'),('web/wp-includes/wlwmanifest.xml','2022-06-28 00:59:56'),('wordpress/wp-includes/wlwmanifest.xml','2022-06-28 00:59:57'),('website/wp-includes/wlwmanifest.xml','2022-06-28 00:59:57'),('wp/wp-includes/wlwmanifest.xml','2022-06-28 00:59:58'),('news/wp-includes/wlwmanifest.xml','2022-06-28 00:59:58'),('2020/wp-includes/wlwmanifest.xml','2022-06-28 00:59:58'),('2019/wp-includes/wlwmanifest.xml','2022-06-28 00:59:59'),('shop/wp-includes/wlwmanifest.xml','2022-06-28 00:59:59'),('wp1/wp-includes/wlwmanifest.xml','2022-06-28 01:00:00'),('test/wp-includes/wlwmanifest.xml','2022-06-28 01:00:00'),('wp2/wp-includes/wlwmanifest.xml','2022-06-28 01:00:00'),('site/wp-includes/wlwmanifest.xml','2022-06-28 01:00:01'),('cms/wp-includes/wlwmanifest.xml','2022-06-28 01:00:01'),('sito/wp-includes/wlwmanifest.xml','2022-06-28 01:00:02'),('wordpress','2022-06-28 02:17:12'),('wp','2022-06-28 02:17:15'),('bc','2022-06-28 02:17:16'),('bk','2022-06-28 02:17:17'),('backup','2022-06-28 02:17:18'),('old','2022-06-28 02:17:19'),('new','2022-06-28 02:17:19'),('main','2022-06-28 02:17:20'),('home','2022-06-28 02:17:21'),('wp-includes/wlwmanifest.xml','2022-06-28 03:34:35'),('blog/wp-includes/wlwmanifest.xml','2022-06-28 03:34:37'),('web/wp-includes/wlwmanifest.xml','2022-06-28 03:34:37'),('wordpress/wp-includes/wlwmanifest.xml','2022-06-28 03:34:37'),('website/wp-includes/wlwmanifest.xml','2022-06-28 03:34:38'),('wp/wp-includes/wlwmanifest.xml','2022-06-28 03:34:38'),('news/wp-includes/wlwmanifest.xml','2022-06-28 03:34:38'),('2018/wp-includes/wlwmanifest.xml','2022-06-28 03:34:39'),('2019/wp-includes/wlwmanifest.xml','2022-06-28 03:34:39'),('shop/wp-includes/wlwmanifest.xml','2022-06-28 03:34:39'),('wp1/wp-includes/wlwmanifest.xml','2022-06-28 03:34:39'),('test/wp-includes/wlwmanifest.xml','2022-06-28 03:34:40'),('media/wp-includes/wlwmanifest.xml','2022-06-28 03:34:40'),('wp2/wp-includes/wlwmanifest.xml','2022-06-28 03:34:40'),('site/wp-includes/wlwmanifest.xml','2022-06-28 03:34:41'),('cms/wp-includes/wlwmanifest.xml','2022-06-28 03:34:41'),('sito/wp-includes/wlwmanifest.xml','2022-06-28 03:34:41'),('wp-includes/ID3/license.txt','2022-06-28 11:10:14'),('feed/','2022-06-28 11:10:14'),('wp-includes/wlwmanifest.xml','2022-06-28 14:03:14'),('blog/wp-includes/wlwmanifest.xml','2022-06-28 14:03:15'),('web/wp-includes/wlwmanifest.xml','2022-06-28 14:03:15'),('wordpress/wp-includes/wlwmanifest.xml','2022-06-28 14:03:16'),('website/wp-includes/wlwmanifest.xml','2022-06-28 14:03:16'),('wp/wp-includes/wlwmanifest.xml','2022-06-28 14:03:17'),('news/wp-includes/wlwmanifest.xml','2022-06-28 14:03:17'),('2018/wp-includes/wlwmanifest.xml','2022-06-28 14:03:17'),('2019/wp-includes/wlwmanifest.xml','2022-06-28 14:03:18'),('shop/wp-includes/wlwmanifest.xml','2022-06-28 14:03:18'),('wp1/wp-includes/wlwmanifest.xml','2022-06-28 14:03:19'),('test/wp-includes/wlwmanifest.xml','2022-06-28 14:03:19'),('media/wp-includes/wlwmanifest.xml','2022-06-28 14:03:19'),('wp2/wp-includes/wlwmanifest.xml','2022-06-28 14:03:20'),('site/wp-includes/wlwmanifest.xml','2022-06-28 14:03:20'),('cms/wp-includes/wlwmanifest.xml','2022-06-28 14:03:21'),('sito/wp-includes/wlwmanifest.xml','2022-06-28 14:03:21'),('wp-includes/wlwmanifest.xml','2022-06-28 15:01:55'),('blog/wp-includes/wlwmanifest.xml','2022-06-28 15:01:56'),('web/wp-includes/wlwmanifest.xml','2022-06-28 15:01:56'),('wordpress/wp-includes/wlwmanifest.xml','2022-06-28 15:01:57'),('website/wp-includes/wlwmanifest.xml','2022-06-28 15:01:57'),('wp/wp-includes/wlwmanifest.xml','2022-06-28 15:01:57'),('news/wp-includes/wlwmanifest.xml','2022-06-28 15:01:58'),('2018/wp-includes/wlwmanifest.xml','2022-06-28 15:01:58'),('2019/wp-includes/wlwmanifest.xml','2022-06-28 15:01:58'),('shop/wp-includes/wlwmanifest.xml','2022-06-28 15:01:59'),('wp1/wp-includes/wlwmanifest.xml','2022-06-28 15:01:59'),('test/wp-includes/wlwmanifest.xml','2022-06-28 15:01:59'),('media/wp-includes/wlwmanifest.xml','2022-06-28 15:02:00'),('wp2/wp-includes/wlwmanifest.xml','2022-06-28 15:02:00'),('site/wp-includes/wlwmanifest.xml','2022-06-28 15:02:00'),('cms/wp-includes/wlwmanifest.xml','2022-06-28 15:02:01'),('sito/wp-includes/wlwmanifest.xml','2022-06-28 15:02:01'),('wp-includes/wlwmanifest.xml','2022-06-28 16:28:03'),('blog/wp-includes/wlwmanifest.xml','2022-06-28 16:28:04'),('web/wp-includes/wlwmanifest.xml','2022-06-28 16:28:04'),('wordpress/wp-includes/wlwmanifest.xml','2022-06-28 16:28:04'),('website/wp-includes/wlwmanifest.xml','2022-06-28 16:28:05'),('wp/wp-includes/wlwmanifest.xml','2022-06-28 16:28:05'),('news/wp-includes/wlwmanifest.xml','2022-06-28 16:28:05'),('2018/wp-includes/wlwmanifest.xml','2022-06-28 16:28:05'),('2019/wp-includes/wlwmanifest.xml','2022-06-28 16:28:06'),('shop/wp-includes/wlwmanifest.xml','2022-06-28 16:28:06'),('wp1/wp-includes/wlwmanifest.xml','2022-06-28 16:28:06'),('test/wp-includes/wlwmanifest.xml','2022-06-28 16:28:07'),('media/wp-includes/wlwmanifest.xml','2022-06-28 16:28:07'),('wp2/wp-includes/wlwmanifest.xml','2022-06-28 16:28:07'),('site/wp-includes/wlwmanifest.xml','2022-06-28 16:28:08'),('cms/wp-includes/wlwmanifest.xml','2022-06-28 16:28:08'),('sito/wp-includes/wlwmanifest.xml','2022-06-28 16:28:08'),('feed/','2022-06-28 19:37:14'),('blog/wp-includes/wlwmanifest.xml','2022-06-28 19:37:28'),('web/wp-includes/wlwmanifest.xml','2022-06-28 19:37:33'),('wordpress/wp-includes/wlwmanifest.xml','2022-06-28 19:37:41'),('website/wp-includes/wlwmanifest.xml','2022-06-28 19:37:46'),('news/wp-includes/wlwmanifest.xml','2022-06-28 19:37:54'),('2020/wp-includes/wlwmanifest.xml','2022-06-28 19:38:03'),('2021/wp-includes/wlwmanifest.xml','2022-06-28 19:38:08'),('shop/wp-includes/wlwmanifest.xml','2022-06-28 19:38:15'),('wp1/wp-includes/wlwmanifest.xml','2022-06-28 19:38:20'),('test/wp-includes/wlwmanifest.xml','2022-06-28 19:38:28'),('wp2/wp-includes/wlwmanifest.xml','2022-06-28 19:38:34'),('site/wp-includes/wlwmanifest.xml','2022-06-28 19:38:42'),('cms/wp-includes/wlwmanifest.xml','2022-06-28 19:38:50'),('sito/wp-includes/wlwmanifest.xml','2022-06-28 19:38:55'),('mt/','2022-06-28 21:57:51'),('ALFA_DATA/alfacgiapi/','2022-06-28 21:57:55'),('wp-content/ALFA_DATA/alfacgiapi/','2022-06-28 21:58:03'),('wp-includes/wlwmanifest.xml','2022-06-29 02:35:36'),('blog/wp-includes/wlwmanifest.xml','2022-06-29 02:35:37'),('web/wp-includes/wlwmanifest.xml','2022-06-29 02:35:37'),('wordpress/wp-includes/wlwmanifest.xml','2022-06-29 02:35:37'),('website/wp-includes/wlwmanifest.xml','2022-06-29 02:35:37'),('wp/wp-includes/wlwmanifest.xml','2022-06-29 02:35:38'),('news/wp-includes/wlwmanifest.xml','2022-06-29 02:35:38'),('2020/wp-includes/wlwmanifest.xml','2022-06-29 02:35:38'),('2019/wp-includes/wlwmanifest.xml','2022-06-29 02:35:38'),('shop/wp-includes/wlwmanifest.xml','2022-06-29 02:35:38'),('wp1/wp-includes/wlwmanifest.xml','2022-06-29 02:35:39'),('test/wp-includes/wlwmanifest.xml','2022-06-29 02:35:39'),('wp2/wp-includes/wlwmanifest.xml','2022-06-29 02:35:39'),('site/wp-includes/wlwmanifest.xml','2022-06-29 02:35:39'),('cms/wp-includes/wlwmanifest.xml','2022-06-29 02:35:40'),('sito/wp-includes/wlwmanifest.xml','2022-06-29 02:35:40'),('.git/config','2022-06-29 03:40:14'),('wp-includes/wlwmanifest.xml','2022-06-29 04:01:17'),('blog/wp-includes/wlwmanifest.xml','2022-06-29 04:01:18'),('web/wp-includes/wlwmanifest.xml','2022-06-29 04:01:19'),('wordpress/wp-includes/wlwmanifest.xml','2022-06-29 04:01:19'),('website/wp-includes/wlwmanifest.xml','2022-06-29 04:01:19'),('wp/wp-includes/wlwmanifest.xml','2022-06-29 04:01:20'),('news/wp-includes/wlwmanifest.xml','2022-06-29 04:01:20'),('2018/wp-includes/wlwmanifest.xml','2022-06-29 04:01:20'),('2019/wp-includes/wlwmanifest.xml','2022-06-29 04:01:21'),('shop/wp-includes/wlwmanifest.xml','2022-06-29 04:01:21'),('wp1/wp-includes/wlwmanifest.xml','2022-06-29 04:01:22'),('test/wp-includes/wlwmanifest.xml','2022-06-29 04:01:22'),('media/wp-includes/wlwmanifest.xml','2022-06-29 04:01:22'),('wp2/wp-includes/wlwmanifest.xml','2022-06-29 04:01:23'),('site/wp-includes/wlwmanifest.xml','2022-06-29 04:01:23'),('cms/wp-includes/wlwmanifest.xml','2022-06-29 04:01:23'),('sito/wp-includes/wlwmanifest.xml','2022-06-29 04:01:23'),('wp-includes/wlwmanifest.xml','2022-06-29 11:46:18'),('blog/wp-includes/wlwmanifest.xml','2022-06-29 11:46:18'),('web/wp-includes/wlwmanifest.xml','2022-06-29 11:46:19'),('wordpress/wp-includes/wlwmanifest.xml','2022-06-29 11:46:19'),('website/wp-includes/wlwmanifest.xml','2022-06-29 11:46:19'),('wp/wp-includes/wlwmanifest.xml','2022-06-29 11:46:20'),('news/wp-includes/wlwmanifest.xml','2022-06-29 11:46:20'),('2018/wp-includes/wlwmanifest.xml','2022-06-29 11:46:20'),('2019/wp-includes/wlwmanifest.xml','2022-06-29 11:46:20'),('shop/wp-includes/wlwmanifest.xml','2022-06-29 11:46:21'),('wp1/wp-includes/wlwmanifest.xml','2022-06-29 11:46:21'),('test/wp-includes/wlwmanifest.xml','2022-06-29 11:46:21'),('media/wp-includes/wlwmanifest.xml','2022-06-29 11:46:21'),('wp2/wp-includes/wlwmanifest.xml','2022-06-29 11:46:22'),('site/wp-includes/wlwmanifest.xml','2022-06-29 11:46:22'),('cms/wp-includes/wlwmanifest.xml','2022-06-29 11:46:22'),('sito/wp-includes/wlwmanifest.xml','2022-06-29 11:46:23'),('.git/config','2022-06-29 12:09:44'),('wp-includes/wlwmanifest.xml','2022-06-29 12:13:08'),('wp-includes/wlwmanifest.xml','2022-06-29 13:22:49'),('blog/wp-includes/wlwmanifest.xml','2022-06-29 13:22:50'),('web/wp-includes/wlwmanifest.xml','2022-06-29 13:22:51'),('wordpress/wp-includes/wlwmanifest.xml','2022-06-29 13:22:51'),('website/wp-includes/wlwmanifest.xml','2022-06-29 13:22:51'),('wp/wp-includes/wlwmanifest.xml','2022-06-29 13:22:52'),('news/wp-includes/wlwmanifest.xml','2022-06-29 13:22:52'),('2018/wp-includes/wlwmanifest.xml','2022-06-29 13:22:52'),('2019/wp-includes/wlwmanifest.xml','2022-06-29 13:22:53'),('shop/wp-includes/wlwmanifest.xml','2022-06-29 13:22:53'),('wp1/wp-includes/wlwmanifest.xml','2022-06-29 13:22:53'),('test/wp-includes/wlwmanifest.xml','2022-06-29 13:22:54'),('media/wp-includes/wlwmanifest.xml','2022-06-29 13:22:54'),('wp2/wp-includes/wlwmanifest.xml','2022-06-29 13:22:54'),('site/wp-includes/wlwmanifest.xml','2022-06-29 13:22:55'),('cms/wp-includes/wlwmanifest.xml','2022-06-29 13:22:55'),('sito/wp-includes/wlwmanifest.xml','2022-06-29 13:22:55'),('wp-includes/wlwmanifest.xml','2022-06-29 17:51:07'),('blog/wp-includes/wlwmanifest.xml','2022-06-29 17:53:33'),('web/wp-includes/wlwmanifest.xml','2022-06-29 17:53:57'),('wordpress/wp-includes/wlwmanifest.xml','2022-06-29 17:56:10'),('website/wp-includes/wlwmanifest.xml','2022-06-29 17:57:12'),('wp/wp-includes/wlwmanifest.xml','2022-06-29 17:57:32'),('news/wp-includes/wlwmanifest.xml','2022-06-29 17:58:20'),('2018/wp-includes/wlwmanifest.xml','2022-06-29 17:58:35'),('2019/wp-includes/wlwmanifest.xml','2022-06-29 17:59:13'),('shop/wp-includes/wlwmanifest.xml','2022-06-29 18:00:15'),('wp1/wp-includes/wlwmanifest.xml','2022-06-29 18:00:51'),('test/wp-includes/wlwmanifest.xml','2022-06-29 18:01:39'),('media/wp-includes/wlwmanifest.xml','2022-06-29 18:01:49'),('wp2/wp-includes/wlwmanifest.xml','2022-06-29 18:03:44'),('site/wp-includes/wlwmanifest.xml','2022-06-29 18:04:00'),('cms/wp-includes/wlwmanifest.xml','2022-06-29 18:04:15'),('sito/wp-includes/wlwmanifest.xml','2022-06-29 18:04:32'),('wp-includes/wlwmanifest.xml','2022-06-29 19:41:06'),('blog/wp-includes/wlwmanifest.xml','2022-06-29 19:41:09'),('web/wp-includes/wlwmanifest.xml','2022-06-29 19:41:10'),('wordpress/wp-includes/wlwmanifest.xml','2022-06-29 19:41:10'),('website/wp-includes/wlwmanifest.xml','2022-06-29 19:41:10'),('wp/wp-includes/wlwmanifest.xml','2022-06-29 19:41:11'),('news/wp-includes/wlwmanifest.xml','2022-06-29 19:41:11'),('2018/wp-includes/wlwmanifest.xml','2022-06-29 19:41:11'),('2019/wp-includes/wlwmanifest.xml','2022-06-29 19:41:12'),('shop/wp-includes/wlwmanifest.xml','2022-06-29 19:41:12'),('wp1/wp-includes/wlwmanifest.xml','2022-06-29 19:41:12'),('test/wp-includes/wlwmanifest.xml','2022-06-29 19:41:13'),('media/wp-includes/wlwmanifest.xml','2022-06-29 19:41:13'),('wp2/wp-includes/wlwmanifest.xml','2022-06-29 19:41:13'),('site/wp-includes/wlwmanifest.xml','2022-06-29 19:41:14'),('cms/wp-includes/wlwmanifest.xml','2022-06-29 19:41:14'),('sito/wp-includes/wlwmanifest.xml','2022-06-29 19:41:15'),('wp-includes/wlwmanifest.xml','2022-06-29 19:50:49'),('blog/wp-includes/wlwmanifest.xml','2022-06-29 19:50:50'),('web/wp-includes/wlwmanifest.xml','2022-06-29 19:50:51'),('wordpress/wp-includes/wlwmanifest.xml','2022-06-29 19:50:51'),('website/wp-includes/wlwmanifest.xml','2022-06-29 19:50:52'),('wp/wp-includes/wlwmanifest.xml','2022-06-29 19:50:52'),('news/wp-includes/wlwmanifest.xml','2022-06-29 19:50:52'),('2020/wp-includes/wlwmanifest.xml','2022-06-29 19:50:53'),('2019/wp-includes/wlwmanifest.xml','2022-06-29 19:50:53'),('shop/wp-includes/wlwmanifest.xml','2022-06-29 19:50:54'),('wp1/wp-includes/wlwmanifest.xml','2022-06-29 19:50:54'),('test/wp-includes/wlwmanifest.xml','2022-06-29 19:50:55'),('wp2/wp-includes/wlwmanifest.xml','2022-06-29 19:50:55'),('site/wp-includes/wlwmanifest.xml','2022-06-29 19:50:55'),('cms/wp-includes/wlwmanifest.xml','2022-06-29 19:50:56'),('sito/wp-includes/wlwmanifest.xml','2022-06-29 19:50:56'),('wp-includes/wlwmanifest.xml','2022-06-30 03:22:05'),('blog/wp-includes/wlwmanifest.xml','2022-06-30 03:22:07'),('web/wp-includes/wlwmanifest.xml','2022-06-30 03:22:07'),('wordpress/wp-includes/wlwmanifest.xml','2022-06-30 03:22:07'),('website/wp-includes/wlwmanifest.xml','2022-06-30 03:22:08'),('wp/wp-includes/wlwmanifest.xml','2022-06-30 03:22:08'),('news/wp-includes/wlwmanifest.xml','2022-06-30 03:22:08'),('2018/wp-includes/wlwmanifest.xml','2022-06-30 03:22:09'),('2019/wp-includes/wlwmanifest.xml','2022-06-30 03:22:09'),('shop/wp-includes/wlwmanifest.xml','2022-06-30 03:22:09'),('wp1/wp-includes/wlwmanifest.xml','2022-06-30 03:22:09'),('test/wp-includes/wlwmanifest.xml','2022-06-30 03:22:10'),('media/wp-includes/wlwmanifest.xml','2022-06-30 03:22:10'),('wp2/wp-includes/wlwmanifest.xml','2022-06-30 03:22:10'),('site/wp-includes/wlwmanifest.xml','2022-06-30 03:22:11'),('cms/wp-includes/wlwmanifest.xml','2022-06-30 03:22:11'),('sito/wp-includes/wlwmanifest.xml','2022-06-30 03:22:11'),('wp-includes/wlwmanifest.xml','2022-06-30 07:03:08'),('blog/wp-includes/wlwmanifest.xml','2022-06-30 07:03:10'),('web/wp-includes/wlwmanifest.xml','2022-06-30 07:03:11'),('wordpress/wp-includes/wlwmanifest.xml','2022-06-30 07:03:11'),('website/wp-includes/wlwmanifest.xml','2022-06-30 07:03:12'),('wp/wp-includes/wlwmanifest.xml','2022-06-30 07:03:13'),('news/wp-includes/wlwmanifest.xml','2022-06-30 07:03:13'),('wp1/wp-includes/wlwmanifest.xml','2022-06-30 07:03:14'),('test/wp-includes/wlwmanifest.xml','2022-06-30 07:03:14'),('wp2/wp-includes/wlwmanifest.xml','2022-06-30 07:03:15'),('site/wp-includes/wlwmanifest.xml','2022-06-30 07:03:15'),('cms/wp-includes/wlwmanifest.xml','2022-06-30 07:03:16'),('sito/wp-includes/wlwmanifest.xml','2022-06-30 07:03:16'),('.git/config','2022-06-30 08:41:28'),('wp-includes/wlwmanifest.xml','2022-06-30 08:59:10'),('wp-includes/wlwmanifest.xml','2022-06-30 09:00:03'),('blog/wp-includes/wlwmanifest.xml','2022-06-30 09:00:04'),('web/wp-includes/wlwmanifest.xml','2022-06-30 09:00:05'),('wordpress/wp-includes/wlwmanifest.xml','2022-06-30 09:00:05'),('website/wp-includes/wlwmanifest.xml','2022-06-30 09:00:06'),('wp/wp-includes/wlwmanifest.xml','2022-06-30 09:00:06'),('news/wp-includes/wlwmanifest.xml','2022-06-30 09:00:07'),('2020/wp-includes/wlwmanifest.xml','2022-06-30 09:00:07'),('2019/wp-includes/wlwmanifest.xml','2022-06-30 09:00:08'),('shop/wp-includes/wlwmanifest.xml','2022-06-30 09:00:08'),('wp1/wp-includes/wlwmanifest.xml','2022-06-30 09:00:08'),('test/wp-includes/wlwmanifest.xml','2022-06-30 09:00:09'),('wp2/wp-includes/wlwmanifest.xml','2022-06-30 09:00:09'),('site/wp-includes/wlwmanifest.xml','2022-06-30 09:00:10'),('cms/wp-includes/wlwmanifest.xml','2022-06-30 09:00:11'),('sito/wp-includes/wlwmanifest.xml','2022-06-30 09:00:11'),('blog/wp-includes/wlwmanifest.xml','2022-06-30 09:01:56'),('web/wp-includes/wlwmanifest.xml','2022-06-30 09:03:03'),('wordpress/wp-includes/wlwmanifest.xml','2022-06-30 09:04:14'),('website/wp-includes/wlwmanifest.xml','2022-06-30 09:05:22'),('wp/wp-includes/wlwmanifest.xml','2022-06-30 09:06:25'),('news/wp-includes/wlwmanifest.xml','2022-06-30 09:07:29'),('2018/wp-includes/wlwmanifest.xml','2022-06-30 09:08:16'),('2019/wp-includes/wlwmanifest.xml','2022-06-30 09:09:16'),('shop/wp-includes/wlwmanifest.xml','2022-06-30 09:10:04'),('wp1/wp-includes/wlwmanifest.xml','2022-06-30 09:10:54'),('test/wp-includes/wlwmanifest.xml','2022-06-30 09:11:38'),('media/wp-includes/wlwmanifest.xml','2022-06-30 09:12:29'),('wp2/wp-includes/wlwmanifest.xml','2022-06-30 09:13:04'),('site/wp-includes/wlwmanifest.xml','2022-06-30 09:13:51'),('cms/wp-includes/wlwmanifest.xml','2022-06-30 09:14:38'),('sito/wp-includes/wlwmanifest.xml','2022-06-30 09:15:10'),('wp-includes/wlwmanifest.xml','2022-06-30 14:03:43'),('blog/wp-includes/wlwmanifest.xml','2022-06-30 14:03:44'),('web/wp-includes/wlwmanifest.xml','2022-06-30 14:03:44'),('wordpress/wp-includes/wlwmanifest.xml','2022-06-30 14:03:45'),('website/wp-includes/wlwmanifest.xml','2022-06-30 14:03:45'),('wp/wp-includes/wlwmanifest.xml','2022-06-30 14:03:45'),('news/wp-includes/wlwmanifest.xml','2022-06-30 14:03:45'),('2018/wp-includes/wlwmanifest.xml','2022-06-30 14:03:46'),('2019/wp-includes/wlwmanifest.xml','2022-06-30 14:03:46'),('shop/wp-includes/wlwmanifest.xml','2022-06-30 14:03:46'),('wp1/wp-includes/wlwmanifest.xml','2022-06-30 14:03:47'),('test/wp-includes/wlwmanifest.xml','2022-06-30 14:03:47'),('media/wp-includes/wlwmanifest.xml','2022-06-30 14:03:47'),('wp2/wp-includes/wlwmanifest.xml','2022-06-30 14:03:48'),('site/wp-includes/wlwmanifest.xml','2022-06-30 14:03:48'),('cms/wp-includes/wlwmanifest.xml','2022-06-30 14:03:48'),('sito/wp-includes/wlwmanifest.xml','2022-06-30 14:03:49'),('wp-includes/wlwmanifest.xml','2022-06-30 14:41:32'),('blog/wp-includes/wlwmanifest.xml','2022-06-30 14:42:09'),('web/wp-includes/wlwmanifest.xml','2022-06-30 14:42:26'),('wordpress/wp-includes/wlwmanifest.xml','2022-06-30 14:42:38'),('website/wp-includes/wlwmanifest.xml','2022-06-30 14:42:57'),('wp/wp-includes/wlwmanifest.xml','2022-06-30 14:43:05'),('news/wp-includes/wlwmanifest.xml','2022-06-30 14:43:07'),('2018/wp-includes/wlwmanifest.xml','2022-06-30 14:43:09'),('2019/wp-includes/wlwmanifest.xml','2022-06-30 14:43:10'),('shop/wp-includes/wlwmanifest.xml','2022-06-30 14:43:10'),('wp1/wp-includes/wlwmanifest.xml','2022-06-30 14:43:11'),('test/wp-includes/wlwmanifest.xml','2022-06-30 14:43:11'),('media/wp-includes/wlwmanifest.xml','2022-06-30 14:43:12'),('wp2/wp-includes/wlwmanifest.xml','2022-06-30 14:43:12'),('site/wp-includes/wlwmanifest.xml','2022-06-30 14:43:13'),('cms/wp-includes/wlwmanifest.xml','2022-06-30 14:43:13'),('sito/wp-includes/wlwmanifest.xml','2022-06-30 14:43:13'),('wp-includes/wlwmanifest.xml','2022-06-30 14:44:35'),('blog/wp-includes/wlwmanifest.xml','2022-06-30 14:44:36'),('web/wp-includes/wlwmanifest.xml','2022-06-30 14:44:36'),('wordpress/wp-includes/wlwmanifest.xml','2022-06-30 14:44:37'),('website/wp-includes/wlwmanifest.xml','2022-06-30 14:44:37'),('wp/wp-includes/wlwmanifest.xml','2022-06-30 14:44:37'),('news/wp-includes/wlwmanifest.xml','2022-06-30 14:44:37'),('2020/wp-includes/wlwmanifest.xml','2022-06-30 14:44:38'),('2019/wp-includes/wlwmanifest.xml','2022-06-30 14:44:38'),('shop/wp-includes/wlwmanifest.xml','2022-06-30 14:44:38'),('wp1/wp-includes/wlwmanifest.xml','2022-06-30 14:44:39'),('test/wp-includes/wlwmanifest.xml','2022-06-30 14:44:39'),('wp2/wp-includes/wlwmanifest.xml','2022-06-30 14:44:39'),('site/wp-includes/wlwmanifest.xml','2022-06-30 14:44:40'),('cms/wp-includes/wlwmanifest.xml','2022-06-30 14:44:40'),('sito/wp-includes/wlwmanifest.xml','2022-06-30 14:44:40'),('wp-includes/wlwmanifest.xml','2022-06-30 16:05:54'),('blog/wp-includes/wlwmanifest.xml','2022-06-30 16:07:44'),('web/wp-includes/wlwmanifest.xml','2022-06-30 16:07:59'),('wordpress/wp-includes/wlwmanifest.xml','2022-06-30 16:08:12'),('website/wp-includes/wlwmanifest.xml','2022-06-30 16:08:19'),('wp/wp-includes/wlwmanifest.xml','2022-06-30 16:08:24'),('news/wp-includes/wlwmanifest.xml','2022-06-30 16:08:25'),('2018/wp-includes/wlwmanifest.xml','2022-06-30 16:08:35'),('2019/wp-includes/wlwmanifest.xml','2022-06-30 16:09:00'),('shop/wp-includes/wlwmanifest.xml','2022-06-30 16:09:21'),('wp1/wp-includes/wlwmanifest.xml','2022-06-30 16:09:48'),('test/wp-includes/wlwmanifest.xml','2022-06-30 16:10:03'),('media/wp-includes/wlwmanifest.xml','2022-06-30 16:10:40'),('wp2/wp-includes/wlwmanifest.xml','2022-06-30 16:11:15'),('site/wp-includes/wlwmanifest.xml','2022-06-30 16:11:26'),('cms/wp-includes/wlwmanifest.xml','2022-06-30 16:12:03'),('sito/wp-includes/wlwmanifest.xml','2022-06-30 16:12:40'),('wp-includes/wlwmanifest.xml','2022-06-30 17:19:21'),('blog/wp-includes/wlwmanifest.xml','2022-06-30 17:19:22'),('web/wp-includes/wlwmanifest.xml','2022-06-30 17:19:22'),('wordpress/wp-includes/wlwmanifest.xml','2022-06-30 17:19:23'),('website/wp-includes/wlwmanifest.xml','2022-06-30 17:19:23'),('wp/wp-includes/wlwmanifest.xml','2022-06-30 17:19:23'),('news/wp-includes/wlwmanifest.xml','2022-06-30 17:19:23'),('2018/wp-includes/wlwmanifest.xml','2022-06-30 17:19:24'),('2019/wp-includes/wlwmanifest.xml','2022-06-30 17:19:24'),('shop/wp-includes/wlwmanifest.xml','2022-06-30 17:19:24'),('wp1/wp-includes/wlwmanifest.xml','2022-06-30 17:19:24'),('test/wp-includes/wlwmanifest.xml','2022-06-30 17:19:25'),('media/wp-includes/wlwmanifest.xml','2022-06-30 17:19:25'),('wp2/wp-includes/wlwmanifest.xml','2022-06-30 17:19:25'),('site/wp-includes/wlwmanifest.xml','2022-06-30 17:19:25'),('cms/wp-includes/wlwmanifest.xml','2022-06-30 17:19:26'),('sito/wp-includes/wlwmanifest.xml','2022-06-30 17:19:26'),('wp-includes/wlwmanifest.xml','2022-06-30 21:39:13'),('blog/wp-includes/wlwmanifest.xml','2022-06-30 21:39:15'),('web/wp-includes/wlwmanifest.xml','2022-06-30 21:39:15'),('wordpress/wp-includes/wlwmanifest.xml','2022-06-30 21:39:16'),('website/wp-includes/wlwmanifest.xml','2022-06-30 21:39:16'),('wp/wp-includes/wlwmanifest.xml','2022-06-30 21:39:16'),('news/wp-includes/wlwmanifest.xml','2022-06-30 21:39:17'),('2020/wp-includes/wlwmanifest.xml','2022-06-30 21:39:17'),('2019/wp-includes/wlwmanifest.xml','2022-06-30 21:39:18'),('shop/wp-includes/wlwmanifest.xml','2022-06-30 21:39:18'),('wp1/wp-includes/wlwmanifest.xml','2022-06-30 21:39:18'),('test/wp-includes/wlwmanifest.xml','2022-06-30 21:39:19'),('wp2/wp-includes/wlwmanifest.xml','2022-06-30 21:39:19'),('site/wp-includes/wlwmanifest.xml','2022-06-30 21:39:20'),('cms/wp-includes/wlwmanifest.xml','2022-06-30 21:39:20'),('sito/wp-includes/wlwmanifest.xml','2022-06-30 21:39:20'),('wp-includes/wlwmanifest.xml','2022-06-30 22:19:33'),('blog/wp-includes/wlwmanifest.xml','2022-06-30 22:19:33'),('web/wp-includes/wlwmanifest.xml','2022-06-30 22:19:33'),('wordpress/wp-includes/wlwmanifest.xml','2022-06-30 22:19:33'),('website/wp-includes/wlwmanifest.xml','2022-06-30 22:19:34'),('wp/wp-includes/wlwmanifest.xml','2022-06-30 22:19:34'),('news/wp-includes/wlwmanifest.xml','2022-06-30 22:19:34'),('2020/wp-includes/wlwmanifest.xml','2022-06-30 22:19:34'),('2019/wp-includes/wlwmanifest.xml','2022-06-30 22:19:34'),('shop/wp-includes/wlwmanifest.xml','2022-06-30 22:19:34'),('wp1/wp-includes/wlwmanifest.xml','2022-06-30 22:19:34'),('test/wp-includes/wlwmanifest.xml','2022-06-30 22:19:35'),('wp2/wp-includes/wlwmanifest.xml','2022-06-30 22:19:35'),('site/wp-includes/wlwmanifest.xml','2022-06-30 22:19:35'),('cms/wp-includes/wlwmanifest.xml','2022-06-30 22:19:35'),('sito/wp-includes/wlwmanifest.xml','2022-06-30 22:19:35'),('.well-known/acme-challenge/BiBKvRHpI75_r3enED-JAnb0GA8aHY_V22ifBShJ6v8','2022-07-01 00:07:45'),('.well-known/acme-challenge/BiBKvRHpI75_r3enED-JAnb0GA8aHY_V22ifBShJ6v8','2022-07-01 00:07:45'),('.well-known/acme-challenge/BiBKvRHpI75_r3enED-JAnb0GA8aHY_V22ifBShJ6v8','2022-07-01 00:07:45'),('.well-known/acme-challenge/BiBKvRHpI75_r3enED-JAnb0GA8aHY_V22ifBShJ6v8','2022-07-01 00:07:45'),('wp-includes/ID3/license.txt','2022-07-01 03:08:04'),('feed/','2022-07-01 03:08:05'),('wp-includes/wlwmanifest.xml','2022-07-01 09:07:40'),('blog/wp-includes/wlwmanifest.xml','2022-07-01 09:07:45'),('web/wp-includes/wlwmanifest.xml','2022-07-01 09:07:47'),('wordpress/wp-includes/wlwmanifest.xml','2022-07-01 09:07:49'),('website/wp-includes/wlwmanifest.xml','2022-07-01 09:07:50'),('wp/wp-includes/wlwmanifest.xml','2022-07-01 09:07:51'),('news/wp-includes/wlwmanifest.xml','2022-07-01 09:07:53'),('2018/wp-includes/wlwmanifest.xml','2022-07-01 09:07:54'),('2019/wp-includes/wlwmanifest.xml','2022-07-01 09:07:56'),('shop/wp-includes/wlwmanifest.xml','2022-07-01 09:07:57'),('wp1/wp-includes/wlwmanifest.xml','2022-07-01 09:07:59'),('test/wp-includes/wlwmanifest.xml','2022-07-01 09:08:00'),('media/wp-includes/wlwmanifest.xml','2022-07-01 09:08:02'),('wp2/wp-includes/wlwmanifest.xml','2022-07-01 09:08:03'),('site/wp-includes/wlwmanifest.xml','2022-07-01 09:08:04'),('cms/wp-includes/wlwmanifest.xml','2022-07-01 09:08:05'),('sito/wp-includes/wlwmanifest.xml','2022-07-01 09:08:07'),('.git/config','2022-07-01 12:02:25'),('wp-includes/wlwmanifest.xml','2022-07-01 12:07:38'),('wp-includes/wlwmanifest.xml','2022-07-01 12:17:29'),('blog/wp-includes/wlwmanifest.xml','2022-07-01 12:17:31'),('web/wp-includes/wlwmanifest.xml','2022-07-01 12:17:31'),('wordpress/wp-includes/wlwmanifest.xml','2022-07-01 12:17:31'),('website/wp-includes/wlwmanifest.xml','2022-07-01 12:17:32'),('wp/wp-includes/wlwmanifest.xml','2022-07-01 12:17:32'),('news/wp-includes/wlwmanifest.xml','2022-07-01 12:17:32'),('2018/wp-includes/wlwmanifest.xml','2022-07-01 12:17:33'),('2019/wp-includes/wlwmanifest.xml','2022-07-01 12:17:33'),('shop/wp-includes/wlwmanifest.xml','2022-07-01 12:17:33'),('wp1/wp-includes/wlwmanifest.xml','2022-07-01 12:17:34'),('test/wp-includes/wlwmanifest.xml','2022-07-01 12:17:34'),('media/wp-includes/wlwmanifest.xml','2022-07-01 12:17:34'),('wp2/wp-includes/wlwmanifest.xml','2022-07-01 12:17:35'),('site/wp-includes/wlwmanifest.xml','2022-07-01 12:17:35'),('cms/wp-includes/wlwmanifest.xml','2022-07-01 12:17:35'),('sito/wp-includes/wlwmanifest.xml','2022-07-01 12:17:36'),('ALFA_DATA/alfacgiapi/perl.alfa','2022-07-01 13:43:02'),('alfacgiapi/perl.alfa','2022-07-01 13:43:04'),('wp-content/plugins/apikey/apikey.php.suspected','2022-07-01 13:43:04'),('plugins/content/apismtp/apismtp.php.suspected','2022-07-01 13:43:05'),('wp-includes/wlwmanifest.xml','2022-07-01 17:26:00'),('blog/wp-includes/wlwmanifest.xml','2022-07-01 17:26:01'),('web/wp-includes/wlwmanifest.xml','2022-07-01 17:26:02'),('wordpress/wp-includes/wlwmanifest.xml','2022-07-01 17:26:02'),('website/wp-includes/wlwmanifest.xml','2022-07-01 17:26:03'),('wp/wp-includes/wlwmanifest.xml','2022-07-01 17:26:03'),('news/wp-includes/wlwmanifest.xml','2022-07-01 17:26:04'),('2018/wp-includes/wlwmanifest.xml','2022-07-01 17:26:04'),('2019/wp-includes/wlwmanifest.xml','2022-07-01 17:26:04'),('shop/wp-includes/wlwmanifest.xml','2022-07-01 17:26:05'),('wp1/wp-includes/wlwmanifest.xml','2022-07-01 17:26:05'),('test/wp-includes/wlwmanifest.xml','2022-07-01 17:26:06'),('media/wp-includes/wlwmanifest.xml','2022-07-01 17:26:06'),('wp2/wp-includes/wlwmanifest.xml','2022-07-01 17:26:06'),('site/wp-includes/wlwmanifest.xml','2022-07-01 17:26:06'),('cms/wp-includes/wlwmanifest.xml','2022-07-01 17:26:07'),('sito/wp-includes/wlwmanifest.xml','2022-07-01 17:26:07'),('common/GetResponseStr','2022-07-01 18:05:53'),('common/GetResponseStr','2022-07-01 18:06:17'),('wp-includes/wlwmanifest.xml','2022-07-01 20:53:36'),('blog/wp-includes/wlwmanifest.xml','2022-07-01 20:53:38'),('web/wp-includes/wlwmanifest.xml','2022-07-01 20:53:39'),('wordpress/wp-includes/wlwmanifest.xml','2022-07-01 20:53:40'),('website/wp-includes/wlwmanifest.xml','2022-07-01 20:53:40'),('wp/wp-includes/wlwmanifest.xml','2022-07-01 20:53:41'),('news/wp-includes/wlwmanifest.xml','2022-07-01 20:53:41'),('2020/wp-includes/wlwmanifest.xml','2022-07-01 20:53:41'),('2019/wp-includes/wlwmanifest.xml','2022-07-01 20:53:42'),('shop/wp-includes/wlwmanifest.xml','2022-07-01 20:53:42'),('wp1/wp-includes/wlwmanifest.xml','2022-07-01 20:53:43'),('test/wp-includes/wlwmanifest.xml','2022-07-01 20:53:44'),('wp2/wp-includes/wlwmanifest.xml','2022-07-01 20:53:44'),('site/wp-includes/wlwmanifest.xml','2022-07-01 20:53:45'),('cms/wp-includes/wlwmanifest.xml','2022-07-01 20:53:46'),('sito/wp-includes/wlwmanifest.xml','2022-07-01 20:53:46'),('feed/','2022-07-01 21:27:44'),('wp-json/wp/v2/users/','2022-07-01 21:27:45'),('wp-json/oembed/1.0/embed','2022-07-01 21:27:45'),('wp-includes/wlwmanifest.xml','2022-07-02 00:45:34'),('blog/wp-includes/wlwmanifest.xml','2022-07-02 00:45:35'),('web/wp-includes/wlwmanifest.xml','2022-07-02 00:45:35'),('wordpress/wp-includes/wlwmanifest.xml','2022-07-02 00:45:36'),('website/wp-includes/wlwmanifest.xml','2022-07-02 00:45:36'),('wp/wp-includes/wlwmanifest.xml','2022-07-02 00:45:36'),('news/wp-includes/wlwmanifest.xml','2022-07-02 00:45:36'),('2020/wp-includes/wlwmanifest.xml','2022-07-02 00:45:36'),('2019/wp-includes/wlwmanifest.xml','2022-07-02 00:45:37'),('shop/wp-includes/wlwmanifest.xml','2022-07-02 00:45:37'),('wp1/wp-includes/wlwmanifest.xml','2022-07-02 00:45:37'),('test/wp-includes/wlwmanifest.xml','2022-07-02 00:45:38'),('wp2/wp-includes/wlwmanifest.xml','2022-07-02 00:45:38'),('site/wp-includes/wlwmanifest.xml','2022-07-02 00:45:39'),('cms/wp-includes/wlwmanifest.xml','2022-07-02 00:45:39'),('sito/wp-includes/wlwmanifest.xml','2022-07-02 00:45:39'),('wp-includes/wlwmanifest.xml','2022-07-02 01:07:14'),('blog/wp-includes/wlwmanifest.xml','2022-07-02 01:07:15'),('web/wp-includes/wlwmanifest.xml','2022-07-02 01:07:16'),('wordpress/wp-includes/wlwmanifest.xml','2022-07-02 01:07:16'),('website/wp-includes/wlwmanifest.xml','2022-07-02 01:07:16'),('wp/wp-includes/wlwmanifest.xml','2022-07-02 01:07:17'),('news/wp-includes/wlwmanifest.xml','2022-07-02 01:07:17'),('2018/wp-includes/wlwmanifest.xml','2022-07-02 01:07:17'),('2019/wp-includes/wlwmanifest.xml','2022-07-02 01:07:18'),('shop/wp-includes/wlwmanifest.xml','2022-07-02 01:07:18'),('wp1/wp-includes/wlwmanifest.xml','2022-07-02 01:07:18'),('test/wp-includes/wlwmanifest.xml','2022-07-02 01:07:18'),('media/wp-includes/wlwmanifest.xml','2022-07-02 01:07:19'),('wp2/wp-includes/wlwmanifest.xml','2022-07-02 01:07:19'),('site/wp-includes/wlwmanifest.xml','2022-07-02 01:07:19'),('cms/wp-includes/wlwmanifest.xml','2022-07-02 01:07:20'),('sito/wp-includes/wlwmanifest.xml','2022-07-02 01:07:20'),('feed/','2022-07-02 10:42:36'),('wp-json/wp/v2/users/','2022-07-02 10:42:37'),('wp-json/oembed/1.0/embed','2022-07-02 10:42:37'),('wp-includes/wlwmanifest.xml','2022-07-02 11:45:45'),('blog/wp-includes/wlwmanifest.xml','2022-07-02 11:45:51'),('web/wp-includes/wlwmanifest.xml','2022-07-02 11:45:53'),('wordpress/wp-includes/wlwmanifest.xml','2022-07-02 11:45:55'),('website/wp-includes/wlwmanifest.xml','2022-07-02 11:45:57'),('wp/wp-includes/wlwmanifest.xml','2022-07-02 11:45:59'),('news/wp-includes/wlwmanifest.xml','2022-07-02 11:46:02'),('2020/wp-includes/wlwmanifest.xml','2022-07-02 11:46:05'),('2019/wp-includes/wlwmanifest.xml','2022-07-02 11:46:07'),('shop/wp-includes/wlwmanifest.xml','2022-07-02 11:46:09'),('wp1/wp-includes/wlwmanifest.xml','2022-07-02 11:46:12'),('test/wp-includes/wlwmanifest.xml','2022-07-02 11:46:14'),('wp2/wp-includes/wlwmanifest.xml','2022-07-02 11:46:16'),('site/wp-includes/wlwmanifest.xml','2022-07-02 11:46:18'),('cms/wp-includes/wlwmanifest.xml','2022-07-02 11:46:21'),('sito/wp-includes/wlwmanifest.xml','2022-07-02 11:46:24'),('wp-includes/wlwmanifest.xml','2022-07-02 11:54:43'),('blog/wp-includes/wlwmanifest.xml','2022-07-02 11:54:44'),('web/wp-includes/wlwmanifest.xml','2022-07-02 11:54:44'),('wordpress/wp-includes/wlwmanifest.xml','2022-07-02 11:54:44'),('website/wp-includes/wlwmanifest.xml','2022-07-02 11:54:44'),('wp/wp-includes/wlwmanifest.xml','2022-07-02 11:54:45'),('news/wp-includes/wlwmanifest.xml','2022-07-02 11:54:45'),('2018/wp-includes/wlwmanifest.xml','2022-07-02 11:54:45'),('2019/wp-includes/wlwmanifest.xml','2022-07-02 11:54:46'),('shop/wp-includes/wlwmanifest.xml','2022-07-02 11:54:46'),('wp1/wp-includes/wlwmanifest.xml','2022-07-02 11:54:47'),('test/wp-includes/wlwmanifest.xml','2022-07-02 11:54:47'),('media/wp-includes/wlwmanifest.xml','2022-07-02 11:54:47'),('wp2/wp-includes/wlwmanifest.xml','2022-07-02 11:54:47'),('site/wp-includes/wlwmanifest.xml','2022-07-02 11:54:48'),('cms/wp-includes/wlwmanifest.xml','2022-07-02 11:54:48'),('sito/wp-includes/wlwmanifest.xml','2022-07-02 11:54:48'),('.git/config','2022-07-02 12:02:21'),('wp-includes/wlwmanifest.xml','2022-07-02 15:18:22'),('blog/wp-includes/wlwmanifest.xml','2022-07-02 15:18:23'),('web/wp-includes/wlwmanifest.xml','2022-07-02 15:18:23'),('wordpress/wp-includes/wlwmanifest.xml','2022-07-02 15:18:24'),('website/wp-includes/wlwmanifest.xml','2022-07-02 15:18:24'),('wp/wp-includes/wlwmanifest.xml','2022-07-02 15:18:25'),('news/wp-includes/wlwmanifest.xml','2022-07-02 15:18:25'),('2018/wp-includes/wlwmanifest.xml','2022-07-02 15:18:25'),('2019/wp-includes/wlwmanifest.xml','2022-07-02 15:18:26'),('shop/wp-includes/wlwmanifest.xml','2022-07-02 15:18:26'),('wp1/wp-includes/wlwmanifest.xml','2022-07-02 15:18:26'),('test/wp-includes/wlwmanifest.xml','2022-07-02 15:18:27'),('media/wp-includes/wlwmanifest.xml','2022-07-02 15:18:27'),('wp2/wp-includes/wlwmanifest.xml','2022-07-02 15:18:28'),('site/wp-includes/wlwmanifest.xml','2022-07-02 15:18:28'),('cms/wp-includes/wlwmanifest.xml','2022-07-02 15:18:28'),('sito/wp-includes/wlwmanifest.xml','2022-07-02 15:18:29'),('wp-includes/wlwmanifest.xml','2022-07-02 15:54:45'),('blog/wp-includes/wlwmanifest.xml','2022-07-02 15:54:46'),('web/wp-includes/wlwmanifest.xml','2022-07-02 15:54:46'),('wordpress/wp-includes/wlwmanifest.xml','2022-07-02 15:54:47'),('website/wp-includes/wlwmanifest.xml','2022-07-02 15:54:47'),('wp/wp-includes/wlwmanifest.xml','2022-07-02 15:54:47'),('news/wp-includes/wlwmanifest.xml','2022-07-02 15:54:48'),('2020/wp-includes/wlwmanifest.xml','2022-07-02 15:54:48'),('2019/wp-includes/wlwmanifest.xml','2022-07-02 15:54:48'),('shop/wp-includes/wlwmanifest.xml','2022-07-02 15:54:49'),('wp1/wp-includes/wlwmanifest.xml','2022-07-02 15:54:49'),('test/wp-includes/wlwmanifest.xml','2022-07-02 15:54:50'),('wp2/wp-includes/wlwmanifest.xml','2022-07-02 15:54:50'),('site/wp-includes/wlwmanifest.xml','2022-07-02 15:54:50'),('cms/wp-includes/wlwmanifest.xml','2022-07-02 15:54:51'),('sito/wp-includes/wlwmanifest.xml','2022-07-02 15:54:51'),('feed/','2022-07-02 17:29:00'),('wp-json/wp/v2/users/','2022-07-02 17:29:02'),('wp-json/oembed/1.0/embed','2022-07-02 17:29:03'),('wp-includes/wlwmanifest.xml','2022-07-03 00:28:34'),('blog/wp-includes/wlwmanifest.xml','2022-07-03 00:28:35'),('web/wp-includes/wlwmanifest.xml','2022-07-03 00:28:35'),('wordpress/wp-includes/wlwmanifest.xml','2022-07-03 00:28:36'),('website/wp-includes/wlwmanifest.xml','2022-07-03 00:28:36'),('wp/wp-includes/wlwmanifest.xml','2022-07-03 00:28:36'),('news/wp-includes/wlwmanifest.xml','2022-07-03 00:28:37'),('2018/wp-includes/wlwmanifest.xml','2022-07-03 00:28:37'),('2019/wp-includes/wlwmanifest.xml','2022-07-03 00:28:37'),('shop/wp-includes/wlwmanifest.xml','2022-07-03 00:28:37'),('wp1/wp-includes/wlwmanifest.xml','2022-07-03 00:28:38'),('test/wp-includes/wlwmanifest.xml','2022-07-03 00:28:38'),('media/wp-includes/wlwmanifest.xml','2022-07-03 00:28:38'),('wp2/wp-includes/wlwmanifest.xml','2022-07-03 00:28:39'),('site/wp-includes/wlwmanifest.xml','2022-07-03 00:28:39'),('cms/wp-includes/wlwmanifest.xml','2022-07-03 00:28:39'),('sito/wp-includes/wlwmanifest.xml','2022-07-03 00:28:40'),('wp-includes/wlwmanifest.xml','2022-07-03 05:22:59'),('blog/wp-includes/wlwmanifest.xml','2022-07-03 05:23:00'),('web/wp-includes/wlwmanifest.xml','2022-07-03 05:23:00'),('wordpress/wp-includes/wlwmanifest.xml','2022-07-03 05:23:00'),('website/wp-includes/wlwmanifest.xml','2022-07-03 05:23:00'),('wp/wp-includes/wlwmanifest.xml','2022-07-03 05:23:01'),('news/wp-includes/wlwmanifest.xml','2022-07-03 05:23:01'),('2018/wp-includes/wlwmanifest.xml','2022-07-03 05:23:01'),('2019/wp-includes/wlwmanifest.xml','2022-07-03 05:23:02'),('shop/wp-includes/wlwmanifest.xml','2022-07-03 05:23:02'),('wp1/wp-includes/wlwmanifest.xml','2022-07-03 05:23:02'),('test/wp-includes/wlwmanifest.xml','2022-07-03 05:23:02'),('media/wp-includes/wlwmanifest.xml','2022-07-03 05:23:03'),('wp2/wp-includes/wlwmanifest.xml','2022-07-03 05:23:03'),('site/wp-includes/wlwmanifest.xml','2022-07-03 05:23:03'),('cms/wp-includes/wlwmanifest.xml','2022-07-03 05:23:04'),('sito/wp-includes/wlwmanifest.xml','2022-07-03 05:23:04'),('.env','2022-07-03 07:12:28'),('.remote','2022-07-03 07:12:29'),('.local','2022-07-03 07:12:29'),('.production','2022-07-03 07:12:30'),('vendor/.env','2022-07-03 07:12:30'),('lib/.env','2022-07-03 07:12:31'),('lab/.env','2022-07-03 07:12:31'),('cronlab/.env','2022-07-03 07:12:32'),('cron/.env','2022-07-03 07:12:32'),('core/.env','2022-07-03 07:12:33'),('core/app/.env','2022-07-03 07:12:33'),('core/Datavase/.env','2022-07-03 07:12:34'),('database/.env','2022-07-03 07:12:34'),('config/.env','2022-07-03 07:12:35'),('assets/.env','2022-07-03 07:12:35'),('app/.env','2022-07-03 07:12:36'),('apps/.env','2022-07-03 07:12:36'),('uploads/.env','2022-07-03 07:12:37'),('sitemaps/.env','2022-07-03 07:12:37'),('saas/.env','2022-07-03 07:12:38'),('api/.env','2022-07-03 07:12:38'),('psnlink/.env','2022-07-03 07:12:39'),('exapi/.env','2022-07-03 07:12:39'),('site/.env','2022-07-03 07:12:40'),('admin/.env','2022-07-03 07:12:40'),('web/.env','2022-07-03 07:12:41'),('public/.env','2022-07-03 07:12:41'),('en/.env','2022-07-03 07:12:42'),('tools/.env','2022-07-03 07:12:42'),('v1/.env','2022-07-03 07:12:43'),('v2/.env','2022-07-03 07:12:43'),('administrator/.env','2022-07-03 07:12:44'),('laravel/.env','2022-07-03 07:12:44'),('.well-known/acme-challenge/P7c9SANABD4-8P6cBsHlYA-irVlWkDqWSMvckUvcSII','2022-07-03 12:05:05'),('.well-known/acme-challenge/P7c9SANABD4-8P6cBsHlYA-irVlWkDqWSMvckUvcSII','2022-07-03 12:05:05'),('.well-known/acme-challenge/P7c9SANABD4-8P6cBsHlYA-irVlWkDqWSMvckUvcSII','2022-07-03 12:05:05'),('aaa9','2022-07-04 11:50:43'),('.env','2022-07-04 17:48:45'),('wp-includes/wlwmanifest.xml','2022-07-04 21:29:38'),('blog/wp-includes/wlwmanifest.xml','2022-07-04 21:29:39'),('web/wp-includes/wlwmanifest.xml','2022-07-04 21:29:39'),('wordpress/wp-includes/wlwmanifest.xml','2022-07-04 21:29:39'),('website/wp-includes/wlwmanifest.xml','2022-07-04 21:29:40'),('wp/wp-includes/wlwmanifest.xml','2022-07-04 21:29:40'),('news/wp-includes/wlwmanifest.xml','2022-07-04 21:29:40'),('2018/wp-includes/wlwmanifest.xml','2022-07-04 21:29:41'),('2019/wp-includes/wlwmanifest.xml','2022-07-04 21:29:41'),('shop/wp-includes/wlwmanifest.xml','2022-07-04 21:29:41'),('wp1/wp-includes/wlwmanifest.xml','2022-07-04 21:29:41'),('test/wp-includes/wlwmanifest.xml','2022-07-04 21:29:42'),('media/wp-includes/wlwmanifest.xml','2022-07-04 21:29:42'),('wp2/wp-includes/wlwmanifest.xml','2022-07-04 21:29:42'),('site/wp-includes/wlwmanifest.xml','2022-07-04 21:29:43'),('cms/wp-includes/wlwmanifest.xml','2022-07-04 21:29:43'),('sito/wp-includes/wlwmanifest.xml','2022-07-04 21:29:43'),('wp-includes/wlwmanifest.xml','2022-07-05 09:55:54'),('blog/wp-includes/wlwmanifest.xml','2022-07-05 09:55:55'),('web/wp-includes/wlwmanifest.xml','2022-07-05 09:55:56'),('wordpress/wp-includes/wlwmanifest.xml','2022-07-05 09:55:56'),('website/wp-includes/wlwmanifest.xml','2022-07-05 09:55:56'),('wp/wp-includes/wlwmanifest.xml','2022-07-05 09:55:57'),('news/wp-includes/wlwmanifest.xml','2022-07-05 09:55:57'),('2018/wp-includes/wlwmanifest.xml','2022-07-05 09:55:58'),('2019/wp-includes/wlwmanifest.xml','2022-07-05 09:55:58'),('shop/wp-includes/wlwmanifest.xml','2022-07-05 09:55:58'),('wp1/wp-includes/wlwmanifest.xml','2022-07-05 09:55:59'),('test/wp-includes/wlwmanifest.xml','2022-07-05 09:55:59'),('media/wp-includes/wlwmanifest.xml','2022-07-05 09:56:00'),('wp2/wp-includes/wlwmanifest.xml','2022-07-05 09:56:00'),('site/wp-includes/wlwmanifest.xml','2022-07-05 09:56:00'),('cms/wp-includes/wlwmanifest.xml','2022-07-05 09:56:01'),('sito/wp-includes/wlwmanifest.xml','2022-07-05 09:56:02'),('common/GetResponseStr','2022-07-05 13:14:55'),('wp-includes/wlwmanifest.xml','2022-07-05 15:10:29'),('blog/wp-includes/wlwmanifest.xml','2022-07-05 15:10:30'),('web/wp-includes/wlwmanifest.xml','2022-07-05 15:10:30'),('wordpress/wp-includes/wlwmanifest.xml','2022-07-05 15:10:30'),('website/wp-includes/wlwmanifest.xml','2022-07-05 15:10:31'),('wp/wp-includes/wlwmanifest.xml','2022-07-05 15:10:31'),('news/wp-includes/wlwmanifest.xml','2022-07-05 15:10:31'),('2020/wp-includes/wlwmanifest.xml','2022-07-05 15:10:31'),('2019/wp-includes/wlwmanifest.xml','2022-07-05 15:10:32'),('shop/wp-includes/wlwmanifest.xml','2022-07-05 15:10:32'),('wp1/wp-includes/wlwmanifest.xml','2022-07-05 15:10:32'),('test/wp-includes/wlwmanifest.xml','2022-07-05 15:10:33'),('wp2/wp-includes/wlwmanifest.xml','2022-07-05 15:10:33'),('site/wp-includes/wlwmanifest.xml','2022-07-05 15:10:33'),('cms/wp-includes/wlwmanifest.xml','2022-07-05 15:10:34'),('sito/wp-includes/wlwmanifest.xml','2022-07-05 15:10:34'),('wp-includes/wlwmanifest.xml','2022-07-05 17:06:54'),('blog/wp-includes/wlwmanifest.xml','2022-07-05 17:06:55'),('web/wp-includes/wlwmanifest.xml','2022-07-05 17:06:55'),('wordpress/wp-includes/wlwmanifest.xml','2022-07-05 17:06:56'),('website/wp-includes/wlwmanifest.xml','2022-07-05 17:06:56'),('wp/wp-includes/wlwmanifest.xml','2022-07-05 17:06:57'),('news/wp-includes/wlwmanifest.xml','2022-07-05 17:06:57'),('2018/wp-includes/wlwmanifest.xml','2022-07-05 17:06:58'),('2019/wp-includes/wlwmanifest.xml','2022-07-05 17:06:58'),('shop/wp-includes/wlwmanifest.xml','2022-07-05 17:06:58'),('wp1/wp-includes/wlwmanifest.xml','2022-07-05 17:06:59'),('test/wp-includes/wlwmanifest.xml','2022-07-05 17:06:59'),('media/wp-includes/wlwmanifest.xml','2022-07-05 17:07:00'),('wp2/wp-includes/wlwmanifest.xml','2022-07-05 17:07:00'),('site/wp-includes/wlwmanifest.xml','2022-07-05 17:07:01'),('cms/wp-includes/wlwmanifest.xml','2022-07-05 17:07:01'),('sito/wp-includes/wlwmanifest.xml','2022-07-05 17:07:01'),('.env','2022-07-05 18:52:58'),('wp-includes/wlwmanifest.xml','2022-07-05 19:41:34'),('blog/wp-includes/wlwmanifest.xml','2022-07-05 19:41:35'),('web/wp-includes/wlwmanifest.xml','2022-07-05 19:41:35'),('wordpress/wp-includes/wlwmanifest.xml','2022-07-05 19:41:35'),('website/wp-includes/wlwmanifest.xml','2022-07-05 19:41:36'),('wp/wp-includes/wlwmanifest.xml','2022-07-05 19:41:36'),('news/wp-includes/wlwmanifest.xml','2022-07-05 19:41:36'),('2020/wp-includes/wlwmanifest.xml','2022-07-05 19:41:36'),('2019/wp-includes/wlwmanifest.xml','2022-07-05 19:41:37'),('shop/wp-includes/wlwmanifest.xml','2022-07-05 19:41:37'),('wp1/wp-includes/wlwmanifest.xml','2022-07-05 19:41:37'),('test/wp-includes/wlwmanifest.xml','2022-07-05 19:41:38'),('wp2/wp-includes/wlwmanifest.xml','2022-07-05 19:41:38'),('site/wp-includes/wlwmanifest.xml','2022-07-05 19:41:38'),('cms/wp-includes/wlwmanifest.xml','2022-07-05 19:41:38'),('sito/wp-includes/wlwmanifest.xml','2022-07-05 19:41:39'),('.env','2022-07-06 09:55:39'),('.well-known/acme-challenge/dE8eQMqEB3Us_a4eF-DhAJPoNyraW0-4kMOi5BgSpRQ','2022-07-06 12:05:44'),('.well-known/acme-challenge/dE8eQMqEB3Us_a4eF-DhAJPoNyraW0-4kMOi5BgSpRQ','2022-07-06 12:05:44'),('.well-known/acme-challenge/dE8eQMqEB3Us_a4eF-DhAJPoNyraW0-4kMOi5BgSpRQ','2022-07-06 12:05:44'),('.well-known/acme-challenge/dE8eQMqEB3Us_a4eF-DhAJPoNyraW0-4kMOi5BgSpRQ','2022-07-06 12:05:44'),('wp-includes/wlwmanifest.xml','2022-07-06 18:23:18'),('blog/wp-includes/wlwmanifest.xml','2022-07-06 18:23:20'),('web/wp-includes/wlwmanifest.xml','2022-07-06 18:23:20'),('wordpress/wp-includes/wlwmanifest.xml','2022-07-06 18:23:21'),('website/wp-includes/wlwmanifest.xml','2022-07-06 18:23:21'),('wp/wp-includes/wlwmanifest.xml','2022-07-06 18:23:22'),('news/wp-includes/wlwmanifest.xml','2022-07-06 18:23:22'),('2020/wp-includes/wlwmanifest.xml','2022-07-06 18:23:23'),('2019/wp-includes/wlwmanifest.xml','2022-07-06 18:23:23'),('shop/wp-includes/wlwmanifest.xml','2022-07-06 18:23:24'),('wp1/wp-includes/wlwmanifest.xml','2022-07-06 18:23:24'),('test/wp-includes/wlwmanifest.xml','2022-07-06 18:23:25'),('wp2/wp-includes/wlwmanifest.xml','2022-07-06 18:23:26'),('site/wp-includes/wlwmanifest.xml','2022-07-06 18:23:26'),('cms/wp-includes/wlwmanifest.xml','2022-07-06 18:23:27'),('sito/wp-includes/wlwmanifest.xml','2022-07-06 18:23:27'),('.env','2022-07-06 20:23:21');

--
-- Table structure for table `oc_address`
--

CREATE TABLE `oc_address` (
  `address_id` int(11) NOT NULL AUTO_INCREMENT,
  `customer_id` int(11) NOT NULL,
  `firstname` varchar(32) NOT NULL,
  `lastname` varchar(32) NOT NULL,
  `company` varchar(40) NOT NULL,
  `address_1` varchar(128) NOT NULL,
  `address_2` varchar(128) NOT NULL,
  `city` varchar(128) NOT NULL,
  `postcode` varchar(10) NOT NULL,
  `country_id` int(11) NOT NULL DEFAULT '0',
  `zone_id` int(11) NOT NULL DEFAULT '0',
  `custom_field` text NOT NULL,
  PRIMARY KEY (`address_id`),
  KEY `customer_id` (`customer_id`),
  KEY `country_id` (`country_id`),
  KEY `zone_id` (`zone_id`)
) ENGINE=MyISAM DEFAULT CHARSET=utf8;

--
-- Dumping data for table `oc_address`
--


--
-- Table structure for table `oc_api`
--

CREATE TABLE `oc_api` (
  `api_id` int(11) NOT NULL AUTO_INCREMENT,
  `username` varchar(64) NOT NULL,
  `key` text NOT NULL,
  `status` tinyint(1) NOT NULL,
  `date_added` datetime NOT NULL,
  `date_modified` datetime NOT NULL,
  PRIMARY KEY (`api_id`)
) ENGINE=MyISAM AUTO_INCREMENT=2 DEFAULT CHARSET=utf8;

--
-- Dumping data for table `oc_api`
--

INSERT INTO `oc_api` VALUES (1,'Default','bL9zR5CJPbB2RhCuzQDIoXnacvzt8Z6POUgX95Yar7b6n5y4yhO0cXuOlYRiKvfk3cFTfOnZ7rXg5CK80cURN8vdS82gywJHDQhrvvnUWA3GYVtZxZ503pljbjYoxVFh06AbnhsRohNPQLHkifXfPwSwNl0O2GmYoOxtscCtSv3QVArVSjZXhPAunzTmmDEEb7nomHHzJP13LsUsVHPKTgcqyr7vENEXNb2AnCEHSP5RKMzNkxEW5Tiz1HTgnNYs',1,'2022-06-02 14:18:03','2022-06-02 14:18:03');

--
-- Table structure for table `oc_api_ip`
--

CREATE TABLE `oc_api_ip` (
  `api_ip_id` int(11) NOT NULL AUTO_INCREMENT,
  `api_id` int(11) NOT NULL,
  `ip` varchar(40) NOT NULL,
  PRIMARY KEY (`api_ip_id`),
  KEY `api_id` (`api_id`)
) ENGINE=MyISAM AUTO_INCREMENT=2 DEFAULT CHARSET=utf8;

--
-- Dumping data for table `oc_api_ip`
--

INSERT INTO `oc_api_ip` VALUES (1,1,'199.101.192.99');

--
-- Table structure for table `oc_api_session`
--

CREATE TABLE `oc_api_session` (
  `api_session_id` int(11) NOT NULL AUTO_INCREMENT,
  `api_id` int(11) NOT NULL,
  `session_id` varchar(32) NOT NULL,
  `ip` varchar(40) NOT NULL,
  `date_added` datetime NOT NULL,
  `date_modified` datetime NOT NULL,
  PRIMARY KEY (`api_session_id`),
  KEY `api_id` (`api_id`),
  KEY `session_id` (`session_id`)
) ENGINE=MyISAM AUTO_INCREMENT=2 DEFAULT CHARSET=utf8;

--
-- Dumping data for table `oc_api_session`
--

INSERT INTO `oc_api_session` VALUES (1,1,'858d76d5d4e7ee21f04e7ab045','199.101.192.99','2022-06-12 10:08:50','2022-06-12 10:08:50');

--
-- Table structure for table `oc_attribute`
--

CREATE TABLE `oc_attribute` (
  `attribute_id` int(11) NOT NULL AUTO_INCREMENT,
  `attribute_group_id` int(11) NOT NULL,
  `sort_order` int(3) NOT NULL,
  PRIMARY KEY (`attribute_id`),
  KEY `attribute_group_id` (`attribute_group_id`)
) ENGINE=MyISAM AUTO_INCREMENT=12 DEFAULT CHARSET=utf8;

--
-- Dumping data for table `oc_attribute`
--

INSERT INTO `oc_attribute` VALUES (1,6,1),(2,6,5),(3,6,3),(4,3,1),(5,3,2),(6,3,3),(7,3,4),(8,3,5),(9,3,6),(10,3,7),(11,3,8);

--
-- Table structure for table `oc_attribute_description`
--

CREATE TABLE `oc_attribute_description` (
  `attribute_id` int(11) NOT NULL,
  `language_id` int(11) NOT NULL,
  `name` varchar(64) NOT NULL,
  PRIMARY KEY (`attribute_id`,`language_id`)
) ENGINE=MyISAM DEFAULT CHARSET=utf8;

--
-- Dumping data for table `oc_attribute_description`
--

INSERT INTO `oc_attribute_description` VALUES (1,1,'Description'),(2,1,'No. of Cores'),(4,1,'test 1'),(5,1,'test 2'),(6,1,'test 3'),(7,1,'test 4'),(8,1,'test 5'),(9,1,'test 6'),(10,1,'test 7'),(11,1,'test 8'),(3,1,'Clockspeed');

--
-- Table structure for table `oc_attribute_group`
--

CREATE TABLE `oc_attribute_group` (
  `attribute_group_id` int(11) NOT NULL AUTO_INCREMENT,
  `sort_order` int(3) NOT NULL,
  PRIMARY KEY (`attribute_group_id`)
) ENGINE=MyISAM AUTO_INCREMENT=7 DEFAULT CHARSET=utf8;

--
-- Dumping data for table `oc_attribute_group`
--

INSERT INTO `oc_attribute_group` VALUES (3,2),(4,1),(5,3),(6,4);

--
-- Table structure for table `oc_attribute_group_description`
--

CREATE TABLE `oc_attribute_group_description` (
  `attribute_group_id` int(11) NOT NULL,
  `language_id` int(11) NOT NULL,
  `name` varchar(64) NOT NULL,
  PRIMARY KEY (`attribute_group_id`,`language_id`)
) ENGINE=MyISAM DEFAULT CHARSET=utf8;

--
-- Dumping data for table `oc_attribute_group_description`
--

INSERT INTO `oc_attribute_group_description` VALUES (3,1,'Memory'),(4,1,'Technical'),(5,1,'Motherboard'),(6,1,'Processor');

--
-- Table structure for table `oc_autoredirect`
--

CREATE TABLE `oc_autoredirect` (
  `link` varchar(321) COLLATE utf8_bin NOT NULL,
  `fixedlink` varchar(321) COLLATE utf8_bin NOT NULL,
  `date` datetime NOT NULL
) ENGINE=MyISAM DEFAULT CHARSET=utf8 COLLATE=utf8_bin;

--
-- Dumping data for table `oc_autoredirect`
--


--
-- Table structure for table `oc_banner`
--

CREATE TABLE `oc_banner` (
  `banner_id` int(11) NOT NULL AUTO_INCREMENT,
  `name` varchar(64) NOT NULL,
  `status` tinyint(1) NOT NULL,
  PRIMARY KEY (`banner_id`)
) ENGINE=MyISAM AUTO_INCREMENT=9 DEFAULT CHARSET=utf8;

--
-- Dumping data for table `oc_banner`
--

INSERT INTO `oc_banner` VALUES (6,'HP Products',1),(7,'Home Page Slideshow',1),(8,'Manufacturers',1);

--
-- Table structure for table `oc_banner_image`
--

CREATE TABLE `oc_banner_image` (
  `banner_image_id` int(11) NOT NULL AUTO_INCREMENT,
  `banner_id` int(11) NOT NULL,
  `language_id` int(11) NOT NULL,
  `title` varchar(64) NOT NULL,
  `link` varchar(255) NOT NULL,
  `image` varchar(255) NOT NULL,
  `sort_order` int(3) NOT NULL DEFAULT '0',
  PRIMARY KEY (`banner_image_id`),
  KEY `banner_id` (`banner_id`),
  KEY `language_id` (`language_id`)
) ENGINE=MyISAM AUTO_INCREMENT=99 DEFAULT CHARSET=utf8;

--
-- Dumping data for table `oc_banner_image`
--

INSERT INTO `oc_banner_image` VALUES (79,7,1,'iPhone 6','index.php?route=product/product&amp;path=57&amp;product_id=49','catalog/demo/banners/iPhone6.jpg',0),(87,6,1,'HP Banner','index.php?route=product/manufacturer/info&amp;manufacturer_id=7','catalog/demo/compaq_presario.jpg',0),(94,8,1,'NFL','','catalog/demo/manufacturer/nfl.png',0),(95,8,1,'RedBull','','catalog/demo/manufacturer/redbull.png',0),(96,8,1,'Sony','','catalog/demo/manufacturer/sony.png',0),(91,8,1,'Coca Cola','','catalog/demo/manufacturer/cocacola.png',0),(92,8,1,'Burger King','','catalog/demo/manufacturer/burgerking.png',0),(93,8,1,'Canon','','catalog/demo/manufacturer/canon.png',0),(88,8,1,'Harley Davidson','','catalog/demo/manufacturer/harley.png',0),(89,8,1,'Dell','','catalog/demo/manufacturer/dell.png',0),(90,8,1,'Disney','','catalog/demo/manufacturer/disney.png',0),(80,7,1,'MacBookAir','','catalog/demo/banners/MacBookAir.jpg',0),(97,8,1,'Starbucks','','catalog/demo/manufacturer/starbucks.png',0),(98,8,1,'Nintendo','','catalog/demo/manufacturer/nintendo.png',0);

--
-- Table structure for table `oc_bots_report`
--

CREATE TABLE `oc_bots_report` (
  `link` varchar(321) COLLATE utf8_bin NOT NULL,
  `bot` varchar(321) COLLATE utf8_bin NOT NULL,
  `ip` varchar(321) COLLATE utf8_bin NOT NULL,
  `date` datetime NOT NULL
) ENGINE=MyISAM DEFAULT CHARSET=utf8 COLLATE=utf8_bin;

--
-- Dumping data for table `oc_bots_report`
--

INSERT INTO `oc_bots_report` VALUES ('https://www.femvia.com/','Mozilla/5.0 AppleWebKit/537.36 (KHTML, like Gecko; compatible; Nicecrawler/1.1; +http://www.nicecrawler.com/) Chrome/90.0.4430.97 Safari/537.36','69.160.160.51','2022-06-15 17:43:36'),('https://www.femvia.com/','Autobot','166.70.118.108','2022-06-21 22:51:37'),('https://www.femvia.com/','recon (github.com/jimmysawczuk/recon; similar to Facebot, facebookexternalhit/1.1)','23.251.137.227','2022-06-30 02:52:38'),('https://www.femvia.com/','Mozilla/5.0 (compatible; t3versionsBot/1.0; +https://www.t3versions.com/bot)','194.163.168.227','2022-07-01 14:43:13');

--
-- Table structure for table `oc_cart`
--

CREATE TABLE `oc_cart` (
  `cart_id` int(11) unsigned NOT NULL AUTO_INCREMENT,
  `api_id` int(11) NOT NULL,
  `customer_id` int(11) NOT NULL,
  `session_id` varchar(32) NOT NULL,
  `product_id` int(11) NOT NULL,
  `recurring_id` int(11) NOT NULL,
  `option` text NOT NULL,
  `quantity` int(5) NOT NULL,
  `date_added` datetime NOT NULL,
  PRIMARY KEY (`cart_id`),
  KEY `cart_id` (`api_id`,`customer_id`,`session_id`,`product_id`,`recurring_id`)
) ENGINE=InnoDB AUTO_INCREMENT=8 DEFAULT CHARSET=utf8;

--
-- Dumping data for table `oc_cart`
--

INSERT INTO `oc_cart` VALUES (3,0,2,'398b3c2392964917b988d19822',51,0,'[]',1,'2022-06-10 01:06:13'),(7,0,2,'398b3c2392964917b988d19822',53,0,'[]',1,'2022-06-13 03:17:13');

--
-- Table structure for table `oc_category`
--

CREATE TABLE `oc_category` (
  `category_id` int(11) NOT NULL AUTO_INCREMENT,
  `image` varchar(255) DEFAULT NULL,
  `parent_id` int(11) NOT NULL DEFAULT '0',
  `top` tinyint(1) NOT NULL,
  `column` int(3) NOT NULL,
  `sort_order` int(3) NOT NULL DEFAULT '0',
  `status` tinyint(1) NOT NULL,
  `date_added` datetime NOT NULL,
  `date_modified` datetime NOT NULL,
  PRIMARY KEY (`category_id`),
  KEY `parent_id` (`parent_id`)
) ENGINE=MyISAM AUTO_INCREMENT=72 DEFAULT CHARSET=utf8;

--
-- Dumping data for table `oc_category`
--

INSERT INTO `oc_category` VALUES (62,'catalog/womenclothes.png',0,0,1,0,1,'2022-06-08 09:33:16','2022-06-08 09:40:23'),(60,'catalog/acer-nitro-5-scaled.jpeg',59,0,1,0,1,'2022-06-04 10:07:15','2022-06-13 02:10:43'),(63,'catalog/menclothes.png',0,0,1,0,1,'2022-06-08 09:38:20','2022-06-08 09:46:42'),(64,'catalog/babyclothes.png',0,0,1,0,1,'2022-06-08 09:48:10','2022-06-08 09:48:10'),(65,'catalog/acadapter.png',0,0,1,0,1,'2022-06-08 10:05:05','2022-06-08 10:05:05'),(70,'catalog/sony.jpg',59,0,1,0,1,'2022-06-09 10:17:35','2022-06-13 02:13:08'),(71,'catalog/acer.png',65,0,1,0,1,'2022-06-10 12:34:57','2022-06-10 12:40:55'),(69,'catalog/toshiba.jpg',59,0,1,0,1,'2022-06-09 10:14:14','2022-06-13 02:13:20'),(68,'catalog/hp.jpg',59,0,1,0,1,'2022-06-09 10:11:37','2022-06-13 02:12:41'),(67,'catalog/dell.png',59,0,1,0,1,'2022-06-09 10:09:30','2022-06-13 02:12:27'),(66,'catalog/lenovo.jpg',59,0,1,0,1,'2022-06-09 10:05:55','2022-06-13 02:12:52'),(59,'catalog/laptop-battery-icon-flat-design-vector-37906942.jpg',0,0,1,0,1,'2022-06-04 10:03:52','2022-06-06 03:16:09'),(61,'catalog/1123880-13.jpg',59,0,1,0,1,'2022-06-04 10:28:34','2022-06-13 02:12:06');

--
-- Table structure for table `oc_category_description`
--

CREATE TABLE `oc_category_description` (
  `category_id` int(11) NOT NULL,
  `language_id` int(11) NOT NULL,
  `name` varchar(255) NOT NULL,
  `description` text NOT NULL,
  `meta_title` varchar(255) NOT NULL,
  `meta_description` varchar(255) NOT NULL,
  `meta_keyword` varchar(255) NOT NULL,
  `seo_keyword` varchar(255) NOT NULL,
  `seo_h1` varchar(255) NOT NULL,
  `seo_h2` varchar(255) NOT NULL,
  `seo_h3` varchar(255) NOT NULL,
  PRIMARY KEY (`category_id`,`language_id`),
  KEY `name` (`name`)
) ENGINE=MyISAM DEFAULT CHARSET=utf8;

--
-- Dumping data for table `oc_category_description`
--

INSERT INTO `oc_category_description` VALUES (59,1,'Laptop Batteries','&lt;!--[if gte mso 9]&gt;&lt;xml&gt;&lt;o:DocumentProperties&gt;&lt;o:Revision&gt;1&lt;/o:Revision&gt;&lt;o:Pages&gt;1&lt;/o:Pages&gt;&lt;o:Lines&gt;1&lt;/o:Lines&gt;&lt;o:Paragraphs&gt;1&lt;/o:Paragraphs&gt;&lt;/o:DocumentProperties&gt;&lt;/xml&gt;&lt;![endif]--&gt;&lt;!--[if gte mso 9]&gt;&lt;xml&gt;&lt;o:OfficeDocumentSettings&gt;&lt;/o:OfficeDocumentSettings&gt;&lt;/xml&gt;&lt;![endif]--&gt;&lt;!--[if gte mso 9]&gt;&lt;xml&gt;&lt;w:WordDocument&gt;&lt;w:BrowserLevel&gt;MicrosoftInternetExplorer4&lt;/w:BrowserLevel&gt;&lt;w:DisplayHorizontalDrawingGridEvery&gt;0&lt;/w:DisplayHorizontalDrawingGridEvery&gt;&lt;w:DisplayVerticalDrawingGridEvery&gt;2&lt;/w:DisplayVerticalDrawingGridEvery&gt;&lt;w:DocumentKind&gt;DocumentNotSpecified&lt;/w:DocumentKind&gt;&lt;w:DrawingGridVerticalSpacing&gt;7.8 磅&lt;/w:DrawingGridVerticalSpacing&gt;&lt;w:PunctuationKerning&gt;&lt;/w:PunctuationKerning&gt;&lt;w:View&gt;Normal&lt;/w:View&gt;&lt;w:Compatibility&gt;&lt;w:DontGrowAutofit/&gt;&lt;w:BalanceSingleByteDoubleByteWidth/&gt;&lt;w:DoNotExpandShiftReturn/&gt;&lt;w:UseFELayout/&gt;&lt;/w:Compatibility&gt;&lt;w:Zoom&gt;0&lt;/w:Zoom&gt;&lt;/w:WordDocument&gt;&lt;/xml&gt;&lt;![endif]--&gt;&lt;!--[if gte mso 9]&gt;&lt;xml&gt;&lt;w:LatentStyles DefLockedState=&quot;false&quot;  DefUnhideWhenUsed=&quot;true&quot;  DefSemiHidden=&quot;true&quot;  DefQFormat=&quot;false&quot;  DefPriority=&quot;99&quot;  LatentStyleCount=&quot;260&quot; &gt;\r\n&lt;w:LsdException Locked=&quot;false&quot;  Priority=&quot;99&quot;  SemiHidden=&quot;false&quot;  Name=&quot;Normal&quot; &gt;&lt;/w:LsdException&gt;\r\n&lt;w:LsdException Locked=&quot;false&quot;  Priority=&quot;99&quot;  SemiHidden=&quot;false&quot;  Name=&quot;heading 1&quot; &gt;&lt;/w:LsdException&gt;\r\n&lt;w:LsdException Locked=&quot;false&quot;  Priority=&quot;99&quot;  SemiHidden=&quot;false&quot;  Name=&quot;heading 2&quot; &gt;&lt;/w:LsdException&gt;\r\n&lt;w:LsdException Locked=&quot;false&quot;  Priority=&quot;99&quot;  SemiHidden=&quot;false&quot;  Name=&quot;heading 3&quot; &gt;&lt;/w:LsdException&gt;\r\n&lt;w:LsdException Locked=&quot;false&quot;  Priority=&quot;99&quot;  SemiHidden=&quot;false&quot;  Name=&quot;heading 4&quot; &gt;&lt;/w:LsdException&gt;\r\n&lt;w:LsdException Locked=&quot;false&quot;  Priority=&quot;99&quot;  SemiHidden=&quot;false&quot;  Name=&quot;heading 5&quot; &gt;&lt;/w:LsdException&gt;\r\n&lt;w:LsdException Locked=&quot;false&quot;  Priority=&quot;99&quot;  SemiHidden=&quot;false&quot;  Name=&quot;heading 6&quot; &gt;&lt;/w:LsdException&gt;\r\n&lt;w:LsdException Locked=&quot;false&quot;  Priority=&quot;99&quot;  SemiHidden=&quot;false&quot;  Name=&quot;heading 7&quot; &gt;&lt;/w:LsdException&gt;\r\n&lt;w:LsdException Locked=&quot;false&quot;  Priority=&quot;99&quot;  SemiHidden=&quot;false&quot;  Name=&quot;heading 8&quot; &gt;&lt;/w:LsdException&gt;\r\n&lt;w:LsdException Locked=&quot;false&quot;  Priority=&quot;99&quot;  SemiHidden=&quot;false&quot;  Name=&quot;heading 9&quot; &gt;&lt;/w:LsdException&gt;\r\n&lt;w:LsdException Locked=&quot;false&quot;  Priority=&quot;99&quot;  SemiHidden=&quot;false&quot;  Name=&quot;index 1&quot; &gt;&lt;/w:LsdException&gt;\r\n&lt;w:LsdException Locked=&quot;false&quot;  Priority=&quot;99&quot;  SemiHidden=&quot;false&quot;  Name=&quot;index 2&quot; &gt;&lt;/w:LsdException&gt;\r\n&lt;w:LsdException Locked=&quot;false&quot;  Priority=&quot;99&quot;  SemiHidden=&quot;false&quot;  Name=&quot;index 3&quot; &gt;&lt;/w:LsdException&gt;\r\n&lt;w:LsdException Locked=&quot;false&quot;  Priority=&quot;99&quot;  SemiHidden=&quot;false&quot;  Name=&quot;index 4&quot; &gt;&lt;/w:LsdException&gt;\r\n&lt;w:LsdException Locked=&quot;false&quot;  Priority=&quot;99&quot;  SemiHidden=&quot;false&quot;  Name=&quot;index 5&quot; &gt;&lt;/w:LsdException&gt;\r\n&lt;w:LsdException Locked=&quot;false&quot;  Priority=&quot;99&quot;  SemiHidden=&quot;false&quot;  Name=&quot;index 6&quot; &gt;&lt;/w:LsdException&gt;\r\n&lt;w:LsdException Locked=&quot;false&quot;  Priority=&quot;99&quot;  SemiHidden=&quot;false&quot;  Name=&quot;index 7&quot; &gt;&lt;/w:LsdException&gt;\r\n&lt;w:LsdException Locked=&quot;false&quot;  Priority=&quot;99&quot;  SemiHidden=&quot;false&quot;  Name=&quot;index 8&quot; &gt;&lt;/w:LsdException&gt;\r\n&lt;w:LsdException Locked=&quot;false&quot;  Priority=&quot;99&quot;  SemiHidden=&quot;false&quot;  Name=&quot;index 9&quot; &gt;&lt;/w:LsdException&gt;\r\n&lt;w:LsdException Locked=&quot;false&quot;  Priority=&quot;99&quot;  SemiHidden=&quot;false&quot;  Name=&quot;toc 1&quot; &gt;&lt;/w:LsdException&gt;\r\n&lt;w:LsdException Locked=&quot;false&quot;  Priority=&quot;99&quot;  SemiHidden=&quot;false&quot;  Name=&quot;toc 2&quot; &gt;&lt;/w:LsdException&gt;\r\n&lt;w:LsdException Locked=&quot;false&quot;  Priority=&quot;99&quot;  SemiHidden=&quot;false&quot;  Name=&quot;toc 3&quot; &gt;&lt;/w:LsdException&gt;\r\n&lt;w:LsdException Locked=&quot;false&quot;  Priority=&quot;99&quot;  SemiHidden=&quot;false&quot;  Name=&quot;toc 4&quot; &gt;&lt;/w:LsdException&gt;\r\n&lt;w:LsdException Locked=&quot;false&quot;  Priority=&quot;99&quot;  SemiHidden=&quot;false&quot;  Name=&quot;toc 5&quot; &gt;&lt;/w:LsdException&gt;\r\n&lt;w:LsdException Locked=&quot;false&quot;  Priority=&quot;99&quot;  SemiHidden=&quot;false&quot;  Name=&quot;toc 6&quot; &gt;&lt;/w:LsdException&gt;\r\n&lt;w:LsdException Locked=&quot;false&quot;  Priority=&quot;99&quot;  SemiHidden=&quot;false&quot;  Name=&quot;toc 7&quot; &gt;&lt;/w:LsdException&gt;\r\n&lt;w:LsdException Locked=&quot;false&quot;  Priority=&quot;99&quot;  SemiHidden=&quot;false&quot;  Name=&quot;toc 8&quot; &gt;&lt;/w:LsdException&gt;\r\n&lt;w:LsdException Locked=&quot;false&quot;  Priority=&quot;99&quot;  SemiHidden=&quot;false&quot;  Name=&quot;toc 9&quot; &gt;&lt;/w:LsdException&gt;\r\n&lt;w:LsdException Locked=&quot;false&quot;  Priority=&quot;99&quot;  SemiHidden=&quot;false&quot;  Name=&quot;Normal Indent&quot; &gt;&lt;/w:LsdException&gt;\r\n&lt;w:LsdException Locked=&quot;false&quot;  Priority=&quot;99&quot;  SemiHidden=&quot;false&quot;  Name=&quot;footnote text&quot; &gt;&lt;/w:LsdException&gt;\r\n&lt;w:LsdException Locked=&quot;false&quot;  Priority=&quot;99&quot;  SemiHidden=&quot;false&quot;  Name=&quot;annotation text&quot; &gt;&lt;/w:LsdException&gt;\r\n&lt;w:LsdException Locked=&quot;false&quot;  Priority=&quot;99&quot;  SemiHidden=&quot;false&quot;  Name=&quot;header&quot; &gt;&lt;/w:LsdException&gt;\r\n&lt;w:LsdException Locked=&quot;false&quot;  Priority=&quot;99&quot;  SemiHidden=&quot;false&quot;  Name=&quot;footer&quot; &gt;&lt;/w:LsdException&gt;\r\n&lt;w:LsdException Locked=&quot;false&quot;  Priority=&quot;99&quot;  SemiHidden=&quot;false&quot;  Name=&quot;index heading&quot; &gt;&lt;/w:LsdException&gt;\r\n&lt;w:LsdException Locked=&quot;false&quot;  Priority=&quot;99&quot;  SemiHidden=&quot;false&quot;  Name=&quot;caption&quot; &gt;&lt;/w:LsdException&gt;\r\n&lt;w:LsdException Locked=&quot;false&quot;  Priority=&quot;99&quot;  SemiHidden=&quot;false&quot;  Name=&quot;table of figures&quot; &gt;&lt;/w:LsdException&gt;\r\n&lt;w:LsdException Locked=&quot;false&quot;  Priority=&quot;99&quot;  SemiHidden=&quot;false&quot;  Name=&quot;envelope address&quot; &gt;&lt;/w:LsdException&gt;\r\n&lt;w:LsdException Locked=&quot;false&quot;  Priority=&quot;99&quot;  SemiHidden=&quot;false&quot;  Name=&quot;envelope return&quot; &gt;&lt;/w:LsdException&gt;\r\n&lt;w:LsdException Locked=&quot;false&quot;  Priority=&quot;99&quot;  SemiHidden=&quot;false&quot;  Name=&quot;footnote reference&quot; &gt;&lt;/w:LsdException&gt;\r\n&lt;w:LsdException Locked=&quot;false&quot;  Priority=&quot;99&quot;  SemiHidden=&quot;false&quot;  Name=&quot;annotation reference&quot; &gt;&lt;/w:LsdException&gt;\r\n&lt;w:LsdException Locked=&quot;false&quot;  Priority=&quot;99&quot;  SemiHidden=&quot;false&quot;  Name=&quot;line number&quot; &gt;&lt;/w:LsdException&gt;\r\n&lt;w:LsdException Locked=&quot;false&quot;  Priority=&quot;99&quot;  SemiHidden=&quot;false&quot;  Name=&quot;page number&quot; &gt;&lt;/w:LsdException&gt;\r\n&lt;w:LsdException Locked=&quot;false&quot;  Priority=&quot;99&quot;  SemiHidden=&quot;false&quot;  Name=&quot;endnote reference&quot; &gt;&lt;/w:LsdException&gt;\r\n&lt;w:LsdException Locked=&quot;false&quot;  Priority=&quot;99&quot;  SemiHidden=&quot;false&quot;  Name=&quot;endnote text&quot; &gt;&lt;/w:LsdException&gt;\r\n&lt;w:LsdException Locked=&quot;false&quot;  Priority=&quot;99&quot;  SemiHidden=&quot;false&quot;  Name=&quot;table of authorities&quot; &gt;&lt;/w:LsdException&gt;\r\n&lt;w:LsdException Locked=&quot;false&quot;  Priority=&quot;99&quot;  SemiHidden=&quot;false&quot;  Name=&quot;macro&quot; &gt;&lt;/w:LsdException&gt;\r\n&lt;w:LsdException Locked=&quot;false&quot;  Priority=&quot;99&quot;  SemiHidden=&quot;false&quot;  Name=&quot;toa heading&quot; &gt;&lt;/w:LsdException&gt;\r\n&lt;w:LsdException Locked=&quot;false&quot;  Priority=&quot;99&quot;  SemiHidden=&quot;false&quot;  Name=&quot;List&quot; &gt;&lt;/w:LsdException&gt;\r\n&lt;w:LsdException Locked=&quot;false&quot;  Priority=&quot;99&quot;  SemiHidden=&quot;false&quot;  Name=&quot;List Bullet&quot; &gt;&lt;/w:LsdException&gt;\r\n&lt;w:LsdException Locked=&quot;false&quot;  Priority=&quot;99&quot;  SemiHidden=&quot;false&quot;  Name=&quot;List Number&quot; &gt;&lt;/w:LsdException&gt;\r\n&lt;w:LsdException Locked=&quot;false&quot;  Priority=&quot;99&quot;  SemiHidden=&quot;false&quot;  Name=&quot;List 2&quot; &gt;&lt;/w:LsdException&gt;\r\n&lt;w:LsdException Locked=&quot;false&quot;  Priority=&quot;99&quot;  SemiHidden=&quot;false&quot;  Name=&quot;List 3&quot; &gt;&lt;/w:LsdException&gt;\r\n&lt;w:LsdException Locked=&quot;false&quot;  Priority=&quot;99&quot;  SemiHidden=&quot;false&quot;  Name=&quot;List 4&quot; &gt;&lt;/w:LsdException&gt;\r\n&lt;w:LsdException Locked=&quot;false&quot;  Priority=&quot;99&quot;  SemiHidden=&quot;false&quot;  Name=&quot;List 5&quot; &gt;&lt;/w:LsdException&gt;\r\n&lt;w:LsdException Locked=&quot;false&quot;  Priority=&quot;99&quot;  SemiHidden=&quot;false&quot;  Name=&quot;List Bullet 2&quot; &gt;&lt;/w:LsdException&gt;\r\n&lt;w:LsdException Locked=&quot;false&quot;  Priority=&quot;99&quot;  SemiHidden=&quot;false&quot;  Name=&quot;List Bullet 3&quot; &gt;&lt;/w:LsdException&gt;\r\n&lt;w:LsdException Locked=&quot;false&quot;  Priority=&quot;99&quot;  SemiHidden=&quot;false&quot;  Name=&quot;List Bullet 4&quot; &gt;&lt;/w:LsdException&gt;\r\n&lt;w:LsdException Locked=&quot;false&quot;  Priority=&quot;99&quot;  SemiHidden=&quot;false&quot;  Name=&quot;List Bullet 5&quot; &gt;&lt;/w:LsdException&gt;\r\n&lt;w:LsdException Locked=&quot;false&quot;  Priority=&quot;99&quot;  SemiHidden=&quot;false&quot;  Name=&quot;List Number 2&quot; &gt;&lt;/w:LsdException&gt;\r\n&lt;w:LsdException Locked=&quot;false&quot;  Priority=&quot;99&quot;  SemiHidden=&quot;false&quot;  Name=&quot;List Number 3&quot; &gt;&lt;/w:LsdException&gt;\r\n&lt;w:LsdException Locked=&quot;false&quot;  Priority=&quot;99&quot;  SemiHidden=&quot;false&quot;  Name=&quot;List Number 4&quot; &gt;&lt;/w:LsdException&gt;\r\n&lt;w:LsdException Locked=&quot;false&quot;  Priority=&quot;99&quot;  SemiHidden=&quot;false&quot;  Name=&quot;List Number 5&quot; &gt;&lt;/w:LsdException&gt;\r\n&lt;w:LsdException Locked=&quot;false&quot;  Priority=&quot;99&quot;  SemiHidden=&quot;false&quot;  Name=&quot;Title&quot; &gt;&lt;/w:LsdException&gt;\r\n&lt;w:LsdException Locked=&quot;false&quot;  Priority=&quot;99&quot;  SemiHidden=&quot;false&quot;  Name=&quot;Closing&quot; &gt;&lt;/w:LsdException&gt;\r\n&lt;w:LsdException Locked=&quot;false&quot;  Priority=&quot;99&quot;  SemiHidden=&quot;false&quot;  Name=&quot;Signature&quot; &gt;&lt;/w:LsdException&gt;\r\n&lt;w:LsdException Locked=&quot;false&quot;  Priority=&quot;99&quot;  SemiHidden=&quot;false&quot;  Name=&quot;Default Paragraph Font&quot; &gt;&lt;/w:LsdException&gt;\r\n&lt;w:LsdException Locked=&quot;false&quot;  Priority=&quot;99&quot;  SemiHidden=&quot;false&quot;  Name=&quot;Body Text&quot; &gt;&lt;/w:LsdException&gt;\r\n&lt;w:LsdException Locked=&quot;false&quot;  Priority=&quot;99&quot;  SemiHidden=&quot;false&quot;  Name=&quot;Body Text Indent&quot; &gt;&lt;/w:LsdException&gt;\r\n&lt;w:LsdException Locked=&quot;false&quot;  Priority=&quot;99&quot;  SemiHidden=&quot;false&quot;  Name=&quot;List Continue&quot; &gt;&lt;/w:LsdException&gt;\r\n&lt;w:LsdException Locked=&quot;false&quot;  Priority=&quot;99&quot;  SemiHidden=&quot;false&quot;  Name=&quot;List Continue 2&quot; &gt;&lt;/w:LsdException&gt;\r\n&lt;w:LsdException Locked=&quot;false&quot;  Priority=&quot;99&quot;  SemiHidden=&quot;false&quot;  Name=&quot;List Continue 3&quot; &gt;&lt;/w:LsdException&gt;\r\n&lt;w:LsdException Locked=&quot;false&quot;  Priority=&quot;99&quot;  SemiHidden=&quot;false&quot;  Name=&quot;List Continue 4&quot; &gt;&lt;/w:LsdException&gt;\r\n&lt;w:LsdException Locked=&quot;false&quot;  Priority=&quot;99&quot;  SemiHidden=&quot;false&quot;  Name=&quot;List Continue 5&quot; &gt;&lt;/w:LsdException&gt;\r\n&lt;w:LsdException Locked=&quot;false&quot;  Priority=&quot;99&quot;  SemiHidden=&quot;false&quot;  Name=&quot;Message Header&quot; &gt;&lt;/w:LsdException&gt;\r\n&lt;w:LsdException Locked=&quot;false&quot;  Priority=&quot;99&quot;  SemiHidden=&quot;false&quot;  Name=&quot;Subtitle&quot; &gt;&lt;/w:LsdException&gt;\r\n&lt;w:LsdException Locked=&quot;false&quot;  Priority=&quot;99&quot;  SemiHidden=&quot;false&quot;  Name=&quot;Salutation&quot; &gt;&lt;/w:LsdException&gt;\r\n&lt;w:LsdException Locked=&quot;false&quot;  Priority=&quot;99&quot;  SemiHidden=&quot;false&quot;  Name=&quot;Date&quot; &gt;&lt;/w:LsdException&gt;\r\n&lt;w:LsdException Locked=&quot;false&quot;  Priority=&quot;99&quot;  SemiHidden=&quot;false&quot;  Name=&quot;Body Text First Indent&quot; &gt;&lt;/w:LsdException&gt;\r\n&lt;w:LsdException Locked=&quot;false&quot;  Priority=&quot;99&quot;  SemiHidden=&quot;false&quot;  Name=&quot;Body Text First Indent 2&quot; &gt;&lt;/w:LsdException&gt;\r\n&lt;w:LsdException Locked=&quot;false&quot;  Priority=&quot;99&quot;  SemiHidden=&quot;false&quot;  Name=&quot;Note Heading&quot; &gt;&lt;/w:LsdException&gt;\r\n&lt;w:LsdException Locked=&quot;false&quot;  Priority=&quot;99&quot;  SemiHidden=&quot;false&quot;  Name=&quot;Body Text 2&quot; &gt;&lt;/w:LsdException&gt;\r\n&lt;w:LsdException Locked=&quot;false&quot;  Priority=&quot;99&quot;  SemiHidden=&quot;false&quot;  Name=&quot;Body Text 3&quot; &gt;&lt;/w:LsdException&gt;\r\n&lt;w:LsdException Locked=&quot;false&quot;  Priority=&quot;99&quot;  SemiHidden=&quot;false&quot;  Name=&quot;Body Text Indent 2&quot; &gt;&lt;/w:LsdException&gt;\r\n&lt;w:LsdException Locked=&quot;false&quot;  Priority=&quot;99&quot;  SemiHidden=&quot;false&quot;  Name=&quot;Body Text Indent 3&quot; &gt;&lt;/w:LsdException&gt;\r\n&lt;w:LsdException Locked=&quot;false&quot;  Priority=&quot;99&quot;  SemiHidden=&quot;false&quot;  Name=&quot;Block Text&quot; &gt;&lt;/w:LsdException&gt;\r\n&lt;w:LsdException Locked=&quot;false&quot;  Priority=&quot;99&quot;  SemiHidden=&quot;false&quot;  Name=&quot;Hyperlink&quot; &gt;&lt;/w:LsdException&gt;\r\n&lt;w:LsdException Locked=&quot;false&quot;  Priority=&quot;99&quot;  SemiHidden=&quot;false&quot;  Name=&quot;FollowedHyperlink&quot; &gt;&lt;/w:LsdException&gt;\r\n&lt;w:LsdException Locked=&quot;false&quot;  Priority=&quot;99&quot;  SemiHidden=&quot;false&quot;  Name=&quot;Strong&quot; &gt;&lt;/w:LsdException&gt;\r\n&lt;w:LsdException Locked=&quot;false&quot;  Priority=&quot;99&quot;  SemiHidden=&quot;false&quot;  Name=&quot;Emphasis&quot; &gt;&lt;/w:LsdException&gt;\r\n&lt;w:LsdException Locked=&quot;false&quot;  Priority=&quot;99&quot;  SemiHidden=&quot;false&quot;  Name=&quot;Document Map&quot; &gt;&lt;/w:LsdException&gt;\r\n&lt;w:LsdException Locked=&quot;false&quot;  Priority=&quot;99&quot;  SemiHidden=&quot;false&quot;  Name=&quot;Plain Text&quot; &gt;&lt;/w:LsdException&gt;\r\n&lt;w:LsdException Locked=&quot;false&quot;  Priority=&quot;99&quot;  SemiHidden=&quot;false&quot;  Name=&quot;E-mail Signature&quot; &gt;&lt;/w:LsdException&gt;\r\n&lt;w:LsdException Locked=&quot;false&quot;  Priority=&quot;99&quot;  SemiHidden=&quot;false&quot;  Name=&quot;Normal (Web)&quot; &gt;&lt;/w:LsdException&gt;\r\n&lt;w:LsdException Locked=&quot;false&quot;  Priority=&quot;99&quot;  SemiHidden=&quot;false&quot;  Name=&quot;HTML Acronym&quot; &gt;&lt;/w:LsdException&gt;\r\n&lt;w:LsdException Locked=&quot;false&quot;  Priority=&quot;99&quot;  SemiHidden=&quot;false&quot;  Name=&quot;HTML Address&quot; &gt;&lt;/w:LsdException&gt;\r\n&lt;w:LsdException Locked=&quot;false&quot;  Priority=&quot;99&quot;  SemiHidden=&quot;false&quot;  Name=&quot;HTML Cite&quot; &gt;&lt;/w:LsdException&gt;\r\n&lt;w:LsdException Locked=&quot;false&quot;  Priority=&quot;99&quot;  SemiHidden=&quot;false&quot;  Name=&quot;HTML Code&quot; &gt;&lt;/w:LsdException&gt;\r\n&lt;w:LsdException Locked=&quot;false&quot;  Priority=&quot;99&quot;  SemiHidden=&quot;false&quot;  Name=&quot;HTML Definition&quot; &gt;&lt;/w:LsdException&gt;\r\n&lt;w:LsdException Locked=&quot;false&quot;  Priority=&quot;99&quot;  SemiHidden=&quot;false&quot;  Name=&quot;HTML Keyboard&quot; &gt;&lt;/w:LsdException&gt;\r\n&lt;w:LsdException Locked=&quot;false&quot;  Priority=&quot;99&quot;  SemiHidden=&quot;false&quot;  Name=&quot;HTML Preformatted&quot; &gt;&lt;/w:LsdException&gt;\r\n&lt;w:LsdException Locked=&quot;false&quot;  Priority=&quot;99&quot;  SemiHidden=&quot;false&quot;  Name=&quot;HTML Sample&quot; &gt;&lt;/w:LsdException&gt;\r\n&lt;w:LsdException Locked=&quot;false&quot;  Priority=&quot;99&quot;  SemiHidden=&quot;false&quot;  Name=&quot;HTML Typewriter&quot; &gt;&lt;/w:LsdException&gt;\r\n&lt;w:LsdException Locked=&quot;false&quot;  Priority=&quot;99&quot;  SemiHidden=&quot;false&quot;  Name=&quot;HTML Variable&quot; &gt;&lt;/w:LsdException&gt;\r\n&lt;w:LsdException Locked=&quot;false&quot;  Priority=&quot;99&quot;  SemiHidden=&quot;false&quot;  Name=&quot;Normal Table&quot; &gt;&lt;/w:LsdException&gt;\r\n&lt;w:LsdException Locked=&quot;false&quot;  Priority=&quot;99&quot;  SemiHidden=&quot;false&quot;  Name=&quot;annotation subject&quot; &gt;&lt;/w:LsdException&gt;\r\n&lt;w:LsdException Locked=&quot;false&quot;  Priority=&quot;99&quot;  SemiHidden=&quot;false&quot;  Name=&quot;No List&quot; &gt;&lt;/w:LsdException&gt;\r\n&lt;w:LsdException Locked=&quot;false&quot;  Priority=&quot;99&quot;  SemiHidden=&quot;false&quot;  Name=&quot;1 / a / i&quot; &gt;&lt;/w:LsdException&gt;\r\n&lt;w:LsdException Locked=&quot;false&quot;  Priority=&quot;99&quot;  SemiHidden=&quot;false&quot;  Name=&quot;1 / 1.1 / 1.1.1&quot; &gt;&lt;/w:LsdException&gt;\r\n&lt;w:LsdException Locked=&quot;false&quot;  Priority=&quot;99&quot;  SemiHidden=&quot;false&quot;  Name=&quot;Article / Section&quot; &gt;&lt;/w:LsdException&gt;\r\n&lt;w:LsdException Locked=&quot;false&quot;  Priority=&quot;99&quot;  SemiHidden=&quot;false&quot;  Name=&quot;Table Simple 1&quot; &gt;&lt;/w:LsdException&gt;\r\n&lt;w:LsdException Locked=&quot;false&quot;  Priority=&quot;99&quot;  SemiHidden=&quot;false&quot;  Name=&quot;Table Simple 2&quot; &gt;&lt;/w:LsdException&gt;\r\n&lt;w:LsdException Locked=&quot;false&quot;  Priority=&quot;99&quot;  SemiHidden=&quot;false&quot;  Name=&quot;Table Simple 3&quot; &gt;&lt;/w:LsdException&gt;\r\n&lt;w:LsdException Locked=&quot;false&quot;  Priority=&quot;99&quot;  SemiHidden=&quot;false&quot;  Name=&quot;Table Classic 1&quot; &gt;&lt;/w:LsdException&gt;\r\n&lt;w:LsdException Locked=&quot;false&quot;  Priority=&quot;99&quot;  SemiHidden=&quot;false&quot;  Name=&quot;Table Classic 2&quot; &gt;&lt;/w:LsdException&gt;\r\n&lt;w:LsdException Locked=&quot;false&quot;  Priority=&quot;99&quot;  SemiHidden=&quot;false&quot;  Name=&quot;Table Classic 3&quot; &gt;&lt;/w:LsdException&gt;\r\n&lt;w:LsdException Locked=&quot;false&quot;  Priority=&quot;99&quot;  SemiHidden=&quot;false&quot;  Name=&quot;Table Classic 4&quot; &gt;&lt;/w:LsdException&gt;\r\n&lt;w:LsdException Locked=&quot;false&quot;  Priority=&quot;99&quot;  SemiHidden=&quot;false&quot;  Name=&quot;Table Colorful 1&quot; &gt;&lt;/w:LsdException&gt;\r\n&lt;w:LsdException Locked=&quot;false&quot;  Priority=&quot;99&quot;  SemiHidden=&quot;false&quot;  Name=&quot;Table Colorful 2&quot; &gt;&lt;/w:LsdException&gt;\r\n&lt;w:LsdException Locked=&quot;false&quot;  Priority=&quot;99&quot;  SemiHidden=&quot;false&quot;  Name=&quot;Table Colorful 3&quot; &gt;&lt;/w:LsdException&gt;\r\n&lt;w:LsdException Locked=&quot;false&quot;  Priority=&quot;99&quot;  SemiHidden=&quot;false&quot;  Name=&quot;Table Columns 1&quot; &gt;&lt;/w:LsdException&gt;\r\n&lt;w:LsdException Locked=&quot;false&quot;  Priority=&quot;99&quot;  SemiHidden=&quot;false&quot;  Name=&quot;Table Columns 2&quot; &gt;&lt;/w:LsdException&gt;\r\n&lt;w:LsdException Locked=&quot;false&quot;  Priority=&quot;99&quot;  SemiHidden=&quot;false&quot;  Name=&quot;Table Columns 3&quot; &gt;&lt;/w:LsdException&gt;\r\n&lt;w:LsdException Locked=&quot;false&quot;  Priority=&quot;99&quot;  SemiHidden=&quot;false&quot;  Name=&quot;Table Columns 4&quot; &gt;&lt;/w:LsdException&gt;\r\n&lt;w:LsdException Locked=&quot;false&quot;  Priority=&quot;99&quot;  SemiHidden=&quot;false&quot;  Name=&quot;Table Columns 5&quot; &gt;&lt;/w:LsdException&gt;\r\n&lt;w:LsdException Locked=&quot;false&quot;  Priority=&quot;99&quot;  SemiHidden=&quot;false&quot;  Name=&quot;Table Grid 1&quot; &gt;&lt;/w:LsdException&gt;\r\n&lt;w:LsdException Locked=&quot;false&quot;  Priority=&quot;99&quot;  SemiHidden=&quot;false&quot;  Name=&quot;Table Grid 2&quot; &gt;&lt;/w:LsdException&gt;\r\n&lt;w:LsdException Locked=&quot;false&quot;  Priority=&quot;99&quot;  SemiHidden=&quot;false&quot;  Name=&quot;Table Grid 3&quot; &gt;&lt;/w:LsdException&gt;\r\n&lt;w:LsdException Locked=&quot;false&quot;  Priority=&quot;99&quot;  SemiHidden=&quot;false&quot;  Name=&quot;Table Grid 4&quot; &gt;&lt;/w:LsdException&gt;\r\n&lt;w:LsdException Locked=&quot;false&quot;  Priority=&quot;99&quot;  SemiHidden=&quot;false&quot;  Name=&quot;Table Grid 5&quot; &gt;&lt;/w:LsdException&gt;\r\n&lt;w:LsdException Locked=&quot;false&quot;  Priority=&quot;99&quot;  SemiHidden=&quot;false&quot;  Name=&quot;Table Grid 6&quot; &gt;&lt;/w:LsdException&gt;\r\n&lt;w:LsdException Locked=&quot;false&quot;  Priority=&quot;99&quot;  SemiHidden=&quot;false&quot;  Name=&quot;Table Grid 7&quot; &gt;&lt;/w:LsdException&gt;\r\n&lt;w:LsdException Locked=&quot;false&quot;  Priority=&quot;99&quot;  SemiHidden=&quot;false&quot;  Name=&quot;Table Grid 8&quot; &gt;&lt;/w:LsdException&gt;\r\n&lt;w:LsdException Locked=&quot;false&quot;  Priority=&quot;99&quot;  SemiHidden=&quot;false&quot;  Name=&quot;Table List 1&quot; &gt;&lt;/w:LsdException&gt;\r\n&lt;w:LsdException Locked=&quot;false&quot;  Priority=&quot;99&quot;  SemiHidden=&quot;false&quot;  Name=&quot;Table List 2&quot; &gt;&lt;/w:LsdException&gt;\r\n&lt;w:LsdException Locked=&quot;false&quot;  Priority=&quot;99&quot;  SemiHidden=&quot;false&quot;  Name=&quot;Table List 3&quot; &gt;&lt;/w:LsdException&gt;\r\n&lt;w:LsdException Locked=&quot;false&quot;  Priority=&quot;99&quot;  SemiHidden=&quot;false&quot;  Name=&quot;Table List 4&quot; &gt;&lt;/w:LsdException&gt;\r\n&lt;w:LsdException Locked=&quot;false&quot;  Priority=&quot;99&quot;  SemiHidden=&quot;false&quot;  Name=&quot;Table List 5&quot; &gt;&lt;/w:LsdException&gt;\r\n&lt;w:LsdException Locked=&quot;false&quot;  Priority=&quot;99&quot;  SemiHidden=&quot;false&quot;  Name=&quot;Table List 6&quot; &gt;&lt;/w:LsdException&gt;\r\n&lt;w:LsdException Locked=&quot;false&quot;  Priority=&quot;99&quot;  SemiHidden=&quot;false&quot;  Name=&quot;Table List 7&quot; &gt;&lt;/w:LsdException&gt;\r\n&lt;w:LsdException Locked=&quot;false&quot;  Priority=&quot;99&quot;  SemiHidden=&quot;false&quot;  Name=&quot;Table List 8&quot; &gt;&lt;/w:LsdException&gt;\r\n&lt;w:LsdException Locked=&quot;false&quot;  Priority=&quot;99&quot;  SemiHidden=&quot;false&quot;  Name=&quot;Table 3D effects 1&quot; &gt;&lt;/w:LsdException&gt;\r\n&lt;w:LsdException Locked=&quot;false&quot;  Priority=&quot;99&quot;  SemiHidden=&quot;false&quot;  Name=&quot;Table 3D effects 2&quot; &gt;&lt;/w:LsdException&gt;\r\n&lt;w:LsdException Locked=&quot;false&quot;  Priority=&quot;99&quot;  SemiHidden=&quot;false&quot;  Name=&quot;Table 3D effects 3&quot; &gt;&lt;/w:LsdException&gt;\r\n&lt;w:LsdException Locked=&quot;false&quot;  Priority=&quot;99&quot;  SemiHidden=&quot;false&quot;  Name=&quot;Table Contemporary&quot; &gt;&lt;/w:LsdException&gt;\r\n&lt;w:LsdException Locked=&quot;false&quot;  Priority=&quot;99&quot;  SemiHidden=&quot;false&quot;  Name=&quot;Table Elegant&quot; &gt;&lt;/w:LsdException&gt;\r\n&lt;w:LsdException Locked=&quot;false&quot;  Priority=&quot;99&quot;  SemiHidden=&quot;false&quot;  Name=&quot;Table Professional&quot; &gt;&lt;/w:LsdException&gt;\r\n&lt;w:LsdException Locked=&quot;false&quot;  Priority=&quot;99&quot;  SemiHidden=&quot;false&quot;  Name=&quot;Table Subtle 1&quot; &gt;&lt;/w:LsdException&gt;\r\n&lt;w:LsdException Locked=&quot;false&quot;  Priority=&quot;99&quot;  SemiHidden=&quot;false&quot;  Name=&quot;Table Subtle 2&quot; &gt;&lt;/w:LsdException&gt;\r\n&lt;w:LsdException Locked=&quot;false&quot;  Priority=&quot;99&quot;  SemiHidden=&quot;false&quot;  Name=&quot;Table Web 1&quot; &gt;&lt;/w:LsdException&gt;\r\n&lt;w:LsdException Locked=&quot;false&quot;  Priority=&quot;99&quot;  SemiHidden=&quot;false&quot;  Name=&quot;Table Web 2&quot; &gt;&lt;/w:LsdException&gt;\r\n&lt;w:LsdException Locked=&quot;false&quot;  Priority=&quot;99&quot;  SemiHidden=&quot;false&quot;  Name=&quot;Table Web 3&quot; &gt;&lt;/w:LsdException&gt;\r\n&lt;w:LsdException Locked=&quot;false&quot;  Priority=&quot;99&quot;  SemiHidden=&quot;false&quot;  Name=&quot;Balloon Text&quot; &gt;&lt;/w:LsdException&gt;\r\n&lt;w:LsdException Locked=&quot;false&quot;  Priority=&quot;99&quot;  SemiHidden=&quot;false&quot;  Name=&quot;Table Grid&quot; &gt;&lt;/w:LsdException&gt;\r\n&lt;w:LsdException Locked=&quot;false&quot;  Priority=&quot;99&quot;  SemiHidden=&quot;false&quot;  Name=&quot;Table Theme&quot; &gt;&lt;/w:LsdException&gt;\r\n&lt;w:LsdException Locked=&quot;false&quot;  Priority=&quot;99&quot;  SemiHidden=&quot;false&quot;  Name=&quot;Placeholder Text&quot; &gt;&lt;/w:LsdException&gt;\r\n&lt;w:LsdException Locked=&quot;false&quot;  Priority=&quot;99&quot;  SemiHidden=&quot;false&quot;  Name=&quot;No Spacing&quot; &gt;&lt;/w:LsdException&gt;\r\n&lt;w:LsdException Locked=&quot;false&quot;  Priority=&quot;99&quot;  SemiHidden=&quot;false&quot;  Name=&quot;Light Shading&quot; &gt;&lt;/w:LsdException&gt;\r\n&lt;w:LsdException Locked=&quot;false&quot;  Priority=&quot;99&quot;  SemiHidden=&quot;false&quot;  Name=&quot;Light List&quot; &gt;&lt;/w:LsdException&gt;\r\n&lt;w:LsdException Locked=&quot;false&quot;  Priority=&quot;99&quot;  SemiHidden=&quot;false&quot;  Name=&quot;Light Grid&quot; &gt;&lt;/w:LsdException&gt;\r\n&lt;w:LsdException Locked=&quot;false&quot;  Priority=&quot;99&quot;  SemiHidden=&quot;false&quot;  Name=&quot;Medium Shading 1&quot; &gt;&lt;/w:LsdException&gt;\r\n&lt;w:LsdException Locked=&quot;false&quot;  Priority=&quot;99&quot;  SemiHidden=&quot;false&quot;  Name=&quot;Medium Shading 2&quot; &gt;&lt;/w:LsdException&gt;\r\n&lt;w:LsdException Locked=&quot;false&quot;  Priority=&quot;99&quot;  SemiHidden=&quot;false&quot;  Name=&quot;Medium List 1&quot; &gt;&lt;/w:LsdException&gt;\r\n&lt;w:LsdException Locked=&quot;false&quot;  Priority=&quot;99&quot;  SemiHidden=&quot;false&quot;  Name=&quot;Medium List 2&quot; &gt;&lt;/w:LsdException&gt;\r\n&lt;w:LsdException Locked=&quot;false&quot;  Priority=&quot;99&quot;  SemiHidden=&quot;false&quot;  Name=&quot;Medium Grid 1&quot; &gt;&lt;/w:LsdException&gt;\r\n&lt;w:LsdException Locked=&quot;false&quot;  Priority=&quot;99&quot;  SemiHidden=&quot;false&quot;  Name=&quot;Medium Grid 2&quot; &gt;&lt;/w:LsdException&gt;\r\n&lt;w:LsdException Locked=&quot;false&quot;  Priority=&quot;99&quot;  SemiHidden=&quot;false&quot;  Name=&quot;Medium Grid 3&quot; &gt;&lt;/w:LsdException&gt;\r\n&lt;w:LsdException Locked=&quot;false&quot;  Priority=&quot;99&quot;  SemiHidden=&quot;false&quot;  Name=&quot;Dark List&quot; &gt;&lt;/w:LsdException&gt;\r\n&lt;w:LsdException Locked=&quot;false&quot;  Priority=&quot;99&quot;  SemiHidden=&quot;false&quot;  Name=&quot;Colorful Shading&quot; &gt;&lt;/w:LsdException&gt;\r\n&lt;w:LsdException Locked=&quot;false&quot;  Priority=&quot;99&quot;  SemiHidden=&quot;false&quot;  Name=&quot;Colorful List&quot; &gt;&lt;/w:LsdException&gt;\r\n&lt;w:LsdException Locked=&quot;false&quot;  Priority=&quot;99&quot;  SemiHidden=&quot;false&quot;  Name=&quot;Colorful Grid&quot; &gt;&lt;/w:LsdException&gt;\r\n&lt;w:LsdException Locked=&quot;false&quot;  Priority=&quot;99&quot;  SemiHidden=&quot;false&quot;  Name=&quot;Light Shading Accent 1&quot; &gt;&lt;/w:LsdException&gt;\r\n&lt;w:LsdException Locked=&quot;false&quot;  Priority=&quot;99&quot;  SemiHidden=&quot;false&quot;  Name=&quot;Light List Accent 1&quot; &gt;&lt;/w:LsdException&gt;\r\n&lt;w:LsdException Locked=&quot;false&quot;  Priority=&quot;99&quot;  SemiHidden=&quot;false&quot;  Name=&quot;Light Grid Accent 1&quot; &gt;&lt;/w:LsdException&gt;\r\n&lt;w:LsdException Locked=&quot;false&quot;  Priority=&quot;99&quot;  SemiHidden=&quot;false&quot;  Name=&quot;Medium Shading 1 Accent 1&quot; &gt;&lt;/w:LsdException&gt;\r\n&lt;w:LsdException Locked=&quot;false&quot;  Priority=&quot;99&quot;  SemiHidden=&quot;false&quot;  Name=&quot;Medium Shading 2 Accent 1&quot; &gt;&lt;/w:LsdException&gt;\r\n&lt;w:LsdException Locked=&quot;false&quot;  Priority=&quot;99&quot;  SemiHidden=&quot;false&quot;  Name=&quot;Medium List 1 Accent 1&quot; &gt;&lt;/w:LsdException&gt;\r\n&lt;w:LsdException Locked=&quot;false&quot;  Priority=&quot;99&quot;  SemiHidden=&quot;false&quot;  Name=&quot;List Paragraph&quot; &gt;&lt;/w:LsdException&gt;\r\n&lt;w:LsdException Locked=&quot;false&quot;  Priority=&quot;99&quot;  SemiHidden=&quot;false&quot;  Name=&quot;Quote&quot; &gt;&lt;/w:LsdException&gt;\r\n&lt;w:LsdException Locked=&quot;false&quot;  Priority=&quot;99&quot;  SemiHidden=&quot;false&quot;  Name=&quot;Intense Quote&quot; &gt;&lt;/w:LsdException&gt;\r\n&lt;w:LsdException Locked=&quot;false&quot;  Priority=&quot;99&quot;  SemiHidden=&quot;false&quot;  Name=&quot;Medium List 2 Accent 1&quot; &gt;&lt;/w:LsdException&gt;\r\n&lt;w:LsdException Locked=&quot;false&quot;  Priority=&quot;99&quot;  SemiHidden=&quot;false&quot;  Name=&quot;Medium Grid 1 Accent 1&quot; &gt;&lt;/w:LsdException&gt;\r\n&lt;w:LsdException Locked=&quot;false&quot;  Priority=&quot;99&quot;  SemiHidden=&quot;false&quot;  Name=&quot;Medium Grid 2 Accent 1&quot; &gt;&lt;/w:LsdException&gt;\r\n&lt;w:LsdException Locked=&quot;false&quot;  Priority=&quot;99&quot;  SemiHidden=&quot;false&quot;  Name=&quot;Medium Grid 3 Accent 1&quot; &gt;&lt;/w:LsdException&gt;\r\n&lt;w:LsdException Locked=&quot;false&quot;  Priority=&quot;99&quot;  SemiHidden=&quot;false&quot;  Name=&quot;Dark List Accent 1&quot; &gt;&lt;/w:LsdException&gt;\r\n&lt;w:LsdException Locked=&quot;false&quot;  Priority=&quot;99&quot;  SemiHidden=&quot;false&quot;  Name=&quot;Colorful Shading Accent 1&quot; &gt;&lt;/w:LsdException&gt;\r\n&lt;w:LsdException Locked=&quot;false&quot;  Priority=&quot;99&quot;  SemiHidden=&quot;false&quot;  Name=&quot;Colorful List Accent 1&quot; &gt;&lt;/w:LsdException&gt;\r\n&lt;w:LsdException Locked=&quot;false&quot;  Priority=&quot;99&quot;  SemiHidden=&quot;false&quot;  Name=&quot;Colorful Grid Accent 1&quot; &gt;&lt;/w:LsdException&gt;\r\n&lt;w:LsdException Locked=&quot;false&quot;  Priority=&quot;99&quot;  SemiHidden=&quot;false&quot;  Name=&quot;Light Shading Accent 2&quot; &gt;&lt;/w:LsdException&gt;\r\n&lt;w:LsdException Locked=&quot;false&quot;  Priority=&quot;99&quot;  SemiHidden=&quot;false&quot;  Name=&quot;Light List Accent 2&quot; &gt;&lt;/w:LsdException&gt;\r\n&lt;w:LsdException Locked=&quot;false&quot;  Priority=&quot;99&quot;  SemiHidden=&quot;false&quot;  Name=&quot;Light Grid Accent 2&quot; &gt;&lt;/w:LsdException&gt;\r\n&lt;w:LsdException Locked=&quot;false&quot;  Priority=&quot;99&quot;  SemiHidden=&quot;false&quot;  Name=&quot;Medium Shading 1 Accent 2&quot; &gt;&lt;/w:LsdException&gt;\r\n&lt;w:LsdException Locked=&quot;false&quot;  Priority=&quot;99&quot;  SemiHidden=&quot;false&quot;  Name=&quot;Medium Shading 2 Accent 2&quot; &gt;&lt;/w:LsdException&gt;\r\n&lt;w:LsdException Locked=&quot;false&quot;  Priority=&quot;99&quot;  SemiHidden=&quot;false&quot;  Name=&quot;Medium List 1 Accent 2&quot; &gt;&lt;/w:LsdException&gt;\r\n&lt;w:LsdException Locked=&quot;false&quot;  Priority=&quot;99&quot;  SemiHidden=&quot;false&quot;  Name=&quot;Medium List 2 Accent 2&quot; &gt;&lt;/w:LsdException&gt;\r\n&lt;w:LsdException Locked=&quot;false&quot;  Priority=&quot;99&quot;  SemiHidden=&quot;false&quot;  Name=&quot;Medium Grid 1 Accent 2&quot; &gt;&lt;/w:LsdException&gt;\r\n&lt;w:LsdException Locked=&quot;false&quot;  Priority=&quot;99&quot;  SemiHidden=&quot;false&quot;  Name=&quot;Medium Grid 2 Accent 2&quot; &gt;&lt;/w:LsdException&gt;\r\n&lt;w:LsdException Locked=&quot;false&quot;  Priority=&quot;99&quot;  SemiHidden=&quot;false&quot;  Name=&quot;Medium Grid 3 Accent 2&quot; &gt;&lt;/w:LsdException&gt;\r\n&lt;w:LsdException Locked=&quot;false&quot;  Priority=&quot;99&quot;  SemiHidden=&quot;false&quot;  Name=&quot;Dark List Accent 2&quot; &gt;&lt;/w:LsdException&gt;\r\n&lt;w:LsdException Locked=&quot;false&quot;  Priority=&quot;99&quot;  SemiHidden=&quot;false&quot;  Name=&quot;Colorful Shading Accent 2&quot; &gt;&lt;/w:LsdException&gt;\r\n&lt;w:LsdException Locked=&quot;false&quot;  Priority=&quot;99&quot;  SemiHidden=&quot;false&quot;  Name=&quot;Colorful List Accent 2&quot; &gt;&lt;/w:LsdException&gt;\r\n&lt;w:LsdException Locked=&quot;false&quot;  Priority=&quot;99&quot;  SemiHidden=&quot;false&quot;  Name=&quot;Colorful Grid Accent 2&quot; &gt;&lt;/w:LsdException&gt;\r\n&lt;w:LsdException Locked=&quot;false&quot;  Priority=&quot;99&quot;  SemiHidden=&quot;false&quot;  Name=&quot;Light Shading Accent 3&quot; &gt;&lt;/w:LsdException&gt;\r\n&lt;w:LsdException Locked=&quot;false&quot;  Priority=&quot;99&quot;  SemiHidden=&quot;false&quot;  Name=&quot;Light List Accent 3&quot; &gt;&lt;/w:LsdException&gt;\r\n&lt;w:LsdException Locked=&quot;false&quot;  Priority=&quot;99&quot;  SemiHidden=&quot;false&quot;  Name=&quot;Light Grid Accent 3&quot; &gt;&lt;/w:LsdException&gt;\r\n&lt;w:LsdException Locked=&quot;false&quot;  Priority=&quot;99&quot;  SemiHidden=&quot;false&quot;  Name=&quot;Medium Shading 1 Accent 3&quot; &gt;&lt;/w:LsdException&gt;\r\n&lt;w:LsdException Locked=&quot;false&quot;  Priority=&quot;99&quot;  SemiHidden=&quot;false&quot;  Name=&quot;Medium Shading 2 Accent 3&quot; &gt;&lt;/w:LsdException&gt;\r\n&lt;w:LsdException Locked=&quot;false&quot;  Priority=&quot;99&quot;  SemiHidden=&quot;false&quot;  Name=&quot;Medium List 1 Accent 3&quot; &gt;&lt;/w:LsdException&gt;\r\n&lt;w:LsdException Locked=&quot;false&quot;  Priority=&quot;99&quot;  SemiHidden=&quot;false&quot;  Name=&quot;Medium List 2 Accent 3&quot; &gt;&lt;/w:LsdException&gt;\r\n&lt;w:LsdException Locked=&quot;false&quot;  Priority=&quot;99&quot;  SemiHidden=&quot;false&quot;  Name=&quot;Medium Grid 1 Accent 3&quot; &gt;&lt;/w:LsdException&gt;\r\n&lt;w:LsdException Locked=&quot;false&quot;  Priority=&quot;99&quot;  SemiHidden=&quot;false&quot;  Name=&quot;Medium Grid 2 Accent 3&quot; &gt;&lt;/w:LsdException&gt;\r\n&lt;w:LsdException Locked=&quot;false&quot;  Priority=&quot;99&quot;  SemiHidden=&quot;false&quot;  Name=&quot;Medium Grid 3 Accent 3&quot; &gt;&lt;/w:LsdException&gt;\r\n&lt;w:LsdException Locked=&quot;false&quot;  Priority=&quot;99&quot;  SemiHidden=&quot;false&quot;  Name=&quot;Dark List Accent 3&quot; &gt;&lt;/w:LsdException&gt;\r\n&lt;w:LsdException Locked=&quot;false&quot;  Priority=&quot;99&quot;  SemiHidden=&quot;false&quot;  Name=&quot;Colorful Shading Accent 3&quot; &gt;&lt;/w:LsdException&gt;\r\n&lt;w:LsdException Locked=&quot;false&quot;  Priority=&quot;99&quot;  SemiHidden=&quot;false&quot;  Name=&quot;Colorful List Accent 3&quot; &gt;&lt;/w:LsdException&gt;\r\n&lt;w:LsdException Locked=&quot;false&quot;  Priority=&quot;99&quot;  SemiHidden=&quot;false&quot;  Name=&quot;Colorful Grid Accent 3&quot; &gt;&lt;/w:LsdException&gt;\r\n&lt;w:LsdException Locked=&quot;false&quot;  Priority=&quot;99&quot;  SemiHidden=&quot;false&quot;  Name=&quot;Light Shading Accent 4&quot; &gt;&lt;/w:LsdException&gt;\r\n&lt;w:LsdException Locked=&quot;false&quot;  Priority=&quot;99&quot;  SemiHidden=&quot;false&quot;  Name=&quot;Light List Accent 4&quot; &gt;&lt;/w:LsdException&gt;\r\n&lt;w:LsdException Locked=&quot;false&quot;  Priority=&quot;99&quot;  SemiHidden=&quot;false&quot;  Name=&quot;Light Grid Accent 4&quot; &gt;&lt;/w:LsdException&gt;\r\n&lt;w:LsdException Locked=&quot;false&quot;  Priority=&quot;99&quot;  SemiHidden=&quot;false&quot;  Name=&quot;Medium Shading 1 Accent 4&quot; &gt;&lt;/w:LsdException&gt;\r\n&lt;w:LsdException Locked=&quot;false&quot;  Priority=&quot;99&quot;  SemiHidden=&quot;false&quot;  Name=&quot;Medium Shading 2 Accent 4&quot; &gt;&lt;/w:LsdException&gt;\r\n&lt;w:LsdException Locked=&quot;false&quot;  Priority=&quot;99&quot;  SemiHidden=&quot;false&quot;  Name=&quot;Medium List 1 Accent 4&quot; &gt;&lt;/w:LsdException&gt;\r\n&lt;w:LsdException Locked=&quot;false&quot;  Priority=&quot;99&quot;  SemiHidden=&quot;false&quot;  Name=&quot;Medium List 2 Accent 4&quot; &gt;&lt;/w:LsdException&gt;\r\n&lt;w:LsdException Locked=&quot;false&quot;  Priority=&quot;99&quot;  SemiHidden=&quot;false&quot;  Name=&quot;Medium Grid 1 Accent 4&quot; &gt;&lt;/w:LsdException&gt;\r\n&lt;w:LsdException Locked=&quot;false&quot;  Priority=&quot;99&quot;  SemiHidden=&quot;false&quot;  Name=&quot;Medium Grid 2 Accent 4&quot; &gt;&lt;/w:LsdException&gt;\r\n&lt;w:LsdException Locked=&quot;false&quot;  Priority=&quot;99&quot;  SemiHidden=&quot;false&quot;  Name=&quot;Medium Grid 3 Accent 4&quot; &gt;&lt;/w:LsdException&gt;\r\n&lt;w:LsdException Locked=&quot;false&quot;  Priority=&quot;99&quot;  SemiHidden=&quot;false&quot;  Name=&quot;Dark List Accent 4&quot; &gt;&lt;/w:LsdException&gt;\r\n&lt;w:LsdException Locked=&quot;false&quot;  Priority=&quot;99&quot;  SemiHidden=&quot;false&quot;  Name=&quot;Colorful Shading Accent 4&quot; &gt;&lt;/w:LsdException&gt;\r\n&lt;w:LsdException Locked=&quot;false&quot;  Priority=&quot;99&quot;  SemiHidden=&quot;false&quot;  Name=&quot;Colorful List Accent 4&quot; &gt;&lt;/w:LsdException&gt;\r\n&lt;w:LsdException Locked=&quot;false&quot;  Priority=&quot;99&quot;  SemiHidden=&quot;false&quot;  Name=&quot;Colorful Grid Accent 4&quot; &gt;&lt;/w:LsdException&gt;\r\n&lt;w:LsdException Locked=&quot;false&quot;  Priority=&quot;99&quot;  SemiHidden=&quot;false&quot;  Name=&quot;Light Shading Accent 5&quot; &gt;&lt;/w:LsdException&gt;\r\n&lt;w:LsdException Locked=&quot;false&quot;  Priority=&quot;99&quot;  SemiHidden=&quot;false&quot;  Name=&quot;Light List Accent 5&quot; &gt;&lt;/w:LsdException&gt;\r\n&lt;w:LsdException Locked=&quot;false&quot;  Priority=&quot;99&quot;  SemiHidden=&quot;false&quot;  Name=&quot;Light Grid Accent 5&quot; &gt;&lt;/w:LsdException&gt;\r\n&lt;w:LsdException Locked=&quot;false&quot;  Priority=&quot;99&quot;  SemiHidden=&quot;false&quot;  Name=&quot;Medium Shading 1 Accent 5&quot; &gt;&lt;/w:LsdException&gt;\r\n&lt;w:LsdException Locked=&quot;false&quot;  Priority=&quot;99&quot;  SemiHidden=&quot;false&quot;  Name=&quot;Medium Shading 2 Accent 5&quot; &gt;&lt;/w:LsdException&gt;\r\n&lt;w:LsdException Locked=&quot;false&quot;  Priority=&quot;99&quot;  SemiHidden=&quot;false&quot;  Name=&quot;Medium List 1 Accent 5&quot; &gt;&lt;/w:LsdException&gt;\r\n&lt;w:LsdException Locked=&quot;false&quot;  Priority=&quot;99&quot;  SemiHidden=&quot;false&quot;  Name=&quot;Medium List 2 Accent 5&quot; &gt;&lt;/w:LsdException&gt;\r\n&lt;w:LsdException Locked=&quot;false&quot;  Priority=&quot;99&quot;  SemiHidden=&quot;false&quot;  Name=&quot;Medium Grid 1 Accent 5&quot; &gt;&lt;/w:LsdException&gt;\r\n&lt;w:LsdException Locked=&quot;false&quot;  Priority=&quot;99&quot;  SemiHidden=&quot;false&quot;  Name=&quot;Medium Grid 2 Accent 5&quot; &gt;&lt;/w:LsdException&gt;\r\n&lt;w:LsdException Locked=&quot;false&quot;  Priority=&quot;99&quot;  SemiHidden=&quot;false&quot;  Name=&quot;Medium Grid 3 Accent 5&quot; &gt;&lt;/w:LsdException&gt;\r\n&lt;w:LsdException Locked=&quot;false&quot;  Priority=&quot;99&quot;  SemiHidden=&quot;false&quot;  Name=&quot;Dark List Accent 5&quot; &gt;&lt;/w:LsdException&gt;\r\n&lt;w:LsdException Locked=&quot;false&quot;  Priority=&quot;99&quot;  SemiHidden=&quot;false&quot;  Name=&quot;Colorful Shading Accent 5&quot; &gt;&lt;/w:LsdException&gt;\r\n&lt;w:LsdException Locked=&quot;false&quot;  Priority=&quot;99&quot;  SemiHidden=&quot;false&quot;  Name=&quot;Colorful List Accent 5&quot; &gt;&lt;/w:LsdException&gt;\r\n&lt;w:LsdException Locked=&quot;false&quot;  Priority=&quot;99&quot;  SemiHidden=&quot;false&quot;  Name=&quot;Colorful Grid Accent 5&quot; &gt;&lt;/w:LsdException&gt;\r\n&lt;w:LsdException Locked=&quot;false&quot;  Priority=&quot;99&quot;  SemiHidden=&quot;false&quot;  Name=&quot;Light Shading Accent 6&quot; &gt;&lt;/w:LsdException&gt;\r\n&lt;w:LsdException Locked=&quot;false&quot;  Priority=&quot;99&quot;  SemiHidden=&quot;false&quot;  Name=&quot;Light List Accent 6&quot; &gt;&lt;/w:LsdException&gt;\r\n&lt;w:LsdException Locked=&quot;false&quot;  Priority=&quot;99&quot;  SemiHidden=&quot;false&quot;  Name=&quot;Light Grid Accent 6&quot; &gt;&lt;/w:LsdException&gt;\r\n&lt;w:LsdException Locked=&quot;false&quot;  Priority=&quot;99&quot;  SemiHidden=&quot;false&quot;  Name=&quot;Medium Shading 1 Accent 6&quot; &gt;&lt;/w:LsdException&gt;\r\n&lt;w:LsdException Locked=&quot;false&quot;  Priority=&quot;99&quot;  SemiHidden=&quot;false&quot;  Name=&quot;Medium Shading 2 Accent 6&quot; &gt;&lt;/w:LsdException&gt;\r\n&lt;w:LsdException Locked=&quot;false&quot;  Priority=&quot;99&quot;  SemiHidden=&quot;false&quot;  Name=&quot;Medium List 1 Accent 6&quot; &gt;&lt;/w:LsdException&gt;\r\n&lt;w:LsdException Locked=&quot;false&quot;  Priority=&quot;99&quot;  SemiHidden=&quot;false&quot;  Name=&quot;Medium List 2 Accent 6&quot; &gt;&lt;/w:LsdException&gt;\r\n&lt;w:LsdException Locked=&quot;false&quot;  Priority=&quot;99&quot;  SemiHidden=&quot;false&quot;  Name=&quot;Medium Grid 1 Accent 6&quot; &gt;&lt;/w:LsdException&gt;\r\n&lt;w:LsdException Locked=&quot;false&quot;  Priority=&quot;99&quot;  SemiHidden=&quot;false&quot;  Name=&quot;Medium Grid 2 Accent 6&quot; &gt;&lt;/w:LsdException&gt;\r\n&lt;w:LsdException Locked=&quot;false&quot;  Priority=&quot;99&quot;  SemiHidden=&quot;false&quot;  Name=&quot;Medium Grid 3 Accent 6&quot; &gt;&lt;/w:LsdException&gt;\r\n&lt;w:LsdException Locked=&quot;false&quot;  Priority=&quot;99&quot;  SemiHidden=&quot;false&quot;  Name=&quot;Dark List Accent 6&quot; &gt;&lt;/w:LsdException&gt;\r\n&lt;w:LsdException Locked=&quot;false&quot;  Priority=&quot;99&quot;  SemiHidden=&quot;false&quot;  Name=&quot;Colorful Shading Accent 6&quot; &gt;&lt;/w:LsdException&gt;\r\n&lt;w:LsdException Locked=&quot;false&quot;  Priority=&quot;99&quot;  SemiHidden=&quot;false&quot;  Name=&quot;Colorful List Accent 6&quot; &gt;&lt;/w:LsdException&gt;\r\n&lt;w:LsdException Locked=&quot;false&quot;  Priority=&quot;99&quot;  SemiHidden=&quot;false&quot;  Name=&quot;Colorful Grid Accent 6&quot; &gt;&lt;/w:LsdException&gt;\r\n&lt;/w:LatentStyles&gt;&lt;/xml&gt;&lt;![endif]--&gt;&lt;p class=&quot;p&quot; style=&quot;mso-pagination:widow-orphan;&quot;&gt;&lt;span style=&quot;mso-spacerun:\'yes\';font-family:Calibri;mso-fareast-font-family:宋体;\r\nmso-bidi-font-family:\'Times New Roman\';font-size:12.0000pt;mso-font-kerning:0.0000pt;&quot;&gt;Shop Online For High Quality Laptop Batteries&lt;/span&gt;&lt;span style=&quot;mso-spacerun:\'yes\';font-family:Calibri;mso-fareast-font-family:宋体;\r\nmso-bidi-font-family:\'Times New Roman\';font-size:12.0000pt;mso-font-kerning:0.0000pt;&quot;&gt;&lt;/span&gt;&lt;/p&gt;','Laptop Batteries - Shop Online For High Quality Laptop Batteries','Laptop Batteries - Shop Online For High Quality Laptop Batteries','laptop batteries, shop online for high quality laptop batteries','laptop-batteries','Laptop Batteries','Laptop Batteries','Laptop Batteries'),(63,1,'Men\'s Clothes','','Men\'s Clothes -  Shop For Fashion Men\'s Clothes ','Fashion Men\'s Clothes Online Store, Cheap Casual High-End Men Clothes Wholesale, We Are Striving To Provide The Latest Style Clothes For Men. Free Shipping Worldwide.','men\'s clothes','mens-clothes','Men\'s Clothes','Men\'s Clothes','Men\'s Clothes'),(60,1,'Acer','Acer Replacement Battery- Shop Online For High Quality Laptop Batteries For Acer &lt;br&gt;','Acer Battery- Shop Online For Acer Laptop Batteries','Acer Replacement Battery- Shop Online For High Quality Laptop Batteries For Acer ','acer, shop online for high quality acer laptop batteries','','','',''),(62,1,'Women\'s Clothes','','Women\'s Clothes - Shop For Fashion Women\'s Wear','Fashion Women\'s Clothes Online Store, Cheap Casual Ladies High-End Clothes Wholesale, We Are Striving To Provide The Latest Style Clothes For Women. Free Shipping Worldwide.','women\'s clothes','womens-clothes','Women\'s Clothes','Women\'s Clothes','Women\'s Clothes'),(64,1,'Baby Clothes','','Baby Clothes -  Shop For Fashion Baby Clothes ','Fashion Baby  Clothes Online Store, Cheap Casual Baby High-End Clothes Wholesale, We Are Striving To Provide The Latest Style Clothes For Baby . Free Shipping Worldwide.','baby clothes','baby-clothes','Baby Clothes','Baby Clothes','Baby Clothes'),(61,1,'Asus','Asus Replacement Battery- Shop Online For High Quality Laptop Batteries For Asus &lt;br&gt;','Asus Battery - Shop Online For Asus Laptop Batteries','Asus Replacement Battery- Shop Online For High Quality Laptop Batteries For Asus ','asus, shop online for high quality asus laptop batteries','','','',''),(65,1,'AC Adapter','','Laptop AC Adapter -  Shop Online For High Quality AC Adapter','Laptop AC Adapter -  Shop Online For High Quality AC Adapter','ac adapter','ac-adapter','AC Adapter','AC Adapter','AC Adapter'),(66,1,'Lenovo','&lt;p&gt;Lenovo Replacement Battery- Shop Online For High Quality Laptop Batteries For Lenovo&lt;br&gt;&lt;/p&gt;','Lenovo Battery- Shop Online For Lenovo Laptop Batteries','Lenovo Replacement Battery- Shop Online For High Quality Laptop Batteries For Lenovo','lenovo, lenovo replacement battery- shop online for high quality laptop batteries for lenovo','','','',''),(67,1,'Dell','&lt;p&gt;Dell Replacement Battery- Shop Online For High Quality Laptop Batteries For Dell&lt;br&gt;&lt;/p&gt;','Dell Battery- Shop Online For Dell Laptop Batteries','Dell Replacement Battery- Shop Online For High Quality Laptop Batteries For Dell','dell, dell replacement battery- shop online for high quality laptop batteries for dell','','','',''),(68,1,'Hp','&lt;p&gt;Hp Replacement Battery- Shop Online For High Quality Laptop Batteries For Hp &lt;/p&gt;','Hp Battery- Shop Online For Hp Laptop Batteries','Hp Replacement Battery- Shop Online For High Quality Laptop Batteries For Hp ','hp, hp replacement battery- shop online for high quality laptop batteries for hp','','','',''),(69,1,'Toshiba','&lt;p&gt;Toshiba Replacement Battery- Shop Online For High Quality Laptop Batteries For Toshiba&lt;br&gt;&lt;/p&gt;','Toshiba Battery- Shop Online For Toshiba Laptop Batteries','Toshiba Replacement Battery- Shop Online For High Quality Laptop Batteries For Toshiba','toshiba, toshiba replacement battery- shop online for high quality laptop batteries for toshiba','','','',''),(70,1,'Sony','&lt;p&gt;Sony Replacement Battery- Shop Online For High Quality Laptop Batteries For Sony &lt;/p&gt;','Sony Battery- Shop Online For Sony Laptop Batteries','Sony Replacement Battery- Shop Online For High Quality Laptop Batteries For Sony ','sony, sony replacement battery- shop online for high quality laptop batteries for sony','','','',''),(71,1,'Acer','','Acer Ac Adapter- Shop Online For High Quality Acer Laptop Adapter','Acer','','','','','');

--
-- Table structure for table `oc_category_description_seo`
--

CREATE TABLE `oc_category_description_seo` (
  `category_id` int(11) NOT NULL,
  `language_id` int(11) NOT NULL,
  `custom_imgtitle` varchar(255) DEFAULT '',
  `custom_alt` varchar(255) DEFAULT '',
  `custom_h1` varchar(255) DEFAULT '',
  `custom_h2` varchar(255) DEFAULT '',
  PRIMARY KEY (`category_id`,`language_id`)
) ENGINE=MyISAM DEFAULT CHARSET=utf8;

--
-- Dumping data for table `oc_category_description_seo`
--

INSERT INTO `oc_category_description_seo` VALUES (71,1,'','','',''),(60,1,'','','',''),(61,1,'','','',''),(67,1,'','','',''),(68,1,'','','',''),(66,1,'','','',''),(70,1,'','','',''),(69,1,'','','','');

--
-- Table structure for table `oc_category_filter`
--

CREATE TABLE `oc_category_filter` (
  `category_id` int(11) NOT NULL,
  `filter_id` int(11) NOT NULL,
  PRIMARY KEY (`category_id`,`filter_id`)
) ENGINE=MyISAM DEFAULT CHARSET=utf8;

--
-- Dumping data for table `oc_category_filter`
--


--
-- Table structure for table `oc_category_path`
--

CREATE TABLE `oc_category_path` (
  `category_id` int(11) NOT NULL,
  `path_id` int(11) NOT NULL,
  `level` int(11) NOT NULL,
  PRIMARY KEY (`category_id`,`path_id`)
) ENGINE=MyISAM DEFAULT CHARSET=utf8;

--
-- Dumping data for table `oc_category_path`
--

INSERT INTO `oc_category_path` VALUES (60,60,1),(60,59,0),(71,71,1),(71,65,0),(70,70,1),(70,59,0),(69,69,1),(69,59,0),(68,68,1),(68,59,0),(67,67,1),(67,59,0),(66,66,1),(66,59,0),(65,65,0),(64,64,0),(63,63,0),(62,62,0),(61,61,1),(61,59,0),(59,59,0);

--
-- Table structure for table `oc_category_to_layout`
--

CREATE TABLE `oc_category_to_layout` (
  `category_id` int(11) NOT NULL,
  `store_id` int(11) NOT NULL,
  `layout_id` int(11) NOT NULL,
  PRIMARY KEY (`category_id`,`store_id`),
  KEY `layout_id` (`layout_id`)
) ENGINE=MyISAM DEFAULT CHARSET=utf8;

--
-- Dumping data for table `oc_category_to_layout`
--

INSERT INTO `oc_category_to_layout` VALUES (59,0,0),(60,0,0),(61,0,0),(62,0,0),(63,0,0),(64,0,0),(65,0,0),(66,0,0),(67,0,0),(68,0,0),(69,0,0),(70,0,0),(71,0,0);

--
-- Table structure for table `oc_category_to_store`
--

CREATE TABLE `oc_category_to_store` (
  `category_id` int(11) NOT NULL,
  `store_id` int(11) NOT NULL,
  PRIMARY KEY (`category_id`,`store_id`)
) ENGINE=MyISAM DEFAULT CHARSET=utf8;

--
-- Dumping data for table `oc_category_to_store`
--

INSERT INTO `oc_category_to_store` VALUES (59,0),(60,0),(61,0),(62,0),(63,0),(64,0),(65,0),(66,0),(67,0),(68,0),(69,0),(70,0),(71,0);

--
-- Table structure for table `oc_ciabreason`
--

CREATE TABLE `oc_ciabreason` (
  `ciabreason_id` int(11) NOT NULL AUTO_INCREMENT,
  `status` int(1) NOT NULL,
  `details` int(11) NOT NULL,
  `sort_order` int(11) NOT NULL,
  `date_added` datetime NOT NULL,
  `date_modified` datetime NOT NULL,
  PRIMARY KEY (`ciabreason_id`)
) ENGINE=MyISAM DEFAULT CHARSET=utf8;

--
-- Dumping data for table `oc_ciabreason`
--


--
-- Table structure for table `oc_ciabreason_category`
--

CREATE TABLE `oc_ciabreason_category` (
  `ciabreason_id` int(11) NOT NULL,
  `category_id` int(11) NOT NULL DEFAULT '0',
  PRIMARY KEY (`ciabreason_id`,`category_id`)
) ENGINE=MyISAM DEFAULT CHARSET=utf8;

--
-- Dumping data for table `oc_ciabreason_category`
--


--
-- Table structure for table `oc_ciabreason_description`
--

CREATE TABLE `oc_ciabreason_description` (
  `ciabreason_id` int(11) NOT NULL,
  `language_id` int(11) NOT NULL,
  `name` varchar(255) NOT NULL,
  PRIMARY KEY (`ciabreason_id`,`language_id`),
  KEY `name` (`name`)
) ENGINE=MyISAM DEFAULT CHARSET=utf8;

--
-- Dumping data for table `oc_ciabreason_description`
--


--
-- Table structure for table `oc_ciabreason_manufacturer`
--

CREATE TABLE `oc_ciabreason_manufacturer` (
  `ciabreason_id` int(11) NOT NULL,
  `manufacturer_id` int(11) NOT NULL DEFAULT '0',
  PRIMARY KEY (`ciabreason_id`,`manufacturer_id`)
) ENGINE=MyISAM DEFAULT CHARSET=utf8;

--
-- Dumping data for table `oc_ciabreason_manufacturer`
--


--
-- Table structure for table `oc_ciabreason_product`
--

CREATE TABLE `oc_ciabreason_product` (
  `ciabreason_id` int(11) NOT NULL,
  `product_id` int(11) NOT NULL DEFAULT '0',
  PRIMARY KEY (`ciabreason_id`,`product_id`)
) ENGINE=MyISAM DEFAULT CHARSET=utf8;

--
-- Dumping data for table `oc_ciabreason_product`
--


--
-- Table structure for table `oc_ciabreason_to_store`
--

CREATE TABLE `oc_ciabreason_to_store` (
  `ciabreason_id` int(11) NOT NULL,
  `store_id` int(11) NOT NULL DEFAULT '0',
  PRIMARY KEY (`ciabreason_id`,`store_id`)
) ENGINE=MyISAM DEFAULT CHARSET=utf8;

--
-- Dumping data for table `oc_ciabreason_to_store`
--


--
-- Table structure for table `oc_ciratingtype`
--

CREATE TABLE `oc_ciratingtype` (
  `ciratingtype_id` int(11) NOT NULL AUTO_INCREMENT,
  `status` int(1) NOT NULL,
  `sort_order` int(11) NOT NULL,
  `date_added` datetime NOT NULL,
  `date_modified` datetime NOT NULL,
  PRIMARY KEY (`ciratingtype_id`)
) ENGINE=MyISAM AUTO_INCREMENT=2 DEFAULT CHARSET=utf8;

--
-- Dumping data for table `oc_ciratingtype`
--

INSERT INTO `oc_ciratingtype` VALUES (1,1,1,'2022-06-03 07:24:57','0000-00-00 00:00:00');

--
-- Table structure for table `oc_ciratingtype_category`
--

CREATE TABLE `oc_ciratingtype_category` (
  `ciratingtype_id` int(11) NOT NULL,
  `category_id` int(11) NOT NULL DEFAULT '0',
  PRIMARY KEY (`ciratingtype_id`,`category_id`)
) ENGINE=MyISAM DEFAULT CHARSET=utf8;

--
-- Dumping data for table `oc_ciratingtype_category`
--


--
-- Table structure for table `oc_ciratingtype_description`
--

CREATE TABLE `oc_ciratingtype_description` (
  `ciratingtype_id` int(11) NOT NULL,
  `language_id` int(11) NOT NULL,
  `name` varchar(255) NOT NULL,
  PRIMARY KEY (`ciratingtype_id`,`language_id`),
  KEY `name` (`name`)
) ENGINE=MyISAM DEFAULT CHARSET=utf8;

--
-- Dumping data for table `oc_ciratingtype_description`
--

INSERT INTO `oc_ciratingtype_description` VALUES (1,1,'Rating');

--
-- Table structure for table `oc_ciratingtype_manufacturer`
--

CREATE TABLE `oc_ciratingtype_manufacturer` (
  `ciratingtype_id` int(11) NOT NULL,
  `manufacturer_id` int(11) NOT NULL DEFAULT '0',
  PRIMARY KEY (`ciratingtype_id`,`manufacturer_id`)
) ENGINE=MyISAM DEFAULT CHARSET=utf8;

--
-- Dumping data for table `oc_ciratingtype_manufacturer`
--


--
-- Table structure for table `oc_ciratingtype_product`
--

CREATE TABLE `oc_ciratingtype_product` (
  `ciratingtype_id` int(11) NOT NULL,
  `product_id` int(11) NOT NULL DEFAULT '0',
  PRIMARY KEY (`ciratingtype_id`,`product_id`)
) ENGINE=MyISAM DEFAULT CHARSET=utf8;

--
-- Dumping data for table `oc_ciratingtype_product`
--


--
-- Table structure for table `oc_ciratingtype_to_store`
--

CREATE TABLE `oc_ciratingtype_to_store` (
  `ciratingtype_id` int(11) NOT NULL,
  `store_id` int(11) NOT NULL DEFAULT '0',
  PRIMARY KEY (`ciratingtype_id`,`store_id`)
) ENGINE=MyISAM DEFAULT CHARSET=utf8;

--
-- Dumping data for table `oc_ciratingtype_to_store`
--

INSERT INTO `oc_ciratingtype_to_store` VALUES (1,0);

--
-- Table structure for table `oc_cireview`
--

CREATE TABLE `oc_cireview` (
  `cireview_id` int(11) NOT NULL AUTO_INCREMENT,
  `review_id` int(11) NOT NULL,
  `votes_down` int(11) NOT NULL,
  `votes_up` int(11) NOT NULL,
  `product_id` int(11) NOT NULL,
  `imp` int(1) NOT NULL,
  `store_id` int(11) NOT NULL,
  `language_id` int(11) NOT NULL,
  `email` varchar(255) NOT NULL,
  `title` varchar(255) NOT NULL,
  `comment` text NOT NULL,
  `coupon_code` varchar(20) NOT NULL,
  `coupon_id` int(11) NOT NULL,
  `reward_points` int(11) NOT NULL,
  `customer_reward_id` int(11) NOT NULL,
  `fverify` tinyint(4) NOT NULL,
  PRIMARY KEY (`cireview_id`,`review_id`,`product_id`),
  KEY `store_id` (`store_id`),
  KEY `language_id` (`language_id`),
  KEY `coupon_id` (`coupon_id`),
  KEY `customer_reward_id` (`customer_reward_id`)
) ENGINE=MyISAM DEFAULT CHARSET=utf8;

--
-- Dumping data for table `oc_cireview`
--


--
-- Table structure for table `oc_cireview_abuse`
--

CREATE TABLE `oc_cireview_abuse` (
  `cireview_abuse_id` int(11) NOT NULL AUTO_INCREMENT,
  `cireview_id` int(11) NOT NULL,
  `review_id` int(11) NOT NULL,
  `product_id` int(11) NOT NULL,
  `ciabreason_id` varchar(11) NOT NULL,
  `ciabreason_name` varchar(255) NOT NULL,
  `text` text NOT NULL,
  `customer_id` int(11) NOT NULL,
  `author` varchar(255) NOT NULL,
  `status` int(11) NOT NULL,
  `session_id` varchar(255) NOT NULL,
  `date_added` datetime NOT NULL,
  `date_modified` datetime NOT NULL,
  PRIMARY KEY (`cireview_abuse_id`),
  KEY `cireview_id` (`cireview_id`),
  KEY `review_id` (`review_id`),
  KEY `product_id` (`product_id`),
  KEY `ciabreason_id` (`ciabreason_id`),
  KEY `customer_id` (`customer_id`),
  KEY `session_id` (`session_id`)
) ENGINE=MyISAM DEFAULT CHARSET=utf8;

--
-- Dumping data for table `oc_cireview_abuse`
--


--
-- Table structure for table `oc_cireview_image`
--

CREATE TABLE `oc_cireview_image` (
  `cireview_image_id` int(11) NOT NULL AUTO_INCREMENT,
  `cireview_id` int(11) NOT NULL,
  `image` varchar(255) DEFAULT NULL,
  `mask` varchar(255) DEFAULT NULL,
  `ext` varchar(10) DEFAULT NULL,
  `sort_order` int(3) NOT NULL DEFAULT '0',
  `session_id` varchar(255) NOT NULL,
  `status` int(11) NOT NULL,
  PRIMARY KEY (`cireview_image_id`),
  KEY `product_id` (`cireview_id`),
  KEY `session_id` (`session_id`)
) ENGINE=MyISAM DEFAULT CHARSET=utf8;

--
-- Dumping data for table `oc_cireview_image`
--


--
-- Table structure for table `oc_cireview_image_description`
--

CREATE TABLE `oc_cireview_image_description` (
  `cireview_image_id` int(11) NOT NULL,
  `cireview_id` int(11) NOT NULL,
  `language_id` int(11) NOT NULL,
  `title` varchar(255) NOT NULL,
  `alt` varchar(255) NOT NULL,
  `session_id` varchar(255) NOT NULL,
  PRIMARY KEY (`cireview_image_id`,`language_id`),
  KEY `cireview_id` (`cireview_id`),
  KEY `session_id` (`session_id`)
) ENGINE=MyISAM DEFAULT CHARSET=utf8;

--
-- Dumping data for table `oc_cireview_image_description`
--


--
-- Table structure for table `oc_cireview_invite`
--

CREATE TABLE `oc_cireview_invite` (
  `cireview_invite_id` int(11) NOT NULL AUTO_INCREMENT,
  `last_reminder_id` int(11) NOT NULL,
  `order_id` int(11) NOT NULL,
  `firstmail` tinyint(1) NOT NULL,
  `store_id` int(11) NOT NULL,
  `product_id` int(11) NOT NULL,
  `customer_id` int(11) NOT NULL,
  `invite` tinyint(4) NOT NULL,
  `review` tinyint(4) NOT NULL,
  `review_id` int(11) NOT NULL,
  `cireview_id` int(11) NOT NULL,
  `status` int(11) NOT NULL,
  `last_reminder_date_added` datetime NOT NULL,
  `date_added` datetime NOT NULL,
  `date_modified` datetime NOT NULL,
  PRIMARY KEY (`cireview_invite_id`),
  KEY `last_reminder_id` (`last_reminder_id`),
  KEY `order_id` (`order_id`),
  KEY `store_id` (`store_id`),
  KEY `product_id` (`product_id`),
  KEY `customer_id` (`customer_id`),
  KEY `review_id` (`review_id`),
  KEY `cireview_id` (`cireview_id`)
) ENGINE=MyISAM DEFAULT CHARSET=utf8;

--
-- Dumping data for table `oc_cireview_invite`
--


--
-- Table structure for table `oc_cireview_invitereminder`
--

CREATE TABLE `oc_cireview_invitereminder` (
  `cireview_invitereminder_id` int(11) NOT NULL AUTO_INCREMENT,
  `cireview_invite_id` int(11) NOT NULL,
  `reminder` tinyint(4) NOT NULL,
  `date_added` datetime NOT NULL,
  PRIMARY KEY (`cireview_invitereminder_id`),
  KEY `cireview_invite_id` (`cireview_invite_id`)
) ENGINE=MyISAM DEFAULT CHARSET=utf8;

--
-- Dumping data for table `oc_cireview_invitereminder`
--


--
-- Table structure for table `oc_cireview_rating`
--

CREATE TABLE `oc_cireview_rating` (
  `cireview_rating_id` int(11) NOT NULL AUTO_INCREMENT,
  `cireview_id` int(11) NOT NULL,
  `review_id` int(11) NOT NULL,
  `product_id` int(11) NOT NULL,
  `ciratingtype_id` int(11) NOT NULL,
  `ciratingtype_name` text NOT NULL,
  `rating` int(11) NOT NULL,
  `status` int(11) NOT NULL,
  PRIMARY KEY (`cireview_rating_id`,`cireview_id`,`review_id`,`product_id`),
  KEY `ciratingtype_id` (`ciratingtype_id`)
) ENGINE=MyISAM DEFAULT CHARSET=utf8;

--
-- Dumping data for table `oc_cireview_rating`
--


--
-- Table structure for table `oc_cireview_verify`
--

CREATE TABLE `oc_cireview_verify` (
  `cireview_verify_id` int(11) NOT NULL AUTO_INCREMENT,
  `order_id` int(11) NOT NULL,
  `order_product_id` int(11) NOT NULL,
  `product_id` int(11) NOT NULL,
  `store_id` int(11) NOT NULL,
  `customer_id` int(11) NOT NULL,
  `review` tinyint(4) NOT NULL,
  `review_id` int(11) NOT NULL,
  `cireview_id` int(11) NOT NULL,
  `status` int(11) NOT NULL,
  `date_added` datetime NOT NULL,
  `date_modified` datetime NOT NULL,
  PRIMARY KEY (`cireview_verify_id`),
  KEY `order_id` (`order_id`),
  KEY `order_product_id` (`order_product_id`),
  KEY `product_id` (`product_id`),
  KEY `store_id` (`store_id`),
  KEY `customer_id` (`customer_id`),
  KEY `review_id` (`review_id`),
  KEY `cireview_id` (`cireview_id`)
) ENGINE=MyISAM DEFAULT CHARSET=utf8;

--
-- Dumping data for table `oc_cireview_verify`
--


--
-- Table structure for table `oc_cireview_vote`
--

CREATE TABLE `oc_cireview_vote` (
  `cireview_vote_id` int(11) NOT NULL AUTO_INCREMENT,
  `cireview_id` int(11) NOT NULL,
  `review_id` int(11) NOT NULL,
  `product_id` int(11) NOT NULL,
  `customer_id` int(11) NOT NULL,
  `author` varchar(255) NOT NULL,
  `vote` varchar(10) NOT NULL COMMENT 'UP,DOWN',
  `status` int(11) NOT NULL,
  `session_id` varchar(255) NOT NULL,
  `date_added` datetime NOT NULL,
  `date_modified` datetime NOT NULL,
  PRIMARY KEY (`cireview_vote_id`),
  KEY `cireview_id` (`cireview_id`),
  KEY `review_id` (`review_id`),
  KEY `product_id` (`product_id`),
  KEY `customer_id` (`customer_id`),
  KEY `session_id` (`session_id`)
) ENGINE=MyISAM DEFAULT CHARSET=utf8;

--
-- Dumping data for table `oc_cireview_vote`
--


--
-- Table structure for table `oc_country`
--

CREATE TABLE `oc_country` (
  `country_id` int(11) NOT NULL AUTO_INCREMENT,
  `name` varchar(128) NOT NULL,
  `iso_code_2` varchar(2) NOT NULL,
  `iso_code_3` varchar(3) NOT NULL,
  `address_format` text NOT NULL,
  `postcode_required` tinyint(1) NOT NULL,
  `status` tinyint(1) NOT NULL DEFAULT '1',
  PRIMARY KEY (`country_id`)
) ENGINE=MyISAM AUTO_INCREMENT=258 DEFAULT CHARSET=utf8;

--
-- Dumping data for table `oc_country`
--

INSERT INTO `oc_country` VALUES (1,'Afghanistan','AF','AFG','',0,1),(2,'Albania','AL','ALB','',0,1),(3,'Algeria','DZ','DZA','',0,1),(4,'American Samoa','AS','ASM','',0,1),(5,'Andorra','AD','AND','',0,1),(6,'Angola','AO','AGO','',0,1),(7,'Anguilla','AI','AIA','',0,1),(8,'Antarctica','AQ','ATA','',0,1),(9,'Antigua and Barbuda','AG','ATG','',0,1),(10,'Argentina','AR','ARG','',0,1),(11,'Armenia','AM','ARM','',0,1),(12,'Aruba','AW','ABW','',0,1),(13,'Australia','AU','AUS','',0,1),(14,'Austria','AT','AUT','',0,1),(15,'Azerbaijan','AZ','AZE','',0,1),(16,'Bahamas','BS','BHS','',0,1),(17,'Bahrain','BH','BHR','',0,1),(18,'Bangladesh','BD','BGD','',0,1),(19,'Barbados','BB','BRB','',0,1),(20,'Belarus','BY','BLR','',0,1),(21,'Belgium','BE','BEL','{firstname} {lastname}\r\n{company}\r\n{address_1}\r\n{address_2}\r\n{postcode} {city}\r\n{country}',0,1),(22,'Belize','BZ','BLZ','',0,1),(23,'Benin','BJ','BEN','',0,1),(24,'Bermuda','BM','BMU','',0,1),(25,'Bhutan','BT','BTN','',0,1),(26,'Bolivia','BO','BOL','',0,1),(27,'Bosnia and Herzegovina','BA','BIH','',0,1),(28,'Botswana','BW','BWA','',0,1),(29,'Bouvet Island','BV','BVT','',0,1),(30,'Brazil','BR','BRA','',0,1),(31,'British Indian Ocean Territory','IO','IOT','',0,1),(32,'Brunei Darussalam','BN','BRN','',0,1),(33,'Bulgaria','BG','BGR','',0,1),(34,'Burkina Faso','BF','BFA','',0,1),(35,'Burundi','BI','BDI','',0,1),(36,'Cambodia','KH','KHM','',0,1),(37,'Cameroon','CM','CMR','',0,1),(38,'Canada','CA','CAN','',0,1),(39,'Cape Verde','CV','CPV','',0,1),(40,'Cayman Islands','KY','CYM','',0,1),(41,'Central African Republic','CF','CAF','',0,1),(42,'Chad','TD','TCD','',0,1),(43,'Chile','CL','CHL','',0,1),(44,'China','CN','CHN','',0,1),(45,'Christmas Island','CX','CXR','',0,1),(46,'Cocos (Keeling) Islands','CC','CCK','',0,1),(47,'Colombia','CO','COL','',0,1),(48,'Comoros','KM','COM','',0,1),(49,'Congo','CG','COG','',0,1),(50,'Cook Islands','CK','COK','',0,1),(51,'Costa Rica','CR','CRI','',0,1),(52,'Cote D\'Ivoire','CI','CIV','',0,1),(53,'Croatia','HR','HRV','',0,1),(54,'Cuba','CU','CUB','',0,1),(55,'Cyprus','CY','CYP','',0,1),(56,'Czech Republic','CZ','CZE','',0,1),(57,'Denmark','DK','DNK','',0,1),(58,'Djibouti','DJ','DJI','',0,1),(59,'Dominica','DM','DMA','',0,1),(60,'Dominican Republic','DO','DOM','',0,1),(61,'East Timor','TL','TLS','',0,1),(62,'Ecuador','EC','ECU','',0,1),(63,'Egypt','EG','EGY','',0,1),(64,'El Salvador','SV','SLV','',0,1),(65,'Equatorial Guinea','GQ','GNQ','',0,1),(66,'Eritrea','ER','ERI','',0,1),(67,'Estonia','EE','EST','',0,1),(68,'Ethiopia','ET','ETH','',0,1),(69,'Falkland Islands (Malvinas)','FK','FLK','',0,1),(70,'Faroe Islands','FO','FRO','',0,1),(71,'Fiji','FJ','FJI','',0,1),(72,'Finland','FI','FIN','',0,1),(74,'France, Metropolitan','FR','FRA','{firstname} {lastname}\r\n{company}\r\n{address_1}\r\n{address_2}\r\n{postcode} {city}\r\n{country}',1,1),(75,'French Guiana','GF','GUF','',0,1),(76,'French Polynesia','PF','PYF','',0,1),(77,'French Southern Territories','TF','ATF','',0,1),(78,'Gabon','GA','GAB','',0,1),(79,'Gambia','GM','GMB','',0,1),(80,'Georgia','GE','GEO','',0,1),(81,'Germany','DE','DEU','{company}\r\n{firstname} {lastname}\r\n{address_1}\r\n{address_2}\r\n{postcode} {city}\r\n{country}',1,1),(82,'Ghana','GH','GHA','',0,1),(83,'Gibraltar','GI','GIB','',0,1),(84,'Greece','GR','GRC','',0,1),(85,'Greenland','GL','GRL','',0,1),(86,'Grenada','GD','GRD','',0,1),(87,'Guadeloupe','GP','GLP','',0,1),(88,'Guam','GU','GUM','',0,1),(89,'Guatemala','GT','GTM','',0,1),(90,'Guinea','GN','GIN','',0,1),(91,'Guinea-Bissau','GW','GNB','',0,1),(92,'Guyana','GY','GUY','',0,1),(93,'Haiti','HT','HTI','',0,1),(94,'Heard and Mc Donald Islands','HM','HMD','',0,1),(95,'Honduras','HN','HND','',0,1),(96,'Hong Kong','HK','HKG','',0,1),(97,'Hungary','HU','HUN','',0,1),(98,'Iceland','IS','ISL','',0,1),(99,'India','IN','IND','',0,1),(100,'Indonesia','ID','IDN','',0,1),(101,'Iran (Islamic Republic of)','IR','IRN','',0,1),(102,'Iraq','IQ','IRQ','',0,1),(103,'Ireland','IE','IRL','',0,1),(104,'Israel','IL','ISR','',0,1),(105,'Italy','IT','ITA','',0,1),(106,'Jamaica','JM','JAM','',0,1),(107,'Japan','JP','JPN','',0,1),(108,'Jordan','JO','JOR','',0,1),(109,'Kazakhstan','KZ','KAZ','',0,1),(110,'Kenya','KE','KEN','',0,1),(111,'Kiribati','KI','KIR','',0,1),(112,'North Korea','KP','PRK','',0,1),(113,'South Korea','KR','KOR','',0,1),(114,'Kuwait','KW','KWT','',0,1),(115,'Kyrgyzstan','KG','KGZ','',0,1),(116,'Lao People\'s Democratic Republic','LA','LAO','',0,1),(117,'Latvia','LV','LVA','',0,1),(118,'Lebanon','LB','LBN','',0,1),(119,'Lesotho','LS','LSO','',0,1),(120,'Liberia','LR','LBR','',0,1),(121,'Libyan Arab Jamahiriya','LY','LBY','',0,1),(122,'Liechtenstein','LI','LIE','',0,1),(123,'Lithuania','LT','LTU','',0,1),(124,'Luxembourg','LU','LUX','',0,1),(125,'Macau','MO','MAC','',0,1),(126,'FYROM','MK','MKD','',0,1),(127,'Madagascar','MG','MDG','',0,1),(128,'Malawi','MW','MWI','',0,1),(129,'Malaysia','MY','MYS','',0,1),(130,'Maldives','MV','MDV','',0,1),(131,'Mali','ML','MLI','',0,1),(132,'Malta','MT','MLT','',0,1),(133,'Marshall Islands','MH','MHL','',0,1),(134,'Martinique','MQ','MTQ','',0,1),(135,'Mauritania','MR','MRT','',0,1),(136,'Mauritius','MU','MUS','',0,1),(137,'Mayotte','YT','MYT','',0,1),(138,'Mexico','MX','MEX','',0,1),(139,'Micronesia, Federated States of','FM','FSM','',0,1),(140,'Moldova, Republic of','MD','MDA','',0,1),(141,'Monaco','MC','MCO','',0,1),(142,'Mongolia','MN','MNG','',0,1),(143,'Montserrat','MS','MSR','',0,1),(144,'Morocco','MA','MAR','',0,1),(145,'Mozambique','MZ','MOZ','',0,1),(146,'Myanmar','MM','MMR','',0,1),(147,'Namibia','NA','NAM','',0,1),(148,'Nauru','NR','NRU','',0,1),(149,'Nepal','NP','NPL','',0,1),(150,'Netherlands','NL','NLD','',0,1),(151,'Netherlands Antilles','AN','ANT','',0,1),(152,'New Caledonia','NC','NCL','',0,1),(153,'New Zealand','NZ','NZL','',0,1),(154,'Nicaragua','NI','NIC','',0,1),(155,'Niger','NE','NER','',0,1),(156,'Nigeria','NG','NGA','',0,1),(157,'Niue','NU','NIU','',0,1),(158,'Norfolk Island','NF','NFK','',0,1),(159,'Northern Mariana Islands','MP','MNP','',0,1),(160,'Norway','NO','NOR','',0,1),(161,'Oman','OM','OMN','',0,1),(162,'Pakistan','PK','PAK','',0,1),(163,'Palau','PW','PLW','',0,1),(164,'Panama','PA','PAN','',0,1),(165,'Papua New Guinea','PG','PNG','',0,1),(166,'Paraguay','PY','PRY','',0,1),(167,'Peru','PE','PER','',0,1),(168,'Philippines','PH','PHL','',0,1),(169,'Pitcairn','PN','PCN','',0,1),(170,'Poland','PL','POL','',0,1),(171,'Portugal','PT','PRT','',0,1),(172,'Puerto Rico','PR','PRI','',0,1),(173,'Qatar','QA','QAT','',0,1),(174,'Reunion','RE','REU','',0,1),(175,'Romania','RO','ROM','',0,1),(176,'Russian Federation','RU','RUS','',0,1),(177,'Rwanda','RW','RWA','',0,1),(178,'Saint Kitts and Nevis','KN','KNA','',0,1),(179,'Saint Lucia','LC','LCA','',0,1),(180,'Saint Vincent and the Grenadines','VC','VCT','',0,1),(181,'Samoa','WS','WSM','',0,1),(182,'San Marino','SM','SMR','',0,1),(183,'Sao Tome and Principe','ST','STP','',0,1),(184,'Saudi Arabia','SA','SAU','',0,1),(185,'Senegal','SN','SEN','',0,1),(186,'Seychelles','SC','SYC','',0,1),(187,'Sierra Leone','SL','SLE','',0,1),(188,'Singapore','SG','SGP','',0,1),(189,'Slovak Republic','SK','SVK','{firstname} {lastname}\r\n{company}\r\n{address_1}\r\n{address_2}\r\n{city} {postcode}\r\n{zone}\r\n{country}',0,1),(190,'Slovenia','SI','SVN','',0,1),(191,'Solomon Islands','SB','SLB','',0,1),(192,'Somalia','SO','SOM','',0,1),(193,'South Africa','ZA','ZAF','',0,1),(194,'South Georgia &amp; South Sandwich Islands','GS','SGS','',0,1),(195,'Spain','ES','ESP','',0,1),(196,'Sri Lanka','LK','LKA','',0,1),(197,'St. Helena','SH','SHN','',0,1),(198,'St. Pierre and Miquelon','PM','SPM','',0,1),(199,'Sudan','SD','SDN','',0,1),(200,'Suriname','SR','SUR','',0,1),(201,'Svalbard and Jan Mayen Islands','SJ','SJM','',0,1),(202,'Swaziland','SZ','SWZ','',0,1),(203,'Sweden','SE','SWE','{company}\r\n{firstname} {lastname}\r\n{address_1}\r\n{address_2}\r\n{postcode} {city}\r\n{country}',1,1),(204,'Switzerland','CH','CHE','',0,1),(205,'Syrian Arab Republic','SY','SYR','',0,1),(206,'Taiwan','TW','TWN','',0,1),(207,'Tajikistan','TJ','TJK','',0,1),(208,'Tanzania, United Republic of','TZ','TZA','',0,1),(209,'Thailand','TH','THA','',0,1),(210,'Togo','TG','TGO','',0,1),(211,'Tokelau','TK','TKL','',0,1),(212,'Tonga','TO','TON','',0,1),(213,'Trinidad and Tobago','TT','TTO','',0,1),(214,'Tunisia','TN','TUN','',0,1),(215,'Turkey','TR','TUR','',0,1),(216,'Turkmenistan','TM','TKM','',0,1),(217,'Turks and Caicos Islands','TC','TCA','',0,1),(218,'Tuvalu','TV','TUV','',0,1),(219,'Uganda','UG','UGA','',0,1),(220,'Ukraine','UA','UKR','',0,1),(221,'United Arab Emirates','AE','ARE','',0,1),(222,'United Kingdom','GB','GBR','',1,1),(223,'United States','US','USA','{firstname} {lastname}\r\n{company}\r\n{address_1}\r\n{address_2}\r\n{city}, {zone} {postcode}\r\n{country}',0,1),(224,'United States Minor Outlying Islands','UM','UMI','',0,1),(225,'Uruguay','UY','URY','',0,1),(226,'Uzbekistan','UZ','UZB','',0,1),(227,'Vanuatu','VU','VUT','',0,1),(228,'Vatican City State (Holy See)','VA','VAT','',0,1),(229,'Venezuela','VE','VEN','',0,1),(230,'Viet Nam','VN','VNM','',0,1),(231,'Virgin Islands (British)','VG','VGB','',0,1),(232,'Virgin Islands (U.S.)','VI','VIR','',0,1),(233,'Wallis and Futuna Islands','WF','WLF','',0,1),(234,'Western Sahara','EH','ESH','',0,1),(235,'Yemen','YE','YEM','',0,1),(237,'Democratic Republic of Congo','CD','COD','',0,1),(238,'Zambia','ZM','ZMB','',0,1),(239,'Zimbabwe','ZW','ZWE','',0,1),(242,'Montenegro','ME','MNE','',0,1),(243,'Serbia','RS','SRB','',0,1),(244,'Aaland Islands','AX','ALA','',0,1),(245,'Bonaire, Sint Eustatius and Saba','BQ','BES','',0,1),(246,'Curacao','CW','CUW','',0,1),(247,'Palestinian Territory, Occupied','PS','PSE','',0,1),(248,'South Sudan','SS','SSD','',0,1),(249,'St. Barthelemy','BL','BLM','',0,1),(250,'St. Martin (French part)','MF','MAF','',0,1),(251,'Canary Islands','IC','ICA','',0,1),(252,'Ascension Island (British)','AC','ASC','',0,1),(253,'Kosovo, Republic of','XK','UNK','',0,1),(254,'Isle of Man','IM','IMN','',0,1),(255,'Tristan da Cunha','TA','SHN','',0,1),(256,'Guernsey','GG','GGY','',0,1),(257,'Jersey','JE','JEY','',0,1);

--
-- Table structure for table `oc_coupon`
--

CREATE TABLE `oc_coupon` (
  `coupon_id` int(11) NOT NULL AUTO_INCREMENT,
  `name` varchar(128) NOT NULL,
  `code` varchar(20) NOT NULL,
  `type` char(1) NOT NULL,
  `discount` decimal(15,4) NOT NULL,
  `logged` tinyint(1) NOT NULL,
  `shipping` tinyint(1) NOT NULL,
  `total` decimal(15,4) NOT NULL,
  `date_start` date NOT NULL DEFAULT '0000-00-00',
  `date_end` date NOT NULL DEFAULT '0000-00-00',
  `uses_total` int(11) NOT NULL,
  `uses_customer` varchar(11) NOT NULL,
  `status` tinyint(1) NOT NULL,
  `date_added` datetime NOT NULL,
  PRIMARY KEY (`coupon_id`)
) ENGINE=MyISAM AUTO_INCREMENT=8 DEFAULT CHARSET=utf8;

--
-- Dumping data for table `oc_coupon`
--

INSERT INTO `oc_coupon` VALUES (4,'-10% Discount','2222','P',10.0000,0,0,0.0000,'2014-01-01','2020-01-01',10,'10',0,'2009-01-27 13:55:03'),(5,'Free Shipping','3333','P',0.0000,0,1,100.0000,'2014-01-01','2014-02-01',10,'10',0,'2009-03-14 21:13:53'),(6,'-10.00 Discount','1111','F',10.0000,0,0,10.0000,'2014-01-01','2020-01-01',100000,'10000',0,'2009-03-14 21:15:18'),(7,'10%off','femvia10%off','P',10.0000,0,1,50.0000,'2022-06-11','0000-00-00',1,'1',1,'2022-06-11 07:36:43');

--
-- Table structure for table `oc_coupon_category`
--

CREATE TABLE `oc_coupon_category` (
  `coupon_id` int(11) NOT NULL,
  `category_id` int(11) NOT NULL,
  PRIMARY KEY (`coupon_id`,`category_id`)
) ENGINE=MyISAM DEFAULT CHARSET=utf8;

--
-- Dumping data for table `oc_coupon_category`
--


--
-- Table structure for table `oc_coupon_history`
--

CREATE TABLE `oc_coupon_history` (
  `coupon_history_id` int(11) NOT NULL AUTO_INCREMENT,
  `coupon_id` int(11) NOT NULL,
  `order_id` int(11) NOT NULL,
  `customer_id` int(11) NOT NULL,
  `amount` decimal(15,4) NOT NULL,
  `date_added` datetime NOT NULL,
  PRIMARY KEY (`coupon_history_id`),
  KEY `coupon_id` (`coupon_id`),
  KEY `order_id` (`order_id`),
  KEY `customer_id` (`customer_id`)
) ENGINE=MyISAM DEFAULT CHARSET=utf8;

--
-- Dumping data for table `oc_coupon_history`
--


--
-- Table structure for table `oc_coupon_product`
--

CREATE TABLE `oc_coupon_product` (
  `coupon_product_id` int(11) NOT NULL AUTO_INCREMENT,
  `coupon_id` int(11) NOT NULL,
  `product_id` int(11) NOT NULL,
  PRIMARY KEY (`coupon_product_id`),
  KEY `coupon_id` (`coupon_id`),
  KEY `product_id` (`product_id`)
) ENGINE=MyISAM DEFAULT CHARSET=utf8;

--
-- Dumping data for table `oc_coupon_product`
--


--
-- Table structure for table `oc_currency`
--

CREATE TABLE `oc_currency` (
  `currency_id` int(11) NOT NULL AUTO_INCREMENT,
  `title` varchar(32) NOT NULL,
  `code` varchar(3) NOT NULL,
  `symbol_left` varchar(12) NOT NULL,
  `symbol_right` varchar(12) NOT NULL,
  `decimal_place` char(1) NOT NULL,
  `value` double(15,8) NOT NULL,
  `status` tinyint(1) NOT NULL,
  `date_modified` datetime NOT NULL,
  PRIMARY KEY (`currency_id`)
) ENGINE=MyISAM AUTO_INCREMENT=4 DEFAULT CHARSET=utf8;

--
-- Dumping data for table `oc_currency`
--

INSERT INTO `oc_currency` VALUES (1,'Pound Sterling','GBP','£','','2',0.61250001,1,'2014-09-25 14:40:00'),(2,'US Dollar','USD','$','','2',1.00000000,1,'2022-07-07 01:38:57'),(3,'Euro','EUR','','€','2',0.78460002,1,'2014-09-25 14:40:00');

--
-- Table structure for table `oc_custom_field`
--

CREATE TABLE `oc_custom_field` (
  `custom_field_id` int(11) NOT NULL AUTO_INCREMENT,
  `type` varchar(32) NOT NULL,
  `value` text NOT NULL,
  `validation` varchar(255) NOT NULL,
  `location` varchar(10) NOT NULL,
  `status` tinyint(1) NOT NULL,
  `sort_order` int(3) NOT NULL,
  PRIMARY KEY (`custom_field_id`)
) ENGINE=MyISAM DEFAULT CHARSET=utf8;

--
-- Dumping data for table `oc_custom_field`
--


--
-- Table structure for table `oc_custom_field_customer_group`
--

CREATE TABLE `oc_custom_field_customer_group` (
  `custom_field_id` int(11) NOT NULL,
  `customer_group_id` int(11) NOT NULL,
  `required` tinyint(1) NOT NULL,
  PRIMARY KEY (`custom_field_id`,`customer_group_id`)
) ENGINE=MyISAM DEFAULT CHARSET=utf8;

--
-- Dumping data for table `oc_custom_field_customer_group`
--


--
-- Table structure for table `oc_custom_field_description`
--

CREATE TABLE `oc_custom_field_description` (
  `custom_field_id` int(11) NOT NULL,
  `language_id` int(11) NOT NULL,
  `name` varchar(128) NOT NULL,
  PRIMARY KEY (`custom_field_id`,`language_id`)
) ENGINE=MyISAM DEFAULT CHARSET=utf8;

--
-- Dumping data for table `oc_custom_field_description`
--


--
-- Table structure for table `oc_custom_field_value`
--

CREATE TABLE `oc_custom_field_value` (
  `custom_field_value_id` int(11) NOT NULL AUTO_INCREMENT,
  `custom_field_id` int(11) NOT NULL,
  `sort_order` int(3) NOT NULL,
  PRIMARY KEY (`custom_field_value_id`),
  KEY `custom_field_id` (`custom_field_id`)
) ENGINE=MyISAM DEFAULT CHARSET=utf8;

--
-- Dumping data for table `oc_custom_field_value`
--


--
-- Table structure for table `oc_custom_field_value_description`
--

CREATE TABLE `oc_custom_field_value_description` (
  `custom_field_value_id` int(11) NOT NULL,
  `language_id` int(11) NOT NULL,
  `custom_field_id` int(11) NOT NULL,
  `name` varchar(128) NOT NULL,
  PRIMARY KEY (`custom_field_value_id`,`language_id`),
  KEY `custom_field_id` (`custom_field_id`)
) ENGINE=MyISAM DEFAULT CHARSET=utf8;

--
-- Dumping data for table `oc_custom_field_value_description`
--


--
-- Table structure for table `oc_customer`
--

CREATE TABLE `oc_customer` (
  `customer_id` int(11) NOT NULL AUTO_INCREMENT,
  `customer_group_id` int(11) NOT NULL,
  `store_id` int(11) NOT NULL DEFAULT '0',
  `language_id` int(11) NOT NULL,
  `firstname` varchar(32) NOT NULL,
  `lastname` varchar(32) NOT NULL,
  `email` varchar(96) NOT NULL,
  `telephone` varchar(32) NOT NULL,
  `fax` varchar(32) NOT NULL,
  `password` varchar(40) NOT NULL,
  `salt` varchar(9) NOT NULL,
  `cart` text,
  `wishlist` text,
  `newsletter` tinyint(1) NOT NULL DEFAULT '0',
  `address_id` int(11) NOT NULL DEFAULT '0',
  `custom_field` text NOT NULL,
  `ip` varchar(40) NOT NULL,
  `status` tinyint(1) NOT NULL,
  `safe` tinyint(1) NOT NULL,
  `token` text NOT NULL,
  `code` varchar(40) NOT NULL,
  `date_added` datetime NOT NULL,
  PRIMARY KEY (`customer_id`),
  KEY `customer_group_id` (`customer_group_id`),
  KEY `store_id` (`store_id`),
  KEY `language_id` (`language_id`),
  KEY `address_id` (`address_id`)
) ENGINE=MyISAM AUTO_INCREMENT=5 DEFAULT CHARSET=utf8;

--
-- Dumping data for table `oc_customer`
--

INSERT INTO `oc_customer` VALUES (1,1,0,1,'li','yuping','storeshoppe.com@gmail.com','','','3991abe9ee5133d9d1f1717dbb3fff4b8e35b948','Xe4sD1AyR',NULL,NULL,0,0,'','94.177.118.137',1,0,'','','2022-06-06 13:53:52'),(2,1,0,1,'kenny','li','liyuping1984@gmail.com','','','87fcdf221eb0f647351e9578249c9815a9ea77e6','rVrqzvO6f',NULL,NULL,0,0,'','199.101.192.99',1,0,'','','2022-06-10 01:06:12'),(3,1,0,1,'AWiQJefxdwOzGE','LQuxIMXw','nate2a6iltr24o2@outlook.com','8746327431','','2a06c75ff1619a0186c97c9591bbc160c1f0a633','sqDCbC2eV',NULL,NULL,0,0,'[]','5.141.22.162',0,0,'','','2022-06-18 23:31:56'),(4,1,0,1,'ghSdvQqxCAkriGtT','PtpFeAXVxoMCzj','eatisha8v4ime4i0ecy3@outlook.com','7070071640','','37aad443bb0412a3c0885e1a25dc23cdf9cfe0c6','pYneAvqJ4',NULL,NULL,0,0,'[]','14.207.0.211',0,0,'','','2022-06-26 01:19:15');

--
-- Table structure for table `oc_customer_activity`
--

CREATE TABLE `oc_customer_activity` (
  `customer_activity_id` int(11) NOT NULL AUTO_INCREMENT,
  `customer_id` int(11) NOT NULL,
  `key` varchar(64) NOT NULL,
  `data` text NOT NULL,
  `ip` varchar(40) NOT NULL,
  `date_added` datetime NOT NULL,
  PRIMARY KEY (`customer_activity_id`),
  KEY `customer_id` (`customer_id`)
) ENGINE=MyISAM DEFAULT CHARSET=utf8;

--
-- Dumping data for table `oc_customer_activity`
--


--
-- Table structure for table `oc_customer_affiliate`
--

CREATE TABLE `oc_customer_affiliate` (
  `customer_id` int(11) NOT NULL,
  `company` varchar(40) NOT NULL,
  `website` varchar(255) NOT NULL,
  `tracking` varchar(64) NOT NULL,
  `commission` decimal(4,2) NOT NULL DEFAULT '0.00',
  `tax` varchar(64) NOT NULL,
  `payment` varchar(6) NOT NULL,
  `cheque` varchar(100) NOT NULL,
  `paypal` varchar(64) NOT NULL,
  `bank_name` varchar(64) NOT NULL,
  `bank_branch_number` varchar(64) NOT NULL,
  `bank_swift_code` varchar(64) NOT NULL,
  `bank_account_name` varchar(64) NOT NULL,
  `bank_account_number` varchar(64) NOT NULL,
  `custom_field` text NOT NULL,
  `status` tinyint(1) NOT NULL,
  `date_added` datetime NOT NULL,
  PRIMARY KEY (`customer_id`)
) ENGINE=MyISAM DEFAULT CHARSET=utf8;

--
-- Dumping data for table `oc_customer_affiliate`
--


--
-- Table structure for table `oc_customer_approval`
--

CREATE TABLE `oc_customer_approval` (
  `customer_approval_id` int(11) NOT NULL AUTO_INCREMENT,
  `customer_id` int(11) NOT NULL,
  `type` varchar(9) NOT NULL,
  `date_added` datetime NOT NULL,
  PRIMARY KEY (`customer_approval_id`),
  KEY `customer_id` (`customer_id`)
) ENGINE=MyISAM DEFAULT CHARSET=utf8;

--
-- Dumping data for table `oc_customer_approval`
--


--
-- Table structure for table `oc_customer_group`
--

CREATE TABLE `oc_customer_group` (
  `customer_group_id` int(11) NOT NULL AUTO_INCREMENT,
  `approval` int(1) NOT NULL,
  `sort_order` int(3) NOT NULL,
  PRIMARY KEY (`customer_group_id`)
) ENGINE=MyISAM AUTO_INCREMENT=2 DEFAULT CHARSET=utf8;

--
-- Dumping data for table `oc_customer_group`
--

INSERT INTO `oc_customer_group` VALUES (1,0,1);

--
-- Table structure for table `oc_customer_group_description`
--

CREATE TABLE `oc_customer_group_description` (
  `customer_group_id` int(11) NOT NULL,
  `language_id` int(11) NOT NULL,
  `name` varchar(32) NOT NULL,
  `description` text NOT NULL,
  PRIMARY KEY (`customer_group_id`,`language_id`)
) ENGINE=MyISAM DEFAULT CHARSET=utf8;

--
-- Dumping data for table `oc_customer_group_description`
--

INSERT INTO `oc_customer_group_description` VALUES (1,1,'Default','test');

--
-- Table structure for table `oc_customer_history`
--

CREATE TABLE `oc_customer_history` (
  `customer_history_id` int(11) NOT NULL AUTO_INCREMENT,
  `customer_id` int(11) NOT NULL,
  `comment` text NOT NULL,
  `date_added` datetime NOT NULL,
  PRIMARY KEY (`customer_history_id`),
  KEY `customer_id` (`customer_id`)
) ENGINE=MyISAM DEFAULT CHARSET=utf8;

--
-- Dumping data for table `oc_customer_history`
--


--
-- Table structure for table `oc_customer_ip`
--

CREATE TABLE `oc_customer_ip` (
  `customer_ip_id` int(11) NOT NULL AUTO_INCREMENT,
  `customer_id` int(11) NOT NULL,
  `ip` varchar(40) NOT NULL,
  `date_added` datetime NOT NULL,
  PRIMARY KEY (`customer_ip_id`),
  KEY `ip` (`ip`),
  KEY `customer_id` (`customer_id`)
) ENGINE=MyISAM AUTO_INCREMENT=7 DEFAULT CHARSET=utf8;

--
-- Dumping data for table `oc_customer_ip`
--

INSERT INTO `oc_customer_ip` VALUES (1,1,'94.177.118.137','2022-06-06 13:53:52'),(2,2,'94.177.118.51','2022-06-10 01:06:13'),(3,2,'94.177.118.49','2022-06-10 11:36:08'),(4,2,'199.101.192.99','2022-06-13 03:17:13'),(5,3,'5.141.22.162','2022-06-18 23:31:56'),(6,4,'14.207.0.211','2022-06-26 01:19:15');

--
-- Table structure for table `oc_customer_login`
--

CREATE TABLE `oc_customer_login` (
  `customer_login_id` int(11) NOT NULL AUTO_INCREMENT,
  `email` varchar(96) NOT NULL,
  `ip` varchar(40) NOT NULL,
  `total` int(4) NOT NULL,
  `date_added` datetime NOT NULL,
  `date_modified` datetime NOT NULL,
  PRIMARY KEY (`customer_login_id`),
  KEY `email` (`email`),
  KEY `ip` (`ip`)
) ENGINE=MyISAM AUTO_INCREMENT=12 DEFAULT CHARSET=utf8;

--
-- Dumping data for table `oc_customer_login`
--

INSERT INTO `oc_customer_login` VALUES (2,'huwei','199.101.192.91',3,'2022-06-15 03:09:18','2022-06-15 03:09:59'),(3,'cnadmin','5.188.62.21',37,'2022-06-18 15:56:43','2022-06-21 16:00:28'),(5,'cnfemvia','5.188.62.140',23,'2022-06-18 23:08:41','2022-06-21 17:02:23'),(6,'femvia','5.188.62.140',23,'2022-06-18 23:08:46','2022-06-21 17:02:29'),(7,'nate2a6iltr24o2@outlook.com','5.141.22.162',2,'2022-06-18 23:33:59','2022-06-18 23:34:03'),(8,'cnfemvia.com','5.188.62.76',1,'2022-06-19 23:47:08','2022-06-19 23:47:08'),(9,'femvia.com','5.188.62.76',1,'2022-06-19 23:47:12','2022-06-19 23:47:12');

--
-- Table structure for table `oc_customer_online`
--

CREATE TABLE `oc_customer_online` (
  `ip` varchar(40) NOT NULL,
  `customer_id` int(11) NOT NULL,
  `url` text NOT NULL,
  `referer` text NOT NULL,
  `date_added` datetime NOT NULL,
  PRIMARY KEY (`ip`),
  KEY `customer_id` (`customer_id`)
) ENGINE=MyISAM DEFAULT CHARSET=utf8;

--
-- Dumping data for table `oc_customer_online`
--


--
-- Table structure for table `oc_customer_reward`
--

CREATE TABLE `oc_customer_reward` (
  `customer_reward_id` int(11) NOT NULL AUTO_INCREMENT,
  `customer_id` int(11) NOT NULL DEFAULT '0',
  `order_id` int(11) NOT NULL DEFAULT '0',
  `description` text NOT NULL,
  `points` int(8) NOT NULL DEFAULT '0',
  `date_added` datetime NOT NULL,
  PRIMARY KEY (`customer_reward_id`),
  KEY `customer_id` (`customer_id`),
  KEY `order_id` (`order_id`)
) ENGINE=MyISAM DEFAULT CHARSET=utf8;

--
-- Dumping data for table `oc_customer_reward`
--


--
-- Table structure for table `oc_customer_search`
--

CREATE TABLE `oc_customer_search` (
  `customer_search_id` int(11) NOT NULL AUTO_INCREMENT,
  `store_id` int(11) NOT NULL,
  `language_id` int(11) NOT NULL,
  `customer_id` int(11) NOT NULL,
  `keyword` varchar(255) NOT NULL,
  `category_id` int(11) DEFAULT NULL,
  `sub_category` tinyint(1) NOT NULL,
  `description` tinyint(1) NOT NULL,
  `products` int(11) NOT NULL,
  `ip` varchar(40) NOT NULL,
  `date_added` datetime NOT NULL,
  PRIMARY KEY (`customer_search_id`),
  KEY `store_id` (`store_id`),
  KEY `language_id` (`language_id`),
  KEY `customer_id` (`customer_id`),
  KEY `category_id` (`category_id`)
) ENGINE=MyISAM DEFAULT CHARSET=utf8;

--
-- Dumping data for table `oc_customer_search`
--


--
-- Table structure for table `oc_customer_transaction`
--

CREATE TABLE `oc_customer_transaction` (
  `customer_transaction_id` int(11) NOT NULL AUTO_INCREMENT,
  `customer_id` int(11) NOT NULL,
  `order_id` int(11) NOT NULL,
  `description` text NOT NULL,
  `amount` decimal(15,4) NOT NULL,
  `date_added` datetime NOT NULL,
  PRIMARY KEY (`customer_transaction_id`),
  KEY `customer_id` (`customer_id`),
  KEY `order_id` (`order_id`)
) ENGINE=MyISAM DEFAULT CHARSET=utf8;

--
-- Dumping data for table `oc_customer_transaction`
--


--
-- Table structure for table `oc_customer_wishlist`
--

CREATE TABLE `oc_customer_wishlist` (
  `customer_id` int(11) NOT NULL,
  `product_id` int(11) NOT NULL,
  `date_added` datetime NOT NULL,
  PRIMARY KEY (`customer_id`,`product_id`)
) ENGINE=MyISAM DEFAULT CHARSET=utf8;

--
-- Dumping data for table `oc_customer_wishlist`
--


--
-- Table structure for table `oc_download`
--

CREATE TABLE `oc_download` (
  `download_id` int(11) NOT NULL AUTO_INCREMENT,
  `filename` varchar(160) NOT NULL,
  `mask` varchar(128) NOT NULL,
  `date_added` datetime NOT NULL,
  PRIMARY KEY (`download_id`)
) ENGINE=MyISAM DEFAULT CHARSET=utf8;

--
-- Dumping data for table `oc_download`
--


--
-- Table structure for table `oc_download_description`
--

CREATE TABLE `oc_download_description` (
  `download_id` int(11) NOT NULL,
  `language_id` int(11) NOT NULL,
  `name` varchar(64) NOT NULL,
  PRIMARY KEY (`download_id`,`language_id`)
) ENGINE=MyISAM DEFAULT CHARSET=utf8;

--
